[INFO] cloning repository https://github.com/kasugamirai/twitter-rust
[INFO] running `Command { std: "git" "-c" "credential.helper=" "-c" "credential.helper=/workspace/cargo-home/bin/git-credential-null" "clone" "--bare" "https://github.com/kasugamirai/twitter-rust" "/workspace/cache/git-repos/https%3A%2F%2Fgithub.com%2Fkasugamirai%2Ftwitter-rust", kill_on_drop: false }`
[INFO] [stderr] Cloning into bare repository '/workspace/cache/git-repos/https%3A%2F%2Fgithub.com%2Fkasugamirai%2Ftwitter-rust'...
[INFO] running `Command { std: "git" "rev-parse" "HEAD", kill_on_drop: false }`
[INFO] [stdout] 070b57e5eb5823af355187475f7baa27245251c5
[INFO] testing kasugamirai/twitter-rust against 1.83.0 for beta-1.84.0-4-retry
[INFO] running `Command { std: "git" "clone" "/workspace/cache/git-repos/https%3A%2F%2Fgithub.com%2Fkasugamirai%2Ftwitter-rust" "/workspace/builds/worker-5-tc1/source", kill_on_drop: false }`
[INFO] [stderr] Cloning into '/workspace/builds/worker-5-tc1/source'...
[INFO] [stderr] done.
[INFO] validating manifest of git repo https://github.com/kasugamirai/twitter-rust on toolchain 1.83.0
[INFO] running `Command { std: CARGO_HOME="/workspace/cargo-home" RUSTUP_HOME="/workspace/rustup-home" "/workspace/cargo-home/bin/cargo" "+1.83.0" "metadata" "--manifest-path" "Cargo.toml" "--no-deps", kill_on_drop: false }`
[INFO] started tweaking git repo https://github.com/kasugamirai/twitter-rust
[INFO] finished tweaking git repo https://github.com/kasugamirai/twitter-rust
[INFO] tweaked toml for git repo https://github.com/kasugamirai/twitter-rust written to /workspace/builds/worker-5-tc1/source/Cargo.toml
[INFO] crate git repo https://github.com/kasugamirai/twitter-rust already has a lockfile, it will not be regenerated
[INFO] running `Command { std: CARGO_HOME="/workspace/cargo-home" RUSTUP_HOME="/workspace/rustup-home" "/workspace/cargo-home/bin/cargo" "+1.83.0" "fetch" "--manifest-path" "Cargo.toml", kill_on_drop: false }`
[INFO] running `Command { std: "docker" "create" "-v" "/var/lib/crater-agent-workspace/builds/worker-5-tc1/target:/opt/rustwide/target:rw,Z" "-v" "/var/lib/crater-agent-workspace/builds/worker-5-tc1/source:/opt/rustwide/workdir:ro,Z" "-v" "/var/lib/crater-agent-workspace/cargo-home:/opt/rustwide/cargo-home:ro,Z" "-v" "/var/lib/crater-agent-workspace/rustup-home:/opt/rustwide/rustup-home:ro,Z" "-e" "SOURCE_DIR=/opt/rustwide/workdir" "-e" "CARGO_TARGET_DIR=/opt/rustwide/target" "-e" "CARGO_HOME=/opt/rustwide/cargo-home" "-e" "RUSTUP_HOME=/opt/rustwide/rustup-home" "-w" "/opt/rustwide/workdir" "-m" "1610612736" "--user" "0:0" "--network" "none" "ghcr.io/rust-lang/crates-build-env/linux@sha256:f3a9d4ad9d972b27faf3965f35b62e55ba32bbce8f20bc8fe909558a86702fde" "/opt/rustwide/cargo-home/bin/cargo" "+1.83.0" "metadata" "--no-deps" "--format-version=1", kill_on_drop: false }`
[INFO] [stdout] 0803e32e54b251603a496a7ca5640dd2e16c80254c122b4871a6d8ddbc721310
[INFO] running `Command { std: "docker" "start" "-a" "0803e32e54b251603a496a7ca5640dd2e16c80254c122b4871a6d8ddbc721310", kill_on_drop: false }`
[INFO] running `Command { std: "docker" "inspect" "0803e32e54b251603a496a7ca5640dd2e16c80254c122b4871a6d8ddbc721310", kill_on_drop: false }`
[INFO] running `Command { std: "docker" "rm" "-f" "0803e32e54b251603a496a7ca5640dd2e16c80254c122b4871a6d8ddbc721310", kill_on_drop: false }`
[INFO] [stdout] 0803e32e54b251603a496a7ca5640dd2e16c80254c122b4871a6d8ddbc721310
[INFO] running `Command { std: "docker" "create" "-v" "/var/lib/crater-agent-workspace/builds/worker-5-tc1/target:/opt/rustwide/target:rw,Z" "-v" "/var/lib/crater-agent-workspace/builds/worker-5-tc1/source:/opt/rustwide/workdir:ro,Z" "-v" "/var/lib/crater-agent-workspace/cargo-home:/opt/rustwide/cargo-home:ro,Z" "-v" "/var/lib/crater-agent-workspace/rustup-home:/opt/rustwide/rustup-home:ro,Z" "-e" "SOURCE_DIR=/opt/rustwide/workdir" "-e" "CARGO_TARGET_DIR=/opt/rustwide/target" "-e" "CARGO_INCREMENTAL=0" "-e" "RUST_BACKTRACE=full" "-e" "RUSTFLAGS=--cap-lints=warn" "-e" "RUSTDOCFLAGS=--cap-lints=warn" "-e" "CARGO_HOME=/opt/rustwide/cargo-home" "-e" "RUSTUP_HOME=/opt/rustwide/rustup-home" "-w" "/opt/rustwide/workdir" "-m" "1610612736" "--user" "0:0" "--network" "none" "ghcr.io/rust-lang/crates-build-env/linux@sha256:f3a9d4ad9d972b27faf3965f35b62e55ba32bbce8f20bc8fe909558a86702fde" "/opt/rustwide/cargo-home/bin/cargo" "+1.83.0" "build" "--frozen" "--message-format=json", kill_on_drop: false }`
[INFO] [stdout] 86b718e37123d62b8b5e2121b47227728daddf7ffc2ea28e6a15d8bc7e47794b
[INFO] running `Command { std: "docker" "start" "-a" "86b718e37123d62b8b5e2121b47227728daddf7ffc2ea28e6a15d8bc7e47794b", kill_on_drop: false }`
[INFO] [stderr]    Compiling proc-macro2 v1.0.85
[INFO] [stderr]    Compiling unicode-ident v1.0.12
[INFO] [stderr]    Compiling libc v0.2.155
[INFO] [stderr]    Compiling autocfg v1.3.0
[INFO] [stderr]    Compiling cfg-if v1.0.0
[INFO] [stderr]    Compiling version_check v0.9.4
[INFO] [stderr]    Compiling itoa v1.0.11
[INFO] [stderr]    Compiling pin-project-lite v0.2.14
[INFO] [stderr]    Compiling bytes v1.6.0
[INFO] [stderr]    Compiling parking_lot_core v0.9.10
[INFO] [stderr]    Compiling smallvec v1.13.2
[INFO] [stderr]    Compiling scopeguard v1.2.0
[INFO] [stderr]    Compiling futures-core v0.3.30
[INFO] [stderr]    Compiling once_cell v1.19.0
[INFO] [stderr]    Compiling vcpkg v0.2.15
[INFO] [stderr]    Compiling cc v1.0.99
[INFO] [stderr]    Compiling pkg-config v0.3.30
[INFO] [stderr]    Compiling fnv v1.0.7
[INFO] [stderr]    Compiling typenum v1.17.0
[INFO] [stderr]    Compiling tinyvec_macros v0.1.1
[INFO] [stderr]    Compiling pin-utils v0.1.0
[INFO] [stderr]    Compiling openssl v0.10.64
[INFO] [stderr]    Compiling futures-sink v0.3.30
[INFO] [stderr]    Compiling tinyvec v1.6.0
[INFO] [stderr]    Compiling hashbrown v0.14.5
[INFO] [stderr]    Compiling serde v1.0.203
[INFO] [stderr]    Compiling foreign-types-shared v0.1.1
[INFO] [stderr]    Compiling unicode-bidi v0.3.15
[INFO] [stderr]    Compiling tracing-core v0.1.32
[INFO] [stderr]    Compiling futures-task v0.3.30
[INFO] [stderr]    Compiling httparse v1.8.0
[INFO] [stderr]    Compiling percent-encoding v2.3.1
[INFO] [stderr]    Compiling equivalent v1.0.1
[INFO] [stderr]    Compiling generic-array v0.14.7
[INFO] [stderr]    Compiling futures-util v0.3.30
[INFO] [stderr]    Compiling foreign-types v0.3.2
[INFO] [stderr]    Compiling lock_api v0.4.12
[INFO] [stderr]    Compiling slab v0.4.9
[INFO] [stderr]    Compiling try-lock v0.2.5
[INFO] [stderr]    Compiling http v1.1.0
[INFO] [stderr]    Compiling tracing v0.1.40
[INFO] [stderr]    Compiling unicode-normalization v0.1.23
[INFO] [stderr]    Compiling indexmap v2.2.6
[INFO] [stderr]    Compiling quote v1.0.36
[INFO] [stderr]    Compiling num-conv v0.1.0
[INFO] [stderr]    Compiling powerfmt v0.2.0
[INFO] [stderr]    Compiling mio v0.8.11
[INFO] [stderr]    Compiling socket2 v0.5.7
[INFO] [stderr]    Compiling num_cpus v1.16.0
[INFO] [stderr]    Compiling signal-hook-registry v1.4.2
[INFO] [stderr]    Compiling http-body v1.0.0
[INFO] [stderr]    Compiling syn v2.0.66
[INFO] [stderr]    Compiling parking_lot v0.12.3
[INFO] [stderr]    Compiling native-tls v0.2.12
[INFO] [stderr]    Compiling time-core v0.1.2
[INFO] [stderr]    Compiling bitflags v2.5.0
[INFO] [stderr]    Compiling log v0.4.21
[INFO] [stderr]    Compiling atomic-waker v1.1.2
[INFO] [stderr]    Compiling time-macros v0.2.18
[INFO] [stderr]    Compiling deranged v0.3.11
[INFO] [stderr]    Compiling want v0.3.1
[INFO] [stderr]    Compiling cookie v0.17.0
[INFO] [stderr]    Compiling form_urlencoded v1.2.1
[INFO] [stderr]    Compiling futures-channel v0.3.30
[INFO] [stderr]    Compiling tower-service v0.3.2
[INFO] [stderr]    Compiling tower-layer v0.3.2
[INFO] [stderr]    Compiling openssl-probe v0.1.5
[INFO] [stderr]    Compiling serde_json v1.0.117
[INFO] [stderr]    Compiling ryu v1.0.18
[INFO] [stderr]    Compiling idna v0.5.0
[INFO] [stderr]    Compiling idna v0.3.0
[INFO] [stderr]    Compiling openssl-sys v0.9.102
[INFO] [stderr]    Compiling subtle v2.5.0
[INFO] [stderr]    Compiling psl-types v2.0.11
[INFO] [stderr]    Compiling http-body-util v0.1.1
[INFO] [stderr]    Compiling block-buffer v0.10.4
[INFO] [stderr]    Compiling crypto-common v0.1.6
[INFO] [stderr]    Compiling rustls-pki-types v1.7.0
[INFO] [stderr]    Compiling thiserror v1.0.61
[INFO] [stderr]    Compiling base64 v0.22.1
[INFO] [stderr]    Compiling encoding_rs v0.8.34
[INFO] [stderr]    Compiling digest v0.10.7
[INFO] [stderr]    Compiling ipnet v2.9.0
[INFO] [stderr]    Compiling sync_wrapper v0.1.2
[INFO] [stderr]    Compiling mime v0.3.17
[INFO] [stderr]    Compiling cpufeatures v0.2.12
[INFO] [stderr]    Compiling publicsuffix v2.2.3
[INFO] [stderr]    Compiling hmac v0.12.1
[INFO] [stderr]    Compiling sha1 v0.10.6
[INFO] [stderr]    Compiling rustls-pemfile v2.1.2
[INFO] [stderr]    Compiling url v2.5.0
[INFO] [stderr]    Compiling time v0.3.36
[INFO] [stderr]    Compiling tokio-macros v2.3.0
[INFO] [stderr]    Compiling serde_derive v1.0.203
[INFO] [stderr]    Compiling pin-project-internal v1.1.5
[INFO] [stderr]    Compiling openssl-macros v0.1.1
[INFO] [stderr]    Compiling thiserror-impl v1.0.61
[INFO] [stderr]    Compiling tokio v1.38.0
[INFO] [stderr]    Compiling pin-project v1.1.5
[INFO] [stderr]    Compiling serde_urlencoded v0.7.1
[INFO] [stderr]    Compiling tokio-util v0.7.11
[INFO] [stderr]    Compiling tower v0.4.13
[INFO] [stderr]    Compiling tokio-native-tls v0.3.1
[INFO] [stderr]    Compiling h2 v0.4.5
[INFO] [stderr]    Compiling cookie_store v0.20.0
[INFO] [stderr]    Compiling hyper v1.3.1
[INFO] [stderr]    Compiling hyper-util v0.1.5
[INFO] [stderr]    Compiling hyper-tls v0.6.0
[INFO] [stderr]    Compiling reqwest v0.12.4
[INFO] [stderr]    Compiling twitter-rust v0.1.0 (/opt/rustwide/workdir)
[INFO] [stdout] warning: unused import: `Serialize`
[INFO] [stdout]  --> src/auth.rs:6:37
[INFO] [stdout]   |
[INFO] [stdout] 6 | use serde::{de::Error, Deserialize, Serialize};
[INFO] [stdout]   |                                     ^^^^^^^^^
[INFO] [stdout]   |
[INFO] [stdout]   = note: `#[warn(unused_imports)]` on by default
[INFO] [stdout] 
[INFO] [stdout] 
[INFO] [stdout] warning: unused imports: `Duration` and `self`
[INFO] [stdout]   --> src/auth.rs:10:19
[INFO] [stdout]    |
[INFO] [stdout] 10 | use tokio::time::{self, Duration};
[INFO] [stdout]    |                   ^^^^  ^^^^^^^^
[INFO] [stdout] 
[INFO] [stdout] 
[INFO] [stdout] warning: use of deprecated function `base64::encode`: Use Engine::encode
[INFO] [stdout]    --> src/auth.rs:106:35
[INFO] [stdout]     |
[INFO] [stdout] 106 |         let credentials = base64::encode(format!("{}:{}", consumer_key, consumer_secret));
[INFO] [stdout]     |                                   ^^^^^^
[INFO] [stdout]     |
[INFO] [stdout]     = note: `#[warn(deprecated)]` on by default
[INFO] [stdout] 
[INFO] [stdout] 
[INFO] [stdout] warning: constant `LOGIN_URL` is never used
[INFO] [stdout]   --> src/auth.rs:12:7
[INFO] [stdout]    |
[INFO] [stdout] 12 | const LOGIN_URL: &str = "https://api.twitter.com/1.1/onboarding/task.json";
[INFO] [stdout]    |       ^^^^^^^^^
[INFO] [stdout]    |
[INFO] [stdout]    = note: `#[warn(dead_code)]` on by default
[INFO] [stdout] 
[INFO] [stdout] 
[INFO] [stdout] warning: constant `LOGOUT_URL` is never used
[INFO] [stdout]   --> src/auth.rs:13:7
[INFO] [stdout]    |
[INFO] [stdout] 13 | const LOGOUT_URL: &str = "https://api.twitter.com/1.1/account/logout.json";
[INFO] [stdout]    |       ^^^^^^^^^^
[INFO] [stdout] 
[INFO] [stdout] 
[INFO] [stdout] warning: constant `OAUTH_URL` is never used
[INFO] [stdout]   --> src/auth.rs:14:7
[INFO] [stdout]    |
[INFO] [stdout] 14 | const OAUTH_URL: &str = "https://api.twitter.com/oauth2/token";
[INFO] [stdout]    |       ^^^^^^^^^
[INFO] [stdout] 
[INFO] [stdout] 
[INFO] [stdout] warning: constant `GUEST_TOKEN_URL` is never used
[INFO] [stdout]   --> src/auth.rs:15:7
[INFO] [stdout]    |
[INFO] [stdout] 15 | const GUEST_TOKEN_URL: &str = "https://api.twitter.com/1.1/guest/activate.json";
[INFO] [stdout]    |       ^^^^^^^^^^^^^^^
[INFO] [stdout] 
[INFO] [stdout] 
[INFO] [stdout] warning: constant `VERIFY_CREDENTIALS_URL` is never used
[INFO] [stdout]   --> src/auth.rs:16:7
[INFO] [stdout]    |
[INFO] [stdout] 16 | const VERIFY_CREDENTIALS_URL: &str = "https://api.twitter.com/1.1/account/verify_credentials.json";
[INFO] [stdout]    |       ^^^^^^^^^^^^^^^^^^^^^^
[INFO] [stdout] 
[INFO] [stdout] 
[INFO] [stdout] warning: constant `BEARER_TOKEN` is never used
[INFO] [stdout]   --> src/auth.rs:17:7
[INFO] [stdout]    |
[INFO] [stdout] 17 | const BEARER_TOKEN: &str = "AAAAAAAAAAAAAAAAAAAAANRILgAAAAAAnNwIzUejRCOuH5E6I8xnZz4puTs%3D1Zv7ttfk8LF81IUq16cHjhLTvJu4FA33AGWWjCpTnA";
[INFO] [stdout]    |       ^^^^^^^^^^^^
[INFO] [stdout] 
[INFO] [stdout] 
[INFO] [stdout] warning: constant `APP_CONSUMER_KEY` is never used
[INFO] [stdout]   --> src/auth.rs:18:7
[INFO] [stdout]    |
[INFO] [stdout] 18 | const APP_CONSUMER_KEY: &str = "3nVuSoBZnx6U4vzUxf5w";
[INFO] [stdout]    |       ^^^^^^^^^^^^^^^^
[INFO] [stdout] 
[INFO] [stdout] 
[INFO] [stdout] warning: constant `APP_CONSUMER_SECRET` is never used
[INFO] [stdout]   --> src/auth.rs:19:7
[INFO] [stdout]    |
[INFO] [stdout] 19 | const APP_CONSUMER_SECRET: &str = "Bcs59EFbbsdF6Sl9Ng71smgStWEGwXXKSjYvPVt7qys";
[INFO] [stdout]    |       ^^^^^^^^^^^^^^^^^^^
[INFO] [stdout] 
[INFO] [stdout] 
[INFO] [stdout] warning: fields `errors`, `flow_token`, and `subtasks` are never read
[INFO] [stdout]   --> src/auth.rs:23:5
[INFO] [stdout]    |
[INFO] [stdout] 22 | struct Flow {
[INFO] [stdout]    |        ---- fields in this struct
[INFO] [stdout] 23 |     errors: Option<Vec<FlowError>>,
[INFO] [stdout]    |     ^^^^^^
[INFO] [stdout] 24 |     flow_token: Option<String>,
[INFO] [stdout]    |     ^^^^^^^^^^
[INFO] [stdout] 25 |     subtasks: Option<Vec<Subtask>>,
[INFO] [stdout]    |     ^^^^^^^^
[INFO] [stdout]    |
[INFO] [stdout]    = note: `Flow` has a derived impl for the trait `Debug`, but this is intentionally ignored during dead code analysis
[INFO] [stdout] 
[INFO] [stdout] 
[INFO] [stdout] warning: fields `code` and `message` are never read
[INFO] [stdout]   --> src/auth.rs:30:5
[INFO] [stdout]    |
[INFO] [stdout] 29 | struct FlowError {
[INFO] [stdout]    |        --------- fields in this struct
[INFO] [stdout] 30 |     code: i32,
[INFO] [stdout]    |     ^^^^
[INFO] [stdout] 31 |     message: String,
[INFO] [stdout]    |     ^^^^^^^
[INFO] [stdout]    |
[INFO] [stdout]    = note: `FlowError` has a derived impl for the trait `Debug`, but this is intentionally ignored during dead code analysis
[INFO] [stdout] 
[INFO] [stdout] 
[INFO] [stdout] warning: fields `subtask_id` and `open_account` are never read
[INFO] [stdout]   --> src/auth.rs:36:5
[INFO] [stdout]    |
[INFO] [stdout] 35 | struct Subtask {
[INFO] [stdout]    |        ------- fields in this struct
[INFO] [stdout] 36 |     subtask_id: String,
[INFO] [stdout]    |     ^^^^^^^^^^
[INFO] [stdout] 37 |     open_account: Option<OpenAccount>,
[INFO] [stdout]    |     ^^^^^^^^^^^^
[INFO] [stdout]    |
[INFO] [stdout]    = note: `Subtask` has a derived impl for the trait `Debug`, but this is intentionally ignored during dead code analysis
[INFO] [stdout] 
[INFO] [stdout] 
[INFO] [stdout] warning: fields `oauth_token` and `oauth_token_secret` are never read
[INFO] [stdout]   --> src/auth.rs:42:5
[INFO] [stdout]    |
[INFO] [stdout] 41 | struct OpenAccount {
[INFO] [stdout]    |        ----------- fields in this struct
[INFO] [stdout] 42 |     oauth_token: String,
[INFO] [stdout]    |     ^^^^^^^^^^^
[INFO] [stdout] 43 |     oauth_token_secret: String,
[INFO] [stdout]    |     ^^^^^^^^^^^^^^^^^^
[INFO] [stdout]    |
[INFO] [stdout]    = note: `OpenAccount` has a derived impl for the trait `Debug`, but this is intentionally ignored during dead code analysis
[INFO] [stdout] 
[INFO] [stdout] 
[INFO] [stdout] warning: field `errors` is never read
[INFO] [stdout]   --> src/auth.rs:48:5
[INFO] [stdout]    |
[INFO] [stdout] 47 | struct VerifyCredentials {
[INFO] [stdout]    |        ----------------- field in this struct
[INFO] [stdout] 48 |     errors: Option<Vec<FlowError>>,
[INFO] [stdout]    |     ^^^^^^
[INFO] [stdout]    |
[INFO] [stdout]    = note: `VerifyCredentials` has a derived impl for the trait `Debug`, but this is intentionally ignored during dead code analysis
[INFO] [stdout] 
[INFO] [stdout] 
[INFO] [stdout] warning: field `guest_token` is never read
[INFO] [stdout]   --> src/auth.rs:53:5
[INFO] [stdout]    |
[INFO] [stdout] 52 | struct GuestTokenResponse {
[INFO] [stdout]    |        ------------------ field in this struct
[INFO] [stdout] 53 |     guest_token: String,
[INFO] [stdout]    |     ^^^^^^^^^^^
[INFO] [stdout]    |
[INFO] [stdout]    = note: `GuestTokenResponse` has a derived impl for the trait `Debug`, but this is intentionally ignored during dead code analysis
[INFO] [stdout] 
[INFO] [stdout] 
[INFO] [stdout] warning: variants `Auth`, `MissingData`, and `Unknown` are never constructed
[INFO] [stdout]   --> src/auth.rs:65:5
[INFO] [stdout]    |
[INFO] [stdout] 57 | pub enum ScraperError {
[INFO] [stdout]    |          ------------ variants in this enum
[INFO] [stdout] ...
[INFO] [stdout] 65 |     Auth { code: i32, message: String },
[INFO] [stdout]    |     ^^^^
[INFO] [stdout] ...
[INFO] [stdout] 68 |     MissingData(&'static str),
[INFO] [stdout]    |     ^^^^^^^^^^^
[INFO] [stdout] ...
[INFO] [stdout] 71 |     Unknown(String),
[INFO] [stdout]    |     ^^^^^^^
[INFO] [stdout]    |
[INFO] [stdout]    = note: `ScraperError` has a derived impl for the trait `Debug`, but this is intentionally ignored during dead code analysis
[INFO] [stdout] 
[INFO] [stdout] 
[INFO] [stdout] warning: struct `Scraper` is never constructed
[INFO] [stdout]   --> src/auth.rs:74:8
[INFO] [stdout]    |
[INFO] [stdout] 74 | struct Scraper {
[INFO] [stdout]    |        ^^^^^^^
[INFO] [stdout] 
[INFO] [stdout] 
[INFO] [stdout] warning: multiple associated items are never used
[INFO] [stdout]    --> src/auth.rs:84:8
[INFO] [stdout]     |
[INFO] [stdout] 83  | impl Scraper {
[INFO] [stdout]     | ------------ associated items in this implementation
[INFO] [stdout] 84  |     fn new() -> Self {
[INFO] [stdout]     |        ^^^
[INFO] [stdout] ...
[INFO] [stdout] 95  |     async fn get_access_token(
[INFO] [stdout]     |              ^^^^^^^^^^^^^^^^
[INFO] [stdout] ...
[INFO] [stdout] 134 |     async fn get_guest_token(&mut self) -> Result<(), ScraperError> {
[INFO] [stdout]     |              ^^^^^^^^^^^^^^^
[INFO] [stdout] ...
[INFO] [stdout] 158 |     async fn get_flow(&self, data: &serde_json::Value) -> Result<Flow, ScraperError> {
[INFO] [stdout]     |              ^^^^^^^^
[INFO] [stdout] ...
[INFO] [stdout] 201 |     async fn get_flow_token(&self, data: &serde_json::Value) -> Result<String, ScraperError> {
[INFO] [stdout]     |              ^^^^^^^^^^^^^^
[INFO] [stdout] ...
[INFO] [stdout] 234 |     async fn get_open_account_tokens(&mut self, flow_token: &str) -> Result<(), ScraperError> {
[INFO] [stdout]     |              ^^^^^^^^^^^^^^^^^^^^^^^
[INFO] [stdout] ...
[INFO] [stdout] 256 |     async fn is_logged_in(&self) -> bool {
[INFO] [stdout]     |              ^^^^^^^^^^^^
[INFO] [stdout] ...
[INFO] [stdout] 279 |     async fn login(
[INFO] [stdout]     |              ^^^^^
[INFO] [stdout] ...
[INFO] [stdout] 386 |     async fn logout(&mut self) -> Result<(), ScraperError> {
[INFO] [stdout]     |              ^^^^^^
[INFO] [stdout] 
[INFO] [stdout] 
[INFO] [stderr]     Finished `dev` profile [unoptimized + debuginfo] target(s) in 46.31s
[INFO] running `Command { std: "docker" "inspect" "86b718e37123d62b8b5e2121b47227728daddf7ffc2ea28e6a15d8bc7e47794b", kill_on_drop: false }`
[INFO] running `Command { std: "docker" "rm" "-f" "86b718e37123d62b8b5e2121b47227728daddf7ffc2ea28e6a15d8bc7e47794b", kill_on_drop: false }`
[INFO] [stdout] 86b718e37123d62b8b5e2121b47227728daddf7ffc2ea28e6a15d8bc7e47794b
[INFO] running `Command { std: "docker" "create" "-v" "/var/lib/crater-agent-workspace/builds/worker-5-tc1/target:/opt/rustwide/target:rw,Z" "-v" "/var/lib/crater-agent-workspace/builds/worker-5-tc1/source:/opt/rustwide/workdir:ro,Z" "-v" "/var/lib/crater-agent-workspace/cargo-home:/opt/rustwide/cargo-home:ro,Z" "-v" "/var/lib/crater-agent-workspace/rustup-home:/opt/rustwide/rustup-home:ro,Z" "-e" "SOURCE_DIR=/opt/rustwide/workdir" "-e" "CARGO_TARGET_DIR=/opt/rustwide/target" "-e" "CARGO_INCREMENTAL=0" "-e" "RUST_BACKTRACE=full" "-e" "RUSTFLAGS=--cap-lints=warn" "-e" "RUSTDOCFLAGS=--cap-lints=warn" "-e" "CARGO_HOME=/opt/rustwide/cargo-home" "-e" "RUSTUP_HOME=/opt/rustwide/rustup-home" "-w" "/opt/rustwide/workdir" "-m" "1610612736" "--user" "0:0" "--network" "none" "ghcr.io/rust-lang/crates-build-env/linux@sha256:f3a9d4ad9d972b27faf3965f35b62e55ba32bbce8f20bc8fe909558a86702fde" "/opt/rustwide/cargo-home/bin/cargo" "+1.83.0" "test" "--frozen" "--no-run" "--message-format=json", kill_on_drop: false }`
[INFO] [stdout] 1c1a057b56fa8c79b350def223055530d4ea2456403254a4b3ccd873d4970eed
[INFO] running `Command { std: "docker" "start" "-a" "1c1a057b56fa8c79b350def223055530d4ea2456403254a4b3ccd873d4970eed", kill_on_drop: false }`
[INFO] [stderr]    Compiling twitter-rust v0.1.0 (/opt/rustwide/workdir)
[INFO] [stdout] warning: unused import: `Serialize`
[INFO] [stdout]  --> src/auth.rs:6:37
[INFO] [stdout]   |
[INFO] [stdout] 6 | use serde::{de::Error, Deserialize, Serialize};
[INFO] [stdout]   |                                     ^^^^^^^^^
[INFO] [stdout]   |
[INFO] [stdout]   = note: `#[warn(unused_imports)]` on by default
[INFO] [stdout] 
[INFO] [stdout] 
[INFO] [stdout] warning: unused imports: `Duration` and `self`
[INFO] [stdout]   --> src/auth.rs:10:19
[INFO] [stdout]    |
[INFO] [stdout] 10 | use tokio::time::{self, Duration};
[INFO] [stdout]    |                   ^^^^  ^^^^^^^^
[INFO] [stdout] 
[INFO] [stdout] 
[INFO] [stdout] warning: use of deprecated function `base64::encode`: Use Engine::encode
[INFO] [stdout]    --> src/auth.rs:106:35
[INFO] [stdout]     |
[INFO] [stdout] 106 |         let credentials = base64::encode(format!("{}:{}", consumer_key, consumer_secret));
[INFO] [stdout]     |                                   ^^^^^^
[INFO] [stdout]     |
[INFO] [stdout]     = note: `#[warn(deprecated)]` on by default
[INFO] [stdout] 
[INFO] [stdout] 
[INFO] [stdout] warning: constant `LOGIN_URL` is never used
[INFO] [stdout]   --> src/auth.rs:12:7
[INFO] [stdout]    |
[INFO] [stdout] 12 | const LOGIN_URL: &str = "https://api.twitter.com/1.1/onboarding/task.json";
[INFO] [stdout]    |       ^^^^^^^^^
[INFO] [stdout]    |
[INFO] [stdout]    = note: `#[warn(dead_code)]` on by default
[INFO] [stdout] 
[INFO] [stdout] 
[INFO] [stdout] warning: constant `LOGOUT_URL` is never used
[INFO] [stdout]   --> src/auth.rs:13:7
[INFO] [stdout]    |
[INFO] [stdout] 13 | const LOGOUT_URL: &str = "https://api.twitter.com/1.1/account/logout.json";
[INFO] [stdout]    |       ^^^^^^^^^^
[INFO] [stdout] 
[INFO] [stdout] 
[INFO] [stdout] warning: constant `OAUTH_URL` is never used
[INFO] [stdout]   --> src/auth.rs:14:7
[INFO] [stdout]    |
[INFO] [stdout] 14 | const OAUTH_URL: &str = "https://api.twitter.com/oauth2/token";
[INFO] [stdout]    |       ^^^^^^^^^
[INFO] [stdout] 
[INFO] [stdout] 
[INFO] [stdout] warning: constant `GUEST_TOKEN_URL` is never used
[INFO] [stdout]   --> src/auth.rs:15:7
[INFO] [stdout]    |
[INFO] [stdout] 15 | const GUEST_TOKEN_URL: &str = "https://api.twitter.com/1.1/guest/activate.json";
[INFO] [stdout]    |       ^^^^^^^^^^^^^^^
[INFO] [stdout] 
[INFO] [stdout] 
[INFO] [stdout] warning: constant `VERIFY_CREDENTIALS_URL` is never used
[INFO] [stdout]   --> src/auth.rs:16:7
[INFO] [stdout]    |
[INFO] [stdout] 16 | const VERIFY_CREDENTIALS_URL: &str = "https://api.twitter.com/1.1/account/verify_credentials.json";
[INFO] [stdout]    |       ^^^^^^^^^^^^^^^^^^^^^^
[INFO] [stdout] 
[INFO] [stdout] 
[INFO] [stdout] warning: constant `BEARER_TOKEN` is never used
[INFO] [stdout]   --> src/auth.rs:17:7
[INFO] [stdout]    |
[INFO] [stdout] 17 | const BEARER_TOKEN: &str = "AAAAAAAAAAAAAAAAAAAAANRILgAAAAAAnNwIzUejRCOuH5E6I8xnZz4puTs%3D1Zv7ttfk8LF81IUq16cHjhLTvJu4FA33AGWWjCpTnA";
[INFO] [stdout]    |       ^^^^^^^^^^^^
[INFO] [stdout] 
[INFO] [stdout] 
[INFO] [stdout] warning: constant `APP_CONSUMER_KEY` is never used
[INFO] [stdout]   --> src/auth.rs:18:7
[INFO] [stdout]    |
[INFO] [stdout] 18 | const APP_CONSUMER_KEY: &str = "3nVuSoBZnx6U4vzUxf5w";
[INFO] [stdout]    |       ^^^^^^^^^^^^^^^^
[INFO] [stdout] 
[INFO] [stdout] 
[INFO] [stdout] warning: constant `APP_CONSUMER_SECRET` is never used
[INFO] [stdout]   --> src/auth.rs:19:7
[INFO] [stdout]    |
[INFO] [stdout] 19 | const APP_CONSUMER_SECRET: &str = "Bcs59EFbbsdF6Sl9Ng71smgStWEGwXXKSjYvPVt7qys";
[INFO] [stdout]    |       ^^^^^^^^^^^^^^^^^^^
[INFO] [stdout] 
[INFO] [stdout] 
[INFO] [stdout] warning: fields `errors`, `flow_token`, and `subtasks` are never read
[INFO] [stdout]   --> src/auth.rs:23:5
[INFO] [stdout]    |
[INFO] [stdout] 22 | struct Flow {
[INFO] [stdout]    |        ---- fields in this struct
[INFO] [stdout] 23 |     errors: Option<Vec<FlowError>>,
[INFO] [stdout]    |     ^^^^^^
[INFO] [stdout] 24 |     flow_token: Option<String>,
[INFO] [stdout]    |     ^^^^^^^^^^
[INFO] [stdout] 25 |     subtasks: Option<Vec<Subtask>>,
[INFO] [stdout]    |     ^^^^^^^^
[INFO] [stdout]    |
[INFO] [stdout]    = note: `Flow` has a derived impl for the trait `Debug`, but this is intentionally ignored during dead code analysis
[INFO] [stdout] 
[INFO] [stdout] 
[INFO] [stdout] warning: fields `code` and `message` are never read
[INFO] [stdout]   --> src/auth.rs:30:5
[INFO] [stdout]    |
[INFO] [stdout] 29 | struct FlowError {
[INFO] [stdout]    |        --------- fields in this struct
[INFO] [stdout] 30 |     code: i32,
[INFO] [stdout]    |     ^^^^
[INFO] [stdout] 31 |     message: String,
[INFO] [stdout]    |     ^^^^^^^
[INFO] [stdout]    |
[INFO] [stdout]    = note: `FlowError` has a derived impl for the trait `Debug`, but this is intentionally ignored during dead code analysis
[INFO] [stdout] 
[INFO] [stdout] 
[INFO] [stdout] warning: fields `subtask_id` and `open_account` are never read
[INFO] [stdout]   --> src/auth.rs:36:5
[INFO] [stdout]    |
[INFO] [stdout] 35 | struct Subtask {
[INFO] [stdout]    |        ------- fields in this struct
[INFO] [stdout] 36 |     subtask_id: String,
[INFO] [stdout]    |     ^^^^^^^^^^
[INFO] [stdout] 37 |     open_account: Option<OpenAccount>,
[INFO] [stdout]    |     ^^^^^^^^^^^^
[INFO] [stdout]    |
[INFO] [stdout]    = note: `Subtask` has a derived impl for the trait `Debug`, but this is intentionally ignored during dead code analysis
[INFO] [stdout] 
[INFO] [stdout] 
[INFO] [stdout] warning: fields `oauth_token` and `oauth_token_secret` are never read
[INFO] [stdout]   --> src/auth.rs:42:5
[INFO] [stdout]    |
[INFO] [stdout] 41 | struct OpenAccount {
[INFO] [stdout]    |        ----------- fields in this struct
[INFO] [stdout] 42 |     oauth_token: String,
[INFO] [stdout]    |     ^^^^^^^^^^^
[INFO] [stdout] 43 |     oauth_token_secret: String,
[INFO] [stdout]    |     ^^^^^^^^^^^^^^^^^^
[INFO] [stdout]    |
[INFO] [stdout]    = note: `OpenAccount` has a derived impl for the trait `Debug`, but this is intentionally ignored during dead code analysis
[INFO] [stdout] 
[INFO] [stdout] 
[INFO] [stdout] warning: field `errors` is never read
[INFO] [stdout]   --> src/auth.rs:48:5
[INFO] [stdout]    |
[INFO] [stdout] 47 | struct VerifyCredentials {
[INFO] [stdout]    |        ----------------- field in this struct
[INFO] [stdout] 48 |     errors: Option<Vec<FlowError>>,
[INFO] [stdout]    |     ^^^^^^
[INFO] [stdout]    |
[INFO] [stdout]    = note: `VerifyCredentials` has a derived impl for the trait `Debug`, but this is intentionally ignored during dead code analysis
[INFO] [stdout] 
[INFO] [stdout] 
[INFO] [stdout] warning: field `guest_token` is never read
[INFO] [stdout]   --> src/auth.rs:53:5
[INFO] [stdout]    |
[INFO] [stdout] 52 | struct GuestTokenResponse {
[INFO] [stdout]    |        ------------------ field in this struct
[INFO] [stdout] 53 |     guest_token: String,
[INFO] [stdout]    |     ^^^^^^^^^^^
[INFO] [stdout]    |
[INFO] [stdout]    = note: `GuestTokenResponse` has a derived impl for the trait `Debug`, but this is intentionally ignored during dead code analysis
[INFO] [stdout] 
[INFO] [stdout] 
[INFO] [stdout] warning: variants `Auth`, `MissingData`, and `Unknown` are never constructed
[INFO] [stdout]   --> src/auth.rs:65:5
[INFO] [stdout]    |
[INFO] [stdout] 57 | pub enum ScraperError {
[INFO] [stdout]    |          ------------ variants in this enum
[INFO] [stdout] ...
[INFO] [stdout] 65 |     Auth { code: i32, message: String },
[INFO] [stdout]    |     ^^^^
[INFO] [stdout] ...
[INFO] [stdout] 68 |     MissingData(&'static str),
[INFO] [stdout]    |     ^^^^^^^^^^^
[INFO] [stdout] ...
[INFO] [stdout] 71 |     Unknown(String),
[INFO] [stdout]    |     ^^^^^^^
[INFO] [stdout]    |
[INFO] [stdout]    = note: `ScraperError` has a derived impl for the trait `Debug`, but this is intentionally ignored during dead code analysis
[INFO] [stdout] 
[INFO] [stdout] 
[INFO] [stdout] warning: struct `Scraper` is never constructed
[INFO] [stdout]   --> src/auth.rs:74:8
[INFO] [stdout]    |
[INFO] [stdout] 74 | struct Scraper {
[INFO] [stdout]    |        ^^^^^^^
[INFO] [stdout] 
[INFO] [stdout] 
[INFO] [stdout] warning: multiple associated items are never used
[INFO] [stdout]    --> src/auth.rs:84:8
[INFO] [stdout]     |
[INFO] [stdout] 83  | impl Scraper {
[INFO] [stdout]     | ------------ associated items in this implementation
[INFO] [stdout] 84  |     fn new() -> Self {
[INFO] [stdout]     |        ^^^
[INFO] [stdout] ...
[INFO] [stdout] 95  |     async fn get_access_token(
[INFO] [stdout]     |              ^^^^^^^^^^^^^^^^
[INFO] [stdout] ...
[INFO] [stdout] 134 |     async fn get_guest_token(&mut self) -> Result<(), ScraperError> {
[INFO] [stdout]     |              ^^^^^^^^^^^^^^^
[INFO] [stdout] ...
[INFO] [stdout] 158 |     async fn get_flow(&self, data: &serde_json::Value) -> Result<Flow, ScraperError> {
[INFO] [stdout]     |              ^^^^^^^^
[INFO] [stdout] ...
[INFO] [stdout] 201 |     async fn get_flow_token(&self, data: &serde_json::Value) -> Result<String, ScraperError> {
[INFO] [stdout]     |              ^^^^^^^^^^^^^^
[INFO] [stdout] ...
[INFO] [stdout] 234 |     async fn get_open_account_tokens(&mut self, flow_token: &str) -> Result<(), ScraperError> {
[INFO] [stdout]     |              ^^^^^^^^^^^^^^^^^^^^^^^
[INFO] [stdout] ...
[INFO] [stdout] 256 |     async fn is_logged_in(&self) -> bool {
[INFO] [stdout]     |              ^^^^^^^^^^^^
[INFO] [stdout] ...
[INFO] [stdout] 279 |     async fn login(
[INFO] [stdout]     |              ^^^^^
[INFO] [stdout] ...
[INFO] [stdout] 386 |     async fn logout(&mut self) -> Result<(), ScraperError> {
[INFO] [stdout]     |              ^^^^^^
[INFO] [stdout] 
[INFO] [stdout] 
[INFO] [stdout] warning: unused import: `Serialize`
[INFO] [stdout]  --> src/auth.rs:6:37
[INFO] [stdout]   |
[INFO] [stdout] 6 | use serde::{de::Error, Deserialize, Serialize};
[INFO] [stdout]   |                                     ^^^^^^^^^
[INFO] [stdout]   |
[INFO] [stdout]   = note: `#[warn(unused_imports)]` on by default
[INFO] [stdout] 
[INFO] [stdout] 
[INFO] [stdout] warning: unused imports: `Duration` and `self`
[INFO] [stdout]   --> src/auth.rs:10:19
[INFO] [stdout]    |
[INFO] [stdout] 10 | use tokio::time::{self, Duration};
[INFO] [stdout]    |                   ^^^^  ^^^^^^^^
[INFO] [stdout] 
[INFO] [stdout] 
[INFO] [stdout] warning: use of deprecated function `base64::encode`: Use Engine::encode
[INFO] [stdout]    --> src/auth.rs:106:35
[INFO] [stdout]     |
[INFO] [stdout] 106 |         let credentials = base64::encode(format!("{}:{}", consumer_key, consumer_secret));
[INFO] [stdout]     |                                   ^^^^^^
[INFO] [stdout]     |
[INFO] [stdout]     = note: `#[warn(deprecated)]` on by default
[INFO] [stdout] 
[INFO] [stdout] 
[INFO] [stdout] warning: constant `LOGOUT_URL` is never used
[INFO] [stdout]   --> src/auth.rs:13:7
[INFO] [stdout]    |
[INFO] [stdout] 13 | const LOGOUT_URL: &str = "https://api.twitter.com/1.1/account/logout.json";
[INFO] [stdout]    |       ^^^^^^^^^^
[INFO] [stdout]    |
[INFO] [stdout]    = note: `#[warn(dead_code)]` on by default
[INFO] [stdout] 
[INFO] [stdout] 
[INFO] [stdout] warning: constant `OAUTH_URL` is never used
[INFO] [stdout]   --> src/auth.rs:14:7
[INFO] [stdout]    |
[INFO] [stdout] 14 | const OAUTH_URL: &str = "https://api.twitter.com/oauth2/token";
[INFO] [stdout]    |       ^^^^^^^^^
[INFO] [stdout] 
[INFO] [stdout] 
[INFO] [stdout] warning: constant `APP_CONSUMER_KEY` is never used
[INFO] [stdout]   --> src/auth.rs:18:7
[INFO] [stdout]    |
[INFO] [stdout] 18 | const APP_CONSUMER_KEY: &str = "3nVuSoBZnx6U4vzUxf5w";
[INFO] [stdout]    |       ^^^^^^^^^^^^^^^^
[INFO] [stdout] 
[INFO] [stdout] 
[INFO] [stdout] warning: constant `APP_CONSUMER_SECRET` is never used
[INFO] [stdout]   --> src/auth.rs:19:7
[INFO] [stdout]    |
[INFO] [stdout] 19 | const APP_CONSUMER_SECRET: &str = "Bcs59EFbbsdF6Sl9Ng71smgStWEGwXXKSjYvPVt7qys";
[INFO] [stdout]    |       ^^^^^^^^^^^^^^^^^^^
[INFO] [stdout] 
[INFO] [stdout] 
[INFO] [stdout] warning: methods `get_access_token` and `logout` are never used
[INFO] [stdout]    --> src/auth.rs:95:14
[INFO] [stdout]     |
[INFO] [stdout] 83  | impl Scraper {
[INFO] [stdout]     | ------------ methods in this implementation
[INFO] [stdout] ...
[INFO] [stdout] 95  |     async fn get_access_token(
[INFO] [stdout]     |              ^^^^^^^^^^^^^^^^
[INFO] [stdout] ...
[INFO] [stdout] 386 |     async fn logout(&mut self) -> Result<(), ScraperError> {
[INFO] [stdout]     |              ^^^^^^
[INFO] [stdout] 
[INFO] [stdout] 
[INFO] [stderr]     Finished `test` profile [unoptimized + debuginfo] target(s) in 3.95s
[INFO] running `Command { std: "docker" "inspect" "1c1a057b56fa8c79b350def223055530d4ea2456403254a4b3ccd873d4970eed", kill_on_drop: false }`
[INFO] running `Command { std: "docker" "rm" "-f" "1c1a057b56fa8c79b350def223055530d4ea2456403254a4b3ccd873d4970eed", kill_on_drop: false }`
[INFO] [stdout] 1c1a057b56fa8c79b350def223055530d4ea2456403254a4b3ccd873d4970eed
[INFO] running `Command { std: "docker" "create" "-v" "/var/lib/crater-agent-workspace/builds/worker-5-tc1/target:/opt/rustwide/target:rw,Z" "-v" "/var/lib/crater-agent-workspace/builds/worker-5-tc1/source:/opt/rustwide/workdir:ro,Z" "-v" "/var/lib/crater-agent-workspace/cargo-home:/opt/rustwide/cargo-home:ro,Z" "-v" "/var/lib/crater-agent-workspace/rustup-home:/opt/rustwide/rustup-home:ro,Z" "-e" "SOURCE_DIR=/opt/rustwide/workdir" "-e" "CARGO_TARGET_DIR=/opt/rustwide/target" "-e" "CARGO_INCREMENTAL=0" "-e" "RUST_BACKTRACE=full" "-e" "RUSTFLAGS=--cap-lints=warn" "-e" "RUSTDOCFLAGS=--cap-lints=warn" "-e" "CARGO_HOME=/opt/rustwide/cargo-home" "-e" "RUSTUP_HOME=/opt/rustwide/rustup-home" "-w" "/opt/rustwide/workdir" "-m" "1610612736" "--user" "0:0" "--network" "none" "ghcr.io/rust-lang/crates-build-env/linux@sha256:f3a9d4ad9d972b27faf3965f35b62e55ba32bbce8f20bc8fe909558a86702fde" "/opt/rustwide/cargo-home/bin/cargo" "+1.83.0" "test" "--frozen", kill_on_drop: false }`
[INFO] [stdout] 149db17cb24407c9f94aa7b887a5c5fb1ab9e4534135c17e7eb8b795449ba548
[INFO] running `Command { std: "docker" "start" "-a" "149db17cb24407c9f94aa7b887a5c5fb1ab9e4534135c17e7eb8b795449ba548", kill_on_drop: false }`
[INFO] [stderr] warning: unused import: `Serialize`
[INFO] [stderr]  --> src/auth.rs:6:37
[INFO] [stderr]   |
[INFO] [stderr] 6 | use serde::{de::Error, Deserialize, Serialize};
[INFO] [stderr]   |                                     ^^^^^^^^^
[INFO] [stderr]   |
[INFO] [stderr]   = note: `#[warn(unused_imports)]` on by default
[INFO] [stderr] 
[INFO] [stderr] warning: unused imports: `Duration` and `self`
[INFO] [stderr]   --> src/auth.rs:10:19
[INFO] [stderr]    |
[INFO] [stderr] 10 | use tokio::time::{self, Duration};
[INFO] [stderr]    |                   ^^^^  ^^^^^^^^
[INFO] [stderr] 
[INFO] [stderr] warning: use of deprecated function `base64::encode`: Use Engine::encode
[INFO] [stderr]    --> src/auth.rs:106:35
[INFO] [stderr]     |
[INFO] [stderr] 106 |         let credentials = base64::encode(format!("{}:{}", consumer_key, consumer_secret));
[INFO] [stderr]     |                                   ^^^^^^
[INFO] [stderr]     |
[INFO] [stderr]     = note: `#[warn(deprecated)]` on by default
[INFO] [stderr] 
[INFO] [stderr] warning: constant `LOGIN_URL` is never used
[INFO] [stderr]   --> src/auth.rs:12:7
[INFO] [stderr]    |
[INFO] [stderr] 12 | const LOGIN_URL: &str = "https://api.twitter.com/1.1/onboarding/task.json";
[INFO] [stderr]    |       ^^^^^^^^^
[INFO] [stderr]    |
[INFO] [stderr]    = note: `#[warn(dead_code)]` on by default
[INFO] [stderr] 
[INFO] [stderr] warning: constant `LOGOUT_URL` is never used
[INFO] [stderr]   --> src/auth.rs:13:7
[INFO] [stderr]    |
[INFO] [stderr] 13 | const LOGOUT_URL: &str = "https://api.twitter.com/1.1/account/logout.json";
[INFO] [stderr]    |       ^^^^^^^^^^
[INFO] [stderr] 
[INFO] [stderr] warning: constant `OAUTH_URL` is never used
[INFO] [stderr]   --> src/auth.rs:14:7
[INFO] [stderr]    |
[INFO] [stderr] 14 | const OAUTH_URL: &str = "https://api.twitter.com/oauth2/token";
[INFO] [stderr]    |       ^^^^^^^^^
[INFO] [stderr] 
[INFO] [stderr] warning: constant `GUEST_TOKEN_URL` is never used
[INFO] [stderr]   --> src/auth.rs:15:7
[INFO] [stderr]    |
[INFO] [stderr] 15 | const GUEST_TOKEN_URL: &str = "https://api.twitter.com/1.1/guest/activate.json";
[INFO] [stderr]    |       ^^^^^^^^^^^^^^^
[INFO] [stderr] 
[INFO] [stderr] warning: constant `VERIFY_CREDENTIALS_URL` is never used
[INFO] [stderr]   --> src/auth.rs:16:7
[INFO] [stderr]    |
[INFO] [stderr] 16 | const VERIFY_CREDENTIALS_URL: &str = "https://api.twitter.com/1.1/account/verify_credentials.json";
[INFO] [stderr]    |       ^^^^^^^^^^^^^^^^^^^^^^
[INFO] [stderr] 
[INFO] [stderr] warning: constant `BEARER_TOKEN` is never used
[INFO] [stderr]   --> src/auth.rs:17:7
[INFO] [stderr]    |
[INFO] [stderr] 17 | const BEARER_TOKEN: &str = "AAAAAAAAAAAAAAAAAAAAANRILgAAAAAAnNwIzUejRCOuH5E6I8xnZz4puTs%3D1Zv7ttfk8LF81IUq16cHjhLTvJu4FA33AGWWjCpTnA";
[INFO] [stderr]    |       ^^^^^^^^^^^^
[INFO] [stderr] 
[INFO] [stderr] warning: constant `APP_CONSUMER_KEY` is never used
[INFO] [stderr]   --> src/auth.rs:18:7
[INFO] [stderr]    |
[INFO] [stderr] 18 | const APP_CONSUMER_KEY: &str = "3nVuSoBZnx6U4vzUxf5w";
[INFO] [stderr]    |       ^^^^^^^^^^^^^^^^
[INFO] [stderr] 
[INFO] [stderr] warning: constant `APP_CONSUMER_SECRET` is never used
[INFO] [stderr]   --> src/auth.rs:19:7
[INFO] [stderr]    |
[INFO] [stderr] 19 | const APP_CONSUMER_SECRET: &str = "Bcs59EFbbsdF6Sl9Ng71smgStWEGwXXKSjYvPVt7qys";
[INFO] [stderr]    |       ^^^^^^^^^^^^^^^^^^^
[INFO] [stderr] 
[INFO] [stderr] warning: fields `errors`, `flow_token`, and `subtasks` are never read
[INFO] [stderr]   --> src/auth.rs:23:5
[INFO] [stderr]    |
[INFO] [stderr] 22 | struct Flow {
[INFO] [stderr]    |        ---- fields in this struct
[INFO] [stderr] 23 |     errors: Option<Vec<FlowError>>,
[INFO] [stderr]    |     ^^^^^^
[INFO] [stderr] 24 |     flow_token: Option<String>,
[INFO] [stderr]    |     ^^^^^^^^^^
[INFO] [stderr] 25 |     subtasks: Option<Vec<Subtask>>,
[INFO] [stderr]    |     ^^^^^^^^
[INFO] [stderr]    |
[INFO] [stderr]    = note: `Flow` has a derived impl for the trait `Debug`, but this is intentionally ignored during dead code analysis
[INFO] [stderr] 
[INFO] [stderr] warning: fields `code` and `message` are never read
[INFO] [stderr]   --> src/auth.rs:30:5
[INFO] [stderr]    |
[INFO] [stderr] 29 | struct FlowError {
[INFO] [stderr]    |        --------- fields in this struct
[INFO] [stderr] 30 |     code: i32,
[INFO] [stderr]    |     ^^^^
[INFO] [stderr] 31 |     message: String,
[INFO] [stderr]    |     ^^^^^^^
[INFO] [stderr]    |
[INFO] [stderr]    = note: `FlowError` has a derived impl for the trait `Debug`, but this is intentionally ignored during dead code analysis
[INFO] [stderr] 
[INFO] [stderr] warning: fields `subtask_id` and `open_account` are never read
[INFO] [stderr]   --> src/auth.rs:36:5
[INFO] [stderr]    |
[INFO] [stderr] 35 | struct Subtask {
[INFO] [stderr]    |        ------- fields in this struct
[INFO] [stderr] 36 |     subtask_id: String,
[INFO] [stderr]    |     ^^^^^^^^^^
[INFO] [stderr] 37 |     open_account: Option<OpenAccount>,
[INFO] [stderr]    |     ^^^^^^^^^^^^
[INFO] [stderr]    |
[INFO] [stderr]    = note: `Subtask` has a derived impl for the trait `Debug`, but this is intentionally ignored during dead code analysis
[INFO] [stderr] 
[INFO] [stderr] warning: fields `oauth_token` and `oauth_token_secret` are never read
[INFO] [stderr]   --> src/auth.rs:42:5
[INFO] [stderr]    |
[INFO] [stderr] 41 | struct OpenAccount {
[INFO] [stderr]    |        ----------- fields in this struct
[INFO] [stderr] 42 |     oauth_token: String,
[INFO] [stderr]    |     ^^^^^^^^^^^
[INFO] [stderr] 43 |     oauth_token_secret: String,
[INFO] [stderr]    |     ^^^^^^^^^^^^^^^^^^
[INFO] [stderr]    |
[INFO] [stderr]    = note: `OpenAccount` has a derived impl for the trait `Debug`, but this is intentionally ignored during dead code analysis
[INFO] [stderr] 
[INFO] [stderr] warning: field `errors` is never read
[INFO] [stderr]   --> src/auth.rs:48:5
[INFO] [stderr]    |
[INFO] [stderr] 47 | struct VerifyCredentials {
[INFO] [stderr]    |        ----------------- field in this struct
[INFO] [stderr] 48 |     errors: Option<Vec<FlowError>>,
[INFO] [stderr]    |     ^^^^^^
[INFO] [stderr]    |
[INFO] [stderr]    = note: `VerifyCredentials` has a derived impl for the trait `Debug`, but this is intentionally ignored during dead code analysis
[INFO] [stderr] 
[INFO] [stderr] warning: field `guest_token` is never read
[INFO] [stderr]   --> src/auth.rs:53:5
[INFO] [stderr]    |
[INFO] [stderr] 52 | struct GuestTokenResponse {
[INFO] [stderr]    |        ------------------ field in this struct
[INFO] [stderr] 53 |     guest_token: String,
[INFO] [stderr]    |     ^^^^^^^^^^^
[INFO] [stderr]    |
[INFO] [stderr]    = note: `GuestTokenResponse` has a derived impl for the trait `Debug`, but this is intentionally ignored during dead code analysis
[INFO] [stderr] 
[INFO] [stderr] warning: variants `Auth`, `MissingData`, and `Unknown` are never constructed
[INFO] [stderr]   --> src/auth.rs:65:5
[INFO] [stderr]    |
[INFO] [stderr] 57 | pub enum ScraperError {
[INFO] [stderr]    |          ------------ variants in this enum
[INFO] [stderr] ...
[INFO] [stderr] 65 |     Auth { code: i32, message: String },
[INFO] [stderr]    |     ^^^^
[INFO] [stderr] ...
[INFO] [stderr] 68 |     MissingData(&'static str),
[INFO] [stderr]    |     ^^^^^^^^^^^
[INFO] [stderr] ...
[INFO] [stderr] 71 |     Unknown(String),
[INFO] [stderr]    |     ^^^^^^^
[INFO] [stderr]    |
[INFO] [stderr]    = note: `ScraperError` has a derived impl for the trait `Debug`, but this is intentionally ignored during dead code analysis
[INFO] [stderr] 
[INFO] [stderr] warning: struct `Scraper` is never constructed
[INFO] [stderr]   --> src/auth.rs:74:8
[INFO] [stderr]    |
[INFO] [stderr] 74 | struct Scraper {
[INFO] [stderr]    |        ^^^^^^^
[INFO] [stderr] 
[INFO] [stderr] warning: multiple associated items are never used
[INFO] [stderr]    --> src/auth.rs:84:8
[INFO] [stderr]     |
[INFO] [stderr] 83  | impl Scraper {
[INFO] [stderr]     | ------------ associated items in this implementation
[INFO] [stderr] 84  |     fn new() -> Self {
[INFO] [stderr]     |        ^^^
[INFO] [stderr] ...
[INFO] [stderr] 95  |     async fn get_access_token(
[INFO] [stderr]     |              ^^^^^^^^^^^^^^^^
[INFO] [stderr] ...
[INFO] [stderr] 134 |     async fn get_guest_token(&mut self) -> Result<(), ScraperError> {
[INFO] [stderr]     |              ^^^^^^^^^^^^^^^
[INFO] [stderr] ...
[INFO] [stderr] 158 |     async fn get_flow(&self, data: &serde_json::Value) -> Result<Flow, ScraperError> {
[INFO] [stderr]     |              ^^^^^^^^
[INFO] [stderr] ...
[INFO] [stderr] 201 |     async fn get_flow_token(&self, data: &serde_json::Value) -> Result<String, ScraperError> {
[INFO] [stderr]     |              ^^^^^^^^^^^^^^
[INFO] [stderr] ...
[INFO] [stderr] 234 |     async fn get_open_account_tokens(&mut self, flow_token: &str) -> Result<(), ScraperError> {
[INFO] [stderr]     |              ^^^^^^^^^^^^^^^^^^^^^^^
[INFO] [stderr] ...
[INFO] [stderr] 256 |     async fn is_logged_in(&self) -> bool {
[INFO] [stderr]     |              ^^^^^^^^^^^^
[INFO] [stderr] ...
[INFO] [stderr] 279 |     async fn login(
[INFO] [stderr]     |              ^^^^^
[INFO] [stderr] ...
[INFO] [stderr] 386 |     async fn logout(&mut self) -> Result<(), ScraperError> {
[INFO] [stderr]     |              ^^^^^^
[INFO] [stderr] 
[INFO] [stderr] warning: constant `LOGOUT_URL` is never used
[INFO] [stderr]   --> src/auth.rs:13:7
[INFO] [stderr]    |
[INFO] [stderr] 13 | const LOGOUT_URL: &str = "https://api.twitter.com/1.1/account/logout.json";
[INFO] [stderr]    |       ^^^^^^^^^^
[INFO] [stderr]    |
[INFO] [stderr]    = note: `#[warn(dead_code)]` on by default
[INFO] [stderr] 
[INFO] [stderr] warning: methods `get_access_token` and `logout` are never used
[INFO] [stderr]    --> src/auth.rs:95:14
[INFO] [stderr]     |
[INFO] [stderr] 83  | impl Scraper {
[INFO] [stderr]     | ------------ methods in this implementation
[INFO] [stderr] ...
[INFO] [stderr] 95  |     async fn get_access_token(
[INFO] [stderr]     |              ^^^^^^^^^^^^^^^^
[INFO] [stderr] ...
[INFO] [stderr] 386 |     async fn logout(&mut self) -> Result<(), ScraperError> {
[INFO] [stderr]     |              ^^^^^^
[INFO] [stderr] 
[INFO] [stderr] warning: `twitter-rust` (lib) generated 20 warnings (run `cargo fix --lib -p twitter-rust` to apply 2 suggestions)
[INFO] [stderr] warning: `twitter-rust` (lib test) generated 8 warnings (6 duplicates)
[INFO] [stderr]     Finished `test` profile [unoptimized + debuginfo] target(s) in 0.16s
[INFO] [stderr]      Running unittests src/lib.rs (/opt/rustwide/target/debug/deps/twitter_rust-9c69f016e22cd9ab)
[INFO] [stdout] 
[INFO] [stdout] running 1 test
[INFO] [stdout] test auth::tests::test_login ... FAILED
[INFO] [stdout] 
[INFO] [stdout] failures:
[INFO] [stdout] 
[INFO] [stdout] ---- auth::tests::test_login stdout ----
[INFO] [stdout] Error logging in: network request failed: error sending request for url (https://api.twitter.com/1.1/guest/activate.json)
[INFO] [stdout] thread 'auth::tests::test_login' panicked at src/auth.rs:428:9:
[INFO] [stdout] assertion `left == right` failed
[INFO] [stdout]   left: false
[INFO] [stdout]  right: true
[INFO] [stdout] stack backtrace:
[INFO] [stdout]    0:     0x5d654b802c7a - std::backtrace_rs::backtrace::libunwind::trace::h5a5b8284f2d0c266
[INFO] [stdout]                                at /rustc/90b35a6239c3d8bdabc530a6a0816f7ff89a0aaf/library/std/src/../../backtrace/src/backtrace/libunwind.rs:116:5
[INFO] [stdout]    1:     0x5d654b802c7a - std::backtrace_rs::backtrace::trace_unsynchronized::h76d4f1c9b0b875e3
[INFO] [stdout]                                at /rustc/90b35a6239c3d8bdabc530a6a0816f7ff89a0aaf/library/std/src/../../backtrace/src/backtrace/mod.rs:66:5
[INFO] [stdout]    2:     0x5d654b802c7a - std::sys::backtrace::_print_fmt::hc4546b8364a537c6
[INFO] [stdout]                                at /rustc/90b35a6239c3d8bdabc530a6a0816f7ff89a0aaf/library/std/src/sys/backtrace.rs:66:9
[INFO] [stdout]    3:     0x5d654b802c7a - <std::sys::backtrace::BacktraceLock::print::DisplayBacktrace as core::fmt::Display>::fmt::h5b6bd5631a6d1f6b
[INFO] [stdout]                                at /rustc/90b35a6239c3d8bdabc530a6a0816f7ff89a0aaf/library/std/src/sys/backtrace.rs:39:26
[INFO] [stdout]    4:     0x5d654b82ae03 - core::fmt::rt::Argument::fmt::h270f6602a2b96f62
[INFO] [stdout]                                at /rustc/90b35a6239c3d8bdabc530a6a0816f7ff89a0aaf/library/core/src/fmt/rt.rs:177:76
[INFO] [stdout]    5:     0x5d654b82ae03 - core::fmt::write::h7550c97b06c86515
[INFO] [stdout]                                at /rustc/90b35a6239c3d8bdabc530a6a0816f7ff89a0aaf/library/core/src/fmt/mod.rs:1186:21
[INFO] [stdout]    6:     0x5d654b7ff303 - std::io::Write::write_fmt::h509ff860e5956e5e
[INFO] [stdout]                                at /rustc/90b35a6239c3d8bdabc530a6a0816f7ff89a0aaf/library/std/src/io/mod.rs:1839:15
[INFO] [stdout]    7:     0x5d654b802ac2 - std::sys::backtrace::BacktraceLock::print::h2395ccd2c84ba3aa
[INFO] [stdout]                                at /rustc/90b35a6239c3d8bdabc530a6a0816f7ff89a0aaf/library/std/src/sys/backtrace.rs:42:9
[INFO] [stdout]    8:     0x5d654b8040da - std::panicking::default_hook::{{closure}}::he19d4c7230e07961
[INFO] [stdout]                                at /rustc/90b35a6239c3d8bdabc530a6a0816f7ff89a0aaf/library/std/src/panicking.rs:268:22
[INFO] [stdout]    9:     0x5d654b803ee4 - std::panicking::default_hook::hf614597d3c67bbdb
[INFO] [stdout]                                at /rustc/90b35a6239c3d8bdabc530a6a0816f7ff89a0aaf/library/std/src/panicking.rs:292:9
[INFO] [stdout]   10:     0x5d654b3833e9 - <alloc::boxed::Box<F,A> as core::ops::function::Fn<Args>>::call::h39b51ce4599c23d1
[INFO] [stdout]                                at /rustc/90b35a6239c3d8bdabc530a6a0816f7ff89a0aaf/library/alloc/src/boxed.rs:2468:9
[INFO] [stdout]   11:     0x5d654b3833e9 - test::test_main::{{closure}}::he977ae839a582784
[INFO] [stdout]                                at /rustc/90b35a6239c3d8bdabc530a6a0816f7ff89a0aaf/library/test/src/lib.rs:133:21
[INFO] [stdout]   12:     0x5d654b804778 - <alloc::boxed::Box<F,A> as core::ops::function::Fn<Args>>::call::h9455091b6b06f9fb
[INFO] [stdout]                                at /rustc/90b35a6239c3d8bdabc530a6a0816f7ff89a0aaf/library/alloc/src/boxed.rs:2468:9
[INFO] [stdout]   13:     0x5d654b804778 - std::panicking::rust_panic_with_hook::h8942133a8b252070
[INFO] [stdout]                                at /rustc/90b35a6239c3d8bdabc530a6a0816f7ff89a0aaf/library/std/src/panicking.rs:809:13
[INFO] [stdout]   14:     0x5d654b80453a - std::panicking::begin_panic_handler::{{closure}}::hb5f5963570096b29
[INFO] [stdout]                                at /rustc/90b35a6239c3d8bdabc530a6a0816f7ff89a0aaf/library/std/src/panicking.rs:674:13
[INFO] [stdout]   15:     0x5d654b803159 - std::sys::backtrace::__rust_end_short_backtrace::h6208cedc1922feda
[INFO] [stdout]                                at /rustc/90b35a6239c3d8bdabc530a6a0816f7ff89a0aaf/library/std/src/sys/backtrace.rs:170:18
[INFO] [stdout]   16:     0x5d654b8041cc - rust_begin_unwind
[INFO] [stdout]                                at /rustc/90b35a6239c3d8bdabc530a6a0816f7ff89a0aaf/library/std/src/panicking.rs:665:5
[INFO] [stdout]   17:     0x5d654b30b2a0 - core::panicking::panic_fmt::h0c3082644d1bf418
[INFO] [stdout]                                at /rustc/90b35a6239c3d8bdabc530a6a0816f7ff89a0aaf/library/core/src/panicking.rs:74:14
[INFO] [stdout]   18:     0x5d654b30b705 - core::panicking::assert_failed_inner::h2ddf1fcc067fa858
[INFO] [stdout]   19:     0x5d654b6be69d - core::panicking::assert_failed::hc493eb119c0af55e
[INFO] [stdout]                                at /rustc/90b35a6239c3d8bdabc530a6a0816f7ff89a0aaf/library/core/src/panicking.rs:367:5
[INFO] [stdout]   20:     0x5d654b33ec71 - twitter_rust::auth::tests::test_login::{{closure}}::he30932c9f279e632
[INFO] [stdout]                                at /opt/rustwide/workdir/src/auth.rs:428:9
[INFO] [stdout]   21:     0x5d654b33c152 - <core::pin::Pin<P> as core::future::future::Future>::poll::hf8799276a0406671
[INFO] [stdout]                                at /rustc/90b35a6239c3d8bdabc530a6a0816f7ff89a0aaf/library/core/src/future/future.rs:123:9
[INFO] [stdout]   22:     0x5d654b33c10d - <core::pin::Pin<P> as core::future::future::Future>::poll::h49b3bf8bff0b434a
[INFO] [stdout]                                at /rustc/90b35a6239c3d8bdabc530a6a0816f7ff89a0aaf/library/core/src/future/future.rs:123:9
[INFO] [stdout]   23:     0x5d654b346f8f - tokio::runtime::scheduler::current_thread::CoreGuard::block_on::{{closure}}::{{closure}}::{{closure}}::hd7bfb366784294c0
[INFO] [stdout]                                at /opt/rustwide/cargo-home/registry/src/index.crates.io-6f17d22bba15001f/tokio-1.38.0/src/runtime/scheduler/current_thread/mod.rs:659:57
[INFO] [stdout]   24:     0x5d654b346ed5 - tokio::runtime::coop::with_budget::h2694cb833c2bc1c6
[INFO] [stdout]                                at /opt/rustwide/cargo-home/registry/src/index.crates.io-6f17d22bba15001f/tokio-1.38.0/src/runtime/coop.rs:107:5
[INFO] [stdout]   25:     0x5d654b346ed5 - tokio::runtime::coop::budget::hcd7b21769cdc2525
[INFO] [stdout]                                at /opt/rustwide/cargo-home/registry/src/index.crates.io-6f17d22bba15001f/tokio-1.38.0/src/runtime/coop.rs:73:5
[INFO] [stdout]   26:     0x5d654b346ed5 - tokio::runtime::scheduler::current_thread::CoreGuard::block_on::{{closure}}::{{closure}}::hb73fcc8e4ce6ac9a
[INFO] [stdout]                                at /opt/rustwide/cargo-home/registry/src/index.crates.io-6f17d22bba15001f/tokio-1.38.0/src/runtime/scheduler/current_thread/mod.rs:659:25
[INFO] [stdout]   27:     0x5d654b345980 - tokio::runtime::scheduler::current_thread::Context::enter::h2ef04b7df40aa62b
[INFO] [stdout]                                at /opt/rustwide/cargo-home/registry/src/index.crates.io-6f17d22bba15001f/tokio-1.38.0/src/runtime/scheduler/current_thread/mod.rs:404:19
[INFO] [stdout]   28:     0x5d654b34672e - tokio::runtime::scheduler::current_thread::CoreGuard::block_on::{{closure}}::h6d208b15e4b34645
[INFO] [stdout]                                at /opt/rustwide/cargo-home/registry/src/index.crates.io-6f17d22bba15001f/tokio-1.38.0/src/runtime/scheduler/current_thread/mod.rs:658:36
[INFO] [stdout]   29:     0x5d654b3464a4 - tokio::runtime::scheduler::current_thread::CoreGuard::enter::{{closure}}::h1ba5485ada4e6b5b
[INFO] [stdout]                                at /opt/rustwide/cargo-home/registry/src/index.crates.io-6f17d22bba15001f/tokio-1.38.0/src/runtime/scheduler/current_thread/mod.rs:737:68
[INFO] [stdout]   30:     0x5d654b33561b - tokio::runtime::context::scoped::Scoped<T>::set::h882711d14af5e8a1
[INFO] [stdout]                                at /opt/rustwide/cargo-home/registry/src/index.crates.io-6f17d22bba15001f/tokio-1.38.0/src/runtime/context/scoped.rs:40:9
[INFO] [stdout]   31:     0x5d654b344969 - tokio::runtime::context::set_scheduler::{{closure}}::ha66b851a9a3d6dd0
[INFO] [stdout]                                at /opt/rustwide/cargo-home/registry/src/index.crates.io-6f17d22bba15001f/tokio-1.38.0/src/runtime/context.rs:180:26
[INFO] [stdout]   32:     0x5d654b3325ad - std::thread::local::LocalKey<T>::try_with::hb2979f7357cb671d
[INFO] [stdout]                                at /rustc/90b35a6239c3d8bdabc530a6a0816f7ff89a0aaf/library/std/src/thread/local.rs:283:12
[INFO] [stdout]   33:     0x5d654b331f9a - std::thread::local::LocalKey<T>::with::h6771bcd0fd52fc06
[INFO] [stdout]                                at /rustc/90b35a6239c3d8bdabc530a6a0816f7ff89a0aaf/library/std/src/thread/local.rs:260:9
[INFO] [stdout]   34:     0x5d654b34491d - tokio::runtime::context::set_scheduler::h5c1ac1e0e4c75862
[INFO] [stdout]                                at /opt/rustwide/cargo-home/registry/src/index.crates.io-6f17d22bba15001f/tokio-1.38.0/src/runtime/context.rs:180:9
[INFO] [stdout]   35:     0x5d654b346250 - tokio::runtime::scheduler::current_thread::CoreGuard::enter::h9ea20437cd35c6c2
[INFO] [stdout]                                at /opt/rustwide/cargo-home/registry/src/index.crates.io-6f17d22bba15001f/tokio-1.38.0/src/runtime/scheduler/current_thread/mod.rs:737:27
[INFO] [stdout]   36:     0x5d654b3464c3 - tokio::runtime::scheduler::current_thread::CoreGuard::block_on::h951921a4bb7eb8f0
[INFO] [stdout]                                at /opt/rustwide/cargo-home/registry/src/index.crates.io-6f17d22bba15001f/tokio-1.38.0/src/runtime/scheduler/current_thread/mod.rs:646:19
[INFO] [stdout]   37:     0x5d654b3454bd - tokio::runtime::scheduler::current_thread::CurrentThread::block_on::{{closure}}::h2276b55149471c1a
[INFO] [stdout]                                at /opt/rustwide/cargo-home/registry/src/index.crates.io-6f17d22bba15001f/tokio-1.38.0/src/runtime/scheduler/current_thread/mod.rs:175:28
[INFO] [stdout]   38:     0x5d654b344d26 - tokio::runtime::context::runtime::enter_runtime::h6ed0ab82133696b1
[INFO] [stdout]                                at /opt/rustwide/cargo-home/registry/src/index.crates.io-6f17d22bba15001f/tokio-1.38.0/src/runtime/context/runtime.rs:65:16
[INFO] [stdout]   39:     0x5d654b3453d1 - tokio::runtime::scheduler::current_thread::CurrentThread::block_on::he95400dd53ed5f4a
[INFO] [stdout]                                at /opt/rustwide/cargo-home/registry/src/index.crates.io-6f17d22bba15001f/tokio-1.38.0/src/runtime/scheduler/current_thread/mod.rs:167:9
[INFO] [stdout]   40:     0x5d654b34522d - tokio::runtime::runtime::Runtime::block_on::h5cc3839af20f8834
[INFO] [stdout]                                at /opt/rustwide/cargo-home/registry/src/index.crates.io-6f17d22bba15001f/tokio-1.38.0/src/runtime/runtime.rs:347:47
[INFO] [stdout]   41:     0x5d654b33e68e - twitter_rust::auth::tests::test_login::he5bfde2412ff8bfa
[INFO] [stdout]                                at /opt/rustwide/workdir/src/auth.rs:423:9
[INFO] [stdout]   42:     0x5d654b33e537 - twitter_rust::auth::tests::test_login::{{closure}}::h9ca86ebb40346f57
[INFO] [stdout]                                at /opt/rustwide/workdir/src/auth.rs:421:26
[INFO] [stdout]   43:     0x5d654b348266 - core::ops::function::FnOnce::call_once::h5e0985435284d85d
[INFO] [stdout]                                at /rustc/90b35a6239c3d8bdabc530a6a0816f7ff89a0aaf/library/core/src/ops/function.rs:250:5
[INFO] [stdout]   44:     0x5d654b387dab - core::ops::function::FnOnce::call_once::h109cf8051a59b34e
[INFO] [stdout]                                at /rustc/90b35a6239c3d8bdabc530a6a0816f7ff89a0aaf/library/core/src/ops/function.rs:250:5
[INFO] [stdout]   45:     0x5d654b387dab - test::__rust_begin_short_backtrace::hf4fff89d377446ba
[INFO] [stdout]                                at /rustc/90b35a6239c3d8bdabc530a6a0816f7ff89a0aaf/library/test/src/lib.rs:621:18
[INFO] [stdout]   46:     0x5d654b3875e7 - test::run_test_in_process::{{closure}}::h0e39181dd7ee5a43
[INFO] [stdout]                                at /rustc/90b35a6239c3d8bdabc530a6a0816f7ff89a0aaf/library/test/src/lib.rs:644:60
[INFO] [stdout]   47:     0x5d654b3875e7 - <core::panic::unwind_safe::AssertUnwindSafe<F> as core::ops::function::FnOnce<()>>::call_once::hc5a66a30f0bdfd1f
[INFO] [stdout]                                at /rustc/90b35a6239c3d8bdabc530a6a0816f7ff89a0aaf/library/core/src/panic/unwind_safe.rs:272:9
[INFO] [stdout]   48:     0x5d654b3875e7 - std::panicking::try::do_call::h873b7cf639554a5e
[INFO] [stdout]                                at /rustc/90b35a6239c3d8bdabc530a6a0816f7ff89a0aaf/library/std/src/panicking.rs:557:40
[INFO] [stdout]   49:     0x5d654b3875e7 - std::panicking::try::hdb19862fad9c8bd1
[INFO] [stdout]                                at /rustc/90b35a6239c3d8bdabc530a6a0816f7ff89a0aaf/library/std/src/panicking.rs:520:19
[INFO] [stdout]   50:     0x5d654b3875e7 - std::panic::catch_unwind::h281fe732d236d260
[INFO] [stdout]                                at /rustc/90b35a6239c3d8bdabc530a6a0816f7ff89a0aaf/library/std/src/panic.rs:358:14
[INFO] [stdout]   51:     0x5d654b3875e7 - test::run_test_in_process::h949b6df8457ed338
[INFO] [stdout]                                at /rustc/90b35a6239c3d8bdabc530a6a0816f7ff89a0aaf/library/test/src/lib.rs:644:27
[INFO] [stdout]   52:     0x5d654b3875e7 - test::run_test::{{closure}}::h52c556a6d4740e10
[INFO] [stdout]                                at /rustc/90b35a6239c3d8bdabc530a6a0816f7ff89a0aaf/library/test/src/lib.rs:565:43
[INFO] [stdout]   53:     0x5d654b34c8c4 - test::run_test::{{closure}}::h4237f6381c45ccb9
[INFO] [stdout]                                at /rustc/90b35a6239c3d8bdabc530a6a0816f7ff89a0aaf/library/test/src/lib.rs:595:41
[INFO] [stdout]   54:     0x5d654b34c8c4 - std::sys::backtrace::__rust_begin_short_backtrace::h505c97a579eca628
[INFO] [stdout]                                at /rustc/90b35a6239c3d8bdabc530a6a0816f7ff89a0aaf/library/std/src/sys/backtrace.rs:154:18
[INFO] [stdout]   55:     0x5d654b34ff8e - std::thread::Builder::spawn_unchecked_::{{closure}}::{{closure}}::h9e86b2e2bc107ea3
[INFO] [stdout]                                at /rustc/90b35a6239c3d8bdabc530a6a0816f7ff89a0aaf/library/std/src/thread/mod.rs:538:17
[INFO] [stdout]   56:     0x5d654b34ff8e - <core::panic::unwind_safe::AssertUnwindSafe<F> as core::ops::function::FnOnce<()>>::call_once::h8b06ddb275ff4a25
[INFO] [stdout]                                at /rustc/90b35a6239c3d8bdabc530a6a0816f7ff89a0aaf/library/core/src/panic/unwind_safe.rs:272:9
[INFO] [stdout]   57:     0x5d654b34ff8e - std::panicking::try::do_call::hb26ecd7cd9a9355d
[INFO] [stdout]                                at /rustc/90b35a6239c3d8bdabc530a6a0816f7ff89a0aaf/library/std/src/panicking.rs:557:40
[INFO] [stdout]   58:     0x5d654b34ff8e - std::panicking::try::h8ddeca9d705f9069
[INFO] [stdout]                                at /rustc/90b35a6239c3d8bdabc530a6a0816f7ff89a0aaf/library/std/src/panicking.rs:520:19
[INFO] [stdout]   59:     0x5d654b34ff8e - std::panic::catch_unwind::h49e1c33078844c46
[INFO] [stdout]                                at /rustc/90b35a6239c3d8bdabc530a6a0816f7ff89a0aaf/library/std/src/panic.rs:358:14
[INFO] [stdout]   60:     0x5d654b34ff8e - std::thread::Builder::spawn_unchecked_::{{closure}}::h6073db6ff56ad35d
[INFO] [stdout]                                at /rustc/90b35a6239c3d8bdabc530a6a0816f7ff89a0aaf/library/std/src/thread/mod.rs:537:30
[INFO] [stdout]   61:     0x5d654b34ff8e - core::ops::function::FnOnce::call_once{{vtable.shim}}::h2c5a5f3779c774f1
[INFO] [stdout]                                at /rustc/90b35a6239c3d8bdabc530a6a0816f7ff89a0aaf/library/core/src/ops/function.rs:250:5
[INFO] [stdout]   62:     0x5d654b808a3b - <alloc::boxed::Box<F,A> as core::ops::function::FnOnce<Args>>::call_once::hf75717d9f28faebf
[INFO] [stdout]                                at /rustc/90b35a6239c3d8bdabc530a6a0816f7ff89a0aaf/library/alloc/src/boxed.rs:2454:9
[INFO] [stdout]   63:     0x5d654b808a3b - <alloc::boxed::Box<F,A> as core::ops::function::FnOnce<Args>>::call_once::h7bd883a5f3c5f3c1
[INFO] [stdout]                                at /rustc/90b35a6239c3d8bdabc530a6a0816f7ff89a0aaf/library/alloc/src/boxed.rs:2454:9
[INFO] [stdout]   64:     0x5d654b808a3b - std::sys::pal::unix::thread::Thread::new::thread_start::hcc78f3943333fa94
[INFO] [stdout]                                at /rustc/90b35a6239c3d8bdabc530a6a0816f7ff89a0aaf/library/std/src/sys/pal/unix/thread.rs:105:17
[INFO] [stdout]   65:     0x74ec7b228ac3 - <unknown>
[INFO] [stdout]   66:     0x74ec7b2b9a04 - clone
[INFO] [stdout]   67:                0x0 - <unknown>
[INFO] [stdout] 
[INFO] [stdout] 
[INFO] [stdout] failures:
[INFO] [stdout]     auth::tests::test_login
[INFO] [stdout] 
[INFO] [stdout] test result: FAILED. 0 passed; 1 failed; 0 ignored; 0 measured; 0 filtered out; finished in 0.12s
[INFO] [stdout] 
[INFO] [stderr] error: test failed, to rerun pass `--lib`
[INFO] running `Command { std: "docker" "inspect" "149db17cb24407c9f94aa7b887a5c5fb1ab9e4534135c17e7eb8b795449ba548", kill_on_drop: false }`
[INFO] running `Command { std: "docker" "rm" "-f" "149db17cb24407c9f94aa7b887a5c5fb1ab9e4534135c17e7eb8b795449ba548", kill_on_drop: false }`
[INFO] [stdout] 149db17cb24407c9f94aa7b887a5c5fb1ab9e4534135c17e7eb8b795449ba548
