[INFO] cloning repository https://github.com/jerry-yu/factory_swap
[INFO] running `Command { std: "git" "-c" "credential.helper=" "-c" "credential.helper=/workspace/cargo-home/bin/git-credential-null" "clone" "--bare" "https://github.com/jerry-yu/factory_swap" "/workspace/cache/git-repos/https%3A%2F%2Fgithub.com%2Fjerry-yu%2Ffactory_swap", kill_on_drop: false }`
[INFO] [stderr] Cloning into bare repository '/workspace/cache/git-repos/https%3A%2F%2Fgithub.com%2Fjerry-yu%2Ffactory_swap'...
[INFO] running `Command { std: "git" "rev-parse" "HEAD", kill_on_drop: false }`
[INFO] [stdout] 06f75980603a7ab018d0244502a34cca288d27d7
[INFO] testing jerry-yu/factory_swap against 1.83.0 for beta-1.84.0-4-retry
[INFO] running `Command { std: "git" "clone" "/workspace/cache/git-repos/https%3A%2F%2Fgithub.com%2Fjerry-yu%2Ffactory_swap" "/workspace/builds/worker-1-tc1/source", kill_on_drop: false }`
[INFO] [stderr] Cloning into '/workspace/builds/worker-1-tc1/source'...
[INFO] [stderr] done.
[INFO] validating manifest of git repo https://github.com/jerry-yu/factory_swap on toolchain 1.83.0
[INFO] running `Command { std: CARGO_HOME="/workspace/cargo-home" RUSTUP_HOME="/workspace/rustup-home" "/workspace/cargo-home/bin/cargo" "+1.83.0" "metadata" "--manifest-path" "Cargo.toml" "--no-deps", kill_on_drop: false }`
[INFO] started tweaking git repo https://github.com/jerry-yu/factory_swap
[INFO] finished tweaking git repo https://github.com/jerry-yu/factory_swap
[INFO] tweaked toml for git repo https://github.com/jerry-yu/factory_swap written to /workspace/builds/worker-1-tc1/source/Cargo.toml
[INFO] crate git repo https://github.com/jerry-yu/factory_swap already has a lockfile, it will not be regenerated
[INFO] running `Command { std: CARGO_HOME="/workspace/cargo-home" RUSTUP_HOME="/workspace/rustup-home" "/workspace/cargo-home/bin/cargo" "+1.83.0" "fetch" "--manifest-path" "Cargo.toml", kill_on_drop: false }`
[INFO] [stderr]     Updating crates.io index
[INFO] [stderr]  Downloading crates ...
[INFO] [stderr]   Downloaded solana-sdk-macro v1.7.4
[INFO] [stderr]   Downloaded solana-logger v1.7.4
[INFO] [stderr]   Downloaded solana-frozen-abi v1.7.4
[INFO] [stderr]   Downloaded cpufeatures v0.1.4
[INFO] [stderr]   Downloaded derivation-path v0.1.3
[INFO] [stderr]   Downloaded solana-crate-features v1.7.4
[INFO] [stderr]   Downloaded borsh-schema-derive-internal v0.7.2
[INFO] [stderr]   Downloaded borsh-schema-derive-internal v0.9.0
[INFO] [stderr]   Downloaded ed25519-dalek-bip32 v0.1.1
[INFO] [stderr]   Downloaded pbkdf2 v0.6.0
[INFO] [stderr]   Downloaded uriparse v0.6.3
[INFO] [stderr]   Downloaded blake3 v0.3.7
[INFO] [stderr]   Downloaded hyper v0.14.9
[INFO] [stderr]   Downloaded borsh-derive v0.7.2
[INFO] [stderr]   Downloaded spl-math v0.1.0
[INFO] [stderr]   Downloaded tokio v1.8.1
[INFO] [stderr]   Downloaded borsh-derive-internal v0.7.2
[INFO] [stderr]   Downloaded spl-token v3.1.1
[INFO] [stderr]   Downloaded solana-frozen-abi-macro v1.7.4
[INFO] [stderr]   Downloaded solana-program v1.7.4
[INFO] [stderr]   Downloaded borsh-derive v0.9.0
[INFO] [stderr]   Downloaded borsh v0.7.2
[INFO] [stderr]   Downloaded borsh-derive-internal v0.9.0
[INFO] [stderr]   Downloaded borsh v0.9.0
[INFO] [stderr]   Downloaded solana-sdk v1.7.4
[INFO] running `Command { std: "docker" "create" "-v" "/var/lib/crater-agent-workspace/builds/worker-1-tc1/target:/opt/rustwide/target:rw,Z" "-v" "/var/lib/crater-agent-workspace/builds/worker-1-tc1/source:/opt/rustwide/workdir:ro,Z" "-v" "/var/lib/crater-agent-workspace/cargo-home:/opt/rustwide/cargo-home:ro,Z" "-v" "/var/lib/crater-agent-workspace/rustup-home:/opt/rustwide/rustup-home:ro,Z" "-e" "SOURCE_DIR=/opt/rustwide/workdir" "-e" "CARGO_TARGET_DIR=/opt/rustwide/target" "-e" "CARGO_HOME=/opt/rustwide/cargo-home" "-e" "RUSTUP_HOME=/opt/rustwide/rustup-home" "-w" "/opt/rustwide/workdir" "-m" "1610612736" "--user" "0:0" "--network" "none" "ghcr.io/rust-lang/crates-build-env/linux@sha256:f3a9d4ad9d972b27faf3965f35b62e55ba32bbce8f20bc8fe909558a86702fde" "/opt/rustwide/cargo-home/bin/cargo" "+1.83.0" "metadata" "--no-deps" "--format-version=1", kill_on_drop: false }`
[INFO] [stdout] f8e953ff7a66b2fb9ad91f5522ea4324a393cc67d667b1abe53c2cac2783af36
[INFO] running `Command { std: "docker" "start" "-a" "f8e953ff7a66b2fb9ad91f5522ea4324a393cc67d667b1abe53c2cac2783af36", kill_on_drop: false }`
[INFO] running `Command { std: "docker" "inspect" "f8e953ff7a66b2fb9ad91f5522ea4324a393cc67d667b1abe53c2cac2783af36", kill_on_drop: false }`
[INFO] running `Command { std: "docker" "rm" "-f" "f8e953ff7a66b2fb9ad91f5522ea4324a393cc67d667b1abe53c2cac2783af36", kill_on_drop: false }`
[INFO] [stdout] f8e953ff7a66b2fb9ad91f5522ea4324a393cc67d667b1abe53c2cac2783af36
[INFO] running `Command { std: "docker" "create" "-v" "/var/lib/crater-agent-workspace/builds/worker-1-tc1/target:/opt/rustwide/target:rw,Z" "-v" "/var/lib/crater-agent-workspace/builds/worker-1-tc1/source:/opt/rustwide/workdir:ro,Z" "-v" "/var/lib/crater-agent-workspace/cargo-home:/opt/rustwide/cargo-home:ro,Z" "-v" "/var/lib/crater-agent-workspace/rustup-home:/opt/rustwide/rustup-home:ro,Z" "-e" "SOURCE_DIR=/opt/rustwide/workdir" "-e" "CARGO_TARGET_DIR=/opt/rustwide/target" "-e" "CARGO_INCREMENTAL=0" "-e" "RUST_BACKTRACE=full" "-e" "RUSTFLAGS=--cap-lints=warn" "-e" "RUSTDOCFLAGS=--cap-lints=warn" "-e" "CARGO_HOME=/opt/rustwide/cargo-home" "-e" "RUSTUP_HOME=/opt/rustwide/rustup-home" "-w" "/opt/rustwide/workdir" "-m" "1610612736" "--user" "0:0" "--network" "none" "ghcr.io/rust-lang/crates-build-env/linux@sha256:f3a9d4ad9d972b27faf3965f35b62e55ba32bbce8f20bc8fe909558a86702fde" "/opt/rustwide/cargo-home/bin/cargo" "+1.83.0" "build" "--frozen" "--message-format=json", kill_on_drop: false }`
[INFO] [stdout] 8abaa585e89cd19341db4977783c98afd9eb157887e07eac002b8e1875d7cca3
[INFO] running `Command { std: "docker" "start" "-a" "8abaa585e89cd19341db4977783c98afd9eb157887e07eac002b8e1875d7cca3", kill_on_drop: false }`
[INFO] [stderr]    Compiling proc-macro2 v1.0.26
[INFO] [stderr]    Compiling syn v1.0.72
[INFO] [stderr]    Compiling serde_derive v1.0.126
[INFO] [stderr]    Compiling serde v1.0.126
[INFO] [stderr]    Compiling libc v0.2.94
[INFO] [stderr]    Compiling typenum v1.13.0
[INFO] [stderr]    Compiling version_check v0.9.3
[INFO] [stderr]    Compiling semver-parser v0.7.0
[INFO] [stderr]    Compiling memchr v2.4.0
[INFO] [stderr]    Compiling getrandom v0.1.16
[INFO] [stderr]    Compiling log v0.4.14
[INFO] [stderr]    Compiling feature-probe v0.1.1
[INFO] [stderr]    Compiling regex-syntax v0.6.25
[INFO] [stderr]    Compiling block-padding v0.2.1
[INFO] [stderr]    Compiling opaque-debug v0.3.0
[INFO] [stderr]    Compiling rustversion v1.0.5
[INFO] [stderr]    Compiling humantime v2.1.0
[INFO] [stderr]    Compiling spin v0.5.2
[INFO] [stderr]    Compiling bv v0.11.1
[INFO] [stderr]    Compiling subtle v2.4.0
[INFO] [stderr]    Compiling termcolor v1.1.2
[INFO] [stderr]    Compiling semver v0.9.0
[INFO] [stderr]    Compiling generic-array v0.14.4
[INFO] [stderr]    Compiling lazy_static v1.4.0
[INFO] [stderr]    Compiling num-traits v0.2.14
[INFO] [stderr]    Compiling ppv-lite86 v0.2.10
[INFO] [stderr]    Compiling byteorder v1.4.3
[INFO] [stderr]    Compiling cpufeatures v0.1.4
[INFO] [stderr]    Compiling bs58 v0.3.1
[INFO] [stderr]    Compiling ahash v0.4.7
[INFO] [stderr]    Compiling either v1.6.1
[INFO] [stderr]    Compiling cfg-if v0.1.10
[INFO] [stderr]    Compiling arrayvec v0.5.2
[INFO] [stderr]    Compiling arrayref v0.3.6
[INFO] [stderr]    Compiling keccak v0.1.0
[INFO] [stderr]    Compiling crunchy v0.2.2
[INFO] [stderr]    Compiling rustc_version v0.2.3
[INFO] [stderr]    Compiling aho-corasick v0.7.18
[INFO] [stderr]    Compiling constant_time_eq v0.1.5
[INFO] [stderr]    Compiling hashbrown v0.9.1
[INFO] [stderr]    Compiling itertools v0.9.0
[INFO] [stderr]    Compiling rustc-hex v2.1.0
[INFO] [stderr]    Compiling quote v1.0.9
[INFO] [stderr]    Compiling solana-frozen-abi-macro v1.7.4
[INFO] [stderr]    Compiling solana-frozen-abi v1.7.4
[INFO] [stderr]    Compiling solana-program v1.7.4
[INFO] [stderr]    Compiling uint v0.8.5
[INFO] [stderr]    Compiling jobserver v0.1.22
[INFO] [stderr]    Compiling atty v0.2.14
[INFO] [stderr]    Compiling memmap2 v0.1.0
[INFO] [stderr]    Compiling rand_core v0.5.1
[INFO] [stderr]    Compiling cc v1.0.68
[INFO] [stderr]    Compiling rand_chacha v0.2.2
[INFO] [stderr]    Compiling generic-array v0.12.4
[INFO] [stderr]    Compiling rand v0.7.3
[INFO] [stderr]    Compiling digest v0.8.1
[INFO] [stderr]    Compiling regex v1.5.4
[INFO] [stderr]    Compiling blake3 v0.3.7
[INFO] [stderr]    Compiling env_logger v0.8.3
[INFO] [stderr]    Compiling solana-logger v1.7.4
[INFO] [stderr]    Compiling synstructure v0.12.4
[INFO] [stderr]    Compiling borsh-derive-internal v0.9.0
[INFO] [stderr]    Compiling borsh-schema-derive-internal v0.9.0
[INFO] [stderr]    Compiling borsh-schema-derive-internal v0.7.2
[INFO] [stderr]    Compiling borsh-derive-internal v0.7.2
[INFO] [stderr]    Compiling borsh-derive-internal v0.8.2
[INFO] [stderr]    Compiling borsh-schema-derive-internal v0.8.2
[INFO] [stderr]    Compiling thiserror-impl v1.0.24
[INFO] [stderr]    Compiling zeroize_derive v1.1.0
[INFO] [stderr]    Compiling solana-sdk-macro v1.7.4
[INFO] [stderr]    Compiling num-derive v0.3.3
[INFO] [stderr]    Compiling derivative v2.2.0
[INFO] [stderr]    Compiling borsh-derive v0.7.2
[INFO] [stderr]    Compiling zeroize v1.3.0
[INFO] [stderr]    Compiling borsh v0.7.2
[INFO] [stderr]    Compiling curve25519-dalek v2.1.2
[INFO] [stderr]    Compiling thiserror v1.0.24
[INFO] [stderr]    Compiling toml v0.5.8
[INFO] [stderr]    Compiling serde_bytes v0.11.5
[INFO] [stderr]    Compiling bincode v1.3.3
[INFO] [stderr]    Compiling digest v0.9.0
[INFO] [stderr]    Compiling block-buffer v0.9.0
[INFO] [stderr]    Compiling crypto-mac v0.8.0
[INFO] [stderr]    Compiling proc-macro-crate v0.1.5
[INFO] [stderr]    Compiling sha2 v0.9.5
[INFO] [stderr]    Compiling sha3 v0.9.1
[INFO] [stderr]    Compiling borsh-derive v0.9.0
[INFO] [stderr]    Compiling num_enum_derive v0.5.1
[INFO] [stderr]    Compiling borsh-derive v0.8.2
[INFO] [stderr]    Compiling borsh v0.9.0
[INFO] [stderr]    Compiling num_enum v0.5.1
[INFO] [stderr]    Compiling spl-token v3.1.1
[INFO] [stderr]    Compiling spl-math v0.1.0
[INFO] [stderr]    Compiling factory_swap v0.0.1 (/opt/rustwide/workdir)
[INFO] [stdout] warning: unused imports: `AccountInfo`, `entrypoint::ProgramResult`, `msg`, `next_account_info`, `program_error::ProgramError`, and `pubkey::Pubkey`
[INFO] [stdout]  --> src/lib.rs:2:20
[INFO] [stdout]   |
[INFO] [stdout] 2 |     account_info::{next_account_info, AccountInfo},
[INFO] [stdout]   |                    ^^^^^^^^^^^^^^^^^  ^^^^^^^^^^^
[INFO] [stdout] 3 |     entrypoint::ProgramResult,
[INFO] [stdout]   |     ^^^^^^^^^^^^^^^^^^^^^^^^^
[INFO] [stdout] 4 |     msg,
[INFO] [stdout]   |     ^^^
[INFO] [stdout] 5 |     program_error::ProgramError,
[INFO] [stdout]   |     ^^^^^^^^^^^^^^^^^^^^^^^^^^^
[INFO] [stdout] 6 |     pubkey::Pubkey,
[INFO] [stdout]   |     ^^^^^^^^^^^^^^
[INFO] [stdout]   |
[INFO] [stdout]   = note: `#[warn(unused_imports)]` on by default
[INFO] [stdout] 
[INFO] [stdout] 
[INFO] [stdout] warning: unused imports: `BorshDeserialize` and `BorshSerialize`
[INFO] [stdout]  --> src/processor.rs:2:13
[INFO] [stdout]   |
[INFO] [stdout] 2 | use borsh::{BorshDeserialize, BorshSerialize};
[INFO] [stdout]   |             ^^^^^^^^^^^^^^^^  ^^^^^^^^^^^^^^
[INFO] [stdout] 
[INFO] [stdout] 
[INFO] [stdout] warning: unused imports: `PrintProgramError`, `entrypoint`, and `program_option::COption`
[INFO] [stdout]   --> src/processor.rs:5:5
[INFO] [stdout]    |
[INFO] [stdout] 5  |     entrypoint,
[INFO] [stdout]    |     ^^^^^^^^^^
[INFO] [stdout] ...
[INFO] [stdout] 9  |     program_error::{PrintProgramError, ProgramError},
[INFO] [stdout]    |                     ^^^^^^^^^^^^^^^^^
[INFO] [stdout] 10 |     program_option::COption,
[INFO] [stdout]    |     ^^^^^^^^^^^^^^^^^^^^^^^
[INFO] [stdout] 
[INFO] [stdout] 
[INFO] [stdout] warning: unused import: `program_error::PrintProgramError`
[INFO] [stdout]  --> src/entrypoint.rs:4:5
[INFO] [stdout]   |
[INFO] [stdout] 4 |     program_error::PrintProgramError, pubkey::Pubkey,
[INFO] [stdout]   |     ^^^^^^^^^^^^^^^^^^^^^^^^^^^^^^^^
[INFO] [stdout] 
[INFO] [stdout] 
[INFO] [stdout] warning: unused variable: `program_id`
[INFO] [stdout]   --> src/processor.rs:29:9
[INFO] [stdout]    |
[INFO] [stdout] 29 |         program_id: &Pubkey,
[INFO] [stdout]    |         ^^^^^^^^^^ help: if this is intentional, prefix it with an underscore: `_program_id`
[INFO] [stdout]    |
[INFO] [stdout]    = note: `#[warn(unused_variables)]` on by default
[INFO] [stdout] 
[INFO] [stdout] 
[INFO] [stderr]     Finished `dev` profile [unoptimized + debuginfo] target(s) in 34.96s
[INFO] running `Command { std: "docker" "inspect" "8abaa585e89cd19341db4977783c98afd9eb157887e07eac002b8e1875d7cca3", kill_on_drop: false }`
[INFO] running `Command { std: "docker" "rm" "-f" "8abaa585e89cd19341db4977783c98afd9eb157887e07eac002b8e1875d7cca3", kill_on_drop: false }`
[INFO] [stdout] 8abaa585e89cd19341db4977783c98afd9eb157887e07eac002b8e1875d7cca3
[INFO] running `Command { std: "docker" "create" "-v" "/var/lib/crater-agent-workspace/builds/worker-1-tc1/target:/opt/rustwide/target:rw,Z" "-v" "/var/lib/crater-agent-workspace/builds/worker-1-tc1/source:/opt/rustwide/workdir:ro,Z" "-v" "/var/lib/crater-agent-workspace/cargo-home:/opt/rustwide/cargo-home:ro,Z" "-v" "/var/lib/crater-agent-workspace/rustup-home:/opt/rustwide/rustup-home:ro,Z" "-e" "SOURCE_DIR=/opt/rustwide/workdir" "-e" "CARGO_TARGET_DIR=/opt/rustwide/target" "-e" "CARGO_INCREMENTAL=0" "-e" "RUST_BACKTRACE=full" "-e" "RUSTFLAGS=--cap-lints=warn" "-e" "RUSTDOCFLAGS=--cap-lints=warn" "-e" "CARGO_HOME=/opt/rustwide/cargo-home" "-e" "RUSTUP_HOME=/opt/rustwide/rustup-home" "-w" "/opt/rustwide/workdir" "-m" "1610612736" "--user" "0:0" "--network" "none" "ghcr.io/rust-lang/crates-build-env/linux@sha256:f3a9d4ad9d972b27faf3965f35b62e55ba32bbce8f20bc8fe909558a86702fde" "/opt/rustwide/cargo-home/bin/cargo" "+1.83.0" "test" "--frozen" "--no-run" "--message-format=json", kill_on_drop: false }`
[INFO] [stdout] ae5ae39748ada8cf4b8deba95685703419762ca807e9673eed4d254f553e4a11
[INFO] running `Command { std: "docker" "start" "-a" "ae5ae39748ada8cf4b8deba95685703419762ca807e9673eed4d254f553e4a11", kill_on_drop: false }`
[INFO] [stderr]    Compiling proc-macro2 v1.0.26
[INFO] [stderr]    Compiling unicode-xid v0.2.2
[INFO] [stderr]    Compiling syn v1.0.72
[INFO] [stderr]    Compiling crossbeam-utils v0.7.2
[INFO] [stderr]    Compiling slab v0.4.3
[INFO] [stderr]    Compiling maybe-uninit v2.0.0
[INFO] [stderr]    Compiling futures v0.1.31
[INFO] [stderr]    Compiling jobserver v0.1.22
[INFO] [stderr]    Compiling num_cpus v1.13.0
[INFO] [stderr]    Compiling iovec v0.1.4
[INFO] [stderr]    Compiling pin-project-lite v0.2.7
[INFO] [stderr]    Compiling bytes v1.0.1
[INFO] [stderr]    Compiling futures-core v0.3.15
[INFO] [stderr]    Compiling parking_lot_core v0.6.2
[INFO] [stderr]    Compiling tokio v1.8.1
[INFO] [stderr]    Compiling itoa v0.4.7
[INFO] [stderr]    Compiling proc-macro-hack v0.5.19
[INFO] [stderr]    Compiling once_cell v1.8.0
[INFO] [stderr]    Compiling bytes v0.4.12
[INFO] [stderr]    Compiling untrusted v0.7.1
[INFO] [stderr]    Compiling net2 v0.2.37
[INFO] [stderr]    Compiling mio v0.7.13
[INFO] [stderr]    Compiling parking_lot v0.9.0
[INFO] [stderr]    Compiling cc v1.0.68
[INFO] [stderr]    Compiling futures-macro v0.3.15
[INFO] [stderr]    Compiling memoffset v0.5.6
[INFO] [stderr]    Compiling proc-macro-nested v0.1.7
[INFO] [stderr]    Compiling smallvec v0.6.14
[INFO] [stderr]    Compiling futures-task v0.3.15
[INFO] [stderr]    Compiling quote v1.0.9
[INFO] [stderr]    Compiling mio v0.6.23
[INFO] [stderr]    Compiling lock_api v0.3.4
[INFO] [stderr]    Compiling futures-util v0.3.15
[INFO] [stderr]    Compiling miniz_oxide v0.4.4
[INFO] [stderr]    Compiling indexmap v1.7.0
[INFO] [stderr]    Compiling crossbeam-epoch v0.8.2
[INFO] [stderr]    Compiling matches v0.1.8
[INFO] [stderr]    Compiling http v0.2.4
[INFO] [stderr]    Compiling tracing-core v0.1.18
[INFO] [stderr]    Compiling tinyvec_macros v0.1.0
[INFO] [stderr]    Compiling futures-sink v0.3.15
[INFO] [stderr]    Compiling gimli v0.24.0
[INFO] [stderr]    Compiling ryu v1.0.5
[INFO] [stderr]    Compiling futures-io v0.3.15
[INFO] [stderr]    Compiling futures-channel v0.3.15
[INFO] [stderr]    Compiling httparse v1.4.1
[INFO] [stderr]    Compiling adler v1.0.2
[INFO] [stderr]    Compiling tracing v0.1.26
[INFO] [stderr]    Compiling tinyvec v1.2.0
[INFO] [stderr]    Compiling tokio-executor v0.1.10
[INFO] [stderr]    Compiling tokio-io v0.1.13
[INFO] [stderr]    Compiling tokio-sync v0.1.8
[INFO] [stderr]    Compiling object v0.25.3
[INFO] [stderr]    Compiling failure_derive v0.1.8
[INFO] [stderr]    Compiling base64 v0.13.0
[INFO] [stderr]    Compiling rustc-demangle v0.1.20
[INFO] [stderr]    Compiling proc-macro2 v0.4.30
[INFO] [stderr]    Compiling tokio-codec v0.1.2
[INFO] [stderr]    Compiling want v0.3.0
[INFO] [stderr]    Compiling crossbeam-deque v0.7.3
[INFO] [stderr]    Compiling ring v0.16.20
[INFO] [stderr]    Compiling backtrace v0.3.60
[INFO] [stderr]    Compiling blake3 v0.3.7
[INFO] [stderr]    Compiling tokio-reactor v0.1.12
[INFO] [stderr]    Compiling crossbeam-queue v0.2.3
[INFO] [stderr]    Compiling form_urlencoded v1.0.1
[INFO] [stderr]    Compiling unicode-bidi v0.3.5
[INFO] [stderr]    Compiling socket2 v0.4.0
[INFO] [stderr]    Compiling unicode-xid v0.1.0
[INFO] [stderr]    Compiling signature v1.3.1
[INFO] [stderr]    Compiling httpdate v1.0.1
[INFO] [stderr]    Compiling encoding_rs v0.8.28
[INFO] [stderr]    Compiling byte-tools v0.3.1
[INFO] [stderr]    Compiling serde_json v1.0.64
[INFO] [stderr]    Compiling subtle v1.0.0
[INFO] [stderr]    Compiling block-padding v0.1.5
[INFO] [stderr]    Compiling unicode-normalization v0.1.19
[INFO] [stderr]    Compiling crypto-mac v0.7.0
[INFO] [stderr]    Compiling tokio-threadpool v0.1.18
[INFO] [stderr]    Compiling mio-uds v0.6.8
[INFO] [stderr]    Compiling addr2line v0.15.2
[INFO] [stderr]    Compiling num-integer v0.1.44
[INFO] [stderr]    Compiling winapi v0.3.9
[INFO] [stderr]    Compiling syn v0.15.44
[INFO] [stderr]    Compiling tokio-uds v0.2.7
[INFO] [stderr]    Compiling http-body v0.4.2
[INFO] [stderr]    Compiling quote v0.6.13
[INFO] [stderr]    Compiling tokio-util v0.6.7
[INFO] [stderr]    Compiling idna v0.2.3
[INFO] [stderr]    Compiling hmac v0.7.1
[INFO] [stderr]    Compiling block-buffer v0.7.3
[INFO] [stderr]    Compiling tokio-tcp v0.1.4
[INFO] [stderr]    Compiling tokio-udp v0.1.6
[INFO] [stderr]    Compiling tokio-timer v0.2.13
[INFO] [stderr]    Compiling tokio-current-thread v0.1.7
[INFO] [stderr]    Compiling opaque-debug v0.2.3
[INFO] [stderr]    Compiling tokio-fs v0.1.7
[INFO] [stderr]    Compiling fake-simd v0.1.2
[INFO] [stderr]    Compiling ipnet v2.3.1
[INFO] [stderr]    Compiling sha2 v0.8.2
[INFO] [stderr]    Compiling hmac-drbg v0.2.0
[INFO] [stderr]    Compiling url v2.2.2
[INFO] [stderr]    Compiling tokio v0.1.22
[INFO] [stderr]    Compiling solana-sdk v1.7.4
[INFO] [stderr]    Compiling time v0.1.44
[INFO] [stderr]    Compiling libsecp256k1 v0.3.5
[INFO] [stderr]    Compiling qstring v0.7.2
[INFO] [stderr]    Compiling uriparse v0.6.3
[INFO] [stderr]    Compiling synstructure v0.12.4
[INFO] [stderr]    Compiling borsh-derive-internal v0.9.0
[INFO] [stderr]    Compiling borsh-schema-derive-internal v0.9.0
[INFO] [stderr]    Compiling borsh-derive-internal v0.7.2
[INFO] [stderr]    Compiling borsh-schema-derive-internal v0.7.2
[INFO] [stderr]    Compiling borsh-derive-internal v0.8.2
[INFO] [stderr]    Compiling borsh-schema-derive-internal v0.8.2
[INFO] [stderr]    Compiling chrono v0.4.19
[INFO] [stderr]    Compiling rand_core v0.6.3
[INFO] [stderr]    Compiling assert_matches v1.5.0
[INFO] [stderr]    Compiling serde_derive v1.0.126
[INFO] [stderr]    Compiling zeroize_derive v1.1.0
[INFO] [stderr]    Compiling thiserror-impl v1.0.24
[INFO] [stderr]    Compiling solana-frozen-abi-macro v1.7.4
[INFO] [stderr]    Compiling solana-sdk-macro v1.7.4
[INFO] [stderr]    Compiling num-derive v0.3.3
[INFO] [stderr]    Compiling derivative v2.2.0
[INFO] [stderr]    Compiling borsh-derive v0.7.2
[INFO] [stderr]    Compiling webpki v0.21.4
[INFO] [stderr]    Compiling sct v0.6.1
[INFO] [stderr]    Compiling rustls v0.19.1
[INFO] [stderr]    Compiling webpki-roots v0.21.1
[INFO] [stderr]    Compiling zeroize v1.3.0
[INFO] [stderr]    Compiling curve25519-dalek v2.1.2
[INFO] [stderr]    Compiling borsh v0.7.2
[INFO] [stderr]    Compiling thiserror v1.0.24
[INFO] [stderr]    Compiling tokio-rustls v0.22.0
[INFO] [stderr]    Compiling h2 v0.3.3
[INFO] [stderr]    Compiling serde v1.0.126
[INFO] [stderr]    Compiling hyper v0.14.9
[INFO] [stderr]    Compiling generic-array v0.14.4
[INFO] [stderr]    Compiling toml v0.5.8
[INFO] [stderr]    Compiling serde_bytes v0.11.5
[INFO] [stderr]    Compiling bv v0.11.1
[INFO] [stderr]    Compiling bincode v1.3.3
[INFO] [stderr]    Compiling ed25519 v1.1.1
[INFO] [stderr]    Compiling serde_urlencoded v0.7.0
[INFO] [stderr]    Compiling digest v0.9.0
[INFO] [stderr]    Compiling block-buffer v0.9.0
[INFO] [stderr]    Compiling crypto-mac v0.8.0
[INFO] [stderr]    Compiling crypto-mac v0.10.0
[INFO] [stderr]    Compiling crypto-mac v0.9.1
[INFO] [stderr]    Compiling failure v0.1.8
[INFO] [stderr]    Compiling pbkdf2 v0.6.0
[INFO] [stderr]    Compiling sha2 v0.9.5
[INFO] [stderr]    Compiling sha3 v0.9.1
[INFO] [stderr]    Compiling curve25519-dalek v3.1.0
[INFO] [stderr]    Compiling hmac v0.10.1
[INFO] [stderr]    Compiling hmac v0.9.0
[INFO] [stderr]    Compiling derivation-path v0.1.3
[INFO] [stderr]    Compiling proc-macro-crate v0.1.5
[INFO] [stderr]    Compiling solana-frozen-abi v1.7.4
[INFO] [stderr]    Compiling borsh-derive v0.9.0
[INFO] [stderr]    Compiling num_enum_derive v0.5.1
[INFO] [stderr]    Compiling borsh-derive v0.8.2
[INFO] [stderr]    Compiling ed25519-dalek v1.0.1
[INFO] [stderr]    Compiling ed25519-dalek-bip32 v0.1.1
[INFO] [stderr]    Compiling borsh v0.9.0
[INFO] [stderr]    Compiling num_enum v0.5.1
[INFO] [stderr]    Compiling solana-program v1.7.4
[INFO] [stderr]    Compiling hyper-rustls v0.22.1
[INFO] [stderr]    Compiling reqwest v0.11.4
[INFO] [stderr]    Compiling solana-crate-features v1.7.4
[INFO] [stderr]    Compiling spl-token v3.1.1
[INFO] [stderr]    Compiling spl-math v0.1.0
[INFO] [stderr]    Compiling factory_swap v0.0.1 (/opt/rustwide/workdir)
[INFO] [stdout] warning: unused imports: `AccountInfo`, `entrypoint::ProgramResult`, `msg`, `next_account_info`, `program_error::ProgramError`, and `pubkey::Pubkey`
[INFO] [stdout]  --> src/lib.rs:2:20
[INFO] [stdout]   |
[INFO] [stdout] 2 |     account_info::{next_account_info, AccountInfo},
[INFO] [stdout]   |                    ^^^^^^^^^^^^^^^^^  ^^^^^^^^^^^
[INFO] [stdout] 3 |     entrypoint::ProgramResult,
[INFO] [stdout]   |     ^^^^^^^^^^^^^^^^^^^^^^^^^
[INFO] [stdout] 4 |     msg,
[INFO] [stdout]   |     ^^^
[INFO] [stdout] 5 |     program_error::ProgramError,
[INFO] [stdout]   |     ^^^^^^^^^^^^^^^^^^^^^^^^^^^
[INFO] [stdout] 6 |     pubkey::Pubkey,
[INFO] [stdout]   |     ^^^^^^^^^^^^^^
[INFO] [stdout]   |
[INFO] [stdout]   = note: `#[warn(unused_imports)]` on by default
[INFO] [stdout] 
[INFO] [stdout] 
[INFO] [stdout] warning: unused imports: `BorshDeserialize` and `BorshSerialize`
[INFO] [stdout]  --> src/processor.rs:2:13
[INFO] [stdout]   |
[INFO] [stdout] 2 | use borsh::{BorshDeserialize, BorshSerialize};
[INFO] [stdout]   |             ^^^^^^^^^^^^^^^^  ^^^^^^^^^^^^^^
[INFO] [stdout] 
[INFO] [stdout] 
[INFO] [stdout] warning: unused imports: `PrintProgramError`, `entrypoint`, and `program_option::COption`
[INFO] [stdout]   --> src/processor.rs:5:5
[INFO] [stdout]    |
[INFO] [stdout] 5  |     entrypoint,
[INFO] [stdout]    |     ^^^^^^^^^^
[INFO] [stdout] ...
[INFO] [stdout] 9  |     program_error::{PrintProgramError, ProgramError},
[INFO] [stdout]    |                     ^^^^^^^^^^^^^^^^^
[INFO] [stdout] 10 |     program_option::COption,
[INFO] [stdout]    |     ^^^^^^^^^^^^^^^^^^^^^^^
[INFO] [stdout] 
[INFO] [stdout] 
[INFO] [stdout] warning: unused import: `FactoryInstruction`
[INFO] [stdout]    --> src/processor.rs:126:48
[INFO] [stdout]     |
[INFO] [stdout] 126 |     use crate::instruction::{instruction_recv, FactoryInstruction};
[INFO] [stdout]     |                                                ^^^^^^^^^^^^^^^^^^
[INFO] [stdout] 
[INFO] [stdout] 
[INFO] [stdout] warning: unused imports: `AuthorityType`, `approve`, `error::TokenError`, `revoke`, and `set_authority`
[INFO] [stdout]    --> src/processor.rs:130:9
[INFO] [stdout]     |
[INFO] [stdout] 130 |         error::TokenError,
[INFO] [stdout]     |         ^^^^^^^^^^^^^^^^^
[INFO] [stdout] 131 |         instruction::{
[INFO] [stdout] 132 |             approve, initialize_account, initialize_mint, mint_to, revoke, set_authority,
[INFO] [stdout]     |             ^^^^^^^                                                ^^^^^^  ^^^^^^^^^^^^^
[INFO] [stdout] 133 |             AuthorityType,
[INFO] [stdout]     |             ^^^^^^^^^^^^^
[INFO] [stdout] 
[INFO] [stdout] 
[INFO] [stdout] warning: unused import: `program_error::PrintProgramError`
[INFO] [stdout]  --> src/entrypoint.rs:4:5
[INFO] [stdout]   |
[INFO] [stdout] 4 |     program_error::PrintProgramError, pubkey::Pubkey,
[INFO] [stdout]   |     ^^^^^^^^^^^^^^^^^^^^^^^^^^^^^^^^
[INFO] [stdout] 
[INFO] [stdout] 
[INFO] [stdout] warning: unused variable: `program_id`
[INFO] [stdout]   --> src/processor.rs:29:9
[INFO] [stdout]    |
[INFO] [stdout] 29 |         program_id: &Pubkey,
[INFO] [stdout]    |         ^^^^^^^^^^ help: if this is intentional, prefix it with an underscore: `_program_id`
[INFO] [stdout]    |
[INFO] [stdout]    = note: `#[warn(unused_variables)]` on by default
[INFO] [stdout] 
[INFO] [stdout] 
[INFO] [stdout] warning: fields `account_b` and `account_b_account` are never read
[INFO] [stdout]    --> src/processor.rs:341:9
[INFO] [stdout]     |
[INFO] [stdout] 328 |     struct FactoryAccountInfo {
[INFO] [stdout]     |            ------------------ fields in this struct
[INFO] [stdout] ...
[INFO] [stdout] 341 |         account_b: Pubkey,
[INFO] [stdout]     |         ^^^^^^^^^
[INFO] [stdout] 342 |         account_b_account: Account,
[INFO] [stdout]     |         ^^^^^^^^^^^^^^^^^
[INFO] [stdout]     |
[INFO] [stdout]     = note: `#[warn(dead_code)]` on by default
[INFO] [stdout] 
[INFO] [stdout] 
[INFO] [stdout] warning: unused imports: `AccountInfo`, `entrypoint::ProgramResult`, `msg`, `next_account_info`, `program_error::ProgramError`, and `pubkey::Pubkey`
[INFO] [stdout]  --> src/lib.rs:2:20
[INFO] [stdout]   |
[INFO] [stdout] 2 |     account_info::{next_account_info, AccountInfo},
[INFO] [stdout]   |                    ^^^^^^^^^^^^^^^^^  ^^^^^^^^^^^
[INFO] [stdout] 3 |     entrypoint::ProgramResult,
[INFO] [stdout]   |     ^^^^^^^^^^^^^^^^^^^^^^^^^
[INFO] [stdout] 4 |     msg,
[INFO] [stdout]   |     ^^^
[INFO] [stdout] 5 |     program_error::ProgramError,
[INFO] [stdout]   |     ^^^^^^^^^^^^^^^^^^^^^^^^^^^
[INFO] [stdout] 6 |     pubkey::Pubkey,
[INFO] [stdout]   |     ^^^^^^^^^^^^^^
[INFO] [stdout]   |
[INFO] [stdout]   = note: `#[warn(unused_imports)]` on by default
[INFO] [stdout] 
[INFO] [stdout] 
[INFO] [stdout] warning: unused imports: `BorshDeserialize` and `BorshSerialize`
[INFO] [stdout]  --> src/processor.rs:2:13
[INFO] [stdout]   |
[INFO] [stdout] 2 | use borsh::{BorshDeserialize, BorshSerialize};
[INFO] [stdout]   |             ^^^^^^^^^^^^^^^^  ^^^^^^^^^^^^^^
[INFO] [stdout] 
[INFO] [stdout] 
[INFO] [stdout] warning: unused imports: `PrintProgramError`, `entrypoint`, and `program_option::COption`
[INFO] [stdout]   --> src/processor.rs:5:5
[INFO] [stdout]    |
[INFO] [stdout] 5  |     entrypoint,
[INFO] [stdout]    |     ^^^^^^^^^^
[INFO] [stdout] ...
[INFO] [stdout] 9  |     program_error::{PrintProgramError, ProgramError},
[INFO] [stdout]    |                     ^^^^^^^^^^^^^^^^^
[INFO] [stdout] 10 |     program_option::COption,
[INFO] [stdout]    |     ^^^^^^^^^^^^^^^^^^^^^^^
[INFO] [stdout] 
[INFO] [stdout] 
[INFO] [stdout] warning: unused import: `program_error::PrintProgramError`
[INFO] [stdout]  --> src/entrypoint.rs:4:5
[INFO] [stdout]   |
[INFO] [stdout] 4 |     program_error::PrintProgramError, pubkey::Pubkey,
[INFO] [stdout]   |     ^^^^^^^^^^^^^^^^^^^^^^^^^^^^^^^^
[INFO] [stdout] 
[INFO] [stdout] 
[INFO] [stdout] warning: unused variable: `program_id`
[INFO] [stdout]   --> src/processor.rs:29:9
[INFO] [stdout]    |
[INFO] [stdout] 29 |         program_id: &Pubkey,
[INFO] [stdout]    |         ^^^^^^^^^^ help: if this is intentional, prefix it with an underscore: `_program_id`
[INFO] [stdout]    |
[INFO] [stdout]    = note: `#[warn(unused_variables)]` on by default
[INFO] [stdout] 
[INFO] [stdout] 
[INFO] [stderr]     Finished `test` profile [unoptimized + debuginfo] target(s) in 49.35s
[INFO] running `Command { std: "docker" "inspect" "ae5ae39748ada8cf4b8deba95685703419762ca807e9673eed4d254f553e4a11", kill_on_drop: false }`
[INFO] running `Command { std: "docker" "rm" "-f" "ae5ae39748ada8cf4b8deba95685703419762ca807e9673eed4d254f553e4a11", kill_on_drop: false }`
[INFO] [stdout] ae5ae39748ada8cf4b8deba95685703419762ca807e9673eed4d254f553e4a11
[INFO] running `Command { std: "docker" "create" "-v" "/var/lib/crater-agent-workspace/builds/worker-1-tc1/target:/opt/rustwide/target:rw,Z" "-v" "/var/lib/crater-agent-workspace/builds/worker-1-tc1/source:/opt/rustwide/workdir:ro,Z" "-v" "/var/lib/crater-agent-workspace/cargo-home:/opt/rustwide/cargo-home:ro,Z" "-v" "/var/lib/crater-agent-workspace/rustup-home:/opt/rustwide/rustup-home:ro,Z" "-e" "SOURCE_DIR=/opt/rustwide/workdir" "-e" "CARGO_TARGET_DIR=/opt/rustwide/target" "-e" "CARGO_INCREMENTAL=0" "-e" "RUST_BACKTRACE=full" "-e" "RUSTFLAGS=--cap-lints=warn" "-e" "RUSTDOCFLAGS=--cap-lints=warn" "-e" "CARGO_HOME=/opt/rustwide/cargo-home" "-e" "RUSTUP_HOME=/opt/rustwide/rustup-home" "-w" "/opt/rustwide/workdir" "-m" "1610612736" "--user" "0:0" "--network" "none" "ghcr.io/rust-lang/crates-build-env/linux@sha256:f3a9d4ad9d972b27faf3965f35b62e55ba32bbce8f20bc8fe909558a86702fde" "/opt/rustwide/cargo-home/bin/cargo" "+1.83.0" "test" "--frozen", kill_on_drop: false }`
[INFO] [stdout] bdfc9e39945428259fc8b3e3ec5bda92e956397526ee6204823f0741961ad1ed
[INFO] running `Command { std: "docker" "start" "-a" "bdfc9e39945428259fc8b3e3ec5bda92e956397526ee6204823f0741961ad1ed", kill_on_drop: false }`
[INFO] [stderr] warning: unused imports: `AccountInfo`, `entrypoint::ProgramResult`, `msg`, `next_account_info`, `program_error::ProgramError`, and `pubkey::Pubkey`
[INFO] [stderr]  --> src/lib.rs:2:20
[INFO] [stderr]   |
[INFO] [stderr] 2 |     account_info::{next_account_info, AccountInfo},
[INFO] [stderr]   |                    ^^^^^^^^^^^^^^^^^  ^^^^^^^^^^^
[INFO] [stderr] 3 |     entrypoint::ProgramResult,
[INFO] [stderr]   |     ^^^^^^^^^^^^^^^^^^^^^^^^^
[INFO] [stderr] 4 |     msg,
[INFO] [stderr]   |     ^^^
[INFO] [stderr] 5 |     program_error::ProgramError,
[INFO] [stderr]   |     ^^^^^^^^^^^^^^^^^^^^^^^^^^^
[INFO] [stderr] 6 |     pubkey::Pubkey,
[INFO] [stderr]   |     ^^^^^^^^^^^^^^
[INFO] [stderr]   |
[INFO] [stderr]   = note: `#[warn(unused_imports)]` on by default
[INFO] [stderr] 
[INFO] [stderr] warning: unused imports: `BorshDeserialize` and `BorshSerialize`
[INFO] [stderr]  --> src/processor.rs:2:13
[INFO] [stderr]   |
[INFO] [stderr] 2 | use borsh::{BorshDeserialize, BorshSerialize};
[INFO] [stderr]   |             ^^^^^^^^^^^^^^^^  ^^^^^^^^^^^^^^
[INFO] [stderr] 
[INFO] [stderr] warning: unused imports: `PrintProgramError`, `entrypoint`, and `program_option::COption`
[INFO] [stderr]   --> src/processor.rs:5:5
[INFO] [stderr]    |
[INFO] [stderr] 5  |     entrypoint,
[INFO] [stderr]    |     ^^^^^^^^^^
[INFO] [stderr] ...
[INFO] [stderr] 9  |     program_error::{PrintProgramError, ProgramError},
[INFO] [stderr]    |                     ^^^^^^^^^^^^^^^^^
[INFO] [stderr] 10 |     program_option::COption,
[INFO] [stderr]    |     ^^^^^^^^^^^^^^^^^^^^^^^
[INFO] [stderr] 
[INFO] [stderr] warning: unused import: `program_error::PrintProgramError`
[INFO] [stderr]  --> src/entrypoint.rs:4:5
[INFO] [stderr]   |
[INFO] [stderr] 4 |     program_error::PrintProgramError, pubkey::Pubkey,
[INFO] [stderr]   |     ^^^^^^^^^^^^^^^^^^^^^^^^^^^^^^^^
[INFO] [stderr] 
[INFO] [stderr] warning: unused variable: `program_id`
[INFO] [stderr]   --> src/processor.rs:29:9
[INFO] [stderr]    |
[INFO] [stderr] 29 |         program_id: &Pubkey,
[INFO] [stderr]    |         ^^^^^^^^^^ help: if this is intentional, prefix it with an underscore: `_program_id`
[INFO] [stderr]    |
[INFO] [stderr]    = note: `#[warn(unused_variables)]` on by default
[INFO] [stderr] 
[INFO] [stderr] warning: `factory_swap` (lib) generated 5 warnings (run `cargo fix --lib -p factory_swap` to apply 4 suggestions)
[INFO] [stderr] warning: unused import: `FactoryInstruction`
[INFO] [stderr]    --> src/processor.rs:126:48
[INFO] [stderr]     |
[INFO] [stderr] 126 |     use crate::instruction::{instruction_recv, FactoryInstruction};
[INFO] [stderr]     |                                                ^^^^^^^^^^^^^^^^^^
[INFO] [stderr] 
[INFO] [stderr] warning: unused imports: `AuthorityType`, `approve`, `error::TokenError`, `revoke`, and `set_authority`
[INFO] [stderr]    --> src/processor.rs:130:9
[INFO] [stderr]     |
[INFO] [stderr] 130 |         error::TokenError,
[INFO] [stderr]     |         ^^^^^^^^^^^^^^^^^
[INFO] [stderr] 131 |         instruction::{
[INFO] [stderr] 132 |             approve, initialize_account, initialize_mint, mint_to, revoke, set_authority,
[INFO] [stderr]     |             ^^^^^^^                                                ^^^^^^  ^^^^^^^^^^^^^
[INFO] [stderr] 133 |             AuthorityType,
[INFO] [stderr]     |             ^^^^^^^^^^^^^
[INFO] [stderr] 
[INFO] [stderr] warning: fields `account_b` and `account_b_account` are never read
[INFO] [stderr]    --> src/processor.rs:341:9
[INFO] [stderr]     |
[INFO] [stderr] 328 |     struct FactoryAccountInfo {
[INFO] [stderr]     |            ------------------ fields in this struct
[INFO] [stderr] ...
[INFO] [stderr] 341 |         account_b: Pubkey,
[INFO] [stderr]     |         ^^^^^^^^^
[INFO] [stderr] 342 |         account_b_account: Account,
[INFO] [stderr]     |         ^^^^^^^^^^^^^^^^^
[INFO] [stderr]     |
[INFO] [stderr]     = note: `#[warn(dead_code)]` on by default
[INFO] [stderr] 
[INFO] [stderr] warning: `factory_swap` (lib test) generated 8 warnings (5 duplicates) (run `cargo fix --lib -p factory_swap --tests` to apply 2 suggestions)
[INFO] [stderr]     Finished `test` profile [unoptimized + debuginfo] target(s) in 0.54s
[INFO] [stderr]      Running unittests src/lib.rs (/opt/rustwide/target/debug/deps/helloworld-04e6c9a012a90cb7)
[INFO] [stdout] 
[INFO] [stdout] running 1 test
[INFO] [stdout] test processor::tests::test_recv ... FAILED
[INFO] [stdout] 
[INFO] [stdout] failures:
[INFO] [stdout] 
[INFO] [stdout] ---- processor::tests::test_recv stdout ----
[INFO] [stdout] Instruction: InitializeMint
[INFO] [stdout] Instruction: InitializeAccount
[INFO] [stdout] Instruction: MintTo
[INFO] [stdout] Instruction: InitializeMint
[INFO] [stdout] Instruction: InitializeAccount
[INFO] [stdout] Instruction: MintTo
[INFO] [stdout] process_factory_instruction
[INFO] [stdout] ---- *** owner AccountInfo { key: 4uQeVj5tqViQh7yWWGStvkEG1Zmhx6uasJtWCJziofM owner: 4uQeVj5tqViQh7yWWGStvkEG1Zmhx6uasJtWCJziofM is_signer: false is_writable: false executable: false rent_epoch: 0 lamports: 1000000 data.len: 0  }
[INFO] [stdout] mint_to
[INFO] [stdout]  --- AccountInfo { key: UKrXU5bFrTzrqqpZXs8GVDbp4xPweiM65ADXNAy3ddR owner: TokenkegQfeZyiNwAJbNbGKPFXCWuBvf9Ss623VQ5DA is_signer: false is_writable: false executable: false rent_epoch: 0 lamports: 2039280 data.len: 165  data: 06000000000000000000000000000000000000000000000000000000000000000200000000000000000000000000000000000000000000000000000000000000 ... }
[INFO] [stdout]  ---AccountInfo { key: CiDwVBFgWV9E5MvXWoLgnEgn2hK7rJikbvfWavzAQz3 owner: CiDwVBFgWV9E5MvXWoLgnEgn2hK7rJikbvfWavzAQz3 is_signer: true is_writable: false executable: false rent_epoch: 0 lamports: 1000000 data.len: 0  }
[INFO] [stdout] ---AccountInfo { key: 4uQeVj5tqViQh7yWWGStvkEG1Zmhx6uasJtWCJziofM owner: 4uQeVj5tqViQh7yWWGStvkEG1Zmhx6uasJtWCJziofM is_signer: false is_writable: false executable: false rent_epoch: 0 lamports: 1000000 data.len: 0  }
[INFO] [stdout] 
[INFO] [stdout] TestSyscallStubs::sol_invoke_signed()
[INFO] [stdout]  ************* instruction Instruction { program_id: TokenkegQfeZyiNwAJbNbGKPFXCWuBvf9Ss623VQ5DA, accounts: [AccountMeta { pubkey: QRSsyMWN1yHT9ir42bgNZUNZ4PdEhcSWCrL2AryKpy5, is_signer: false, is_writable: true }, AccountMeta { pubkey: UKrXU5bFrTzrqqpZXs8GVDbp4xPweiM65ADXNAy3ddR, is_signer: false, is_writable: true }, AccountMeta { pubkey: CiDwVBFgWV9E5MvXWoLgnEgn2hK7rJikbvfWavzAQz3, is_signer: false, is_writable: false }, AccountMeta { pubkey: 4uQeVj5tqViQh7yWWGStvkEG1Zmhx6uasJtWCJziofM, is_signer: true, is_writable: false }], data: [7, 10, 0, 0, 0, 0, 0, 0, 0] } invoked account info : [AccountInfo { key: QRSsyMWN1yHT9ir42bgNZUNZ4PdEhcSWCrL2AryKpy5 owner: TokenkegQfeZyiNwAJbNbGKPFXCWuBvf9Ss623VQ5DA is_signer: false is_writable: false executable: false rent_epoch: 0 lamports: 1461600 data.len: 82  data: 010000000300000000000000000000000000000000000000000000000000000000000000e8030000000000000201000000000000000000000000000000000000 ... }, AccountInfo { key: UKrXU5bFrTzrqqpZXs8GVDbp4xPweiM65ADXNAy3ddR owner: TokenkegQfeZyiNwAJbNbGKPFXCWuBvf9Ss623VQ5DA is_signer: false is_writable: false executable: false rent_epoch: 0 lamports: 2039280 data.len: 165  data: 06000000000000000000000000000000000000000000000000000000000000000200000000000000000000000000000000000000000000000000000000000000 ... }, AccountInfo { key: CiDwVBFgWV9E5MvXWoLgnEgn2hK7rJikbvfWavzAQz3 owner: CiDwVBFgWV9E5MvXWoLgnEgn2hK7rJikbvfWavzAQz3 is_signer: true is_writable: false executable: false rent_epoch: 0 lamports: 1000000 data.len: 0  }, AccountInfo { key: 4uQeVj5tqViQh7yWWGStvkEG1Zmhx6uasJtWCJziofM owner: 4uQeVj5tqViQh7yWWGStvkEG1Zmhx6uasJtWCJziofM is_signer: false is_writable: false executable: false rent_epoch: 0 lamports: 1000000 data.len: 0  }] 
[INFO] [stdout] Instruction: MintTo
[INFO] [stdout] factory invoke result Ok(()) 
[INFO] [stdout] --------- new token b amount 1010
[INFO] [stdout] --------- Account { lamports: 1000000 data.len: 0 owner: 4uQeVj5tqViQh7yWWGStvkEG1Zmhx6uasJtWCJziofM executable: false rent_epoch: 0 }
[INFO] [stdout] result Ok(())
[INFO] [stdout] thread 'processor::tests::test_recv' panicked at src/processor.rs:449:9:
[INFO] [stdout] assertion failed: res.is_err()
[INFO] [stdout] stack backtrace:
[INFO] [stdout]    0:     0x618b2a36e30a - std::backtrace_rs::backtrace::libunwind::trace::h5a5b8284f2d0c266
[INFO] [stdout]                                at /rustc/90b35a6239c3d8bdabc530a6a0816f7ff89a0aaf/library/std/src/../../backtrace/src/backtrace/libunwind.rs:116:5
[INFO] [stdout]    1:     0x618b2a36e30a - std::backtrace_rs::backtrace::trace_unsynchronized::h76d4f1c9b0b875e3
[INFO] [stdout]                                at /rustc/90b35a6239c3d8bdabc530a6a0816f7ff89a0aaf/library/std/src/../../backtrace/src/backtrace/mod.rs:66:5
[INFO] [stdout]    2:     0x618b2a36e30a - std::sys::backtrace::_print_fmt::hc4546b8364a537c6
[INFO] [stdout]                                at /rustc/90b35a6239c3d8bdabc530a6a0816f7ff89a0aaf/library/std/src/sys/backtrace.rs:66:9
[INFO] [stdout]    3:     0x618b2a36e30a - <std::sys::backtrace::BacktraceLock::print::DisplayBacktrace as core::fmt::Display>::fmt::h5b6bd5631a6d1f6b
[INFO] [stdout]                                at /rustc/90b35a6239c3d8bdabc530a6a0816f7ff89a0aaf/library/std/src/sys/backtrace.rs:39:26
[INFO] [stdout]    4:     0x618b2a393743 - core::fmt::rt::Argument::fmt::h270f6602a2b96f62
[INFO] [stdout]                                at /rustc/90b35a6239c3d8bdabc530a6a0816f7ff89a0aaf/library/core/src/fmt/rt.rs:177:76
[INFO] [stdout]    5:     0x618b2a393743 - core::fmt::write::h7550c97b06c86515
[INFO] [stdout]                                at /rustc/90b35a6239c3d8bdabc530a6a0816f7ff89a0aaf/library/core/src/fmt/mod.rs:1186:21
[INFO] [stdout]    6:     0x618b2a36b4d3 - std::io::Write::write_fmt::h509ff860e5956e5e
[INFO] [stdout]                                at /rustc/90b35a6239c3d8bdabc530a6a0816f7ff89a0aaf/library/std/src/io/mod.rs:1839:15
[INFO] [stdout]    7:     0x618b2a36e152 - std::sys::backtrace::BacktraceLock::print::h2395ccd2c84ba3aa
[INFO] [stdout]                                at /rustc/90b35a6239c3d8bdabc530a6a0816f7ff89a0aaf/library/std/src/sys/backtrace.rs:42:9
[INFO] [stdout]    8:     0x618b2a36f76a - std::panicking::default_hook::{{closure}}::he19d4c7230e07961
[INFO] [stdout]                                at /rustc/90b35a6239c3d8bdabc530a6a0816f7ff89a0aaf/library/std/src/panicking.rs:268:22
[INFO] [stdout]    9:     0x618b2a36f574 - std::panicking::default_hook::hf614597d3c67bbdb
[INFO] [stdout]                                at /rustc/90b35a6239c3d8bdabc530a6a0816f7ff89a0aaf/library/std/src/panicking.rs:292:9
[INFO] [stdout]   10:     0x618b2a2f9059 - <alloc::boxed::Box<F,A> as core::ops::function::Fn<Args>>::call::h39b51ce4599c23d1
[INFO] [stdout]                                at /rustc/90b35a6239c3d8bdabc530a6a0816f7ff89a0aaf/library/alloc/src/boxed.rs:2468:9
[INFO] [stdout]   11:     0x618b2a2f9059 - test::test_main::{{closure}}::he977ae839a582784
[INFO] [stdout]                                at /rustc/90b35a6239c3d8bdabc530a6a0816f7ff89a0aaf/library/test/src/lib.rs:133:21
[INFO] [stdout]   12:     0x618b2a36fe08 - <alloc::boxed::Box<F,A> as core::ops::function::Fn<Args>>::call::h9455091b6b06f9fb
[INFO] [stdout]                                at /rustc/90b35a6239c3d8bdabc530a6a0816f7ff89a0aaf/library/alloc/src/boxed.rs:2468:9
[INFO] [stdout]   13:     0x618b2a36fe08 - std::panicking::rust_panic_with_hook::h8942133a8b252070
[INFO] [stdout]                                at /rustc/90b35a6239c3d8bdabc530a6a0816f7ff89a0aaf/library/std/src/panicking.rs:809:13
[INFO] [stdout]   14:     0x618b2a36fb96 - std::panicking::begin_panic_handler::{{closure}}::hb5f5963570096b29
[INFO] [stdout]                                at /rustc/90b35a6239c3d8bdabc530a6a0816f7ff89a0aaf/library/std/src/panicking.rs:667:13
[INFO] [stdout]   15:     0x618b2a36e7e9 - std::sys::backtrace::__rust_end_short_backtrace::h6208cedc1922feda
[INFO] [stdout]                                at /rustc/90b35a6239c3d8bdabc530a6a0816f7ff89a0aaf/library/std/src/sys/backtrace.rs:170:18
[INFO] [stdout]   16:     0x618b2a36f85c - rust_begin_unwind
[INFO] [stdout]                                at /rustc/90b35a6239c3d8bdabc530a6a0816f7ff89a0aaf/library/std/src/panicking.rs:665:5
[INFO] [stdout]   17:     0x618b2a2b2ac0 - core::panicking::panic_fmt::h0c3082644d1bf418
[INFO] [stdout]                                at /rustc/90b35a6239c3d8bdabc530a6a0816f7ff89a0aaf/library/core/src/panicking.rs:74:14
[INFO] [stdout]   18:     0x618b2a2b2b4c - core::panicking::panic::h957f98c65a3b3074
[INFO] [stdout]                                at /rustc/90b35a6239c3d8bdabc530a6a0816f7ff89a0aaf/library/core/src/panicking.rs:148:5
[INFO] [stdout]   19:     0x618b2a2be0dd - helloworld::processor::tests::test_recv::ha9da2691b5020938
[INFO] [stdout]                                at /opt/rustwide/workdir/src/processor.rs:449:9
[INFO] [stdout]   20:     0x618b2a2bdf57 - helloworld::processor::tests::test_recv::{{closure}}::h40291dc5b5ead175
[INFO] [stdout]                                at /opt/rustwide/workdir/src/processor.rs:444:19
[INFO] [stdout]   21:     0x618b2a2b5806 - core::ops::function::FnOnce::call_once::h00fe78893c706dab
[INFO] [stdout]                                at /rustc/90b35a6239c3d8bdabc530a6a0816f7ff89a0aaf/library/core/src/ops/function.rs:250:5
[INFO] [stdout]   22:     0x618b2a2fda1b - core::ops::function::FnOnce::call_once::h109cf8051a59b34e
[INFO] [stdout]                                at /rustc/90b35a6239c3d8bdabc530a6a0816f7ff89a0aaf/library/core/src/ops/function.rs:250:5
[INFO] [stdout]   23:     0x618b2a2fda1b - test::__rust_begin_short_backtrace::hf4fff89d377446ba
[INFO] [stdout]                                at /rustc/90b35a6239c3d8bdabc530a6a0816f7ff89a0aaf/library/test/src/lib.rs:621:18
[INFO] [stdout]   24:     0x618b2a2fd257 - test::run_test_in_process::{{closure}}::h0e39181dd7ee5a43
[INFO] [stdout]                                at /rustc/90b35a6239c3d8bdabc530a6a0816f7ff89a0aaf/library/test/src/lib.rs:644:60
[INFO] [stdout]   25:     0x618b2a2fd257 - <core::panic::unwind_safe::AssertUnwindSafe<F> as core::ops::function::FnOnce<()>>::call_once::hc5a66a30f0bdfd1f
[INFO] [stdout]                                at /rustc/90b35a6239c3d8bdabc530a6a0816f7ff89a0aaf/library/core/src/panic/unwind_safe.rs:272:9
[INFO] [stdout]   26:     0x618b2a2fd257 - std::panicking::try::do_call::h873b7cf639554a5e
[INFO] [stdout]                                at /rustc/90b35a6239c3d8bdabc530a6a0816f7ff89a0aaf/library/std/src/panicking.rs:557:40
[INFO] [stdout]   27:     0x618b2a2fd257 - std::panicking::try::hdb19862fad9c8bd1
[INFO] [stdout]                                at /rustc/90b35a6239c3d8bdabc530a6a0816f7ff89a0aaf/library/std/src/panicking.rs:520:19
[INFO] [stdout]   28:     0x618b2a2fd257 - std::panic::catch_unwind::h281fe732d236d260
[INFO] [stdout]                                at /rustc/90b35a6239c3d8bdabc530a6a0816f7ff89a0aaf/library/std/src/panic.rs:358:14
[INFO] [stdout]   29:     0x618b2a2fd257 - test::run_test_in_process::h949b6df8457ed338
[INFO] [stdout]                                at /rustc/90b35a6239c3d8bdabc530a6a0816f7ff89a0aaf/library/test/src/lib.rs:644:27
[INFO] [stdout]   30:     0x618b2a2fd257 - test::run_test::{{closure}}::h52c556a6d4740e10
[INFO] [stdout]                                at /rustc/90b35a6239c3d8bdabc530a6a0816f7ff89a0aaf/library/test/src/lib.rs:565:43
[INFO] [stdout]   31:     0x618b2a2c2534 - test::run_test::{{closure}}::h4237f6381c45ccb9
[INFO] [stdout]                                at /rustc/90b35a6239c3d8bdabc530a6a0816f7ff89a0aaf/library/test/src/lib.rs:595:41
[INFO] [stdout]   32:     0x618b2a2c2534 - std::sys::backtrace::__rust_begin_short_backtrace::h505c97a579eca628
[INFO] [stdout]                                at /rustc/90b35a6239c3d8bdabc530a6a0816f7ff89a0aaf/library/std/src/sys/backtrace.rs:154:18
[INFO] [stdout]   33:     0x618b2a2c5bfe - std::thread::Builder::spawn_unchecked_::{{closure}}::{{closure}}::h9e86b2e2bc107ea3
[INFO] [stdout]                                at /rustc/90b35a6239c3d8bdabc530a6a0816f7ff89a0aaf/library/std/src/thread/mod.rs:538:17
[INFO] [stdout]   34:     0x618b2a2c5bfe - <core::panic::unwind_safe::AssertUnwindSafe<F> as core::ops::function::FnOnce<()>>::call_once::h8b06ddb275ff4a25
[INFO] [stdout]                                at /rustc/90b35a6239c3d8bdabc530a6a0816f7ff89a0aaf/library/core/src/panic/unwind_safe.rs:272:9
[INFO] [stdout]   35:     0x618b2a2c5bfe - std::panicking::try::do_call::hb26ecd7cd9a9355d
[INFO] [stdout]                                at /rustc/90b35a6239c3d8bdabc530a6a0816f7ff89a0aaf/library/std/src/panicking.rs:557:40
[INFO] [stdout]   36:     0x618b2a2c5bfe - std::panicking::try::h8ddeca9d705f9069
[INFO] [stdout]                                at /rustc/90b35a6239c3d8bdabc530a6a0816f7ff89a0aaf/library/std/src/panicking.rs:520:19
[INFO] [stdout]   37:     0x618b2a2c5bfe - std::panic::catch_unwind::h49e1c33078844c46
[INFO] [stdout]                                at /rustc/90b35a6239c3d8bdabc530a6a0816f7ff89a0aaf/library/std/src/panic.rs:358:14
[INFO] [stdout]   38:     0x618b2a2c5bfe - std::thread::Builder::spawn_unchecked_::{{closure}}::h6073db6ff56ad35d
[INFO] [stdout]                                at /rustc/90b35a6239c3d8bdabc530a6a0816f7ff89a0aaf/library/std/src/thread/mod.rs:537:30
[INFO] [stdout]   39:     0x618b2a2c5bfe - core::ops::function::FnOnce::call_once{{vtable.shim}}::h2c5a5f3779c774f1
[INFO] [stdout]                                at /rustc/90b35a6239c3d8bdabc530a6a0816f7ff89a0aaf/library/core/src/ops/function.rs:250:5
[INFO] [stdout]   40:     0x618b2a373b5b - <alloc::boxed::Box<F,A> as core::ops::function::FnOnce<Args>>::call_once::hf75717d9f28faebf
[INFO] [stdout]                                at /rustc/90b35a6239c3d8bdabc530a6a0816f7ff89a0aaf/library/alloc/src/boxed.rs:2454:9
[INFO] [stdout]   41:     0x618b2a373b5b - <alloc::boxed::Box<F,A> as core::ops::function::FnOnce<Args>>::call_once::h7bd883a5f3c5f3c1
[INFO] [stdout]                                at /rustc/90b35a6239c3d8bdabc530a6a0816f7ff89a0aaf/library/alloc/src/boxed.rs:2454:9
[INFO] [stdout]   42:     0x618b2a373b5b - std::sys::pal::unix::thread::Thread::new::thread_start::hcc78f3943333fa94
[INFO] [stdout]                                at /rustc/90b35a6239c3d8bdabc530a6a0816f7ff89a0aaf/library/std/src/sys/pal/unix/thread.rs:105:17
[INFO] [stdout]   43:     0x743e9baebac3 - <unknown>
[INFO] [stdout]   44:     0x743e9bb7ca04 - clone
[INFO] [stdout]   45:                0x0 - <unknown>
[INFO] [stdout] 
[INFO] [stdout] 
[INFO] [stdout] failures:
[INFO] [stdout]     processor::tests::test_recv
[INFO] [stdout] 
[INFO] [stdout] test result: FAILED. 0 passed; 1 failed; 0 ignored; 0 measured; 0 filtered out; finished in 0.06s
[INFO] [stdout] 
[INFO] [stderr] error: test failed, to rerun pass `--lib`
[INFO] running `Command { std: "docker" "inspect" "bdfc9e39945428259fc8b3e3ec5bda92e956397526ee6204823f0741961ad1ed", kill_on_drop: false }`
[INFO] running `Command { std: "docker" "rm" "-f" "bdfc9e39945428259fc8b3e3ec5bda92e956397526ee6204823f0741961ad1ed", kill_on_drop: false }`
[INFO] [stdout] bdfc9e39945428259fc8b3e3ec5bda92e956397526ee6204823f0741961ad1ed
