[INFO] cloning repository https://github.com/jdmichaud/bookmark
[INFO] running `Command { std: "git" "-c" "credential.helper=" "-c" "credential.helper=/workspace/cargo-home/bin/git-credential-null" "clone" "--bare" "https://github.com/jdmichaud/bookmark" "/workspace/cache/git-repos/https%3A%2F%2Fgithub.com%2Fjdmichaud%2Fbookmark", kill_on_drop: false }`
[INFO] [stderr] Cloning into bare repository '/workspace/cache/git-repos/https%3A%2F%2Fgithub.com%2Fjdmichaud%2Fbookmark'...
[INFO] running `Command { std: "git" "rev-parse" "HEAD", kill_on_drop: false }`
[INFO] [stdout] b4e06e1e936dc7348aaa0d0855269cebd3ee9a4b
[INFO] testing jdmichaud/bookmark against beta-2024-12-08 for beta-1.84.0-4-retry
[INFO] running `Command { std: "git" "clone" "/workspace/cache/git-repos/https%3A%2F%2Fgithub.com%2Fjdmichaud%2Fbookmark" "/workspace/builds/worker-5-tc2/source", kill_on_drop: false }`
[INFO] [stderr] Cloning into '/workspace/builds/worker-5-tc2/source'...
[INFO] [stderr] done.
[INFO] validating manifest of git repo https://github.com/jdmichaud/bookmark on toolchain beta-2024-12-08
[INFO] running `Command { std: CARGO_HOME="/workspace/cargo-home" RUSTUP_HOME="/workspace/rustup-home" "/workspace/cargo-home/bin/cargo" "+beta-2024-12-08" "metadata" "--manifest-path" "Cargo.toml" "--no-deps", kill_on_drop: false }`
[INFO] removed /workspace/builds/worker-5-tc2/source/.cargo/config.toml
[INFO] started tweaking git repo https://github.com/jdmichaud/bookmark
[INFO] finished tweaking git repo https://github.com/jdmichaud/bookmark
[INFO] tweaked toml for git repo https://github.com/jdmichaud/bookmark written to /workspace/builds/worker-5-tc2/source/Cargo.toml
[INFO] crate git repo https://github.com/jdmichaud/bookmark already has a lockfile, it will not be regenerated
[INFO] running `Command { std: CARGO_HOME="/workspace/cargo-home" RUSTUP_HOME="/workspace/rustup-home" "/workspace/cargo-home/bin/cargo" "+beta-2024-12-08" "fetch" "--manifest-path" "Cargo.toml", kill_on_drop: false }`
[INFO] running `Command { std: "docker" "create" "-v" "/var/lib/crater-agent-workspace/builds/worker-5-tc2/target:/opt/rustwide/target:rw,Z" "-v" "/var/lib/crater-agent-workspace/builds/worker-5-tc2/source:/opt/rustwide/workdir:ro,Z" "-v" "/var/lib/crater-agent-workspace/cargo-home:/opt/rustwide/cargo-home:ro,Z" "-v" "/var/lib/crater-agent-workspace/rustup-home:/opt/rustwide/rustup-home:ro,Z" "-e" "SOURCE_DIR=/opt/rustwide/workdir" "-e" "CARGO_TARGET_DIR=/opt/rustwide/target" "-e" "CARGO_HOME=/opt/rustwide/cargo-home" "-e" "RUSTUP_HOME=/opt/rustwide/rustup-home" "-w" "/opt/rustwide/workdir" "-m" "1610612736" "--user" "0:0" "--network" "none" "ghcr.io/rust-lang/crates-build-env/linux@sha256:f3a9d4ad9d972b27faf3965f35b62e55ba32bbce8f20bc8fe909558a86702fde" "/opt/rustwide/cargo-home/bin/cargo" "+beta-2024-12-08" "metadata" "--no-deps" "--format-version=1", kill_on_drop: false }`
[INFO] [stdout] f02ca23813b15190da8901906b8d4122e409388bce937e23a97a724edf85bc44
[INFO] running `Command { std: "docker" "start" "-a" "f02ca23813b15190da8901906b8d4122e409388bce937e23a97a724edf85bc44", kill_on_drop: false }`
[INFO] running `Command { std: "docker" "inspect" "f02ca23813b15190da8901906b8d4122e409388bce937e23a97a724edf85bc44", kill_on_drop: false }`
[INFO] running `Command { std: "docker" "rm" "-f" "f02ca23813b15190da8901906b8d4122e409388bce937e23a97a724edf85bc44", kill_on_drop: false }`
[INFO] [stdout] f02ca23813b15190da8901906b8d4122e409388bce937e23a97a724edf85bc44
[INFO] running `Command { std: "docker" "create" "-v" "/var/lib/crater-agent-workspace/builds/worker-5-tc2/target:/opt/rustwide/target:rw,Z" "-v" "/var/lib/crater-agent-workspace/builds/worker-5-tc2/source:/opt/rustwide/workdir:ro,Z" "-v" "/var/lib/crater-agent-workspace/cargo-home:/opt/rustwide/cargo-home:ro,Z" "-v" "/var/lib/crater-agent-workspace/rustup-home:/opt/rustwide/rustup-home:ro,Z" "-e" "SOURCE_DIR=/opt/rustwide/workdir" "-e" "CARGO_TARGET_DIR=/opt/rustwide/target" "-e" "CARGO_INCREMENTAL=0" "-e" "RUST_BACKTRACE=full" "-e" "RUSTFLAGS=--cap-lints=warn" "-e" "RUSTDOCFLAGS=--cap-lints=warn" "-e" "CARGO_HOME=/opt/rustwide/cargo-home" "-e" "RUSTUP_HOME=/opt/rustwide/rustup-home" "-w" "/opt/rustwide/workdir" "-m" "1610612736" "--user" "0:0" "--network" "none" "ghcr.io/rust-lang/crates-build-env/linux@sha256:f3a9d4ad9d972b27faf3965f35b62e55ba32bbce8f20bc8fe909558a86702fde" "/opt/rustwide/cargo-home/bin/cargo" "+beta-2024-12-08" "build" "--frozen" "--message-format=json", kill_on_drop: false }`
[INFO] [stdout] de7307b8c029bd05ab69601cf41065ab069986b484fb382e04f9f6af88867604
[INFO] running `Command { std: "docker" "start" "-a" "de7307b8c029bd05ab69601cf41065ab069986b484fb382e04f9f6af88867604", kill_on_drop: false }`
[INFO] [stderr]    Compiling proc-macro2 v1.0.86
[INFO] [stderr]    Compiling unicode-ident v1.0.12
[INFO] [stderr]    Compiling cfg-if v1.0.0
[INFO] [stderr]    Compiling libc v0.2.155
[INFO] [stderr]    Compiling autocfg v1.3.0
[INFO] [stderr]    Compiling siphasher v0.3.11
[INFO] [stderr]    Compiling ppv-lite86 v0.2.17
[INFO] [stderr]    Compiling cc v1.1.6
[INFO] [stderr]    Compiling once_cell v1.19.0
[INFO] [stderr]    Compiling itoa v1.0.11
[INFO] [stderr]    Compiling pin-project-lite v0.2.14
[INFO] [stderr]    Compiling bytes v1.6.1
[INFO] [stderr]    Compiling smallvec v1.13.2
[INFO] [stderr]    Compiling bitflags v2.6.0
[INFO] [stderr]    Compiling serde v1.0.204
[INFO] [stderr]    Compiling version_check v0.9.4
[INFO] [stderr]    Compiling pkg-config v0.3.30
[INFO] [stderr]    Compiling memchr v2.7.4
[INFO] [stderr]    Compiling vcpkg v0.2.15
[INFO] [stderr]    Compiling futures-sink v0.3.30
[INFO] [stderr]    Compiling futures-core v0.3.30
[INFO] [stderr]    Compiling phf_shared v0.10.0
[INFO] [stderr]    Compiling phf_shared v0.11.2
[INFO] [stderr]    Compiling log v0.4.22
[INFO] [stderr]    Compiling fnv v1.0.7
[INFO] [stderr]    Compiling http v1.1.0
[INFO] [stderr]    Compiling parking_lot_core v0.9.10
[INFO] [stderr]    Compiling pin-utils v0.1.0
[INFO] [stderr]    Compiling futures-io v0.3.30
[INFO] [stderr]    Compiling hashbrown v0.14.5
[INFO] [stderr]    Compiling new_debug_unreachable v1.0.6
[INFO] [stderr]    Compiling slab v0.4.9
[INFO] [stderr]    Compiling lock_api v0.4.12
[INFO] [stderr]    Compiling futures-task v0.3.30
[INFO] [stderr]    Compiling typenum v1.17.0
[INFO] [stderr]    Compiling equivalent v1.0.1
[INFO] [stderr]    Compiling generic-array v0.14.7
[INFO] [stderr]    Compiling tracing-core v0.1.32
[INFO] [stderr]    Compiling openssl v0.10.64
[INFO] [stderr]    Compiling quote v1.0.36
[INFO] [stderr]    Compiling httparse v1.9.4
[INFO] [stderr]    Compiling scopeguard v1.2.0
[INFO] [stderr]    Compiling foreign-types-shared v0.1.1
[INFO] [stderr]    Compiling foreign-types v0.3.2
[INFO] [stderr]    Compiling futures-util v0.3.30
[INFO] [stderr]    Compiling precomputed-hash v0.1.1
[INFO] [stderr]    Compiling atomic-waker v1.1.2
[INFO] [stderr]    Compiling try-lock v0.2.5
[INFO] [stderr]    Compiling rustix v0.38.34
[INFO] [stderr]    Compiling mac v0.1.1
[INFO] [stderr]    Compiling tracing v0.1.40
[INFO] [stderr]    Compiling indexmap v2.2.6
[INFO] [stderr]    Compiling syn v2.0.71
[INFO] [stderr]    Compiling getrandom v0.2.15
[INFO] [stderr]    Compiling tinyvec_macros v0.1.1
[INFO] [stderr]    Compiling socket2 v0.5.7
[INFO] [stderr]    Compiling mio v0.8.11
[INFO] [stderr]    Compiling rand_core v0.6.4
[INFO] [stderr]    Compiling native-tls v0.2.12
[INFO] [stderr]    Compiling tinyvec v1.8.0
[INFO] [stderr]    Compiling openssl-src v300.3.1+3.3.1
[INFO] [stderr]    Compiling futf v0.1.5
[INFO] [stderr]    Compiling want v0.3.1
[INFO] [stderr]    Compiling rand_chacha v0.3.1
[INFO] [stderr]    Compiling parking_lot v0.12.3
[INFO] [stderr]    Compiling futures-channel v0.3.30
[INFO] [stderr]    Compiling dtoa v1.0.9
[INFO] [stderr]    Compiling http-body v1.0.1
[INFO] [stderr]    Compiling tokio v1.38.1
[INFO] [stderr]    Compiling percent-encoding v2.3.1
[INFO] [stderr]    Compiling openssl-probe v0.1.5
[INFO] [stderr]    Compiling utf8parse v0.2.2
[INFO] [stderr]    Compiling ryu v1.0.18
[INFO] [stderr]    Compiling utf-8 v0.7.6
[INFO] [stderr]    Compiling rand v0.8.5
[INFO] [stderr]    Compiling tower-service v0.3.2
[INFO] [stderr]    Compiling linux-raw-sys v0.4.14
[INFO] [stderr]    Compiling tower-layer v0.3.2
[INFO] [stderr]    Compiling unicode-normalization v0.1.23
[INFO] [stderr]    Compiling tendril v0.4.3
[INFO] [stderr]    Compiling form_urlencoded v1.2.1
[INFO] [stderr]    Compiling anstyle-parse v0.2.4
[INFO] [stderr]    Compiling dtoa-short v0.3.5
[INFO] [stderr]    Compiling ahash v0.8.11
[INFO] [stderr]    Compiling num-traits v0.2.19
[INFO] [stderr]    Compiling anstyle v1.0.7
[INFO] [stderr]    Compiling unicode-bidi v0.3.15
[INFO] [stderr]    Compiling byteorder v1.5.0
[INFO] [stderr]    Compiling gimli v0.29.0
[INFO] [stderr]    Compiling adler v1.0.2
[INFO] [stderr]    Compiling anstyle-query v1.1.0
[INFO] [stderr]    Compiling colorchoice v1.0.1
[INFO] [stderr]    Compiling stable_deref_trait v1.2.0
[INFO] [stderr]    Compiling openssl-sys v0.9.102
[INFO] [stderr]    Compiling backtrace v0.3.73
[INFO] [stderr]    Compiling is_terminal_polyfill v1.70.0
[INFO] [stderr]    Compiling servo_arc v0.3.0
[INFO] [stderr]    Compiling anstream v0.6.14
[INFO] [stderr]    Compiling miniz_oxide v0.7.4
[INFO] [stderr]    Compiling phf_generator v0.10.0
[INFO] [stderr]    Compiling phf_generator v0.11.2
[INFO] [stderr]    Compiling phf_codegen v0.11.2
[INFO] [stderr]    Compiling string_cache_codegen v0.5.2
[INFO] [stderr]    Compiling phf_codegen v0.10.0
[INFO] [stderr]    Compiling fxhash v0.2.1
[INFO] [stderr]    Compiling object v0.36.1
[INFO] [stderr]    Compiling selectors v0.25.0
[INFO] [stderr]    Compiling phf v0.10.1
[INFO] [stderr]    Compiling heck v0.5.0
[INFO] [stderr]    Compiling rustls-pki-types v1.7.0
[INFO] [stderr]    Compiling idna v0.5.0
[INFO] [stderr]    Compiling anyhow v1.0.86
[INFO] [stderr]    Compiling base64 v0.22.1
[INFO] [stderr]    Compiling clap_lex v0.7.1
[INFO] [stderr]    Compiling zerocopy v0.7.35
[INFO] [stderr]    Compiling markup5ever v0.12.1
[INFO] [stderr]    Compiling strsim v0.11.1
[INFO] [stderr]    Compiling serde_json v1.0.120
[INFO] [stderr]    Compiling rustc-demangle v0.1.24
[INFO] [stderr]    Compiling unicode-width v0.1.13
[INFO] [stderr]    Compiling block-buffer v0.10.4
[INFO] [stderr]    Compiling crypto-common v0.1.6
[INFO] [stderr]    Compiling rustls-pemfile v2.1.2
[INFO] [stderr]    Compiling getopts v0.2.21
[INFO] [stderr]    Compiling digest v0.10.7
[INFO] [stderr]    Compiling encoding_rs v0.8.34
[INFO] [stderr]    Compiling unsafe-libyaml v0.2.11
[INFO] [stderr]    Compiling mime v0.3.17
[INFO] [stderr]    Compiling terminal_size v0.3.0
[INFO] [stderr]    Compiling url v2.5.2
[INFO] [stderr]    Compiling clap_builder v4.5.9
[INFO] [stderr]    Compiling sync_wrapper v1.0.1
[INFO] [stderr]    Compiling bookmark v0.2.0 (/opt/rustwide/workdir)
[INFO] [stderr]    Compiling iana-time-zone v0.1.60
[INFO] [stderr]    Compiling cpufeatures v0.2.12
[INFO] [stderr]    Compiling ego-tree v0.6.2
[INFO] [stderr]    Compiling ipnet v2.9.0
[INFO] [stderr]    Compiling sha1 v0.10.6
[INFO] [stderr]    Compiling users v0.11.0
[INFO] [stderr] rustc-LLVM ERROR: IO failure on output stream: No space left on device
[INFO] [stderr] rustc-LLVM ERROR: IO failure on output stream: No space left on device
[INFO] [stdout] error: failed to build archive at `/opt/rustwide/target/debug/deps/libidna-555360950660fd15.rlib`: No space left on device (os error 28)
[INFO] [stdout] 
[INFO] [stdout] 
[INFO] [stderr] error: could not compile `idna` (lib) due to 1 previous error
[INFO] [stderr] warning: build failed, waiting for other jobs to finish...
[INFO] [stderr] error: could not compile `ipnet` (lib)
[INFO] [stderr] 
[INFO] [stderr] Caused by:
[INFO] [stderr]   No space left on device (os error 28)
[INFO] [stderr] 
[INFO] [stderr] Caused by:
[INFO] [stderr]   failed to parse process output: `/opt/rustwide/rustup-home/toolchains/beta-2024-12-08-x86_64-unknown-linux-gnu/bin/rustc --crate-name ipnet --edition=2018 /opt/rustwide/cargo-home/registry/src/index.crates.io-6f17d22bba15001f/ipnet-2.9.0/src/lib.rs --error-format=json --json=diagnostic-rendered-ansi,artifacts,future-incompat --crate-type lib --emit=dep-info,metadata,link -C embed-bitcode=no -C debuginfo=2 --cfg 'feature="default"' --cfg 'feature="std"' --check-cfg 'cfg(docsrs)' --check-cfg 'cfg(feature, values("default", "heapless", "json", "schemars", "ser_as_str", "serde", "std"))' -C metadata=5d86936adafddcc9 -C extra-filename=-5d86936adafddcc9 --out-dir /opt/rustwide/target/debug/deps -L dependency=/opt/rustwide/target/debug/deps --cap-lints allow --cap-lints=warn` (exit status: 101)
[INFO] [stderr] error: could not compile `num-traits` (lib)
[INFO] [stderr] 
[INFO] [stderr] Caused by:
[INFO] [stderr]   No space left on device (os error 28)
[INFO] [stderr] 
[INFO] [stderr] Caused by:
[INFO] [stderr]   failed to parse process output: `/opt/rustwide/rustup-home/toolchains/beta-2024-12-08-x86_64-unknown-linux-gnu/bin/rustc --crate-name num_traits --edition=2021 /opt/rustwide/cargo-home/registry/src/index.crates.io-6f17d22bba15001f/num-traits-0.2.19/src/lib.rs --error-format=json --json=diagnostic-rendered-ansi,artifacts,future-incompat --crate-type lib --emit=dep-info,metadata,link -C embed-bitcode=no -C debuginfo=2 --check-cfg 'cfg(docsrs)' --check-cfg 'cfg(feature, values("default", "i128", "libm", "std"))' -C metadata=f8ed42e86f740f4b -C extra-filename=-f8ed42e86f740f4b --out-dir /opt/rustwide/target/debug/deps -L dependency=/opt/rustwide/target/debug/deps --cap-lints allow --cap-lints=warn --cfg has_total_cmp` (exit status: 101)
[INFO] [stdout] error: failed to build archive at `/opt/rustwide/target/debug/deps/libsha1-7b90341a76349ec7.rlib`: No space left on device (os error 28)
[INFO] [stdout] 
[INFO] [stdout] 
[INFO] [stderr] error: could not parse/generate dep info at: /opt/rustwide/target/debug/deps/iana_time_zone-35c51f90eabba12b.d
[INFO] [stderr] 
[INFO] [stderr] Caused by:
[INFO] [stderr]   failed to write `/opt/rustwide/target/debug/.fingerprint/iana-time-zone-35c51f90eabba12b/dep-lib-iana_time_zone`
[INFO] [stderr] 
[INFO] [stderr] Caused by:
[INFO] [stderr]   No space left on device (os error 28)
[INFO] [stdout] error: couldn't create a temp dir: No space left on device (os error 28) at path "/opt/rustwide/target/debug/deps/rmetajeHop4"
[INFO] [stdout] 
[INFO] [stdout] 
[INFO] [stderr] error: could not compile `sha1` (lib) due to 1 previous error
[INFO] [stderr] error: could not compile `futures-util` (lib) due to 1 previous error
[INFO] [stderr] rustc-LLVM ERROR: IO failure on output stream: No space left on device
[INFO] [stdout] error: couldn't create a temp dir: No space left on device (os error 28) at path "/tmp/rustcEkcMII"
[INFO] [stdout] 
[INFO] [stdout] 
[INFO] [stderr] error: could not compile `unsafe-libyaml` (lib) due to 1 previous error
[INFO] [stderr] error: could not compile `url` (lib)
[INFO] [stderr] 
[INFO] [stderr] Caused by:
[INFO] [stderr]   No space left on device (os error 28)
[INFO] [stderr] 
[INFO] [stderr] Caused by:
[INFO] [stderr]   failed to parse process output: `/opt/rustwide/rustup-home/toolchains/beta-2024-12-08-x86_64-unknown-linux-gnu/bin/rustc --crate-name url --edition=2018 /opt/rustwide/cargo-home/registry/src/index.crates.io-6f17d22bba15001f/url-2.5.2/src/lib.rs --error-format=json --json=diagnostic-rendered-ansi,artifacts,future-incompat --crate-type lib --emit=dep-info,metadata,link -C embed-bitcode=no -C debuginfo=2 --cfg 'feature="default"' --check-cfg 'cfg(docsrs)' --check-cfg 'cfg(feature, values("debugger_visualizer", "default", "expose_internals", "serde"))' -C metadata=c3b66e15d7719612 -C extra-filename=-c3b66e15d7719612 --out-dir /opt/rustwide/target/debug/deps -L dependency=/opt/rustwide/target/debug/deps --extern form_urlencoded=/opt/rustwide/target/debug/deps/libform_urlencoded-59e65d5ba0f82c92.rmeta --extern idna=/opt/rustwide/target/debug/deps/libidna-555360950660fd15.rmeta --extern percent_encoding=/opt/rustwide/target/debug/deps/libpercent_encoding-fc63a8437ca6afa3.rmeta --cap-lints allow --cap-lints=warn` (exit status: 101)
[INFO] [stdout] error: failed to write to `/opt/rustwide/target/debug/deps/rmetaq1LfAi/lib.rmeta`: No space left on device (os error 28)
[INFO] [stdout] 
[INFO] [stdout] 
[INFO] [stderr] error: could not compile `users` (lib) due to 1 previous error
[INFO] [stdout] error: failed to write to `/opt/rustwide/target/debug/deps/rmetaJgKdTF/lib.rmeta`: No space left on device (os error 28)
[INFO] [stdout] 
[INFO] [stdout] 
[INFO] [stderr] error: could not compile `encoding_rs` (lib) due to 1 previous error
[INFO] [stdout] error: failed to write to `/opt/rustwide/target/debug/deps/rmetavG0WiL/lib.rmeta`: No space left on device (os error 28)
[INFO] [stdout] 
[INFO] [stdout] 
[INFO] [stdout] error: couldn't create a temp dir: No space left on device (os error 28) at path "/opt/rustwide/target/debug/deps/rmeta8atjGZ"
[INFO] [stdout] 
[INFO] [stdout] 
[INFO] [stderr] error: could not compile `gimli` (lib) due to 1 previous error
[INFO] [stderr] error: could not compile `tokio` (lib) due to 1 previous error
[INFO] [stderr] error: failed to run custom build command for `openssl-sys v0.9.102`
[INFO] [stderr] note: To improve backtraces for build dependencies, set the CARGO_PROFILE_DEV_BUILD_OVERRIDE_DEBUG=true environment variable to enable debug information generation.
[INFO] [stderr] 
[INFO] [stderr] Caused by:
[INFO] [stderr]   process didn't exit successfully: `/opt/rustwide/target/debug/build/openssl-sys-1e273901a921b5eb/build-script-main` (exit status: 101)
[INFO] [stderr]   --- stdout
[INFO] [stderr]   cargo:rerun-if-env-changed=X86_64_UNKNOWN_LINUX_GNU_OPENSSL_NO_VENDOR
[INFO] [stderr]   X86_64_UNKNOWN_LINUX_GNU_OPENSSL_NO_VENDOR unset
[INFO] [stderr]   cargo:rerun-if-env-changed=OPENSSL_NO_VENDOR
[INFO] [stderr]   OPENSSL_NO_VENDOR unset
[INFO] [stderr]   OUT_DIR = Some(/opt/rustwide/target/debug/build/openssl-sys-d0e18e1e20f75b71/out)
[INFO] [stderr]   cargo:rerun-if-env-changed=CC_x86_64-unknown-linux-gnu
[INFO] [stderr]   CC_x86_64-unknown-linux-gnu = None
[INFO] [stderr]   cargo:rerun-if-env-changed=CC_x86_64_unknown_linux_gnu
[INFO] [stderr]   CC_x86_64_unknown_linux_gnu = None
[INFO] [stderr]   cargo:rerun-if-env-changed=HOST_CC
[INFO] [stderr]   HOST_CC = None
[INFO] [stderr]   cargo:rerun-if-env-changed=CC
[INFO] [stderr]   CC = None
[INFO] [stderr]   cargo:rerun-if-env-changed=CC_ENABLE_DEBUG_OUTPUT
[INFO] [stderr]   RUSTC_WRAPPER = None
[INFO] [stderr]   cargo:rerun-if-env-changed=CRATE_CC_NO_DEFAULTS
[INFO] [stderr]   CRATE_CC_NO_DEFAULTS = None
[INFO] [stderr]   DEBUG = Some(true)
[INFO] [stderr]   CARGO_CFG_TARGET_FEATURE = Some(fxsr,sse,sse2)
[INFO] [stderr]   cargo:rerun-if-env-changed=CFLAGS_x86_64-unknown-linux-gnu
[INFO] [stderr]   CFLAGS_x86_64-unknown-linux-gnu = None
[INFO] [stderr]   cargo:rerun-if-env-changed=CFLAGS_x86_64_unknown_linux_gnu
[INFO] [stderr]   CFLAGS_x86_64_unknown_linux_gnu = None
[INFO] [stderr]   cargo:rerun-if-env-changed=HOST_CFLAGS
[INFO] [stderr]   HOST_CFLAGS = None
[INFO] [stderr]   cargo:rerun-if-env-changed=CFLAGS
[INFO] [stderr]   CFLAGS = None
[INFO] [stderr]   cargo:rerun-if-env-changed=AR_x86_64-unknown-linux-gnu
[INFO] [stderr]   AR_x86_64-unknown-linux-gnu = None
[INFO] [stderr]   cargo:rerun-if-env-changed=AR_x86_64_unknown_linux_gnu
[INFO] [stderr]   AR_x86_64_unknown_linux_gnu = None
[INFO] [stderr]   cargo:rerun-if-env-changed=HOST_AR
[INFO] [stderr]   HOST_AR = None
[INFO] [stderr]   cargo:rerun-if-env-changed=AR
[INFO] [stderr]   AR = None
[INFO] [stderr]   cargo:rerun-if-env-changed=ARFLAGS_x86_64-unknown-linux-gnu
[INFO] [stderr]   ARFLAGS_x86_64-unknown-linux-gnu = None
[INFO] [stderr]   cargo:rerun-if-env-changed=ARFLAGS_x86_64_unknown_linux_gnu
[INFO] [stderr]   ARFLAGS_x86_64_unknown_linux_gnu = None
[INFO] [stderr]   cargo:rerun-if-env-changed=HOST_ARFLAGS
[INFO] [stderr]   HOST_ARFLAGS = None
[INFO] [stderr]   cargo:rerun-if-env-changed=ARFLAGS
[INFO] [stderr]   ARFLAGS = None
[INFO] [stderr]   cargo:rerun-if-env-changed=RANLIB_x86_64-unknown-linux-gnu
[INFO] [stderr]   RANLIB_x86_64-unknown-linux-gnu = None
[INFO] [stderr]   cargo:rerun-if-env-changed=RANLIB_x86_64_unknown_linux_gnu
[INFO] [stderr]   RANLIB_x86_64_unknown_linux_gnu = None
[INFO] [stderr]   cargo:rerun-if-env-changed=HOST_RANLIB
[INFO] [stderr]   HOST_RANLIB = None
[INFO] [stderr]   cargo:rerun-if-env-changed=RANLIB
[INFO] [stderr]   RANLIB = None
[INFO] [stderr]   cargo:rerun-if-env-changed=RANLIBFLAGS_x86_64-unknown-linux-gnu
[INFO] [stderr]   RANLIBFLAGS_x86_64-unknown-linux-gnu = None
[INFO] [stderr]   cargo:rerun-if-env-changed=RANLIBFLAGS_x86_64_unknown_linux_gnu
[INFO] [stderr]   RANLIBFLAGS_x86_64_unknown_linux_gnu = None
[INFO] [stderr]   cargo:rerun-if-env-changed=HOST_RANLIBFLAGS
[INFO] [stderr]   HOST_RANLIBFLAGS = None
[INFO] [stderr]   cargo:rerun-if-env-changed=RANLIBFLAGS
[INFO] [stderr]   RANLIBFLAGS = None
[INFO] [stderr]   running cd "/opt/rustwide/target/debug/build/openssl-sys-d0e18e1e20f75b71/out/openssl-build/build/src" && env -u CROSS_COMPILE AR="ar" CC="cc" RANLIB="ranlib" "perl" "./Configure" "--prefix=/opt/rustwide/target/debug/build/openssl-sys-d0e18e1e20f75b71/out/openssl-build/install" "--openssldir=/usr/local/ssl" "no-dso" "no-shared" "no-ssl3" "no-tests" "no-comp" "no-zlib" "no-zlib-dynamic" "--libdir=lib" "no-md2" "no-rc5" "no-weak-ssl-ciphers" "no-camellia" "no-idea" "no-seed" "linux-x86_64" "-O2" "-ffunction-sections" "-fdata-sections" "-fPIC" "-gdwarf-4" "-fno-omit-frame-pointer" "-m64"
[INFO] [stderr]   Configuring OpenSSL version 3.3.1 for target linux-x86_64
[INFO] [stderr]   Using os-specific seed configuration
[INFO] [stderr]   Created configdata.pm
[INFO] [stderr]   Running configdata.pm
[INFO] [stderr]   Created Makefile.in
[INFO] [stderr]   Created Makefile
[INFO] [stderr]   Created include/openssl/configuration.h
[INFO] [stderr] 
[INFO] [stderr]   **********************************************************************
[INFO] [stderr]   ***                                                                ***
[INFO] [stderr]   ***   OpenSSL has been successfully configured                     ***
[INFO] [stderr]   ***                                                                ***
[INFO] [stderr]   ***   If you encounter a problem while building, please open an    ***
[INFO] [stderr]   ***   issue on GitHub <https://github.com/openssl/openssl/issues>  ***
[INFO] [stderr]   ***   and include the output from the following command:           ***
[INFO] [stderr]   ***                                                                ***
[INFO] [stderr]   ***       perl configdata.pm --dump                                ***
[INFO] [stderr]   ***                                                                ***
[INFO] [stderr]   ***   (If you are new to OpenSSL, you might want to consult the    ***
[INFO] [stderr]   ***   'Troubleshooting' section in the INSTALL.md file first)      ***
[INFO] [stderr]   ***                                                                ***
[INFO] [stderr]   **********************************************************************
[INFO] [stderr]   running cd "/opt/rustwide/target/debug/build/openssl-sys-d0e18e1e20f75b71/out/openssl-build/build/src" && "make" "depend"
[INFO] [stderr]   running cd "/opt/rustwide/target/debug/build/openssl-sys-d0e18e1e20f75b71/out/openssl-build/build/src" && MAKEFLAGS="-j --jobserver-fds=8,9 --jobserver-auth=8,9" "make" "build_libs"
[INFO] [stderr]   /usr/bin/perl util/mkinstallvars.pl PREFIX=. BINDIR=apps LIBDIR= INCLUDEDIR=include APPLINKDIR=ms ENGINESDIR=engines MODULESDIR=providers "VERSION=3.3.1" "LDLIBS=-ldl -pthread " > builddata.pm
[INFO] [stderr]   /usr/bin/perl "-I." "-Iutil/perl" "-Mconfigdata" "-MOpenSSL::paramnames" "util/dofile.pl" "-oMakefile" crypto/params_idx.c.in > crypto/params_idx.c
[INFO] [stderr]   /usr/bin/perl util/mkinstallvars.pl "PREFIX=/opt/rustwide/target/debug/build/openssl-sys-d0e18e1e20f75b71/out/openssl-build/install" BINDIR=bin "LIBDIR=lib" INCLUDEDIR=include APPLINKDIR=include/openssl "ENGINESDIR=/opt/rustwide/target/debug/build/openssl-sys-d0e18e1e20f75b71/out/openssl-build/install/lib/engines-3" "MODULESDIR=/opt/rustwide/target/debug/build/openssl-sys-d0e18e1e20f75b71/out/openssl-build/install/lib/ossl-modules" "PKGCONFIGDIR=/opt/rustwide/target/debug/build/openssl-sys-d0e18e1e20f75b71/out/openssl-build/install/lib/pkgconfig" "CMAKECONFIGDIR=/opt/rustwide/target/debug/build/openssl-sys-d0e18e1e20f75b71/out/openssl-build/install/lib/cmake/OpenSSL" "LDLIBS=-ldl -pthread " "VERSION=3.3.1" > installdata.pm
[INFO] [stderr]   /usr/bin/perl "-I." "-Mconfigdata" "util/dofile.pl" "-oMakefile" include/crypto/bn_conf.h.in > include/crypto/bn_conf.h
[INFO] [stderr]   /usr/bin/perl "-I." "-Mconfigdata" "util/dofile.pl" "-oMakefile" include/crypto/dso_conf.h.in > include/crypto/dso_conf.h
[INFO] [stderr]   /usr/bin/perl "-I." "-Iutil/perl" "-Mconfigdata" "-MOpenSSL::paramnames" "util/dofile.pl" "-oMakefile" include/internal/param_names.h.in > include/internal/param_names.h
[INFO] [stderr]   /usr/bin/perl "-I." "-Mconfigdata" "util/dofile.pl" "-oMakefile" include/openssl/asn1.h.in > include/openssl/asn1.h
[INFO] [stderr]   /usr/bin/perl "-I." "-Mconfigdata" "util/dofile.pl" "-oMakefile" include/openssl/asn1t.h.in > include/openssl/asn1t.h
[INFO] [stderr]   /usr/bin/perl "-I." "-Mconfigdata" "util/dofile.pl" "-oMakefile" include/openssl/bio.h.in > include/openssl/bio.h
[INFO] [stderr]   /usr/bin/perl "-I." "-Mconfigdata" "util/dofile.pl" "-oMakefile" include/openssl/cmp.h.in > include/openssl/cmp.h
[INFO] [stderr]   /usr/bin/perl "-I." "-Mconfigdata" "util/dofile.pl" "-oMakefile" include/openssl/cms.h.in > include/openssl/cms.h
[INFO] [stderr]   /usr/bin/perl "-I." "-Mconfigdata" "util/dofile.pl" "-oMakefile" include/openssl/conf.h.in > include/openssl/conf.h
[INFO] [stderr]   /usr/bin/perl "-I." "-Iutil/perl" "-Mconfigdata" "-MOpenSSL::paramnames" "util/dofile.pl" "-oMakefile" include/openssl/core_names.h.in > include/openssl/core_names.h
[INFO] [stderr]   /usr/bin/perl "-I." "-Mconfigdata" "util/dofile.pl" "-oMakefile" include/openssl/crmf.h.in > include/openssl/crmf.h
[INFO] [stderr]   /usr/bin/perl "-I." "-Mconfigdata" "util/dofile.pl" "-oMakefile" include/openssl/crypto.h.in > include/openssl/crypto.h
[INFO] [stderr]   /usr/bin/perl "-I." "-Mconfigdata" "util/dofile.pl" "-oMakefile" include/openssl/ct.h.in > include/openssl/ct.h
[INFO] [stderr]   /usr/bin/perl "-I." "-Mconfigdata" "util/dofile.pl" "-oMakefile" include/openssl/err.h.in > include/openssl/err.h
[INFO] [stderr]   /usr/bin/perl "-I." "-Mconfigdata" "util/dofile.pl" "-oMakefile" include/openssl/ess.h.in > include/openssl/ess.h
[INFO] [stderr]   /usr/bin/perl "-I." "-Mconfigdata" "util/dofile.pl" "-oMakefile" include/openssl/fipskey.h.in > include/openssl/fipskey.h
[INFO] [stderr]   /usr/bin/perl "-I." "-Mconfigdata" "util/dofile.pl" "-oMakefile" include/openssl/lhash.h.in > include/openssl/lhash.h
[INFO] [stderr]   /usr/bin/perl "-I." "-Mconfigdata" "util/dofile.pl" "-oMakefile" include/openssl/ocsp.h.in > include/openssl/ocsp.h
[INFO] [stderr]   /usr/bin/perl "-I." "-Mconfigdata" "util/dofile.pl" "-oMakefile" include/openssl/opensslv.h.in > include/openssl/opensslv.h
[INFO] [stderr]   /usr/bin/perl "-I." "-Mconfigdata" "util/dofile.pl" "-oMakefile" include/openssl/pkcs12.h.in > include/openssl/pkcs12.h
[INFO] [stderr]   /usr/bin/perl "-I." "-Mconfigdata" "util/dofile.pl" "-oMakefile" include/openssl/pkcs7.h.in > include/openssl/pkcs7.h
[INFO] [stderr]   /usr/bin/perl "-I." "-Mconfigdata" "util/dofile.pl" "-oMakefile" include/openssl/safestack.h.in > include/openssl/safestack.h
[INFO] [stderr]   /usr/bin/perl "-I." "-Mconfigdata" "util/dofile.pl" "-oMakefile" include/openssl/srp.h.in > include/openssl/srp.h
[INFO] [stderr]   /usr/bin/perl "-I." "-Mconfigdata" "util/dofile.pl" "-oMakefile" include/openssl/ssl.h.in > include/openssl/ssl.h
[INFO] [stderr]   /usr/bin/perl "-I." "-Mconfigdata" "util/dofile.pl" "-oMakefile" include/openssl/ui.h.in > include/openssl/ui.h
[INFO] [stderr]   /usr/bin/perl "-I." "-Mconfigdata" "util/dofile.pl" "-oMakefile" include/openssl/x509.h.in > include/openssl/x509.h
[INFO] [stderr]   /usr/bin/perl "-I." "-Mconfigdata" "util/dofile.pl" "-oMakefile" include/openssl/x509_vfy.h.in > include/openssl/x509_vfy.h
[INFO] [stderr]   /usr/bin/perl "-I." "-Mconfigdata" "util/dofile.pl" "-oMakefile" include/openssl/x509v3.h.in > include/openssl/x509v3.h
[INFO] [stderr]   /usr/bin/perl "-I." "-Mconfigdata" "-Mbuilddata" "util/dofile.pl" "-oMakefile" exporters/pkg-config/libcrypto.pc.in > libcrypto.pc
[INFO] [stderr]   /usr/bin/perl "-I." "-Mconfigdata" "-Mbuilddata" "util/dofile.pl" "-oMakefile" exporters/pkg-config/libssl.pc.in > libssl.pc
[INFO] [stderr]   /usr/bin/perl "-I." "-Mconfigdata" "-Mbuilddata" "util/dofile.pl" "-oMakefile" exporters/cmake/OpenSSLConfig.cmake.in > OpenSSLConfig.cmake
[INFO] [stderr]   /usr/bin/perl "-I." "-Mconfigdata" "-Minstalldata" "util/dofile.pl" "-oMakefile" exporters/cmake/OpenSSLConfig.cmake.in > exporters/OpenSSLConfig.cmake
[INFO] [stderr]   /usr/bin/perl "-I." "-Mconfigdata" "-Minstalldata" "util/dofile.pl" "-oMakefile" exporters/pkg-config/libcrypto.pc.in > exporters/libcrypto.pc
[INFO] [stderr]   /usr/bin/perl "-I." "-Mconfigdata" "-Minstalldata" "util/dofile.pl" "-oMakefile" exporters/pkg-config/libssl.pc.in > exporters/libssl.pc
[INFO] [stderr]   /usr/bin/perl "-I." "-Mconfigdata" "-Mconfigdata" "-Mconfigdata" "-Minstalldata" "util/dofile.pl" "-oMakefile" exporters/pkg-config/openssl.pc.in > exporters/openssl.pc
[INFO] [stderr]   /usr/bin/perl "-I." "-Mconfigdata" "-Mbuilddata" "-Mbuilddata" "-Mbuilddata" "util/dofile.pl" "-oMakefile" exporters/pkg-config/openssl.pc.in > openssl.pc
[INFO] [stderr]   /usr/bin/perl "-I." "-Mconfigdata" "-Mconfigdata" "-Minstalldata" "util/dofile.pl" "-oMakefile" exporters/cmake/OpenSSLConfigVersion.cmake.in > exporters/OpenSSLConfigVersion.cmake
[INFO] [stderr]   /usr/bin/perl "-I." "-Mconfigdata" "-Mconfigdata" "-Mbuilddata" "util/dofile.pl" "-oMakefile" exporters/cmake/OpenSSLConfigVersion.cmake.in > OpenSSLConfigVersion.cmake
[INFO] [stderr]   "make" depend && "make" _build_libs
[INFO] [stderr]   make[1]: Entering directory '/opt/rustwide/target/debug/build/openssl-sys-d0e18e1e20f75b71/out/openssl-build/build/src'
[INFO] [stderr]   make[1]: Leaving directory '/opt/rustwide/target/debug/build/openssl-sys-d0e18e1e20f75b71/out/openssl-build/build/src'
[INFO] [stderr]   make[1]: Entering directory '/opt/rustwide/target/debug/build/openssl-sys-d0e18e1e20f75b71/out/openssl-build/build/src'
[INFO] [stderr]   cc  -I. -Iinclude -Iapps/include  -fPIC -pthread -m64 -Wa,--noexecstack -Wall -O3 -O2 -ffunction-sections -fdata-sections -fPIC -gdwarf-4 -fno-omit-frame-pointer -m64 -DOPENSSL_USE_NODELETE -DL_ENDIAN -DOPENSSL_PIC -DOPENSSLDIR="\"/usr/local/ssl\"" -DENGINESDIR="\"/opt/rustwide/target/debug/build/openssl-sys-d0e18e1e20f75b71/out/openssl-build/install/lib/engines-3\"" -DMODULESDIR="\"/opt/rustwide/target/debug/build/openssl-sys-d0e18e1e20f75b71/out/openssl-build/install/lib/ossl-modules\"" -DOPENSSL_BUILDING_OPENSSL -DNDEBUG  -MMD -MF apps/lib/libapps-lib-app_libctx.d.tmp -MT apps/lib/libapps-lib-app_libctx.o -c -o apps/lib/libapps-lib-app_libctx.o apps/lib/app_libctx.c
[INFO] [stderr]   cc  -I. -Iinclude -Iapps/include  -fPIC -pthread -m64 -Wa,--noexecstack -Wall -O3 -O2 -ffunction-sections -fdata-sections -fPIC -gdwarf-4 -fno-omit-frame-pointer -m64 -DOPENSSL_USE_NODELETE -DL_ENDIAN -DOPENSSL_PIC -DOPENSSLDIR="\"/usr/local/ssl\"" -DENGINESDIR="\"/opt/rustwide/target/debug/build/openssl-sys-d0e18e1e20f75b71/out/openssl-build/install/lib/engines-3\"" -DMODULESDIR="\"/opt/rustwide/target/debug/build/openssl-sys-d0e18e1e20f75b71/out/openssl-build/install/lib/ossl-modules\"" -DOPENSSL_BUILDING_OPENSSL -DNDEBUG  -MMD -MF apps/lib/libapps-lib-app_params.d.tmp -MT apps/lib/libapps-lib-app_params.o -c -o apps/lib/libapps-lib-app_params.o apps/lib/app_params.c
[INFO] [stderr]   cc  -I. -Iinclude -Iapps/include  -fPIC -pthread -m64 -Wa,--noexecstack -Wall -O3 -O2 -ffunction-sections -fdata-sections -fPIC -gdwarf-4 -fno-omit-frame-pointer -m64 -DOPENSSL_USE_NODELETE -DL_ENDIAN -DOPENSSL_PIC -DOPENSSLDIR="\"/usr/local/ssl\"" -DENGINESDIR="\"/opt/rustwide/target/debug/build/openssl-sys-d0e18e1e20f75b71/out/openssl-build/install/lib/engines-3\"" -DMODULESDIR="\"/opt/rustwide/target/debug/build/openssl-sys-d0e18e1e20f75b71/out/openssl-build/install/lib/ossl-modules\"" -DOPENSSL_BUILDING_OPENSSL -DNDEBUG  -MMD -MF apps/lib/libapps-lib-app_provider.d.tmp -MT apps/lib/libapps-lib-app_provider.o -c -o apps/lib/libapps-lib-app_provider.o apps/lib/app_provider.c
[INFO] [stderr]   cc  -I. -Iinclude -Iapps/include  -fPIC -pthread -m64 -Wa,--noexecstack -Wall -O3 -O2 -ffunction-sections -fdata-sections -fPIC -gdwarf-4 -fno-omit-frame-pointer -m64 -DOPENSSL_USE_NODELETE -DL_ENDIAN -DOPENSSL_PIC -DOPENSSLDIR="\"/usr/local/ssl\"" -DENGINESDIR="\"/opt/rustwide/target/debug/build/openssl-sys-d0e18e1e20f75b71/out/openssl-build/install/lib/engines-3\"" -DMODULESDIR="\"/opt/rustwide/target/debug/build/openssl-sys-d0e18e1e20f75b71/out/openssl-build/install/lib/ossl-modules\"" -DOPENSSL_BUILDING_OPENSSL -DNDEBUG  -MMD -MF apps/lib/libapps-lib-app_rand.d.tmp -MT apps/lib/libapps-lib-app_rand.o -c -o apps/lib/libapps-lib-app_rand.o apps/lib/app_rand.c
[INFO] [stderr]   cc  -I. -Iinclude -Iapps/include  -fPIC -pthread -m64 -Wa,--noexecstack -Wall -O3 -O2 -ffunction-sections -fdata-sections -fPIC -gdwarf-4 -fno-omit-frame-pointer -m64 -DOPENSSL_USE_NODELETE -DL_ENDIAN -DOPENSSL_PIC -DOPENSSLDIR="\"/usr/local/ssl\"" -DENGINESDIR="\"/opt/rustwide/target/debug/build/openssl-sys-d0e18e1e20f75b71/out/openssl-build/install/lib/engines-3\"" -DMODULESDIR="\"/opt/rustwide/target/debug/build/openssl-sys-d0e18e1e20f75b71/out/openssl-build/install/lib/ossl-modules\"" -DOPENSSL_BUILDING_OPENSSL -DNDEBUG  -MMD -MF apps/lib/libapps-lib-app_x509.d.tmp -MT apps/lib/libapps-lib-app_x509.o -c -o apps/lib/libapps-lib-app_x509.o apps/lib/app_x509.c
[INFO] [stderr]   cc  -I. -Iinclude -Iapps/include  -fPIC -pthread -m64 -Wa,--noexecstack -Wall -O3 -O2 -ffunction-sections -fdata-sections -fPIC -gdwarf-4 -fno-omit-frame-pointer -m64 -DOPENSSL_USE_NODELETE -DL_ENDIAN -DOPENSSL_PIC -DOPENSSLDIR="\"/usr/local/ssl\"" -DENGINESDIR="\"/opt/rustwide/target/debug/build/openssl-sys-d0e18e1e20f75b71/out/openssl-build/install/lib/engines-3\"" -DMODULESDIR="\"/opt/rustwide/target/debug/build/openssl-sys-d0e18e1e20f75b71/out/openssl-build/install/lib/ossl-modules\"" -DOPENSSL_BUILDING_OPENSSL -DNDEBUG  -MMD -MF apps/lib/libapps-lib-apps.d.tmp -MT apps/lib/libapps-lib-apps.o -c -o apps/lib/libapps-lib-apps.o apps/lib/apps.c
[INFO] [stderr]   cc  -I. -Iinclude -Iapps/include  -fPIC -pthread -m64 -Wa,--noexecstack -Wall -O3 -O2 -ffunction-sections -fdata-sections -fPIC -gdwarf-4 -fno-omit-frame-pointer -m64 -DOPENSSL_USE_NODELETE -DL_ENDIAN -DOPENSSL_PIC -DOPENSSLDIR="\"/usr/local/ssl\"" -DENGINESDIR="\"/opt/rustwide/target/debug/build/openssl-sys-d0e18e1e20f75b71/out/openssl-build/install/lib/engines-3\"" -DMODULESDIR="\"/opt/rustwide/target/debug/build/openssl-sys-d0e18e1e20f75b71/out/openssl-build/install/lib/ossl-modules\"" -DOPENSSL_BUILDING_OPENSSL -DNDEBUG  -MMD -MF apps/lib/libapps-lib-apps_opt_printf.d.tmp -MT apps/lib/libapps-lib-apps_opt_printf.o -c -o apps/lib/libapps-lib-apps_opt_printf.o apps/lib/apps_opt_printf.c
[INFO] [stderr]   cc  -I. -Iinclude -Iapps/include  -fPIC -pthread -m64 -Wa,--noexecstack -Wall -O3 -O2 -ffunction-sections -fdata-sections -fPIC -gdwarf-4 -fno-omit-frame-pointer -m64 -DOPENSSL_USE_NODELETE -DL_ENDIAN -DOPENSSL_PIC -DOPENSSLDIR="\"/usr/local/ssl\"" -DENGINESDIR="\"/opt/rustwide/target/debug/build/openssl-sys-d0e18e1e20f75b71/out/openssl-build/install/lib/engines-3\"" -DMODULESDIR="\"/opt/rustwide/target/debug/build/openssl-sys-d0e18e1e20f75b71/out/openssl-build/install/lib/ossl-modules\"" -DOPENSSL_BUILDING_OPENSSL -DNDEBUG  -MMD -MF apps/lib/libapps-lib-apps_ui.d.tmp -MT apps/lib/libapps-lib-apps_ui.o -c -o apps/lib/libapps-lib-apps_ui.o apps/lib/apps_ui.c
[INFO] [stderr]   cc  -I. -Iinclude -Iapps/include  -fPIC -pthread -m64 -Wa,--noexecstack -Wall -O3 -O2 -ffunction-sections -fdata-sections -fPIC -gdwarf-4 -fno-omit-frame-pointer -m64 -DOPENSSL_USE_NODELETE -DL_ENDIAN -DOPENSSL_PIC -DOPENSSLDIR="\"/usr/local/ssl\"" -DENGINESDIR="\"/opt/rustwide/target/debug/build/openssl-sys-d0e18e1e20f75b71/out/openssl-build/install/lib/engines-3\"" -DMODULESDIR="\"/opt/rustwide/target/debug/build/openssl-sys-d0e18e1e20f75b71/out/openssl-build/install/lib/ossl-modules\"" -DOPENSSL_BUILDING_OPENSSL -DNDEBUG  -MMD -MF apps/lib/libapps-lib-columns.d.tmp -MT apps/lib/libapps-lib-columns.o -c -o apps/lib/libapps-lib-columns.o apps/lib/columns.c
[INFO] [stderr]   cc  -I. -Iinclude -Iapps/include  -fPIC -pthread -m64 -Wa,--noexecstack -Wall -O3 -O2 -ffunction-sections -fdata-sections -fPIC -gdwarf-4 -fno-omit-frame-pointer -m64 -DOPENSSL_USE_NODELETE -DL_ENDIAN -DOPENSSL_PIC -DOPENSSLDIR="\"/usr/local/ssl\"" -DENGINESDIR="\"/opt/rustwide/target/debug/build/openssl-sys-d0e18e1e20f75b71/out/openssl-build/install/lib/engines-3\"" -DMODULESDIR="\"/opt/rustwide/target/debug/build/openssl-sys-d0e18e1e20f75b71/out/openssl-build/install/lib/ossl-modules\"" -DOPENSSL_BUILDING_OPENSSL -DNDEBUG  -MMD -MF apps/lib/libapps-lib-engine.d.tmp -MT apps/lib/libapps-lib-engine.o -c -o apps/lib/libapps-lib-engine.o apps/lib/engine.c
[INFO] [stderr]   cc  -I. -Iinclude -Iapps/include  -fPIC -pthread -m64 -Wa,--noexecstack -Wall -O3 -O2 -ffunction-sections -fdata-sections -fPIC -gdwarf-4 -fno-omit-frame-pointer -m64 -DOPENSSL_USE_NODELETE -DL_ENDIAN -DOPENSSL_PIC -DOPENSSLDIR="\"/usr/local/ssl\"" -DENGINESDIR="\"/opt/rustwide/target/debug/build/openssl-sys-d0e18e1e20f75b71/out/openssl-build/install/lib/engines-3\"" -DMODULESDIR="\"/opt/rustwide/target/debug/build/openssl-sys-d0e18e1e20f75b71/out/openssl-build/install/lib/ossl-modules\"" -DOPENSSL_BUILDING_OPENSSL -DNDEBUG  -MMD -MF apps/lib/libapps-lib-engine_loader.d.tmp -MT apps/lib/libapps-lib-engine_loader.o -c -o apps/lib/libapps-lib-engine_loader.o apps/lib/engine_loader.c
[INFO] [stderr]   cc  -I. -Iinclude -Iapps/include  -fPIC -pthread -m64 -Wa,--noexecstack -Wall -O3 -O2 -ffunction-sections -fdata-sections -fPIC -gdwarf-4 -fno-omit-frame-pointer -m64 -DOPENSSL_USE_NODELETE -DL_ENDIAN -DOPENSSL_PIC -DOPENSSLDIR="\"/usr/local/ssl\"" -DENGINESDIR="\"/opt/rustwide/target/debug/build/openssl-sys-d0e18e1e20f75b71/out/openssl-build/install/lib/engines-3\"" -DMODULESDIR="\"/opt/rustwide/target/debug/build/openssl-sys-d0e18e1e20f75b71/out/openssl-build/install/lib/ossl-modules\"" -DOPENSSL_BUILDING_OPENSSL -DNDEBUG  -MMD -MF apps/lib/libapps-lib-fmt.d.tmp -MT apps/lib/libapps-lib-fmt.o -c -o apps/lib/libapps-lib-fmt.o apps/lib/fmt.c
[INFO] [stderr]   cc  -I. -Iinclude -Iapps/include  -fPIC -pthread -m64 -Wa,--noexecstack -Wall -O3 -O2 -ffunction-sections -fdata-sections -fPIC -gdwarf-4 -fno-omit-frame-pointer -m64 -DOPENSSL_USE_NODELETE -DL_ENDIAN -DOPENSSL_PIC -DOPENSSLDIR="\"/usr/local/ssl\"" -DENGINESDIR="\"/opt/rustwide/target/debug/build/openssl-sys-d0e18e1e20f75b71/out/openssl-build/install/lib/engines-3\"" -DMODULESDIR="\"/opt/rustwide/target/debug/build/openssl-sys-d0e18e1e20f75b71/out/openssl-build/install/lib/ossl-modules\"" -DOPENSSL_BUILDING_OPENSSL -DNDEBUG  -MMD -MF apps/lib/libapps-lib-http_server.d.tmp -MT apps/lib/libapps-lib-http_server.o -c -o apps/lib/libapps-lib-http_server.o apps/lib/http_server.c
[INFO] [stderr]   cc  -I. -Iinclude -Iapps/include  -fPIC -pthread -m64 -Wa,--noexecstack -Wall -O3 -O2 -ffunction-sections -fdata-sections -fPIC -gdwarf-4 -fno-omit-frame-pointer -m64 -DOPENSSL_USE_NODELETE -DL_ENDIAN -DOPENSSL_PIC -DOPENSSLDIR="\"/usr/local/ssl\"" -DENGINESDIR="\"/opt/rustwide/target/debug/build/openssl-sys-d0e18e1e20f75b71/out/openssl-build/install/lib/engines-3\"" -DMODULESDIR="\"/opt/rustwide/target/debug/build/openssl-sys-d0e18e1e20f75b71/out/openssl-build/install/lib/ossl-modules\"" -DOPENSSL_BUILDING_OPENSSL -DNDEBUG  -MMD -MF apps/lib/libapps-lib-log.d.tmp -MT apps/lib/libapps-lib-log.o -c -o apps/lib/libapps-lib-log.o apps/lib/log.c
[INFO] [stderr]   cc  -I. -Iinclude -Iapps/include  -fPIC -pthread -m64 -Wa,--noexecstack -Wall -O3 -O2 -ffunction-sections -fdata-sections -fPIC -gdwarf-4 -fno-omit-frame-pointer -m64 -DOPENSSL_USE_NODELETE -DL_ENDIAN -DOPENSSL_PIC -DOPENSSLDIR="\"/usr/local/ssl\"" -DENGINESDIR="\"/opt/rustwide/target/debug/build/openssl-sys-d0e18e1e20f75b71/out/openssl-build/install/lib/engines-3\"" -DMODULESDIR="\"/opt/rustwide/target/debug/build/openssl-sys-d0e18e1e20f75b71/out/openssl-build/install/lib/ossl-modules\"" -DOPENSSL_BUILDING_OPENSSL -DNDEBUG  -MMD -MF apps/lib/libapps-lib-names.d.tmp -MT apps/lib/libapps-lib-names.o -c -o apps/lib/libapps-lib-names.o apps/lib/names.c
[INFO] [stderr]   cc  -I. -Iinclude -Iapps/include  -fPIC -pthread -m64 -Wa,--noexecstack -Wall -O3 -O2 -ffunction-sections -fdata-sections -fPIC -gdwarf-4 -fno-omit-frame-pointer -m64 -DOPENSSL_USE_NODELETE -DL_ENDIAN -DOPENSSL_PIC -DOPENSSLDIR="\"/usr/local/ssl\"" -DENGINESDIR="\"/opt/rustwide/target/debug/build/openssl-sys-d0e18e1e20f75b71/out/openssl-build/install/lib/engines-3\"" -DMODULESDIR="\"/opt/rustwide/target/debug/build/openssl-sys-d0e18e1e20f75b71/out/openssl-build/install/lib/ossl-modules\"" -DOPENSSL_BUILDING_OPENSSL -DNDEBUG  -MMD -MF apps/lib/libapps-lib-opt.d.tmp -MT apps/lib/libapps-lib-opt.o -c -o apps/lib/libapps-lib-opt.o apps/lib/opt.c
[INFO] [stderr]   cc  -I. -Iinclude -Iapps/include  -fPIC -pthread -m64 -Wa,--noexecstack -Wall -O3 -O2 -ffunction-sections -fdata-sections -fPIC -gdwarf-4 -fno-omit-frame-pointer -m64 -DOPENSSL_USE_NODELETE -DL_ENDIAN -DOPENSSL_PIC -DOPENSSLDIR="\"/usr/local/ssl\"" -DENGINESDIR="\"/opt/rustwide/target/debug/build/openssl-sys-d0e18e1e20f75b71/out/openssl-build/install/lib/engines-3\"" -DMODULESDIR="\"/opt/rustwide/target/debug/build/openssl-sys-d0e18e1e20f75b71/out/openssl-build/install/lib/ossl-modules\"" -DOPENSSL_BUILDING_OPENSSL -DNDEBUG  -MMD -MF apps/lib/libapps-lib-s_cb.d.tmp -MT apps/lib/libapps-lib-s_cb.o -c -o apps/lib/libapps-lib-s_cb.o apps/lib/s_cb.c
[INFO] [stderr]   cc  -I. -Iinclude -Iapps/include  -fPIC -pthread -m64 -Wa,--noexecstack -Wall -O3 -O2 -ffunction-sections -fdata-sections -fPIC -gdwarf-4 -fno-omit-frame-pointer -m64 -DOPENSSL_USE_NODELETE -DL_ENDIAN -DOPENSSL_PIC -DOPENSSLDIR="\"/usr/local/ssl\"" -DENGINESDIR="\"/opt/rustwide/target/debug/build/openssl-sys-d0e18e1e20f75b71/out/openssl-build/install/lib/engines-3\"" -DMODULESDIR="\"/opt/rustwide/target/debug/build/openssl-sys-d0e18e1e20f75b71/out/openssl-build/install/lib/ossl-modules\"" -DOPENSSL_BUILDING_OPENSSL -DNDEBUG  -MMD -MF apps/lib/libapps-lib-s_socket.d.tmp -MT apps/lib/libapps-lib-s_socket.o -c -o apps/lib/libapps-lib-s_socket.o apps/lib/s_socket.c
[INFO] [stderr]   cc  -I. -Iinclude -Iapps/include  -fPIC -pthread -m64 -Wa,--noexecstack -Wall -O3 -O2 -ffunction-sections -fdata-sections -fPIC -gdwarf-4 -fno-omit-frame-pointer -m64 -DOPENSSL_USE_NODELETE -DL_ENDIAN -DOPENSSL_PIC -DOPENSSLDIR="\"/usr/local/ssl\"" -DENGINESDIR="\"/opt/rustwide/target/debug/build/openssl-sys-d0e18e1e20f75b71/out/openssl-build/install/lib/engines-3\"" -DMODULESDIR="\"/opt/rustwide/target/debug/build/openssl-sys-d0e18e1e20f75b71/out/openssl-build/install/lib/ossl-modules\"" -DOPENSSL_BUILDING_OPENSSL -DNDEBUG  -MMD -MF apps/lib/libapps-lib-tlssrp_depr.d.tmp -MT apps/lib/libapps-lib-tlssrp_depr.o -c -o apps/lib/libapps-lib-tlssrp_depr.o apps/lib/tlssrp_depr.c
[INFO] [stderr]   make[1]: Leaving directory '/opt/rustwide/target/debug/build/openssl-sys-d0e18e1e20f75b71/out/openssl-build/build/src'
[INFO] [stderr] 
[INFO] [stderr]   --- stderr
[INFO] [stderr]   apps/lib/engine.c:193:1: fatal error: closing dependency file apps/lib/libapps-lib-engine.d.tmp: No space left on device
[INFO] [stderr]     193 | }
[INFO] [stderr]         | ^
[INFO] [stderr]   compilation terminated.
[INFO] [stderr]   make[1]: *** [Makefile:3897: apps/lib/libapps-lib-engine.o] Error 1
[INFO] [stderr]   make[1]: *** Waiting for unfinished jobs....
[INFO] [stderr]   apps/lib/tlssrp_depr.c:231:1: fatal error: error writing to /tmp/cc709AnT.s: No space left on device
[INFO] [stderr]     231 | }
[INFO] [stderr]         | ^
[INFO] [stderr]   compilation terminated.
[INFO] [stderr]   make[1]: *** [Makefile:3969: apps/lib/libapps-lib-tlssrp_depr.o] Error 1
[INFO] [stderr]   apps/lib/s_socket.c:486:1: fatal error: error writing to /tmp/ccFKcldh.s: No space left on device
[INFO] [stderr]     486 | }
[INFO] [stderr]         | ^
[INFO] [stderr]   compilation terminated.
[INFO] [stderr]   make[1]: *** [Makefile:3961: apps/lib/libapps-lib-s_socket.o] Error 1
[INFO] [stderr]   apps/lib/s_cb.c:1658:1: fatal error: error writing to /tmp/cchO2826.s: No space left on device
[INFO] [stderr]    1658 | }
[INFO] [stderr]         | ^
[INFO] [stderr]   compilation terminated.
[INFO] [stderr]   make[1]: *** [Makefile:3953: apps/lib/libapps-lib-s_cb.o] Error 1
[INFO] [stderr]   apps/lib/http_server.c:543:1: fatal error: error writing to /tmp/cc3uFq6J.s: No space left on device
[INFO] [stderr]     543 | }
[INFO] [stderr]         | ^
[INFO] [stderr]   compilation terminated.
[INFO] [stderr]   make[1]: *** [Makefile:3921: apps/lib/libapps-lib-http_server.o] Error 1
[INFO] [stderr]   apps/lib/apps.c:3443:1: fatal error: error writing to /tmp/ccTWDEZh.s: No space left on device
[INFO] [stderr]    3443 | }
[INFO] [stderr]         | ^
[INFO] [stderr]   compilation terminated.
[INFO] [stderr]   make[1]: *** [Makefile:3865: apps/lib/libapps-lib-apps.o] Error 1
[INFO] [stderr]   make: *** [Makefile:2339: build_libs] Error 2
[INFO] [stderr]   thread 'main' panicked at /opt/rustwide/cargo-home/registry/src/index.crates.io-6f17d22bba15001f/openssl-src-300.3.1+3.3.1/src/lib.rs:621:9:
[INFO] [stderr] 
[INFO] [stderr] 
[INFO] [stderr] 
[INFO] [stderr]   Error building OpenSSL:
[INFO] [stderr]       Command: cd "/opt/rustwide/target/debug/build/openssl-sys-d0e18e1e20f75b71/out/openssl-build/build/src" && MAKEFLAGS="-j --jobserver-fds=8,9 --jobserver-auth=8,9" "make" "build_libs"
[INFO] [stderr]       Exit status: exit status: 2
[INFO] [stderr] 
[INFO] [stderr] 
[INFO] [stderr]       
[INFO] [stderr]   stack backtrace:
[INFO] [stderr]      0:     0x59814265100a - std::backtrace_rs::backtrace::libunwind::trace::h8810477743020387
[INFO] [stderr]                                  at /rustc/202008a1b8de96d2e5b6bc02d379db03a877d34d/library/std/src/../../backtrace/src/backtrace/libunwind.rs:116:5
[INFO] [stderr]      1:     0x59814265100a - std::backtrace_rs::backtrace::trace_unsynchronized::h3aa55355dd6c54a6
[INFO] [stderr]                                  at /rustc/202008a1b8de96d2e5b6bc02d379db03a877d34d/library/std/src/../../backtrace/src/backtrace/mod.rs:66:5
[INFO] [stderr]      2:     0x59814265100a - std::sys::backtrace::_print_fmt::h8588b0f62410823f
[INFO] [stderr]                                  at /rustc/202008a1b8de96d2e5b6bc02d379db03a877d34d/library/std/src/sys/backtrace.rs:66:9
[INFO] [stderr]      3:     0x59814265100a - <std::sys::backtrace::BacktraceLock::print::DisplayBacktrace as core::fmt::Display>::fmt::h98c26ac25ffe89bb
[INFO] [stderr]                                  at /rustc/202008a1b8de96d2e5b6bc02d379db03a877d34d/library/std/src/sys/backtrace.rs:39:26
[INFO] [stderr]      4:     0x598142675d63 - core::fmt::rt::Argument::fmt::hf95377f4aebd453b
[INFO] [stderr]                                  at /rustc/202008a1b8de96d2e5b6bc02d379db03a877d34d/library/core/src/fmt/rt.rs:177:76
[INFO] [stderr]      5:     0x598142675d63 - core::fmt::write::h0dd5f6e2238c7982
[INFO] [stderr]                                  at /rustc/202008a1b8de96d2e5b6bc02d379db03a877d34d/library/core/src/fmt/mod.rs:1189:21
[INFO] [stderr]      6:     0x59814264d233 - std::io::Write::write_fmt::hc00bff0a88e08857
[INFO] [stderr]                                  at /rustc/202008a1b8de96d2e5b6bc02d379db03a877d34d/library/std/src/io/mod.rs:1884:15
[INFO] [stderr]      7:     0x598142650e52 - std::sys::backtrace::BacktraceLock::print::h5c19c1c038ee186d
[INFO] [stderr]                                  at /rustc/202008a1b8de96d2e5b6bc02d379db03a877d34d/library/std/src/sys/backtrace.rs:42:9
[INFO] [stderr]      8:     0x59814265264c - std::panicking::default_hook::{{closure}}::h77172f079a1fcb13
[INFO] [stderr]                                  at /rustc/202008a1b8de96d2e5b6bc02d379db03a877d34d/library/std/src/panicking.rs:268:22
[INFO] [stderr]      9:     0x598142652492 - std::panicking::default_hook::he5f8e3b203ccddba
[INFO] [stderr]                                  at /rustc/202008a1b8de96d2e5b6bc02d379db03a877d34d/library/std/src/panicking.rs:295:9
[INFO] [stderr]     10:     0x598142652c27 - std::panicking::rust_panic_with_hook::h53863d4e9018df39
[INFO] [stderr]                                  at /rustc/202008a1b8de96d2e5b6bc02d379db03a877d34d/library/std/src/panicking.rs:801:13
[INFO] [stderr]     11:     0x598142652aba - std::panicking::begin_panic_handler::{{closure}}::h67280e6fa0757873
[INFO] [stderr]                                  at /rustc/202008a1b8de96d2e5b6bc02d379db03a877d34d/library/std/src/panicking.rs:674:13
[INFO] [stderr]     12:     0x5981426514e9 - std::sys::backtrace::__rust_end_short_backtrace::h1dac3f54d6fbbeb2
[INFO] [stderr]                                  at /rustc/202008a1b8de96d2e5b6bc02d379db03a877d34d/library/std/src/sys/backtrace.rs:170:18
[INFO] [stderr]     13:     0x59814265274c - rust_begin_unwind
[INFO] [stderr]                                  at /rustc/202008a1b8de96d2e5b6bc02d379db03a877d34d/library/std/src/panicking.rs:665:5
[INFO] [stderr]     14:     0x59814253f690 - core::panicking::panic_fmt::h6792bd1b2bf01041
[INFO] [stderr]                                  at /rustc/202008a1b8de96d2e5b6bc02d379db03a877d34d/library/core/src/panicking.rs:76:14
[INFO] [stderr]     15:     0x5981425c09af - openssl_src::Build::run_command::hd7d5d83e35b00734
[INFO] [stderr]     16:     0x5981425bf87f - openssl_src::Build::build::h3bb347fe7024f164
[INFO] [stderr]     17:     0x598142544833 - build_script_main::find_vendored::get_openssl::he5f36b6e5c615574
[INFO] [stderr]     18:     0x598142545fe8 - build_script_main::find_openssl::h436188028cf1de6b
[INFO] [stderr]     19:     0x5981425461e1 - build_script_main::main::h4fbb78162f1288f3
[INFO] [stderr]     20:     0x59814254d9e3 - core::ops::function::FnOnce::call_once::h01236bbf0c4e9f3d
[INFO] [stderr]     21:     0x59814254cdb6 - std::sys::backtrace::__rust_begin_short_backtrace::h106687e2854dee1c
[INFO] [stderr]     22:     0x598142540449 - std::rt::lang_start::{{closure}}::h9d76bbd91b28d308
[INFO] [stderr]     23:     0x598142649777 - core::ops::function::impls::<impl core::ops::function::FnOnce<A> for &F>::call_once::hba2470d01d3f5e41
[INFO] [stderr]                                  at /rustc/202008a1b8de96d2e5b6bc02d379db03a877d34d/library/core/src/ops/function.rs:284:13
[INFO] [stderr]     24:     0x598142649777 - std::panicking::try::do_call::hc063fb73159aab72
[INFO] [stderr]                                  at /rustc/202008a1b8de96d2e5b6bc02d379db03a877d34d/library/std/src/panicking.rs:557:40
[INFO] [stderr]     25:     0x598142649777 - std::panicking::try::h2767c6d245d3a3bb
[INFO] [stderr]                                  at /rustc/202008a1b8de96d2e5b6bc02d379db03a877d34d/library/std/src/panicking.rs:520:19
[INFO] [stderr]     26:     0x598142649777 - std::panic::catch_unwind::h061c6ef75790da63
[INFO] [stderr]                                  at /rustc/202008a1b8de96d2e5b6bc02d379db03a877d34d/library/std/src/panic.rs:358:14
[INFO] [stderr]     27:     0x598142649777 - std::rt::lang_start_internal::{{closure}}::h5c5e35b11a4b8c4e
[INFO] [stderr]                                  at /rustc/202008a1b8de96d2e5b6bc02d379db03a877d34d/library/std/src/rt.rs:174:48
[INFO] [stderr]     28:     0x598142649777 - std::panicking::try::do_call::h705e99690a8109cc
[INFO] [stderr]                                  at /rustc/202008a1b8de96d2e5b6bc02d379db03a877d34d/library/std/src/panicking.rs:557:40
[INFO] [stderr]     29:     0x598142649777 - std::panicking::try::he5f4452754ed9a34
[INFO] [stderr]                                  at /rustc/202008a1b8de96d2e5b6bc02d379db03a877d34d/library/std/src/panicking.rs:520:19
[INFO] [stderr]     30:     0x598142649777 - std::panic::catch_unwind::h5db61b3bcbe883e5
[INFO] [stderr]                                  at /rustc/202008a1b8de96d2e5b6bc02d379db03a877d34d/library/std/src/panic.rs:358:14
[INFO] [stderr]     31:     0x598142649777 - std::rt::lang_start_internal::h81da9b59bab665c6
[INFO] [stderr]                                  at /rustc/202008a1b8de96d2e5b6bc02d379db03a877d34d/library/std/src/rt.rs:174:20
[INFO] [stderr]     32:     0x598142540427 - std::rt::lang_start::he5afb157754447d7
[INFO] [stderr]     33:     0x59814254a5d5 - main
[INFO] [stderr]     34:     0x73bd88e20d90 - <unknown>
[INFO] [stderr]     35:     0x73bd88e20e40 - __libc_start_main
[INFO] [stderr]     36:     0x59814253fd85 - _start
[INFO] [stderr]     37:                0x0 - <unknown>
[INFO] running `Command { std: "docker" "inspect" "de7307b8c029bd05ab69601cf41065ab069986b484fb382e04f9f6af88867604", kill_on_drop: false }`
[INFO] running `Command { std: "docker" "rm" "-f" "de7307b8c029bd05ab69601cf41065ab069986b484fb382e04f9f6af88867604", kill_on_drop: false }`
[INFO] [stdout] de7307b8c029bd05ab69601cf41065ab069986b484fb382e04f9f6af88867604
