[INFO] cloning repository https://github.com/javiorfo/rust-keycloak
[INFO] running `Command { std: "git" "-c" "credential.helper=" "-c" "credential.helper=/workspace/cargo-home/bin/git-credential-null" "clone" "--bare" "https://github.com/javiorfo/rust-keycloak" "/workspace/cache/git-repos/https%3A%2F%2Fgithub.com%2Fjaviorfo%2Frust-keycloak", kill_on_drop: false }`
[INFO] [stderr] Cloning into bare repository '/workspace/cache/git-repos/https%3A%2F%2Fgithub.com%2Fjaviorfo%2Frust-keycloak'...
[INFO] running `Command { std: "git" "rev-parse" "HEAD", kill_on_drop: false }`
[INFO] [stdout] 2c5680aafafb0e9078f1c219936e2d4484746b6f
[INFO] testing javiorfo/rust-keycloak against beta-2024-12-08 for beta-1.84.0-4-retry
[INFO] running `Command { std: "git" "clone" "/workspace/cache/git-repos/https%3A%2F%2Fgithub.com%2Fjaviorfo%2Frust-keycloak" "/workspace/builds/worker-2-tc2/source", kill_on_drop: false }`
[INFO] [stderr] Cloning into '/workspace/builds/worker-2-tc2/source'...
[INFO] [stderr] done.
[INFO] validating manifest of git repo https://github.com/javiorfo/rust-keycloak on toolchain beta-2024-12-08
[INFO] running `Command { std: CARGO_HOME="/workspace/cargo-home" RUSTUP_HOME="/workspace/rustup-home" "/workspace/cargo-home/bin/cargo" "+beta-2024-12-08" "metadata" "--manifest-path" "Cargo.toml" "--no-deps", kill_on_drop: false }`
[INFO] started tweaking git repo https://github.com/javiorfo/rust-keycloak
[INFO] finished tweaking git repo https://github.com/javiorfo/rust-keycloak
[INFO] tweaked toml for git repo https://github.com/javiorfo/rust-keycloak written to /workspace/builds/worker-2-tc2/source/Cargo.toml
[INFO] crate git repo https://github.com/javiorfo/rust-keycloak already has a lockfile, it will not be regenerated
[INFO] running `Command { std: CARGO_HOME="/workspace/cargo-home" RUSTUP_HOME="/workspace/rustup-home" "/workspace/cargo-home/bin/cargo" "+beta-2024-12-08" "fetch" "--manifest-path" "Cargo.toml", kill_on_drop: false }`
[INFO] running `Command { std: "docker" "create" "-v" "/var/lib/crater-agent-workspace/builds/worker-2-tc2/target:/opt/rustwide/target:rw,Z" "-v" "/var/lib/crater-agent-workspace/builds/worker-2-tc2/source:/opt/rustwide/workdir:ro,Z" "-v" "/var/lib/crater-agent-workspace/cargo-home:/opt/rustwide/cargo-home:ro,Z" "-v" "/var/lib/crater-agent-workspace/rustup-home:/opt/rustwide/rustup-home:ro,Z" "-e" "SOURCE_DIR=/opt/rustwide/workdir" "-e" "CARGO_TARGET_DIR=/opt/rustwide/target" "-e" "CARGO_HOME=/opt/rustwide/cargo-home" "-e" "RUSTUP_HOME=/opt/rustwide/rustup-home" "-w" "/opt/rustwide/workdir" "-m" "1610612736" "--user" "0:0" "--network" "none" "ghcr.io/rust-lang/crates-build-env/linux@sha256:f3a9d4ad9d972b27faf3965f35b62e55ba32bbce8f20bc8fe909558a86702fde" "/opt/rustwide/cargo-home/bin/cargo" "+beta-2024-12-08" "metadata" "--no-deps" "--format-version=1", kill_on_drop: false }`
[INFO] [stdout] d7d2a09903c5959a95f2cefedccf4499e90cf1300a8b24f8bd09a1ca4f3276eb
[INFO] running `Command { std: "docker" "start" "-a" "d7d2a09903c5959a95f2cefedccf4499e90cf1300a8b24f8bd09a1ca4f3276eb", kill_on_drop: false }`
[INFO] running `Command { std: "docker" "inspect" "d7d2a09903c5959a95f2cefedccf4499e90cf1300a8b24f8bd09a1ca4f3276eb", kill_on_drop: false }`
[INFO] running `Command { std: "docker" "rm" "-f" "d7d2a09903c5959a95f2cefedccf4499e90cf1300a8b24f8bd09a1ca4f3276eb", kill_on_drop: false }`
[INFO] [stdout] d7d2a09903c5959a95f2cefedccf4499e90cf1300a8b24f8bd09a1ca4f3276eb
[INFO] running `Command { std: "docker" "create" "-v" "/var/lib/crater-agent-workspace/builds/worker-2-tc2/target:/opt/rustwide/target:rw,Z" "-v" "/var/lib/crater-agent-workspace/builds/worker-2-tc2/source:/opt/rustwide/workdir:ro,Z" "-v" "/var/lib/crater-agent-workspace/cargo-home:/opt/rustwide/cargo-home:ro,Z" "-v" "/var/lib/crater-agent-workspace/rustup-home:/opt/rustwide/rustup-home:ro,Z" "-e" "SOURCE_DIR=/opt/rustwide/workdir" "-e" "CARGO_TARGET_DIR=/opt/rustwide/target" "-e" "CARGO_INCREMENTAL=0" "-e" "RUST_BACKTRACE=full" "-e" "RUSTFLAGS=--cap-lints=warn" "-e" "RUSTDOCFLAGS=--cap-lints=warn" "-e" "CARGO_HOME=/opt/rustwide/cargo-home" "-e" "RUSTUP_HOME=/opt/rustwide/rustup-home" "-w" "/opt/rustwide/workdir" "-m" "1610612736" "--user" "0:0" "--network" "none" "ghcr.io/rust-lang/crates-build-env/linux@sha256:f3a9d4ad9d972b27faf3965f35b62e55ba32bbce8f20bc8fe909558a86702fde" "/opt/rustwide/cargo-home/bin/cargo" "+beta-2024-12-08" "build" "--frozen" "--message-format=json", kill_on_drop: false }`
[INFO] [stdout] fba9192aefbeb9db373a83c4c71adb6aedf22e0a917ad829f5b2110c22f3f358
[INFO] running `Command { std: "docker" "start" "-a" "fba9192aefbeb9db373a83c4c71adb6aedf22e0a917ad829f5b2110c22f3f358", kill_on_drop: false }`
[INFO] [stderr]    Compiling libc v0.2.155
[INFO] [stderr]    Compiling once_cell v1.19.0
[INFO] [stderr]    Compiling cfg-if v1.0.0
[INFO] [stderr]    Compiling autocfg v1.3.0
[INFO] [stderr]    Compiling proc-macro2 v1.0.86
[INFO] [stderr]    Compiling unicode-ident v1.0.12
[INFO] [stderr]    Compiling pin-project-lite v0.2.14
[INFO] [stderr]    Compiling log v0.4.21
[INFO] [stderr]    Compiling pkg-config v0.3.30
[INFO] [stderr]    Compiling bytes v1.6.0
[INFO] [stderr]    Compiling version_check v0.9.4
[INFO] [stderr]    Compiling parking_lot_core v0.9.10
[INFO] [stderr]    Compiling itoa v1.0.11
[INFO] [stderr]    Compiling futures-core v0.3.30
[INFO] [stderr]    Compiling smallvec v1.13.2
[INFO] [stderr]    Compiling scopeguard v1.2.0
[INFO] [stderr]    Compiling vcpkg v0.2.15
[INFO] [stderr]    Compiling typenum v1.17.0
[INFO] [stderr]    Compiling fnv v1.0.7
[INFO] [stderr]    Compiling futures-sink v0.3.30
[INFO] [stderr]    Compiling bitflags v2.6.0
[INFO] [stderr]    Compiling serde v1.0.203
[INFO] [stderr]    Compiling futures-task v0.3.30
[INFO] [stderr]    Compiling pin-utils v0.1.0
[INFO] [stderr]    Compiling percent-encoding v2.3.1
[INFO] [stderr]    Compiling equivalent v1.0.1
[INFO] [stderr]    Compiling httparse v1.9.4
[INFO] [stderr]    Compiling futures-util v0.3.30
[INFO] [stderr]    Compiling tracing-core v0.1.32
[INFO] [stderr]    Compiling hashbrown v0.14.5
[INFO] [stderr]    Compiling memchr v2.7.4
[INFO] [stderr]    Compiling tinyvec_macros v0.1.1
[INFO] [stderr]    Compiling foreign-types-shared v0.1.1
[INFO] [stderr]    Compiling time-core v0.1.2
[INFO] [stderr]    Compiling paste v1.0.15
[INFO] [stderr]    Compiling generic-array v0.14.7
[INFO] [stderr]    Compiling openssl v0.10.64
[INFO] [stderr]    Compiling num-conv v0.1.0
[INFO] [stderr]    Compiling lock_api v0.4.12
[INFO] [stderr]    Compiling slab v0.4.9
[INFO] [stderr]    Compiling num-traits v0.2.19
[INFO] [stderr]    Compiling http v0.2.12
[INFO] [stderr]    Compiling powerfmt v0.2.0
[INFO] [stderr]    Compiling deranged v0.3.11
[INFO] [stderr]    Compiling time-macros v0.2.18
[INFO] [stderr]    Compiling tinyvec v1.6.1
[INFO] [stderr]    Compiling foreign-types v0.3.2
[INFO] [stderr]    Compiling tracing v0.1.40
[INFO] [stderr]    Compiling ryu v1.0.18
[INFO] [stderr]    Compiling local-waker v0.1.4
[INFO] [stderr]    Compiling alloc-no-stdlib v2.0.4
[INFO] [stderr]    Compiling native-tls v0.2.12
[INFO] [stderr]    Compiling httpdate v1.0.3
[INFO] [stderr]    Compiling serde_json v1.0.118
[INFO] [stderr]    Compiling zstd-safe v7.1.0
[INFO] [stderr]    Compiling alloc-stdlib v0.2.2
[INFO] [stderr]    Compiling aho-corasick v1.1.3
[INFO] [stderr]    Compiling ahash v0.8.11
[INFO] [stderr]    Compiling form_urlencoded v1.2.1
[INFO] [stderr]    Compiling adler v1.0.2
[INFO] [stderr]    Compiling unicode-normalization v0.1.23
[INFO] [stderr]    Compiling try-lock v0.2.5
[INFO] [stderr]    Compiling regex-syntax v0.8.4
[INFO] [stderr]    Compiling quote v1.0.36
[INFO] [stderr]    Compiling indexmap v2.2.6
[INFO] [stderr]    Compiling syn v2.0.68
[INFO] [stderr]    Compiling jobserver v0.1.31
[INFO] [stderr]    Compiling signal-hook-registry v1.4.2
[INFO] [stderr]    Compiling mio v0.8.11
[INFO] [stderr]    Compiling socket2 v0.5.7
[INFO] [stderr]    Compiling getrandom v0.2.15
[INFO] [stderr]    Compiling cc v1.0.101
[INFO] [stderr]    Compiling parking_lot v0.12.3
[INFO] [stderr]    Compiling rand_core v0.6.4
[INFO] [stderr]    Compiling ppv-lite86 v0.2.17
[INFO] [stderr]    Compiling regex-lite v0.1.6
[INFO] [stderr]    Compiling unicode-bidi v0.3.15
[INFO] [stderr]    Compiling tokio v1.38.0
[INFO] [stderr]    Compiling thiserror v1.0.61
[INFO] [stderr]    Compiling openssl-probe v0.1.5
[INFO] [stderr]    Compiling actix-service v2.0.2
[INFO] [stderr]    Compiling rand_chacha v0.3.1
[INFO] [stderr]    Compiling num-integer v0.1.46
[INFO] [stderr]    Compiling time v0.3.36
[INFO] [stderr]    Compiling crypto-common v0.1.6
[INFO] [stderr]    Compiling block-buffer v0.10.4
[INFO] [stderr]    Compiling bytestring v1.3.1
[INFO] [stderr]    Compiling want v0.3.1
[INFO] [stderr]    Compiling digest v0.10.7
[INFO] [stderr]    Compiling miniz_oxide v0.7.4
[INFO] [stderr]    Compiling http-body v0.4.6
[INFO] [stderr]    Compiling brotli-decompressor v4.0.1
[INFO] [stderr]    Compiling idna v0.5.0
[INFO] [stderr]    Compiling actix-utils v3.0.1
[INFO] [stderr]    Compiling cookie v0.16.2
[INFO] [stderr]    Compiling futures-channel v0.3.30
[INFO] [stderr]    Compiling encoding_rs v0.8.34
[INFO] [stderr]    Compiling crc32fast v1.4.2
[INFO] [stderr]    Compiling cpufeatures v0.2.12
[INFO] [stderr]    Compiling mime v0.3.17
[INFO] [stderr]    Compiling tower-service v0.3.2
[INFO] [stderr]    Compiling convert_case v0.4.0
[INFO] [stderr]    Compiling zerocopy v0.7.34
[INFO] [stderr]    Compiling base64 v0.21.7
[INFO] [stderr]    Compiling flate2 v1.0.30
[INFO] [stderr]    Compiling sha1 v0.10.6
[INFO] [stderr]    Compiling regex-automata v0.4.7
[INFO] [stderr]    Compiling url v2.5.2
[INFO] [stderr]    Compiling num-bigint v0.4.5
[INFO] [stderr]    Compiling openssl-sys v0.9.102
[INFO] [stderr]    Compiling zstd-sys v2.0.11+zstd.1.5.6
[INFO] [stderr]    Compiling ring v0.16.20
[INFO] [stderr]    Compiling rand v0.8.5
[INFO] [stderr]    Compiling local-channel v0.1.5
[INFO] [stderr]    Compiling brotli v6.0.0
[INFO] [stderr]    Compiling spin v0.5.2
[INFO] [stderr]    Compiling untrusted v0.7.1
[INFO] [stderr]    Compiling language-tags v0.3.2
[INFO] [stderr]    Compiling base64 v0.22.1
[INFO] [stderr]    Compiling base64 v0.13.1
[INFO] [stdout] error: failed to build archive at `/opt/rustwide/target/debug/deps/liburl-ea0bb14f280cc105.rlib`: No space left on device (os error 28)
[INFO] [stdout] 
[INFO] [stdout] 
[INFO] [stderr] error: failed to run custom build command for `ring v0.16.20`
[INFO] [stderr] note: To improve backtraces for build dependencies, set the CARGO_PROFILE_DEV_BUILD_OVERRIDE_DEBUG=true environment variable to enable debug information generation.
[INFO] [stderr] 
[INFO] [stderr] Caused by:
[INFO] [stderr]   process didn't exit successfully: `/opt/rustwide/target/debug/build/ring-92e433197fa6294b/build-script-build` (exit status: 101)
[INFO] [stderr]   --- stdout
[INFO] [stderr]   OPT_LEVEL = Some(0)
[INFO] [stderr]   TARGET = Some(x86_64-unknown-linux-gnu)
[INFO] [stderr]   OUT_DIR = Some(/opt/rustwide/target/debug/build/ring-22d58ca0a42d989c/out)
[INFO] [stderr]   HOST = Some(x86_64-unknown-linux-gnu)
[INFO] [stderr]   cargo:rerun-if-env-changed=CC_x86_64-unknown-linux-gnu
[INFO] [stderr]   CC_x86_64-unknown-linux-gnu = None
[INFO] [stderr]   cargo:rerun-if-env-changed=CC_x86_64_unknown_linux_gnu
[INFO] [stderr]   CC_x86_64_unknown_linux_gnu = None
[INFO] [stderr]   cargo:rerun-if-env-changed=HOST_CC
[INFO] [stderr]   HOST_CC = None
[INFO] [stderr]   cargo:rerun-if-env-changed=CC
[INFO] [stderr]   CC = None
[INFO] [stderr]   cargo:rerun-if-env-changed=CC_ENABLE_DEBUG_OUTPUT
[INFO] [stderr]   RUSTC_WRAPPER = None
[INFO] [stderr]   cargo:rerun-if-env-changed=CRATE_CC_NO_DEFAULTS
[INFO] [stderr]   CRATE_CC_NO_DEFAULTS = None
[INFO] [stderr]   DEBUG = Some(true)
[INFO] [stderr]   CARGO_CFG_TARGET_FEATURE = Some(fxsr,sse,sse2)
[INFO] [stderr]   cargo:rerun-if-env-changed=CFLAGS_x86_64-unknown-linux-gnu
[INFO] [stderr]   CFLAGS_x86_64-unknown-linux-gnu = None
[INFO] [stderr]   cargo:rerun-if-env-changed=CFLAGS_x86_64_unknown_linux_gnu
[INFO] [stderr]   CFLAGS_x86_64_unknown_linux_gnu = None
[INFO] [stderr]   cargo:rerun-if-env-changed=HOST_CFLAGS
[INFO] [stderr]   HOST_CFLAGS = None
[INFO] [stderr]   cargo:rerun-if-env-changed=CFLAGS
[INFO] [stderr]   CFLAGS = None
[INFO] [stderr]   OPT_LEVEL = Some(0)
[INFO] [stderr]   TARGET = Some(x86_64-unknown-linux-gnu)
[INFO] [stderr]   OUT_DIR = Some(/opt/rustwide/target/debug/build/ring-22d58ca0a42d989c/out)
[INFO] [stderr]   HOST = Some(x86_64-unknown-linux-gnu)
[INFO] [stderr]   cargo:rerun-if-env-changed=CC_x86_64-unknown-linux-gnu
[INFO] [stderr]   CC_x86_64-unknown-linux-gnu = None
[INFO] [stderr]   cargo:rerun-if-env-changed=CC_x86_64_unknown_linux_gnu
[INFO] [stderr]   CC_x86_64_unknown_linux_gnu = None
[INFO] [stderr]   cargo:rerun-if-env-changed=HOST_CC
[INFO] [stderr]   HOST_CC = None
[INFO] [stderr]   cargo:rerun-if-env-changed=CC
[INFO] [stderr]   CC = None
[INFO] [stderr]   cargo:rerun-if-env-changed=CC_ENABLE_DEBUG_OUTPUT
[INFO] [stderr]   RUSTC_WRAPPER = None
[INFO] [stderr]   cargo:rerun-if-env-changed=CRATE_CC_NO_DEFAULTS
[INFO] [stderr]   CRATE_CC_NO_DEFAULTS = None
[INFO] [stderr]   DEBUG = Some(true)
[INFO] [stderr]   CARGO_CFG_TARGET_FEATURE = Some(fxsr,sse,sse2)
[INFO] [stderr]   cargo:rerun-if-env-changed=CFLAGS_x86_64-unknown-linux-gnu
[INFO] [stderr]   CFLAGS_x86_64-unknown-linux-gnu = None
[INFO] [stderr]   cargo:rerun-if-env-changed=CFLAGS_x86_64_unknown_linux_gnu
[INFO] [stderr]   CFLAGS_x86_64_unknown_linux_gnu = None
[INFO] [stderr]   cargo:rerun-if-env-changed=HOST_CFLAGS
[INFO] [stderr]   HOST_CFLAGS = None
[INFO] [stderr]   cargo:rerun-if-env-changed=CFLAGS
[INFO] [stderr]   CFLAGS = None
[INFO] [stderr]   OPT_LEVEL = Some(0)
[INFO] [stderr]   TARGET = Some(x86_64-unknown-linux-gnu)
[INFO] [stderr]   OUT_DIR = Some(/opt/rustwide/target/debug/build/ring-22d58ca0a42d989c/out)
[INFO] [stderr]   HOST = Some(x86_64-unknown-linux-gnu)
[INFO] [stderr]   cargo:rerun-if-env-changed=CC_x86_64-unknown-linux-gnu
[INFO] [stderr]   CC_x86_64-unknown-linux-gnu = None
[INFO] [stderr]   cargo:rerun-if-env-changed=CC_x86_64_unknown_linux_gnu
[INFO] [stderr]   CC_x86_64_unknown_linux_gnu = None
[INFO] [stderr]   cargo:rerun-if-env-changed=HOST_CC
[INFO] [stderr]   HOST_CC = None
[INFO] [stderr]   cargo:rerun-if-env-changed=CC
[INFO] [stderr]   CC = None
[INFO] [stderr]   cargo:rerun-if-env-changed=CC_ENABLE_DEBUG_OUTPUT
[INFO] [stderr]   RUSTC_WRAPPER = None
[INFO] [stderr]   cargo:rerun-if-env-changed=CRATE_CC_NO_DEFAULTS
[INFO] [stderr]   CRATE_CC_NO_DEFAULTS = None
[INFO] [stderr]   DEBUG = Some(true)
[INFO] [stderr]   CARGO_CFG_TARGET_FEATURE = Some(fxsr,sse,sse2)
[INFO] [stderr]   cargo:rerun-if-env-changed=CFLAGS_x86_64-unknown-linux-gnu
[INFO] [stderr]   CFLAGS_x86_64-unknown-linux-gnu = None
[INFO] [stderr]   cargo:rerun-if-env-changed=CFLAGS_x86_64_unknown_linux_gnu
[INFO] [stderr]   CFLAGS_x86_64_unknown_linux_gnu = None
[INFO] [stderr]   cargo:rerun-if-env-changed=HOST_CFLAGS
[INFO] [stderr]   HOST_CFLAGS = None
[INFO] [stderr]   cargo:rerun-if-env-changed=CFLAGS
[INFO] [stderr]   CFLAGS = None
[INFO] [stderr]   OPT_LEVEL = Some(0)
[INFO] [stderr]   TARGET = Some(x86_64-unknown-linux-gnu)
[INFO] [stderr]   OUT_DIR = Some(/opt/rustwide/target/debug/build/ring-22d58ca0a42d989c/out)
[INFO] [stderr]   HOST = Some(x86_64-unknown-linux-gnu)
[INFO] [stderr]   cargo:rerun-if-env-changed=CC_x86_64-unknown-linux-gnu
[INFO] [stderr]   CC_x86_64-unknown-linux-gnu = None
[INFO] [stderr]   cargo:rerun-if-env-changed=CC_x86_64_unknown_linux_gnu
[INFO] [stderr]   CC_x86_64_unknown_linux_gnu = None
[INFO] [stderr]   cargo:rerun-if-env-changed=HOST_CC
[INFO] [stderr]   HOST_CC = None
[INFO] [stderr]   cargo:rerun-if-env-changed=CC
[INFO] [stderr]   CC = None
[INFO] [stderr]   cargo:rerun-if-env-changed=CC_ENABLE_DEBUG_OUTPUT
[INFO] [stderr]   RUSTC_WRAPPER = None
[INFO] [stderr]   cargo:rerun-if-env-changed=CRATE_CC_NO_DEFAULTS
[INFO] [stderr]   CRATE_CC_NO_DEFAULTS = None
[INFO] [stderr]   DEBUG = Some(true)
[INFO] [stderr]   CARGO_CFG_TARGET_FEATURE = Some(fxsr,sse,sse2)
[INFO] [stderr]   cargo:rerun-if-env-changed=CFLAGS_x86_64-unknown-linux-gnu
[INFO] [stderr]   CFLAGS_x86_64-unknown-linux-gnu = None
[INFO] [stderr]   cargo:rerun-if-env-changed=CFLAGS_x86_64_unknown_linux_gnu
[INFO] [stderr]   CFLAGS_x86_64_unknown_linux_gnu = None
[INFO] [stderr]   cargo:rerun-if-env-changed=HOST_CFLAGS
[INFO] [stderr]   HOST_CFLAGS = None
[INFO] [stderr]   cargo:rerun-if-env-changed=CFLAGS
[INFO] [stderr]   CFLAGS = None
[INFO] [stderr]   OPT_LEVEL = Some(0)
[INFO] [stderr]   TARGET = Some(x86_64-unknown-linux-gnu)
[INFO] [stderr]   OUT_DIR = Some(/opt/rustwide/target/debug/build/ring-22d58ca0a42d989c/out)
[INFO] [stderr]   HOST = Some(x86_64-unknown-linux-gnu)
[INFO] [stderr]   cargo:rerun-if-env-changed=CC_x86_64-unknown-linux-gnu
[INFO] [stderr]   CC_x86_64-unknown-linux-gnu = None
[INFO] [stderr]   cargo:rerun-if-env-changed=CC_x86_64_unknown_linux_gnu
[INFO] [stderr]   CC_x86_64_unknown_linux_gnu = None
[INFO] [stderr]   cargo:rerun-if-env-changed=HOST_CC
[INFO] [stderr]   HOST_CC = None
[INFO] [stderr]   cargo:rerun-if-env-changed=CC
[INFO] [stderr]   CC = None
[INFO] [stderr]   cargo:rerun-if-env-changed=CC_ENABLE_DEBUG_OUTPUT
[INFO] [stderr]   RUSTC_WRAPPER = None
[INFO] [stderr]   cargo:rerun-if-env-changed=CRATE_CC_NO_DEFAULTS
[INFO] [stderr]   CRATE_CC_NO_DEFAULTS = None
[INFO] [stderr]   DEBUG = Some(true)
[INFO] [stderr]   CARGO_CFG_TARGET_FEATURE = Some(fxsr,sse,sse2)
[INFO] [stderr]   cargo:rerun-if-env-changed=CFLAGS_x86_64-unknown-linux-gnu
[INFO] [stderr]   CFLAGS_x86_64-unknown-linux-gnu = None
[INFO] [stderr]   cargo:rerun-if-env-changed=CFLAGS_x86_64_unknown_linux_gnu
[INFO] [stderr]   CFLAGS_x86_64_unknown_linux_gnu = None
[INFO] [stderr]   cargo:rerun-if-env-changed=HOST_CFLAGS
[INFO] [stderr]   HOST_CFLAGS = None
[INFO] [stderr]   cargo:rerun-if-env-changed=CFLAGS
[INFO] [stderr]   CFLAGS = None
[INFO] [stderr] 
[INFO] [stderr]   --- stderr
[INFO] [stderr]   running "cc" "-O0" "-ffunction-sections" "-fdata-sections" "-fPIC" "-gdwarf-4" "-fno-omit-frame-pointer" "-m64" "-I" "include" "-Wall" "-Wextra" "-pedantic" "-pedantic-errors" "-Wall" "-Wextra" "-Wcast-align" "-Wcast-qual" "-Wconversion" "-Wenum-compare" "-Wfloat-equal" "-Wformat=2" "-Winline" "-Winvalid-pch" "-Wmissing-field-initializers" "-Wmissing-include-dirs" "-Wredundant-decls" "-Wshadow" "-Wsign-compare" "-Wsign-conversion" "-Wundef" "-Wuninitialized" "-Wwrite-strings" "-fno-strict-aliasing" "-fvisibility=hidden" "-fstack-protector" "-g3" "-DNDEBUG" "-c" "-o/opt/rustwide/target/debug/build/ring-22d58ca0a42d989c/out/aesni-x86_64-elf.o" "/opt/rustwide/cargo-home/registry/src/index.crates.io-6f17d22bba15001f/ring-0.16.20/pregenerated/aesni-x86_64-elf.S"
[INFO] [stderr]   running "cc" "-O0" "-ffunction-sections" "-fdata-sections" "-fPIC" "-gdwarf-4" "-fno-omit-frame-pointer" "-m64" "-I" "include" "-Wall" "-Wextra" "-pedantic" "-pedantic-errors" "-Wall" "-Wextra" "-Wcast-align" "-Wcast-qual" "-Wconversion" "-Wenum-compare" "-Wfloat-equal" "-Wformat=2" "-Winline" "-Winvalid-pch" "-Wmissing-field-initializers" "-Wmissing-include-dirs" "-Wredundant-decls" "-Wshadow" "-Wsign-compare" "-Wsign-conversion" "-Wundef" "-Wuninitialized" "-Wwrite-strings" "-fno-strict-aliasing" "-fvisibility=hidden" "-fstack-protector" "-g3" "-DNDEBUG" "-c" "-o/opt/rustwide/target/debug/build/ring-22d58ca0a42d989c/out/vpaes-x86_64-elf.o" "/opt/rustwide/cargo-home/registry/src/index.crates.io-6f17d22bba15001f/ring-0.16.20/pregenerated/vpaes-x86_64-elf.S"
[INFO] [stderr]   running "cc" "-O0" "-ffunction-sections" "-fdata-sections" "-fPIC" "-gdwarf-4" "-fno-omit-frame-pointer" "-m64" "-I" "include" "-Wall" "-Wextra" "-pedantic" "-pedantic-errors" "-Wall" "-Wextra" "-Wcast-align" "-Wcast-qual" "-Wconversion" "-Wenum-compare" "-Wfloat-equal" "-Wformat=2" "-Winline" "-Winvalid-pch" "-Wmissing-field-initializers" "-Wmissing-include-dirs" "-Wredundant-decls" "-Wshadow" "-Wsign-compare" "-Wsign-conversion" "-Wundef" "-Wuninitialized" "-Wwrite-strings" "-fno-strict-aliasing" "-fvisibility=hidden" "-fstack-protector" "-g3" "-DNDEBUG" "-c" "-o/opt/rustwide/target/debug/build/ring-22d58ca0a42d989c/out/x86_64-mont-elf.o" "/opt/rustwide/cargo-home/registry/src/index.crates.io-6f17d22bba15001f/ring-0.16.20/pregenerated/x86_64-mont-elf.S"
[INFO] [stderr]   running "cc" "-O0" "-ffunction-sections" "-fdata-sections" "-fPIC" "-gdwarf-4" "-fno-omit-frame-pointer" "-m64" "-I" "include" "-Wall" "-Wextra" "-pedantic" "-pedantic-errors" "-Wall" "-Wextra" "-Wcast-align" "-Wcast-qual" "-Wconversion" "-Wenum-compare" "-Wfloat-equal" "-Wformat=2" "-Winline" "-Winvalid-pch" "-Wmissing-field-initializers" "-Wmissing-include-dirs" "-Wredundant-decls" "-Wshadow" "-Wsign-compare" "-Wsign-conversion" "-Wundef" "-Wuninitialized" "-Wwrite-strings" "-fno-strict-aliasing" "-fvisibility=hidden" "-fstack-protector" "-g3" "-DNDEBUG" "-c" "-o/opt/rustwide/target/debug/build/ring-22d58ca0a42d989c/out/x86_64-mont5-elf.o" "/opt/rustwide/cargo-home/registry/src/index.crates.io-6f17d22bba15001f/ring-0.16.20/pregenerated/x86_64-mont5-elf.S"
[INFO] [stderr]   running "cc" "-O0" "-ffunction-sections" "-fdata-sections" "-fPIC" "-gdwarf-4" "-fno-omit-frame-pointer" "-m64" "-I" "include" "-Wall" "-Wextra" "-pedantic" "-pedantic-errors" "-Wall" "-Wextra" "-Wcast-align" "-Wcast-qual" "-Wconversion" "-Wenum-compare" "-Wfloat-equal" "-Wformat=2" "-Winline" "-Winvalid-pch" "-Wmissing-field-initializers" "-Wmissing-include-dirs" "-Wredundant-decls" "-Wshadow" "-Wsign-compare" "-Wsign-conversion" "-Wundef" "-Wuninitialized" "-Wwrite-strings" "-fno-strict-aliasing" "-fvisibility=hidden" "-fstack-protector" "-g3" "-DNDEBUG" "-c" "-o/opt/rustwide/target/debug/build/ring-22d58ca0a42d989c/out/chacha-x86_64-elf.o" "/opt/rustwide/cargo-home/registry/src/index.crates.io-6f17d22bba15001f/ring-0.16.20/pregenerated/chacha-x86_64-elf.S"
[INFO] [stderr]   /opt/rustwide/cargo-home/registry/src/index.crates.io-6f17d22bba15001f/ring-0.16.20/pregenerated/chacha-x86_64-elf.S:1: fatal error: when writing output to /tmp/ccjRgkVh.s: No space left on device
[INFO] [stderr]       1 | # This file is generated from a similarly-named Perl script in the BoringSSL
[INFO] [stderr]         | 
[INFO] [stderr]   compilation terminated.
[INFO] [stderr]   thread 'main' panicked at /opt/rustwide/cargo-home/registry/src/index.crates.io-6f17d22bba15001f/ring-0.16.20/build.rs:656:9:
[INFO] [stderr]   execution failed
[INFO] [stderr]   stack backtrace:
[INFO] [stderr]      0:     0x5bad73d48a7a - std::backtrace_rs::backtrace::libunwind::trace::h8810477743020387
[INFO] [stderr]                                  at /rustc/202008a1b8de96d2e5b6bc02d379db03a877d34d/library/std/src/../../backtrace/src/backtrace/libunwind.rs:116:5
[INFO] [stderr]      1:     0x5bad73d48a7a - std::backtrace_rs::backtrace::trace_unsynchronized::h3aa55355dd6c54a6
[INFO] [stderr]                                  at /rustc/202008a1b8de96d2e5b6bc02d379db03a877d34d/library/std/src/../../backtrace/src/backtrace/mod.rs:66:5
[INFO] [stderr]      2:     0x5bad73d48a7a - std::sys::backtrace::_print_fmt::h8588b0f62410823f
[INFO] [stderr]                                  at /rustc/202008a1b8de96d2e5b6bc02d379db03a877d34d/library/std/src/sys/backtrace.rs:66:9
[INFO] [stderr]      3:     0x5bad73d48a7a - <std::sys::backtrace::BacktraceLock::print::DisplayBacktrace as core::fmt::Display>::fmt::h98c26ac25ffe89bb
[INFO] [stderr]                                  at /rustc/202008a1b8de96d2e5b6bc02d379db03a877d34d/library/std/src/sys/backtrace.rs:39:26
[INFO] [stderr]      4:     0x5bad73d6c723 - core::fmt::rt::Argument::fmt::hf95377f4aebd453b
[INFO] [stderr]                                  at /rustc/202008a1b8de96d2e5b6bc02d379db03a877d34d/library/core/src/fmt/rt.rs:177:76
[INFO] [stderr]      5:     0x5bad73d6c723 - core::fmt::write::h0dd5f6e2238c7982
[INFO] [stderr]                                  at /rustc/202008a1b8de96d2e5b6bc02d379db03a877d34d/library/core/src/fmt/mod.rs:1189:21
[INFO] [stderr]      6:     0x5bad73d450e3 - std::io::Write::write_fmt::hc00bff0a88e08857
[INFO] [stderr]                                  at /rustc/202008a1b8de96d2e5b6bc02d379db03a877d34d/library/std/src/io/mod.rs:1884:15
[INFO] [stderr]      7:     0x5bad73d488c2 - std::sys::backtrace::BacktraceLock::print::h5c19c1c038ee186d
[INFO] [stderr]                                  at /rustc/202008a1b8de96d2e5b6bc02d379db03a877d34d/library/std/src/sys/backtrace.rs:42:9
[INFO] [stderr]      8:     0x5bad73d49abc - std::panicking::default_hook::{{closure}}::h77172f079a1fcb13
[INFO] [stderr]                                  at /rustc/202008a1b8de96d2e5b6bc02d379db03a877d34d/library/std/src/panicking.rs:268:22
[INFO] [stderr]      9:     0x5bad73d49902 - std::panicking::default_hook::he5f8e3b203ccddba
[INFO] [stderr]                                  at /rustc/202008a1b8de96d2e5b6bc02d379db03a877d34d/library/std/src/panicking.rs:295:9
[INFO] [stderr]     10:     0x5bad73d4a097 - std::panicking::rust_panic_with_hook::h53863d4e9018df39
[INFO] [stderr]                                  at /rustc/202008a1b8de96d2e5b6bc02d379db03a877d34d/library/std/src/panicking.rs:801:13
[INFO] [stderr]     11:     0x5bad73ccc3aa - std::panicking::begin_panic::{{closure}}::h2f951c2915349502
[INFO] [stderr]     12:     0x5bad73cd121a - std::sys::backtrace::__rust_end_short_backtrace::h19daba83540c5d4a
[INFO] [stderr]     13:     0x5bad73ccc35b - std::panicking::begin_panic::h63b03d9b2155b656
[INFO] [stderr]     14:     0x5bad73c92a0a - build_script_build::run_command::hc45a4591210c1075
[INFO] [stderr]     15:     0x5bad73c91456 - build_script_build::compile::hcb8a2f1d0c842efc
[INFO] [stderr]     16:     0x5bad73c90f5e - build_script_build::build_library::{{closure}}::h7b87cbb0efb5db27
[INFO] [stderr]     17:     0x5bad73c8d35b - core::ops::function::impls::<impl core::ops::function::FnOnce<A> for &mut F>::call_once::h7b687c534114b85e
[INFO] [stderr]     18:     0x5bad73c89355 - <core::iter::adapters::map::Map<I,F> as core::iter::traits::iterator::Iterator>::next::h72bf3921b266def9
[INFO] [stderr]     19:     0x5bad73c8be45 - alloc::vec::Vec<T,A>::extend_desugared::h029d2d055f853d32
[INFO] [stderr]     20:     0x5bad73c8d036 - <alloc::vec::Vec<T,A> as alloc::vec::spec_extend::SpecExtend<T,I>>::spec_extend::h084877984ecf2cb6
[INFO] [stderr]     21:     0x5bad73c8a7f4 - <alloc::vec::Vec<T> as alloc::vec::spec_from_iter_nested::SpecFromIterNested<T,I>>::from_iter::hb360b8232abce964
[INFO] [stderr]     22:     0x5bad73c8d0ad - <alloc::vec::Vec<T> as alloc::vec::spec_from_iter::SpecFromIter<T,I>>::from_iter::h6d9fb4822ce65724
[INFO] [stderr]     23:     0x5bad73c8cf51 - <alloc::vec::Vec<T> as core::iter::traits::collect::FromIterator<T>>::from_iter::h70aa4b6033184b2f
[INFO] [stderr]     24:     0x5bad73c8ad94 - core::iter::traits::iterator::Iterator::collect::h82909b2ad10d6522
[INFO] [stderr]     25:     0x5bad73c90711 - build_script_build::build_library::hb1fa7a55befcf977
[INFO] [stderr]     26:     0x5bad73c9055e - build_script_build::build_c_code::{{closure}}::h2a05feebf4d53dad
[INFO] [stderr]     27:     0x5bad73c98dbf - <core::slice::iter::Iter<T> as core::iter::traits::iterator::Iterator>::for_each::hc0dc02e9d2564fc7
[INFO] [stderr]     28:     0x5bad73c9016d - build_script_build::build_c_code::h130fb98f4e9721d8
[INFO] [stderr]     29:     0x5bad73c8ec6c - build_script_build::ring_build_rs_main::h3f334338f8018858
[INFO] [stderr]     30:     0x5bad73c8e01d - build_script_build::main::h37e2789747db9ae6
[INFO] [stderr]     31:     0x5bad73c963e3 - core::ops::function::FnOnce::call_once::hc26b67952469e501
[INFO] [stderr]     32:     0x5bad73c95e46 - std::sys::backtrace::__rust_begin_short_backtrace::hd1a27931a5bd3b5c
[INFO] [stderr]     33:     0x5bad73c95d89 - std::rt::lang_start::{{closure}}::hcfaf5563df71fd9a
[INFO] [stderr]     34:     0x5bad73d3fb27 - core::ops::function::impls::<impl core::ops::function::FnOnce<A> for &F>::call_once::hba2470d01d3f5e41
[INFO] [stderr]                                  at /rustc/202008a1b8de96d2e5b6bc02d379db03a877d34d/library/core/src/ops/function.rs:284:13
[INFO] [stderr]     35:     0x5bad73d3fb27 - std::panicking::try::do_call::hc063fb73159aab72
[INFO] [stderr]                                  at /rustc/202008a1b8de96d2e5b6bc02d379db03a877d34d/library/std/src/panicking.rs:557:40
[INFO] [stderr]     36:     0x5bad73d3fb27 - std::panicking::try::h2767c6d245d3a3bb
[INFO] [stderr]                                  at /rustc/202008a1b8de96d2e5b6bc02d379db03a877d34d/library/std/src/panicking.rs:520:19
[INFO] [stderr]     37:     0x5bad73d3fb27 - std::panic::catch_unwind::h061c6ef75790da63
[INFO] [stderr]                                  at /rustc/202008a1b8de96d2e5b6bc02d379db03a877d34d/library/std/src/panic.rs:358:14
[INFO] [stderr]     38:     0x5bad73d3fb27 - std::rt::lang_start_internal::{{closure}}::h5c5e35b11a4b8c4e
[INFO] [stderr]                                  at /rustc/202008a1b8de96d2e5b6bc02d379db03a877d34d/library/std/src/rt.rs:174:48
[INFO] [stderr]     39:     0x5bad73d3fb27 - std::panicking::try::do_call::h705e99690a8109cc
[INFO] [stderr]                                  at /rustc/202008a1b8de96d2e5b6bc02d379db03a877d34d/library/std/src/panicking.rs:557:40
[INFO] [stderr]     40:     0x5bad73d3fb27 - std::panicking::try::he5f4452754ed9a34
[INFO] [stderr]                                  at /rustc/202008a1b8de96d2e5b6bc02d379db03a877d34d/library/std/src/panicking.rs:520:19
[INFO] [stderr]     41:     0x5bad73d3fb27 - std::panic::catch_unwind::h5db61b3bcbe883e5
[INFO] [stderr]                                  at /rustc/202008a1b8de96d2e5b6bc02d379db03a877d34d/library/std/src/panic.rs:358:14
[INFO] [stderr]     42:     0x5bad73d3fb27 - std::rt::lang_start_internal::h81da9b59bab665c6
[INFO] [stderr]                                  at /rustc/202008a1b8de96d2e5b6bc02d379db03a877d34d/library/std/src/rt.rs:174:20
[INFO] [stderr]     43:     0x5bad73c95d67 - std::rt::lang_start::h0298fddf0c48d892
[INFO] [stderr]     44:     0x5bad73c94ad5 - main
[INFO] [stderr]     45:     0x71ca8332dd90 - <unknown>
[INFO] [stderr]     46:     0x71ca8332de40 - __libc_start_main
[INFO] [stderr]     47:     0x5bad73c89145 - _start
[INFO] [stderr]     48:                0x0 - <unknown>
[INFO] [stderr] warning: build failed, waiting for other jobs to finish...
[INFO] [stderr] error: could not compile `url` (lib) due to 1 previous error
[INFO] [stderr] rustc-LLVM ERROR: IO failure on output stream: No space left on device
[INFO] [stderr] rustc-LLVM ERROR: IO failure on output stream: No space left on device
[INFO] [stderr] error: could not compile `syn` (lib)
[INFO] [stderr] 
[INFO] [stderr] Caused by:
[INFO] [stderr]   No space left on device (os error 28)
[INFO] [stderr] 
[INFO] [stderr] Caused by:
[INFO] [stderr]   failed to parse process output: `/opt/rustwide/rustup-home/toolchains/beta-2024-12-08-x86_64-unknown-linux-gnu/bin/rustc --crate-name syn --edition=2021 /opt/rustwide/cargo-home/registry/src/index.crates.io-6f17d22bba15001f/syn-2.0.68/src/lib.rs --error-format=json --json=diagnostic-rendered-ansi,artifacts,future-incompat --crate-type lib --emit=dep-info,metadata,link -C embed-bitcode=no --cfg 'feature="clone-impls"' --cfg 'feature="default"' --cfg 'feature="derive"' --cfg 'feature="extra-traits"' --cfg 'feature="full"' --cfg 'feature="parsing"' --cfg 'feature="printing"' --cfg 'feature="proc-macro"' --check-cfg 'cfg(docsrs)' --check-cfg 'cfg(feature, values("clone-impls", "default", "derive", "extra-traits", "fold", "full", "parsing", "printing", "proc-macro", "test", "visit", "visit-mut"))' -C metadata=0284309ffe8efcad -C extra-filename=-0284309ffe8efcad --out-dir /opt/rustwide/target/debug/deps -L dependency=/opt/rustwide/target/debug/deps --extern proc_macro2=/opt/rustwide/target/debug/deps/libproc_macro2-0abfe0afc665d6e0.rmeta --extern quote=/opt/rustwide/target/debug/deps/libquote-f58c724657d586e2.rmeta --extern unicode_ident=/opt/rustwide/target/debug/deps/libunicode_ident-7fd07629a75cbaef.rmeta --cap-lints allow --cap-lints=warn` (exit status: 101)
[INFO] [stderr] rustc-LLVM ERROR: IO failure on output stream: No space left on device
[INFO] [stderr] rustc-LLVM ERROR: IO failure on output stream: No space left on device
[INFO] [stderr] error: could not compile `time` (lib)
[INFO] [stderr] 
[INFO] [stderr] Caused by:
[INFO] [stderr]   No space left on device (os error 28)
[INFO] [stderr] 
[INFO] [stderr] Caused by:
[INFO] [stderr]   failed to parse process output: `/opt/rustwide/rustup-home/toolchains/beta-2024-12-08-x86_64-unknown-linux-gnu/bin/rustc --crate-name time --edition=2021 /opt/rustwide/cargo-home/registry/src/index.crates.io-6f17d22bba15001f/time-0.3.36/src/lib.rs --error-format=json --json=diagnostic-rendered-ansi,artifacts,future-incompat --crate-type lib --emit=dep-info,metadata,link -C embed-bitcode=no -C debuginfo=2 --warn=variant-size-differences '--warn=clippy::use-debug' '--warn=clippy::unwrap-used' '--warn=clippy::unwrap-in-result' --warn=unused-qualifications --warn=unused-lifetimes --warn=unused-import-braces --warn=unused --deny=unstable-syntax-pre-expansion --deny=unsafe-op-in-unsafe-fn --warn=unreachable-pub '--warn=clippy::unnested-or-patterns' --deny=unnameable-test-items '--warn=clippy::uninlined-format-args' '--warn=clippy::unimplemented' '--warn=rustdoc::unescaped-backticks' '--deny=clippy::undocumented-unsafe-blocks' --deny=unconditional-recursion --warn=trivial-numeric-casts --warn=trivial-casts '--warn=clippy::todo' --deny=temporary-cstring-as-ptr --deny=suspicious-double-ref-op '--deny=clippy::std-instead-of-core' --warn=single-use-lifetimes '--warn=clippy::semicolon-outside-block' '--warn=rustdoc::private-doc-tests' '--warn=clippy::print-stdout' --deny=overlapping-range-endpoints --deny=opaque-hidden-inferred-bound '--warn=clippy::obfuscated-if-else' '--warn=clippy::nursery' --warn=noop-method-call --deny=non-ascii-idents --deny=named-arguments-used-positionally '--warn=clippy::missing-enforced-import-renames' '--warn=clippy::missing-docs-in-private-items' --warn=missing-docs --warn=missing-debug-implementations --warn=missing-copy-implementations --warn=missing-abi --warn=meta-variable-misuse '--warn=clippy::manual-let-else' --warn=macro-use-extern-crate --warn=let-underscore --warn=keyword-idents --deny=invalid-value --deny=invalid-reference-casting --deny=invalid-nan-comparisons --deny=invalid-macro-export-arguments --deny=invalid-from-utf8 --deny=improper-ctypes-definitions --deny=improper-ctypes --deny=hidden-glob-reexports '--warn=clippy::get-unwrap' --deny=future-incompatible '--warn=clippy::explicit-auto-deref' --deny=drop-bounds --deny=deref-nullptr '--warn=clippy::decimal-literal-representation' '--warn=clippy::dbg-macro' --deny=const-item-mutation --deny=clashing-extern-declarations --deny=ambiguous-glob-reexports '--deny=clippy::alloc-instead-of-core' '--warn=clippy::all' --warn=unstable-name-collisions '--allow=clippy::redundant-pub-crate' '--allow=clippy::option-if-let-else' --cfg 'feature="alloc"' --cfg 'feature="formatting"' --cfg 'feature="macros"' --cfg 'feature="parsing"' --cfg 'feature="std"' --check-cfg 'cfg(docsrs)' --check-cfg 'cfg(feature, values("alloc", "default", "formatting", "large-dates", "local-offset", "macros", "parsing", "quickcheck", "rand", "serde", "serde-human-readable", "serde-well-known", "std", "wasm-bindgen"))' -C metadata=bbd4a6480130db4d -C extra-filename=-bbd4a6480130db4d --out-dir /opt/rustwide/target/debug/deps -L dependency=/opt/rustwide/target/debug/deps --extern deranged=/opt/rustwide/target/debug/deps/libderanged-7c3aacebfed7a85e.rmeta --extern itoa=/opt/rustwide/target/debug/deps/libitoa-307f5b8ccbe1a9f3.rmeta --extern num_conv=/opt/rustwide/target/debug/deps/libnum_conv-a312b8300ce88506.rmeta --extern powerfmt=/opt/rustwide/target/debug/deps/libpowerfmt-a584063b8a4e44a4.rmeta --extern time_core=/opt/rustwide/target/debug/deps/libtime_core-f368596cca30f67d.rmeta --extern time_macros=/opt/rustwide/target/debug/deps/libtime_macros-15aaf0d742b2a220.so --cap-lints allow --cap-lints=warn` (exit status: 101)
[INFO] [stderr] error: could not compile `encoding_rs` (lib)
[INFO] [stderr] 
[INFO] [stderr] Caused by:
[INFO] [stderr]   No space left on device (os error 28)
[INFO] [stderr] 
[INFO] [stderr] Caused by:
[INFO] [stderr]   failed to parse process output: `/opt/rustwide/rustup-home/toolchains/beta-2024-12-08-x86_64-unknown-linux-gnu/bin/rustc --crate-name encoding_rs --edition=2018 /opt/rustwide/cargo-home/registry/src/index.crates.io-6f17d22bba15001f/encoding_rs-0.8.34/src/lib.rs --error-format=json --json=diagnostic-rendered-ansi,artifacts,future-incompat --crate-type lib --emit=dep-info,metadata,link -C embed-bitcode=no -C debuginfo=2 --cfg 'feature="alloc"' --cfg 'feature="default"' --check-cfg 'cfg(docsrs)' --check-cfg 'cfg(feature, values("alloc", "any_all_workaround", "default", "fast-big5-hanzi-encode", "fast-gb-hanzi-encode", "fast-hangul-encode", "fast-hanja-encode", "fast-kanji-encode", "fast-legacy-encode", "less-slow-big5-hanzi-encode", "less-slow-gb-hanzi-encode", "less-slow-kanji-encode", "serde", "simd-accel"))' -C metadata=72c6ecdc91029a85 -C extra-filename=-72c6ecdc91029a85 --out-dir /opt/rustwide/target/debug/deps -L dependency=/opt/rustwide/target/debug/deps --extern cfg_if=/opt/rustwide/target/debug/deps/libcfg_if-a3e7e701fcd1f47b.rmeta --cap-lints allow --cap-lints=warn` (exit status: 101)
[INFO] [stdout] error: couldn't create a temp dir: No space left on device (os error 28) at path "/opt/rustwide/target/debug/deps/rmeta0DpYB7"
[INFO] [stdout] 
[INFO] [stdout] 
[INFO] [stderr] rustc-LLVM ERROR: IO failure on output stream: No space left on device
[INFO] [stderr] error: could not compile `base64` (lib) due to 1 previous error
[INFO] [stderr] error: could not compile `num-bigint` (lib)
[INFO] [stderr] 
[INFO] [stderr] Caused by:
[INFO] [stderr]   No space left on device (os error 28)
[INFO] [stderr] 
[INFO] [stderr] Caused by:
[INFO] [stderr]   failed to parse process output: `/opt/rustwide/rustup-home/toolchains/beta-2024-12-08-x86_64-unknown-linux-gnu/bin/rustc --crate-name num_bigint --edition=2021 /opt/rustwide/cargo-home/registry/src/index.crates.io-6f17d22bba15001f/num-bigint-0.4.5/src/lib.rs --error-format=json --json=diagnostic-rendered-ansi,artifacts,future-incompat --crate-type lib --emit=dep-info,metadata,link -C embed-bitcode=no -C debuginfo=2 --check-cfg 'cfg(docsrs)' --check-cfg 'cfg(feature, values("arbitrary", "default", "quickcheck", "rand", "serde", "std"))' -C metadata=c1bf260cb91aa0fc -C extra-filename=-c1bf260cb91aa0fc --out-dir /opt/rustwide/target/debug/deps -L dependency=/opt/rustwide/target/debug/deps --extern num_integer=/opt/rustwide/target/debug/deps/libnum_integer-303164877179cfc6.rmeta --extern num_traits=/opt/rustwide/target/debug/deps/libnum_traits-6ff391789a9314cc.rmeta --cap-lints allow --cap-lints=warn` (exit status: 101)
[INFO] [stderr] error: could not compile `regex-syntax` (lib)
[INFO] [stderr] 
[INFO] [stderr] Caused by:
[INFO] [stderr]   No space left on device (os error 28)
[INFO] [stderr] 
[INFO] [stderr] Caused by:
[INFO] [stderr]   failed to parse process output: `/opt/rustwide/rustup-home/toolchains/beta-2024-12-08-x86_64-unknown-linux-gnu/bin/rustc --crate-name regex_syntax --edition=2021 /opt/rustwide/cargo-home/registry/src/index.crates.io-6f17d22bba15001f/regex-syntax-0.8.4/src/lib.rs --error-format=json --json=diagnostic-rendered-ansi,artifacts,future-incompat --crate-type lib --emit=dep-info,metadata,link -C embed-bitcode=no -C debuginfo=2 --cfg 'feature="default"' --cfg 'feature="std"' --cfg 'feature="unicode"' --cfg 'feature="unicode-age"' --cfg 'feature="unicode-bool"' --cfg 'feature="unicode-case"' --cfg 'feature="unicode-gencat"' --cfg 'feature="unicode-perl"' --cfg 'feature="unicode-script"' --cfg 'feature="unicode-segment"' --check-cfg 'cfg(docsrs)' --check-cfg 'cfg(feature, values("arbitrary", "default", "std", "unicode", "unicode-age", "unicode-bool", "unicode-case", "unicode-gencat", "unicode-perl", "unicode-script", "unicode-segment"))' -C metadata=5d76419fd7f8486a -C extra-filename=-5d76419fd7f8486a --out-dir /opt/rustwide/target/debug/deps -L dependency=/opt/rustwide/target/debug/deps --cap-lints allow --cap-lints=warn` (exit status: 101)
[INFO] [stdout] error: couldn't create a temp dir: No space left on device (os error 28) at path "/opt/rustwide/target/debug/deps/rmetaz2zgXE"
[INFO] [stdout] 
[INFO] [stdout] 
[INFO] [stderr] error: could not compile `base64` (lib) due to 1 previous error
[INFO] [stderr] warning: zstd-sys@2.0.11+zstd.1.5.6: /tmp/ccj9Vyh9.s: Assembler messages:
[INFO] [stderr] warning: zstd-sys@2.0.11+zstd.1.5.6: /tmp/ccj9Vyh9.s: Fatal error: can't fill 24 bytes in section .rodata.ZSTD_defaultCMem of /opt/rustwide/target/debug/build/zstd-sys-8631702bab055983/out/8957a4c8b028b07b-pool.o: 'No space left on device'
[INFO] [stderr] warning: zstd-sys@2.0.11+zstd.1.5.6: /tmp/ccj9Vyh9.s: Fatal error: /opt/rustwide/target/debug/build/zstd-sys-8631702bab055983/out/8957a4c8b028b07b-pool.o: No space left on device
[INFO] [stderr] warning: zstd-sys@2.0.11+zstd.1.5.6: ToolExecError: Command "cc" "-O0" "-ffunction-sections" "-fdata-sections" "-fPIC" "-gdwarf-4" "-fno-omit-frame-pointer" "-m64" "-I" "zstd/lib/" "-I" "zstd/lib/common" "-I" "zstd/lib/legacy" "-fvisibility=hidden" "-ffunction-sections" "-fdata-sections" "-fmerge-all-constants" "-DZSTD_LIB_DEPRECATED=0" "-DXXH_PRIVATE_API=" "-DZSTDLIB_VISIBILITY=" "-DZDICTLIB_VISIBILITY=" "-DZSTDERRORLIB_VISIBILITY=" "-DZSTD_LEGACY_SUPPORT=1" "-o" "/opt/rustwide/target/debug/build/zstd-sys-8631702bab055983/out/8957a4c8b028b07b-pool.o" "-c" "zstd/lib/common/pool.c" with args cc did not execute successfully (status code exit status: 1).cargo:warning=zstd/lib/common/threading.c:21:1: fatal error: error closing /tmp/ccBozlpP.s: No space left on device
[INFO] [stderr] warning: zstd-sys@2.0.11+zstd.1.5.6:    21 | int g_ZSTD_threading_useless_symbol;
[INFO] [stderr] warning: zstd-sys@2.0.11+zstd.1.5.6:       | ^~~
[INFO] [stderr] warning: zstd-sys@2.0.11+zstd.1.5.6: compilation terminated.
[INFO] [stderr] warning: zstd-sys@2.0.11+zstd.1.5.6: ToolExecError: Command "cc" "-O0" "-ffunction-sections" "-fdata-sections" "-fPIC" "-gdwarf-4" "-fno-omit-frame-pointer" "-m64" "-I" "zstd/lib/" "-I" "zstd/lib/common" "-I" "zstd/lib/legacy" "-fvisibility=hidden" "-ffunction-sections" "-fdata-sections" "-fmerge-all-constants" "-DZSTD_LIB_DEPRECATED=0" "-DXXH_PRIVATE_API=" "-DZSTDLIB_VISIBILITY=" "-DZDICTLIB_VISIBILITY=" "-DZSTDERRORLIB_VISIBILITY=" "-DZSTD_LEGACY_SUPPORT=1" "-o" "/opt/rustwide/target/debug/build/zstd-sys-8631702bab055983/out/8957a4c8b028b07b-threading.o" "-c" "zstd/lib/common/threading.c" with args cc did not execute successfully (status code exit status: 1).
[INFO] [stderr] error: failed to run custom build command for `zstd-sys v2.0.11+zstd.1.5.6`
[INFO] [stderr] note: To improve backtraces for build dependencies, set the CARGO_PROFILE_DEV_BUILD_OVERRIDE_DEBUG=true environment variable to enable debug information generation.
[INFO] [stderr] 
[INFO] [stderr] Caused by:
[INFO] [stderr]   process didn't exit successfully: `/opt/rustwide/target/debug/build/zstd-sys-1f5e7d1f96065e88/build-script-build` (exit status: 1)
[INFO] [stderr]   --- stdout
[INFO] [stderr]   cargo:rerun-if-env-changed=ZSTD_SYS_USE_PKG_CONFIG
[INFO] [stderr]   OUT_DIR = Some(/opt/rustwide/target/debug/build/zstd-sys-8631702bab055983/out)
[INFO] [stderr]   TARGET = Some(x86_64-unknown-linux-gnu)
[INFO] [stderr]   OPT_LEVEL = Some(0)
[INFO] [stderr]   HOST = Some(x86_64-unknown-linux-gnu)
[INFO] [stderr]   cargo:rerun-if-env-changed=CC_x86_64-unknown-linux-gnu
[INFO] [stderr]   CC_x86_64-unknown-linux-gnu = None
[INFO] [stderr]   cargo:rerun-if-env-changed=CC_x86_64_unknown_linux_gnu
[INFO] [stderr]   CC_x86_64_unknown_linux_gnu = None
[INFO] [stderr]   cargo:rerun-if-env-changed=HOST_CC
[INFO] [stderr]   HOST_CC = None
[INFO] [stderr]   cargo:rerun-if-env-changed=CC
[INFO] [stderr]   CC = None
[INFO] [stderr]   cargo:rerun-if-env-changed=CC_ENABLE_DEBUG_OUTPUT
[INFO] [stderr]   RUSTC_WRAPPER = None
[INFO] [stderr]   cargo:rerun-if-env-changed=CRATE_CC_NO_DEFAULTS
[INFO] [stderr]   CRATE_CC_NO_DEFAULTS = None
[INFO] [stderr]   DEBUG = Some(true)
[INFO] [stderr]   CARGO_CFG_TARGET_FEATURE = Some(fxsr,sse,sse2)
[INFO] [stderr]   cargo:rerun-if-env-changed=CFLAGS_x86_64-unknown-linux-gnu
[INFO] [stderr]   CFLAGS_x86_64-unknown-linux-gnu = None
[INFO] [stderr]   cargo:rerun-if-env-changed=CFLAGS_x86_64_unknown_linux_gnu
[INFO] [stderr]   CFLAGS_x86_64_unknown_linux_gnu = None
[INFO] [stderr]   cargo:rerun-if-env-changed=HOST_CFLAGS
[INFO] [stderr]   HOST_CFLAGS = None
[INFO] [stderr]   cargo:rerun-if-env-changed=CFLAGS
[INFO] [stderr]   CFLAGS = None
[INFO] [stderr]   OUT_DIR = Some(/opt/rustwide/target/debug/build/zstd-sys-8631702bab055983/out)
[INFO] [stderr]   cargo:rerun-if-env-changed=CC_ENABLE_DEBUG_OUTPUT
[INFO] [stderr]   cargo:rerun-if-env-changed=CRATE_CC_NO_DEFAULTS
[INFO] [stderr]   CRATE_CC_NO_DEFAULTS = None
[INFO] [stderr]   CARGO_CFG_TARGET_FEATURE = Some(fxsr,sse,sse2)
[INFO] [stderr]   cargo:rerun-if-env-changed=CFLAGS_x86_64-unknown-linux-gnu
[INFO] [stderr]   CFLAGS_x86_64-unknown-linux-gnu = None
[INFO] [stderr]   cargo:rerun-if-env-changed=CFLAGS_x86_64_unknown_linux_gnu
[INFO] [stderr]   CFLAGS_x86_64_unknown_linux_gnu = None
[INFO] [stderr]   cargo:rerun-if-env-changed=HOST_CFLAGS
[INFO] [stderr]   HOST_CFLAGS = None
[INFO] [stderr]   cargo:rerun-if-env-changed=CFLAGS
[INFO] [stderr]   CFLAGS = None
[INFO] [stderr]   OUT_DIR = Some(/opt/rustwide/target/debug/build/zstd-sys-8631702bab055983/out)
[INFO] [stderr]   cargo:rerun-if-env-changed=CC_ENABLE_DEBUG_OUTPUT
[INFO] [stderr]   cargo:rerun-if-env-changed=CRATE_CC_NO_DEFAULTS
[INFO] [stderr]   CRATE_CC_NO_DEFAULTS = None
[INFO] [stderr]   CARGO_CFG_TARGET_FEATURE = Some(fxsr,sse,sse2)
[INFO] [stderr]   cargo:rerun-if-env-changed=CFLAGS_x86_64-unknown-linux-gnu
[INFO] [stderr]   CFLAGS_x86_64-unknown-linux-gnu = None
[INFO] [stderr]   cargo:rerun-if-env-changed=CFLAGS_x86_64_unknown_linux_gnu
[INFO] [stderr]   CFLAGS_x86_64_unknown_linux_gnu = None
[INFO] [stderr]   cargo:rerun-if-env-changed=HOST_CFLAGS
[INFO] [stderr]   HOST_CFLAGS = None
[INFO] [stderr]   cargo:rerun-if-env-changed=CFLAGS
[INFO] [stderr]   CFLAGS = None
[INFO] [stderr]   OUT_DIR = Some(/opt/rustwide/target/debug/build/zstd-sys-8631702bab055983/out)
[INFO] [stderr]   cargo:rerun-if-env-changed=CC_ENABLE_DEBUG_OUTPUT
[INFO] [stderr]   cargo:rerun-if-env-changed=CRATE_CC_NO_DEFAULTS
[INFO] [stderr]   CRATE_CC_NO_DEFAULTS = None
[INFO] [stderr]   CARGO_CFG_TARGET_FEATURE = Some(fxsr,sse,sse2)
[INFO] [stderr]   cargo:rerun-if-env-changed=CFLAGS_x86_64-unknown-linux-gnu
[INFO] [stderr]   CFLAGS_x86_64-unknown-linux-gnu = None
[INFO] [stderr]   cargo:rerun-if-env-changed=CFLAGS_x86_64_unknown_linux_gnu
[INFO] [stderr]   CFLAGS_x86_64_unknown_linux_gnu = None
[INFO] [stderr]   cargo:rerun-if-env-changed=HOST_CFLAGS
[INFO] [stderr]   HOST_CFLAGS = None
[INFO] [stderr]   cargo:rerun-if-env-changed=CFLAGS
[INFO] [stderr]   CFLAGS = None
[INFO] [stderr]   cargo:warning=/tmp/ccj9Vyh9.s: Assembler messages:
[INFO] [stderr]   cargo:warning=/tmp/ccj9Vyh9.s: Fatal error: can't fill 24 bytes in section .rodata.ZSTD_defaultCMem of /opt/rustwide/target/debug/build/zstd-sys-8631702bab055983/out/8957a4c8b028b07b-pool.o: 'No space left on device'
[INFO] [stderr]   cargo:warning=/tmp/ccj9Vyh9.s: Fatal error: /opt/rustwide/target/debug/build/zstd-sys-8631702bab055983/out/8957a4c8b028b07b-pool.o: No space left on device
[INFO] [stderr]   exit status: 0
[INFO] [stderr]   exit status: 0
[INFO] [stderr]   exit status: 0
[INFO] [stderr]   exit status: 0
[INFO] [stderr]   exit status: 1
[INFO] [stderr]   cargo:warning=ToolExecError: Command "cc" "-O0" "-ffunction-sections" "-fdata-sections" "-fPIC" "-gdwarf-4" "-fno-omit-frame-pointer" "-m64" "-I" "zstd/lib/" "-I" "zstd/lib/common" "-I" "zstd/lib/legacy" "-fvisibility=hidden" "-ffunction-sections" "-fdata-sections" "-fmerge-all-constants" "-DZSTD_LIB_DEPRECATED=0" "-DXXH_PRIVATE_API=" "-DZSTDLIB_VISIBILITY=" "-DZDICTLIB_VISIBILITY=" "-DZSTDERRORLIB_VISIBILITY=" "-DZSTD_LEGACY_SUPPORT=1" "-o" "/opt/rustwide/target/debug/build/zstd-sys-8631702bab055983/out/8957a4c8b028b07b-pool.o" "-c" "zstd/lib/common/pool.c" with args cc did not execute successfully (status code exit status: 1).cargo:warning=zstd/lib/common/threading.c:21:1: fatal error: error closing /tmp/ccBozlpP.s: No space left on device
[INFO] [stderr]   cargo:warning=   21 | int g_ZSTD_threading_useless_symbol;
[INFO] [stderr]   cargo:warning=      | ^~~
[INFO] [stderr]   cargo:warning=compilation terminated.
[INFO] [stderr] 
[INFO] [stderr]   exit status: 1
[INFO] [stderr]   cargo:warning=ToolExecError: Command "cc" "-O0" "-ffunction-sections" "-fdata-sections" "-fPIC" "-gdwarf-4" "-fno-omit-frame-pointer" "-m64" "-I" "zstd/lib/" "-I" "zstd/lib/common" "-I" "zstd/lib/legacy" "-fvisibility=hidden" "-ffunction-sections" "-fdata-sections" "-fmerge-all-constants" "-DZSTD_LIB_DEPRECATED=0" "-DXXH_PRIVATE_API=" "-DZSTDLIB_VISIBILITY=" "-DZDICTLIB_VISIBILITY=" "-DZSTDERRORLIB_VISIBILITY=" "-DZSTD_LEGACY_SUPPORT=1" "-o" "/opt/rustwide/target/debug/build/zstd-sys-8631702bab055983/out/8957a4c8b028b07b-threading.o" "-c" "zstd/lib/common/threading.c" with args cc did not execute successfully (status code exit status: 1).
[INFO] [stderr]   exit status: 0
[INFO] [stderr]   exit status: 0
[INFO] [stderr]   exit status: 0
[INFO] [stderr]   exit status: 0
[INFO] [stderr]   exit status: 0
[INFO] [stderr]   exit status: 0
[INFO] [stderr]   exit status: 0
[INFO] [stderr]   exit status: 0
[INFO] [stderr]   exit status: 0
[INFO] [stderr]   exit status: 0
[INFO] [stderr]   exit status: 0
[INFO] [stderr]   exit status: 0
[INFO] [stderr]   exit status: 0
[INFO] [stderr]   exit status: 0
[INFO] [stderr]   exit status: 0
[INFO] [stderr]   exit status: 0
[INFO] [stderr]   exit status: 0
[INFO] [stderr]   exit status: 0
[INFO] [stderr]   exit status: 0
[INFO] [stderr]   exit status: 0
[INFO] [stderr]   exit status: 0
[INFO] [stderr]   exit status: 0
[INFO] [stderr]   exit status: 0
[INFO] [stderr]   exit status: 0
[INFO] [stderr]   exit status: 0
[INFO] [stderr]   exit status: 0
[INFO] [stderr]   exit status: 0
[INFO] [stderr]   exit status: 0
[INFO] [stderr]   exit status: 0
[INFO] [stderr]   exit status: 0
[INFO] [stderr] 
[INFO] [stderr]   --- stderr
[INFO] [stderr] 
[INFO] [stderr] 
[INFO] [stderr]   error occurred: Command "cc" "-O0" "-ffunction-sections" "-fdata-sections" "-fPIC" "-gdwarf-4" "-fno-omit-frame-pointer" "-m64" "-I" "zstd/lib/" "-I" "zstd/lib/common" "-I" "zstd/lib/legacy" "-fvisibility=hidden" "-ffunction-sections" "-fdata-sections" "-fmerge-all-constants" "-DZSTD_LIB_DEPRECATED=0" "-DXXH_PRIVATE_API=" "-DZSTDLIB_VISIBILITY=" "-DZDICTLIB_VISIBILITY=" "-DZSTDERRORLIB_VISIBILITY=" "-DZSTD_LEGACY_SUPPORT=1" "-o" "/opt/rustwide/target/debug/build/zstd-sys-8631702bab055983/out/8957a4c8b028b07b-threading.o" "-c" "zstd/lib/common/threading.c" with args cc did not execute successfully (status code exit status: 1).
[INFO] [stderr] 
[INFO] [stderr] 
[INFO] running `Command { std: "docker" "inspect" "fba9192aefbeb9db373a83c4c71adb6aedf22e0a917ad829f5b2110c22f3f358", kill_on_drop: false }`
[INFO] running `Command { std: "docker" "rm" "-f" "fba9192aefbeb9db373a83c4c71adb6aedf22e0a917ad829f5b2110c22f3f358", kill_on_drop: false }`
[INFO] [stdout] fba9192aefbeb9db373a83c4c71adb6aedf22e0a917ad829f5b2110c22f3f358
