[INFO] cloning repository https://github.com/hans-strudle/termilock
[INFO] running `Command { std: "git" "-c" "credential.helper=" "-c" "credential.helper=/workspace/cargo-home/bin/git-credential-null" "clone" "--bare" "https://github.com/hans-strudle/termilock" "/workspace/cache/git-repos/https%3A%2F%2Fgithub.com%2Fhans-strudle%2Ftermilock", kill_on_drop: false }`
[INFO] [stderr] Cloning into bare repository '/workspace/cache/git-repos/https%3A%2F%2Fgithub.com%2Fhans-strudle%2Ftermilock'...
[INFO] running `Command { std: "git" "rev-parse" "HEAD", kill_on_drop: false }`
[INFO] [stdout] 880edc600e3d6d4435b65cfd91821f0c3b9105c0
[INFO] testing hans-strudle/termilock against 1.83.0 for beta-1.84.0-4-retry
[INFO] running `Command { std: "git" "clone" "/workspace/cache/git-repos/https%3A%2F%2Fgithub.com%2Fhans-strudle%2Ftermilock" "/workspace/builds/worker-4-tc1/source", kill_on_drop: false }`
[INFO] [stderr] Cloning into '/workspace/builds/worker-4-tc1/source'...
[INFO] [stderr] done.
[INFO] validating manifest of git repo https://github.com/hans-strudle/termilock on toolchain 1.83.0
[INFO] running `Command { std: CARGO_HOME="/workspace/cargo-home" RUSTUP_HOME="/workspace/rustup-home" "/workspace/cargo-home/bin/cargo" "+1.83.0" "metadata" "--manifest-path" "Cargo.toml" "--no-deps", kill_on_drop: false }`
[INFO] started tweaking git repo https://github.com/hans-strudle/termilock
[INFO] finished tweaking git repo https://github.com/hans-strudle/termilock
[INFO] tweaked toml for git repo https://github.com/hans-strudle/termilock written to /workspace/builds/worker-4-tc1/source/Cargo.toml
[INFO] crate git repo https://github.com/hans-strudle/termilock already has a lockfile, it will not be regenerated
[INFO] running `Command { std: CARGO_HOME="/workspace/cargo-home" RUSTUP_HOME="/workspace/rustup-home" "/workspace/cargo-home/bin/cargo" "+1.83.0" "fetch" "--manifest-path" "Cargo.toml", kill_on_drop: false }`
[INFO] running `Command { std: "docker" "create" "-v" "/var/lib/crater-agent-workspace/builds/worker-4-tc1/target:/opt/rustwide/target:rw,Z" "-v" "/var/lib/crater-agent-workspace/builds/worker-4-tc1/source:/opt/rustwide/workdir:ro,Z" "-v" "/var/lib/crater-agent-workspace/cargo-home:/opt/rustwide/cargo-home:ro,Z" "-v" "/var/lib/crater-agent-workspace/rustup-home:/opt/rustwide/rustup-home:ro,Z" "-e" "SOURCE_DIR=/opt/rustwide/workdir" "-e" "CARGO_TARGET_DIR=/opt/rustwide/target" "-e" "CARGO_HOME=/opt/rustwide/cargo-home" "-e" "RUSTUP_HOME=/opt/rustwide/rustup-home" "-w" "/opt/rustwide/workdir" "-m" "1610612736" "--user" "0:0" "--network" "none" "ghcr.io/rust-lang/crates-build-env/linux@sha256:f3a9d4ad9d972b27faf3965f35b62e55ba32bbce8f20bc8fe909558a86702fde" "/opt/rustwide/cargo-home/bin/cargo" "+1.83.0" "metadata" "--no-deps" "--format-version=1", kill_on_drop: false }`
[INFO] [stdout] be027b29759300d8bef49808867424c09e458b4f917e653cd8c25ba201352638
[INFO] running `Command { std: "docker" "start" "-a" "be027b29759300d8bef49808867424c09e458b4f917e653cd8c25ba201352638", kill_on_drop: false }`
[INFO] running `Command { std: "docker" "inspect" "be027b29759300d8bef49808867424c09e458b4f917e653cd8c25ba201352638", kill_on_drop: false }`
[INFO] running `Command { std: "docker" "rm" "-f" "be027b29759300d8bef49808867424c09e458b4f917e653cd8c25ba201352638", kill_on_drop: false }`
[INFO] [stdout] be027b29759300d8bef49808867424c09e458b4f917e653cd8c25ba201352638
[INFO] running `Command { std: "docker" "create" "-v" "/var/lib/crater-agent-workspace/builds/worker-4-tc1/target:/opt/rustwide/target:rw,Z" "-v" "/var/lib/crater-agent-workspace/builds/worker-4-tc1/source:/opt/rustwide/workdir:ro,Z" "-v" "/var/lib/crater-agent-workspace/cargo-home:/opt/rustwide/cargo-home:ro,Z" "-v" "/var/lib/crater-agent-workspace/rustup-home:/opt/rustwide/rustup-home:ro,Z" "-e" "SOURCE_DIR=/opt/rustwide/workdir" "-e" "CARGO_TARGET_DIR=/opt/rustwide/target" "-e" "CARGO_INCREMENTAL=0" "-e" "RUST_BACKTRACE=full" "-e" "RUSTFLAGS=--cap-lints=warn" "-e" "RUSTDOCFLAGS=--cap-lints=warn" "-e" "CARGO_HOME=/opt/rustwide/cargo-home" "-e" "RUSTUP_HOME=/opt/rustwide/rustup-home" "-w" "/opt/rustwide/workdir" "-m" "1610612736" "--user" "0:0" "--network" "none" "ghcr.io/rust-lang/crates-build-env/linux@sha256:f3a9d4ad9d972b27faf3965f35b62e55ba32bbce8f20bc8fe909558a86702fde" "/opt/rustwide/cargo-home/bin/cargo" "+1.83.0" "build" "--frozen" "--message-format=json", kill_on_drop: false }`
[INFO] [stdout] fe251e77e5ff1946fd504a47501eb42e90e222326e03dabf7b5e497bb680d3d3
[INFO] running `Command { std: "docker" "start" "-a" "fe251e77e5ff1946fd504a47501eb42e90e222326e03dabf7b5e497bb680d3d3", kill_on_drop: false }`
[INFO] [stderr]    Compiling libc v0.2.158
[INFO] [stderr]    Compiling version_check v0.9.5
[INFO] [stderr]    Compiling typenum v1.17.0
[INFO] [stderr]    Compiling proc-macro2 v1.0.86
[INFO] [stderr]    Compiling unicode-ident v1.0.12
[INFO] [stderr]    Compiling autocfg v1.3.0
[INFO] [stderr]    Compiling parking_lot_core v0.9.10
[INFO] [stderr]    Compiling utf8parse v0.2.2
[INFO] [stderr]    Compiling signal-hook v0.3.17
[INFO] [stderr]    Compiling anstyle-query v1.1.1
[INFO] [stderr]    Compiling colorchoice v1.0.2
[INFO] [stderr]    Compiling scopeguard v1.2.0
[INFO] [stderr]    Compiling cfg-if v1.0.0
[INFO] [stderr]    Compiling rustix v0.38.35
[INFO] [stderr]    Compiling smallvec v1.13.2
[INFO] [stderr]    Compiling log v0.4.22
[INFO] [stderr]    Compiling anstyle v1.0.8
[INFO] [stderr]    Compiling serde v1.0.209
[INFO] [stderr]    Compiling is_terminal_polyfill v1.70.1
[INFO] [stderr]    Compiling bitflags v2.6.0
[INFO] [stderr]    Compiling anstyle-parse v0.2.5
[INFO] [stderr]    Compiling clap_lex v0.7.2
[INFO] [stderr]    Compiling heck v0.5.0
[INFO] [stderr]    Compiling linux-raw-sys v0.4.14
[INFO] [stderr]    Compiling strsim v0.11.1
[INFO] [stderr]    Compiling serde_json v1.0.127
[INFO] [stderr]    Compiling ryu v1.0.18
[INFO] [stderr]    Compiling memchr v2.7.4
[INFO] [stderr]    Compiling keccak v0.1.5
[INFO] [stderr]    Compiling itoa v1.0.11
[INFO] [stderr]    Compiling generic-array v0.14.7
[INFO] [stderr]    Compiling lock_api v0.4.12
[INFO] [stderr]    Compiling anstream v0.6.15
[INFO] [stderr]    Compiling quote v1.0.37
[INFO] [stderr]    Compiling clap_builder v4.5.15
[INFO] [stderr]    Compiling signal-hook-registry v1.4.2
[INFO] [stderr]    Compiling mio v1.0.2
[INFO] [stderr]    Compiling syn v2.0.77
[INFO] [stderr]    Compiling parking_lot v0.12.3
[INFO] [stderr]    Compiling signal-hook-mio v0.2.4
[INFO] [stderr]    Compiling crossterm v0.28.1
[INFO] [stderr]    Compiling block-buffer v0.10.4
[INFO] [stderr]    Compiling crypto-common v0.1.6
[INFO] [stderr]    Compiling digest v0.10.7
[INFO] [stderr]    Compiling sha3 v0.10.8
[INFO] [stderr]    Compiling clap_derive v4.5.13
[INFO] [stderr]    Compiling clap v4.5.16
[INFO] [stderr]    Compiling termilock v0.1.0 (/opt/rustwide/workdir)
[INFO] [stdout] warning: unused import: `std::thread`
[INFO] [stdout]   --> src/main.rs:17:5
[INFO] [stdout]    |
[INFO] [stdout] 17 | use std::thread;
[INFO] [stdout]    |     ^^^^^^^^^^^
[INFO] [stdout]    |
[INFO] [stdout]    = note: `#[warn(unused_imports)]` on by default
[INFO] [stdout] 
[INFO] [stdout] 
[INFO] [stdout] warning: unused variable: `cmd`
[INFO] [stdout]   --> src/plugins.rs:14:23
[INFO] [stdout]    |
[INFO] [stdout] 14 | pub fn build_shell_fn(cmd: &str) -> impl Fn(&str) -> String {
[INFO] [stdout]    |                       ^^^ help: if this is intentional, prefix it with an underscore: `_cmd`
[INFO] [stdout]    |
[INFO] [stdout]    = note: `#[warn(unused_variables)]` on by default
[INFO] [stdout] 
[INFO] [stdout] 
[INFO] [stdout] warning: unreachable expression
[INFO] [stdout]   --> src/pass.rs:39:5
[INFO] [stdout]    |
[INFO] [stdout] 30 | /     match get_password_file() {
[INFO] [stdout] 31 | |         Ok(_) => {
[INFO] [stdout] 32 | |             return true
[INFO] [stdout] 33 | |         },
[INFO] [stdout] ...  |
[INFO] [stdout] 37 | |         }
[INFO] [stdout] 38 | |     }
[INFO] [stdout]    | |_____- any code following this `match` expression is unreachable, as all arms diverge
[INFO] [stdout] 39 |       false
[INFO] [stdout]    |       ^^^^^ unreachable expression
[INFO] [stdout]    |
[INFO] [stdout]    = note: `#[warn(unreachable_code)]` on by default
[INFO] [stdout] 
[INFO] [stdout] 
[INFO] [stdout] warning: unused variable: `s`
[INFO] [stdout]   --> src/pass.rs:49:9
[INFO] [stdout]    |
[INFO] [stdout] 49 |     let s = file.read_to_string(&mut content)?;
[INFO] [stdout]    |         ^ help: if this is intentional, prefix it with an underscore: `_s`
[INFO] [stdout] 
[INFO] [stdout] 
[INFO] [stdout] warning: unused variable: `x`
[INFO] [stdout]   --> src/plugins.rs:47:21
[INFO] [stdout]    |
[INFO] [stdout] 47 |                 let x = plugin["x"].as_u64().expect("x from json");
[INFO] [stdout]    |                     ^ help: if this is intentional, prefix it with an underscore: `_x`
[INFO] [stdout] 
[INFO] [stdout] 
[INFO] [stdout] warning: unused variable: `y`
[INFO] [stdout]   --> src/plugins.rs:48:21
[INFO] [stdout]    |
[INFO] [stdout] 48 |                 let y = plugin["y"].as_u64().expect("y from json");
[INFO] [stdout]    |                     ^ help: if this is intentional, prefix it with an underscore: `_y`
[INFO] [stdout] 
[INFO] [stdout] 
[INFO] [stdout] warning: unused variable: `cmd`
[INFO] [stdout]   --> src/plugins.rs:49:21
[INFO] [stdout]    |
[INFO] [stdout] 49 |                 let cmd  = &plugin["command"];
[INFO] [stdout]    |                     ^^^ help: if this is intentional, prefix it with an underscore: `_cmd`
[INFO] [stdout] 
[INFO] [stdout] 
[INFO] [stdout] warning: variable does not need to be mutable
[INFO] [stdout]   --> src/plugins.rs:40:13
[INFO] [stdout]    |
[INFO] [stdout] 40 |         let mut file = fs::File::open(&self.config_file)?;
[INFO] [stdout]    |             ----^^^^
[INFO] [stdout]    |             |
[INFO] [stdout]    |             help: remove this `mut`
[INFO] [stdout]    |
[INFO] [stdout]    = note: `#[warn(unused_mut)]` on by default
[INFO] [stdout] 
[INFO] [stdout] 
[INFO] [stdout] warning: variable does not need to be mutable
[INFO] [stdout]   --> src/plugins.rs:41:13
[INFO] [stdout]    |
[INFO] [stdout] 41 |         let mut config: serde_json::Value = serde_json::from_reader(file)?;
[INFO] [stdout]    |             ----^^^^^^
[INFO] [stdout]    |             |
[INFO] [stdout]    |             help: remove this `mut`
[INFO] [stdout] 
[INFO] [stdout] 
[INFO] [stdout] warning: variable does not need to be mutable
[INFO] [stdout]   --> src/plugins.rs:68:23
[INFO] [stdout]    |
[INFO] [stdout] 68 |    pub fn call(&self, mut stdout: &mut io::Stdout) -> String {
[INFO] [stdout]    |                       ----^^^^^^
[INFO] [stdout]    |                       |
[INFO] [stdout]    |                       help: remove this `mut`
[INFO] [stdout] 
[INFO] [stdout] 
[INFO] [stdout] warning: unused variable: `MIN_PASS_LENGTH`
[INFO] [stdout]   --> src/main.rs:44:9
[INFO] [stdout]    |
[INFO] [stdout] 44 |     let MIN_PASS_LENGTH = 4;
[INFO] [stdout]    |         ^^^^^^^^^^^^^^^ help: if this is intentional, prefix it with an underscore: `_MIN_PASS_LENGTH`
[INFO] [stdout] 
[INFO] [stdout] 
[INFO] [stdout] warning: value assigned to `PASS` is never read
[INFO] [stdout]   --> src/main.rs:47:13
[INFO] [stdout]    |
[INFO] [stdout] 47 |     let mut PASS = String::new();
[INFO] [stdout]    |             ^^^^
[INFO] [stdout]    |
[INFO] [stdout]    = help: maybe it is overwritten before being read?
[INFO] [stdout]    = note: `#[warn(unused_assignments)]` on by default
[INFO] [stdout] 
[INFO] [stdout] 
[INFO] [stdout] warning: variable does not need to be mutable
[INFO] [stdout]    --> src/main.rs:139:9
[INFO] [stdout]     |
[INFO] [stdout] 139 |     let mut lock_content = std::fs::read_to_string("res/lock.txt")?;
[INFO] [stdout]     |         ----^^^^^^^^^^^^
[INFO] [stdout]     |         |
[INFO] [stdout]     |         help: remove this `mut`
[INFO] [stdout] 
[INFO] [stdout] 
[INFO] [stdout] warning: struct `Element` is never constructed
[INFO] [stdout]   --> src/main.rs:19:8
[INFO] [stdout]    |
[INFO] [stdout] 19 | struct Element {
[INFO] [stdout]    |        ^^^^^^^
[INFO] [stdout]    |
[INFO] [stdout]    = note: `#[warn(dead_code)]` on by default
[INFO] [stdout] 
[INFO] [stdout] 
[INFO] [stdout] warning: associated function `new` is never used
[INFO] [stdout]   --> src/main.rs:26:8
[INFO] [stdout]    |
[INFO] [stdout] 25 | impl Element {
[INFO] [stdout]    | ------------ associated function in this implementation
[INFO] [stdout] 26 |     fn new(text: &str, x: u16, y: u16) -> Self {
[INFO] [stdout]    |        ^^^
[INFO] [stdout] 
[INFO] [stdout] 
[INFO] [stdout] warning: struct `Plugins` is never constructed
[INFO] [stdout]  --> src/plugins.rs:8:12
[INFO] [stdout]   |
[INFO] [stdout] 8 | pub struct Plugins {
[INFO] [stdout]   |            ^^^^^^^
[INFO] [stdout] 
[INFO] [stdout] 
[INFO] [stdout] warning: function `build_shell_fn` is never used
[INFO] [stdout]   --> src/plugins.rs:14:8
[INFO] [stdout]    |
[INFO] [stdout] 14 | pub fn build_shell_fn(cmd: &str) -> impl Fn(&str) -> String {
[INFO] [stdout]    |        ^^^^^^^^^^^^^^
[INFO] [stdout] 
[INFO] [stdout] 
[INFO] [stdout] warning: field `delay` is never read
[INFO] [stdout]   --> src/plugins.rs:29:9
[INFO] [stdout]    |
[INFO] [stdout] 25 | pub struct Plugin {
[INFO] [stdout]    |            ------ field in this struct
[INFO] [stdout] ...
[INFO] [stdout] 29 |     pub delay: Option<Duration>,
[INFO] [stdout]    |         ^^^^^
[INFO] [stdout] 
[INFO] [stdout] 
[INFO] [stdout] warning: method `load` is never used
[INFO] [stdout]   --> src/plugins.rs:34:12
[INFO] [stdout]    |
[INFO] [stdout] 33 | impl Plugins {
[INFO] [stdout]    | ------------ method in this implementation
[INFO] [stdout] 34 |     pub fn load(&mut self) -> io::Result<Vec<Plugin>> {
[INFO] [stdout]    |            ^^^^
[INFO] [stdout] 
[INFO] [stdout] 
[INFO] [stdout] warning: unused `Result` that must be used
[INFO] [stdout]   --> src/main.rs:37:9
[INFO] [stdout]    |
[INFO] [stdout] 37 |         write!(f, csi!("{};{}H"), self.x + 1, self.y + 1);
[INFO] [stdout]    |         ^^^^^^^^^^^^^^^^^^^^^^^^^^^^^^^^^^^^^^^^^^^^^^^^^
[INFO] [stdout]    |
[INFO] [stdout]    = note: this `Result` may be an `Err` variant, which should be handled
[INFO] [stdout]    = note: `#[warn(unused_must_use)]` on by default
[INFO] [stdout]    = note: this warning originates in the macro `write` (in Nightly builds, run with -Z macro-backtrace for more info)
[INFO] [stdout] 
[INFO] [stdout] 
[INFO] [stdout] warning: variable `MIN_PASS_LENGTH` should have a snake case name
[INFO] [stdout]   --> src/main.rs:44:9
[INFO] [stdout]    |
[INFO] [stdout] 44 |     let MIN_PASS_LENGTH = 4;
[INFO] [stdout]    |         ^^^^^^^^^^^^^^^ help: convert the identifier to snake case: `min_pass_length`
[INFO] [stdout]    |
[INFO] [stdout]    = note: `#[warn(non_snake_case)]` on by default
[INFO] [stdout] 
[INFO] [stdout] 
[INFO] [stdout] warning: variable `PASS_LENGTH` should have a snake case name
[INFO] [stdout]   --> src/main.rs:45:9
[INFO] [stdout]    |
[INFO] [stdout] 45 |     let PASS_LENGTH = 6;
[INFO] [stdout]    |         ^^^^^^^^^^^ help: convert the identifier to snake case: `pass_length`
[INFO] [stdout] 
[INFO] [stdout] 
[INFO] [stdout] warning: variable `PASSWORD_CREATED` should have a snake case name
[INFO] [stdout]   --> src/main.rs:46:9
[INFO] [stdout]    |
[INFO] [stdout] 46 |     let PASSWORD_CREATED = pass::is_password_file_present();
[INFO] [stdout]    |         ^^^^^^^^^^^^^^^^ help: convert the identifier to snake case: `password_created`
[INFO] [stdout] 
[INFO] [stdout] 
[INFO] [stdout] warning: variable `PASS` should have a snake case name
[INFO] [stdout]   --> src/main.rs:47:13
[INFO] [stdout]    |
[INFO] [stdout] 47 |     let mut PASS = String::new();
[INFO] [stdout]    |             ^^^^ help: convert the identifier to snake case: `pass`
[INFO] [stdout] 
[INFO] [stdout] 
[INFO] [stdout] warning: variable `SET_PASSWORD` should have a snake case name
[INFO] [stdout]   --> src/main.rs:48:13
[INFO] [stdout]    |
[INFO] [stdout] 48 |     let mut SET_PASSWORD = false;
[INFO] [stdout]    |             ^^^^^^^^^^^^ help: convert the identifier to snake case: `set_password`
[INFO] [stdout] 
[INFO] [stdout] 
[INFO] [stdout] warning: variable `battF` should have a snake case name
[INFO] [stdout]   --> src/main.rs:99:9
[INFO] [stdout]    |
[INFO] [stdout] 99 |     let battF = || -> String {
[INFO] [stdout]    |         ^^^^^ help: convert the identifier to snake case: `batt_f`
[INFO] [stdout] 
[INFO] [stdout] 
[INFO] [stdout] warning: variable `LOCK_STRING` should have a snake case name
[INFO] [stdout]    --> src/main.rs:122:9
[INFO] [stdout]     |
[INFO] [stdout] 122 |     let LOCK_STRING = "_ ".repeat(PASS_LENGTH - 1) + "_";
[INFO] [stdout]     |         ^^^^^^^^^^^ help: convert the identifier to snake case: `lock_string`
[INFO] [stdout] 
[INFO] [stdout] 
[INFO] [stdout] warning: unused `Result` that must be used
[INFO] [stdout]    --> src/main.rs:150:13
[INFO] [stdout]     |
[INFO] [stdout] 150 |             stdout.queue(cursor::MoveTo(width / 2 - 7, height / 2 - 8 + iii));
[INFO] [stdout]     |             ^^^^^^^^^^^^^^^^^^^^^^^^^^^^^^^^^^^^^^^^^^^^^^^^^^^^^^^^^^^^^^^^^
[INFO] [stdout]     |
[INFO] [stdout]     = note: this `Result` may be an `Err` variant, which should be handled
[INFO] [stdout] help: use `let _ = ...` to ignore the resulting value
[INFO] [stdout]     |
[INFO] [stdout] 150 |             let _ = stdout.queue(cursor::MoveTo(width / 2 - 7, height / 2 - 8 + iii));
[INFO] [stdout]     |             +++++++
[INFO] [stdout] 
[INFO] [stdout] 
[INFO] [stdout] warning: unused `Result` that must be used
[INFO] [stdout]    --> src/main.rs:155:13
[INFO] [stdout]     |
[INFO] [stdout] 155 |             stdout.queue(cursor::MoveTo(width / 2 - offset + x, height / 2 + 3));
[INFO] [stdout]     |             ^^^^^^^^^^^^^^^^^^^^^^^^^^^^^^^^^^^^^^^^^^^^^^^^^^^^^^^^^^^^^^^^^^^^
[INFO] [stdout]     |
[INFO] [stdout]     = note: this `Result` may be an `Err` variant, which should be handled
[INFO] [stdout] help: use `let _ = ...` to ignore the resulting value
[INFO] [stdout]     |
[INFO] [stdout] 155 |             let _ = stdout.queue(cursor::MoveTo(width / 2 - offset + x, height / 2 + 3));
[INFO] [stdout]     |             +++++++
[INFO] [stdout] 
[INFO] [stdout] 
[INFO] [stdout] warning: unused `Result` that must be used
[INFO] [stdout]    --> src/main.rs:157:13
[INFO] [stdout]     |
[INFO] [stdout] 157 |             stdout.queue(cursor::MoveTo(width / 2 - offset + x, height / 2 + 3));
[INFO] [stdout]     |             ^^^^^^^^^^^^^^^^^^^^^^^^^^^^^^^^^^^^^^^^^^^^^^^^^^^^^^^^^^^^^^^^^^^^
[INFO] [stdout]     |
[INFO] [stdout]     = note: this `Result` may be an `Err` variant, which should be handled
[INFO] [stdout] help: use `let _ = ...` to ignore the resulting value
[INFO] [stdout]     |
[INFO] [stdout] 157 |             let _ = stdout.queue(cursor::MoveTo(width / 2 - offset + x, height / 2 + 3));
[INFO] [stdout]     |             +++++++
[INFO] [stdout] 
[INFO] [stdout] 
[INFO] [stdout] warning: unused `Result` that must be used
[INFO] [stdout]    --> src/main.rs:190:17
[INFO] [stdout]     |
[INFO] [stdout] 190 |                 stdout.flush();
[INFO] [stdout]     |                 ^^^^^^^^^^^^^^
[INFO] [stdout]     |
[INFO] [stdout]     = note: this `Result` may be an `Err` variant, which should be handled
[INFO] [stdout] help: use `let _ = ...` to ignore the resulting value
[INFO] [stdout]     |
[INFO] [stdout] 190 |                 let _ = stdout.flush();
[INFO] [stdout]     |                 +++++++
[INFO] [stdout] 
[INFO] [stdout] 
[INFO] [stdout] warning: unused `Result` that must be used
[INFO] [stdout]    --> src/main.rs:212:17
[INFO] [stdout]     |
[INFO] [stdout] 212 |                 stdout.flush();
[INFO] [stdout]     |                 ^^^^^^^^^^^^^^
[INFO] [stdout]     |
[INFO] [stdout]     = note: this `Result` may be an `Err` variant, which should be handled
[INFO] [stdout] help: use `let _ = ...` to ignore the resulting value
[INFO] [stdout]     |
[INFO] [stdout] 212 |                 let _ = stdout.flush();
[INFO] [stdout]     |                 +++++++
[INFO] [stdout] 
[INFO] [stdout] 
[INFO] [stdout] warning: unused `Result` that must be used
[INFO] [stdout]    --> src/main.rs:215:21
[INFO] [stdout]     |
[INFO] [stdout] 215 |                     terminal::disable_raw_mode();
[INFO] [stdout]     |                     ^^^^^^^^^^^^^^^^^^^^^^^^^^^^
[INFO] [stdout]     |
[INFO] [stdout]     = note: this `Result` may be an `Err` variant, which should be handled
[INFO] [stdout] help: use `let _ = ...` to ignore the resulting value
[INFO] [stdout]     |
[INFO] [stdout] 215 |                     let _ = terminal::disable_raw_mode();
[INFO] [stdout]     |                     +++++++
[INFO] [stdout] 
[INFO] [stdout] 
[INFO] [stdout] warning: unused `Result` that must be used
[INFO] [stdout]    --> src/main.rs:236:9
[INFO] [stdout]     |
[INFO] [stdout] 236 |         stdout.flush();
[INFO] [stdout]     |         ^^^^^^^^^^^^^^
[INFO] [stdout]     |
[INFO] [stdout]     = note: this `Result` may be an `Err` variant, which should be handled
[INFO] [stdout] help: use `let _ = ...` to ignore the resulting value
[INFO] [stdout]     |
[INFO] [stdout] 236 |         let _ = stdout.flush();
[INFO] [stdout]     |         +++++++
[INFO] [stdout] 
[INFO] [stdout] 
[INFO] [stdout] warning: structure field `findDir` should have a snake case name
[INFO] [stdout]   --> src/plugins.rs:10:9
[INFO] [stdout]    |
[INFO] [stdout] 10 |     pub findDir: String,
[INFO] [stdout]    |         ^^^^^^^ help: convert the identifier to snake case: `find_dir`
[INFO] [stdout] 
[INFO] [stdout] 
[INFO] [stdout] warning: unused `Result` that must be used
[INFO] [stdout]   --> src/plugins.rs:70:8
[INFO] [stdout]    |
[INFO] [stdout] 70 |        stdout.queue(cursor::MoveTo(self.x, self.y));
[INFO] [stdout]    |        ^^^^^^^^^^^^^^^^^^^^^^^^^^^^^^^^^^^^^^^^^^^^
[INFO] [stdout]    |
[INFO] [stdout]    = note: this `Result` may be an `Err` variant, which should be handled
[INFO] [stdout] help: use `let _ = ...` to ignore the resulting value
[INFO] [stdout]    |
[INFO] [stdout] 70 |        let _ = stdout.queue(cursor::MoveTo(self.x, self.y));
[INFO] [stdout]    |        +++++++
[INFO] [stdout] 
[INFO] [stdout] 
[INFO] [stdout] warning: unused `Result` that must be used
[INFO] [stdout]   --> src/plugins.rs:71:8
[INFO] [stdout]    |
[INFO] [stdout] 71 |        stdout.write(ret.as_bytes());
[INFO] [stdout]    |        ^^^^^^^^^^^^^^^^^^^^^^^^^^^^
[INFO] [stdout]    |
[INFO] [stdout]    = note: this `Result` may be an `Err` variant, which should be handled
[INFO] [stdout] help: use `let _ = ...` to ignore the resulting value
[INFO] [stdout]    |
[INFO] [stdout] 71 |        let _ = stdout.write(ret.as_bytes());
[INFO] [stdout]    |        +++++++
[INFO] [stdout] 
[INFO] [stdout] 
[INFO] [stderr]     Finished `dev` profile [unoptimized + debuginfo] target(s) in 19.96s
[INFO] running `Command { std: "docker" "inspect" "fe251e77e5ff1946fd504a47501eb42e90e222326e03dabf7b5e497bb680d3d3", kill_on_drop: false }`
[INFO] running `Command { std: "docker" "rm" "-f" "fe251e77e5ff1946fd504a47501eb42e90e222326e03dabf7b5e497bb680d3d3", kill_on_drop: false }`
[INFO] [stdout] fe251e77e5ff1946fd504a47501eb42e90e222326e03dabf7b5e497bb680d3d3
[INFO] running `Command { std: "docker" "create" "-v" "/var/lib/crater-agent-workspace/builds/worker-4-tc1/target:/opt/rustwide/target:rw,Z" "-v" "/var/lib/crater-agent-workspace/builds/worker-4-tc1/source:/opt/rustwide/workdir:ro,Z" "-v" "/var/lib/crater-agent-workspace/cargo-home:/opt/rustwide/cargo-home:ro,Z" "-v" "/var/lib/crater-agent-workspace/rustup-home:/opt/rustwide/rustup-home:ro,Z" "-e" "SOURCE_DIR=/opt/rustwide/workdir" "-e" "CARGO_TARGET_DIR=/opt/rustwide/target" "-e" "CARGO_INCREMENTAL=0" "-e" "RUST_BACKTRACE=full" "-e" "RUSTFLAGS=--cap-lints=warn" "-e" "RUSTDOCFLAGS=--cap-lints=warn" "-e" "CARGO_HOME=/opt/rustwide/cargo-home" "-e" "RUSTUP_HOME=/opt/rustwide/rustup-home" "-w" "/opt/rustwide/workdir" "-m" "1610612736" "--user" "0:0" "--network" "none" "ghcr.io/rust-lang/crates-build-env/linux@sha256:f3a9d4ad9d972b27faf3965f35b62e55ba32bbce8f20bc8fe909558a86702fde" "/opt/rustwide/cargo-home/bin/cargo" "+1.83.0" "test" "--frozen" "--no-run" "--message-format=json", kill_on_drop: false }`
[INFO] [stdout] 125ebcb952f82c6e65f26539de714e37f497de3eea1792566e565d2850d92d59
[INFO] running `Command { std: "docker" "start" "-a" "125ebcb952f82c6e65f26539de714e37f497de3eea1792566e565d2850d92d59", kill_on_drop: false }`
[INFO] [stderr]    Compiling termilock v0.1.0 (/opt/rustwide/workdir)
[INFO] [stdout] warning: unused import: `std::thread`
[INFO] [stdout]   --> src/main.rs:17:5
[INFO] [stdout]    |
[INFO] [stdout] 17 | use std::thread;
[INFO] [stdout]    |     ^^^^^^^^^^^
[INFO] [stdout]    |
[INFO] [stdout]    = note: `#[warn(unused_imports)]` on by default
[INFO] [stdout] 
[INFO] [stdout] 
[INFO] [stdout] warning: unused variable: `cmd`
[INFO] [stdout]   --> src/plugins.rs:14:23
[INFO] [stdout]    |
[INFO] [stdout] 14 | pub fn build_shell_fn(cmd: &str) -> impl Fn(&str) -> String {
[INFO] [stdout]    |                       ^^^ help: if this is intentional, prefix it with an underscore: `_cmd`
[INFO] [stdout]    |
[INFO] [stdout]    = note: `#[warn(unused_variables)]` on by default
[INFO] [stdout] 
[INFO] [stdout] 
[INFO] [stdout] warning: unreachable expression
[INFO] [stdout]   --> src/pass.rs:39:5
[INFO] [stdout]    |
[INFO] [stdout] 30 | /     match get_password_file() {
[INFO] [stdout] 31 | |         Ok(_) => {
[INFO] [stdout] 32 | |             return true
[INFO] [stdout] 33 | |         },
[INFO] [stdout] ...  |
[INFO] [stdout] 37 | |         }
[INFO] [stdout] 38 | |     }
[INFO] [stdout]    | |_____- any code following this `match` expression is unreachable, as all arms diverge
[INFO] [stdout] 39 |       false
[INFO] [stdout]    |       ^^^^^ unreachable expression
[INFO] [stdout]    |
[INFO] [stdout]    = note: `#[warn(unreachable_code)]` on by default
[INFO] [stdout] 
[INFO] [stdout] 
[INFO] [stdout] warning: unused variable: `s`
[INFO] [stdout]   --> src/pass.rs:49:9
[INFO] [stdout]    |
[INFO] [stdout] 49 |     let s = file.read_to_string(&mut content)?;
[INFO] [stdout]    |         ^ help: if this is intentional, prefix it with an underscore: `_s`
[INFO] [stdout] 
[INFO] [stdout] 
[INFO] [stdout] warning: unused variable: `x`
[INFO] [stdout]   --> src/plugins.rs:47:21
[INFO] [stdout]    |
[INFO] [stdout] 47 |                 let x = plugin["x"].as_u64().expect("x from json");
[INFO] [stdout]    |                     ^ help: if this is intentional, prefix it with an underscore: `_x`
[INFO] [stdout] 
[INFO] [stdout] 
[INFO] [stdout] warning: unused variable: `y`
[INFO] [stdout]   --> src/plugins.rs:48:21
[INFO] [stdout]    |
[INFO] [stdout] 48 |                 let y = plugin["y"].as_u64().expect("y from json");
[INFO] [stdout]    |                     ^ help: if this is intentional, prefix it with an underscore: `_y`
[INFO] [stdout] 
[INFO] [stdout] 
[INFO] [stdout] warning: unused variable: `cmd`
[INFO] [stdout]   --> src/plugins.rs:49:21
[INFO] [stdout]    |
[INFO] [stdout] 49 |                 let cmd  = &plugin["command"];
[INFO] [stdout]    |                     ^^^ help: if this is intentional, prefix it with an underscore: `_cmd`
[INFO] [stdout] 
[INFO] [stdout] 
[INFO] [stdout] warning: variable does not need to be mutable
[INFO] [stdout]   --> src/plugins.rs:40:13
[INFO] [stdout]    |
[INFO] [stdout] 40 |         let mut file = fs::File::open(&self.config_file)?;
[INFO] [stdout]    |             ----^^^^
[INFO] [stdout]    |             |
[INFO] [stdout]    |             help: remove this `mut`
[INFO] [stdout]    |
[INFO] [stdout]    = note: `#[warn(unused_mut)]` on by default
[INFO] [stdout] 
[INFO] [stdout] 
[INFO] [stdout] warning: variable does not need to be mutable
[INFO] [stdout]   --> src/plugins.rs:41:13
[INFO] [stdout]    |
[INFO] [stdout] 41 |         let mut config: serde_json::Value = serde_json::from_reader(file)?;
[INFO] [stdout]    |             ----^^^^^^
[INFO] [stdout]    |             |
[INFO] [stdout]    |             help: remove this `mut`
[INFO] [stdout] 
[INFO] [stdout] 
[INFO] [stdout] warning: variable does not need to be mutable
[INFO] [stdout]   --> src/plugins.rs:68:23
[INFO] [stdout]    |
[INFO] [stdout] 68 |    pub fn call(&self, mut stdout: &mut io::Stdout) -> String {
[INFO] [stdout]    |                       ----^^^^^^
[INFO] [stdout]    |                       |
[INFO] [stdout]    |                       help: remove this `mut`
[INFO] [stdout] 
[INFO] [stdout] 
[INFO] [stdout] warning: unused variable: `MIN_PASS_LENGTH`
[INFO] [stdout]   --> src/main.rs:44:9
[INFO] [stdout]    |
[INFO] [stdout] 44 |     let MIN_PASS_LENGTH = 4;
[INFO] [stdout]    |         ^^^^^^^^^^^^^^^ help: if this is intentional, prefix it with an underscore: `_MIN_PASS_LENGTH`
[INFO] [stdout] 
[INFO] [stdout] 
[INFO] [stdout] warning: value assigned to `PASS` is never read
[INFO] [stdout]   --> src/main.rs:47:13
[INFO] [stdout]    |
[INFO] [stdout] 47 |     let mut PASS = String::new();
[INFO] [stdout]    |             ^^^^
[INFO] [stdout]    |
[INFO] [stdout]    = help: maybe it is overwritten before being read?
[INFO] [stdout]    = note: `#[warn(unused_assignments)]` on by default
[INFO] [stdout] 
[INFO] [stdout] 
[INFO] [stdout] warning: variable does not need to be mutable
[INFO] [stdout]    --> src/main.rs:139:9
[INFO] [stdout]     |
[INFO] [stdout] 139 |     let mut lock_content = std::fs::read_to_string("res/lock.txt")?;
[INFO] [stdout]     |         ----^^^^^^^^^^^^
[INFO] [stdout]     |         |
[INFO] [stdout]     |         help: remove this `mut`
[INFO] [stdout] 
[INFO] [stdout] 
[INFO] [stdout] warning: struct `Element` is never constructed
[INFO] [stdout]   --> src/main.rs:19:8
[INFO] [stdout]    |
[INFO] [stdout] 19 | struct Element {
[INFO] [stdout]    |        ^^^^^^^
[INFO] [stdout]    |
[INFO] [stdout]    = note: `#[warn(dead_code)]` on by default
[INFO] [stdout] 
[INFO] [stdout] 
[INFO] [stdout] warning: associated function `new` is never used
[INFO] [stdout]   --> src/main.rs:26:8
[INFO] [stdout]    |
[INFO] [stdout] 25 | impl Element {
[INFO] [stdout]    | ------------ associated function in this implementation
[INFO] [stdout] 26 |     fn new(text: &str, x: u16, y: u16) -> Self {
[INFO] [stdout]    |        ^^^
[INFO] [stdout] 
[INFO] [stdout] 
[INFO] [stdout] warning: field `findDir` is never read
[INFO] [stdout]   --> src/plugins.rs:10:9
[INFO] [stdout]    |
[INFO] [stdout] 8  | pub struct Plugins {
[INFO] [stdout]    |            ------- field in this struct
[INFO] [stdout] 9  |     pub list: Vec<Plugin>,
[INFO] [stdout] 10 |     pub findDir: String,
[INFO] [stdout]    |         ^^^^^^^
[INFO] [stdout] 
[INFO] [stdout] 
[INFO] [stdout] warning: function `build_shell_fn` is never used
[INFO] [stdout]   --> src/plugins.rs:14:8
[INFO] [stdout]    |
[INFO] [stdout] 14 | pub fn build_shell_fn(cmd: &str) -> impl Fn(&str) -> String {
[INFO] [stdout]    |        ^^^^^^^^^^^^^^
[INFO] [stdout] 
[INFO] [stdout] 
[INFO] [stdout] warning: field `delay` is never read
[INFO] [stdout]   --> src/plugins.rs:29:9
[INFO] [stdout]    |
[INFO] [stdout] 25 | pub struct Plugin {
[INFO] [stdout]    |            ------ field in this struct
[INFO] [stdout] ...
[INFO] [stdout] 29 |     pub delay: Option<Duration>,
[INFO] [stdout]    |         ^^^^^
[INFO] [stdout] 
[INFO] [stdout] 
[INFO] [stdout] warning: unused `Result` that must be used
[INFO] [stdout]   --> src/main.rs:37:9
[INFO] [stdout]    |
[INFO] [stdout] 37 |         write!(f, csi!("{};{}H"), self.x + 1, self.y + 1);
[INFO] [stdout]    |         ^^^^^^^^^^^^^^^^^^^^^^^^^^^^^^^^^^^^^^^^^^^^^^^^^
[INFO] [stdout]    |
[INFO] [stdout]    = note: this `Result` may be an `Err` variant, which should be handled
[INFO] [stdout]    = note: `#[warn(unused_must_use)]` on by default
[INFO] [stdout]    = note: this warning originates in the macro `write` (in Nightly builds, run with -Z macro-backtrace for more info)
[INFO] [stdout] 
[INFO] [stdout] 
[INFO] [stdout] warning: variable `MIN_PASS_LENGTH` should have a snake case name
[INFO] [stdout]   --> src/main.rs:44:9
[INFO] [stdout]    |
[INFO] [stdout] 44 |     let MIN_PASS_LENGTH = 4;
[INFO] [stdout]    |         ^^^^^^^^^^^^^^^ help: convert the identifier to snake case: `min_pass_length`
[INFO] [stdout]    |
[INFO] [stdout]    = note: `#[warn(non_snake_case)]` on by default
[INFO] [stdout] 
[INFO] [stdout] 
[INFO] [stdout] warning: variable `PASS_LENGTH` should have a snake case name
[INFO] [stdout]   --> src/main.rs:45:9
[INFO] [stdout]    |
[INFO] [stdout] 45 |     let PASS_LENGTH = 6;
[INFO] [stdout]    |         ^^^^^^^^^^^ help: convert the identifier to snake case: `pass_length`
[INFO] [stdout] 
[INFO] [stdout] 
[INFO] [stdout] warning: variable `PASSWORD_CREATED` should have a snake case name
[INFO] [stdout]   --> src/main.rs:46:9
[INFO] [stdout]    |
[INFO] [stdout] 46 |     let PASSWORD_CREATED = pass::is_password_file_present();
[INFO] [stdout]    |         ^^^^^^^^^^^^^^^^ help: convert the identifier to snake case: `password_created`
[INFO] [stdout] 
[INFO] [stdout] 
[INFO] [stdout] warning: variable `PASS` should have a snake case name
[INFO] [stdout]   --> src/main.rs:47:13
[INFO] [stdout]    |
[INFO] [stdout] 47 |     let mut PASS = String::new();
[INFO] [stdout]    |             ^^^^ help: convert the identifier to snake case: `pass`
[INFO] [stdout] 
[INFO] [stdout] 
[INFO] [stdout] warning: variable `SET_PASSWORD` should have a snake case name
[INFO] [stdout]   --> src/main.rs:48:13
[INFO] [stdout]    |
[INFO] [stdout] 48 |     let mut SET_PASSWORD = false;
[INFO] [stdout]    |             ^^^^^^^^^^^^ help: convert the identifier to snake case: `set_password`
[INFO] [stdout] 
[INFO] [stdout] 
[INFO] [stdout] warning: variable `battF` should have a snake case name
[INFO] [stdout]   --> src/main.rs:99:9
[INFO] [stdout]    |
[INFO] [stdout] 99 |     let battF = || -> String {
[INFO] [stdout]    |         ^^^^^ help: convert the identifier to snake case: `batt_f`
[INFO] [stdout] 
[INFO] [stdout] 
[INFO] [stdout] warning: variable `LOCK_STRING` should have a snake case name
[INFO] [stdout]    --> src/main.rs:122:9
[INFO] [stdout]     |
[INFO] [stdout] 122 |     let LOCK_STRING = "_ ".repeat(PASS_LENGTH - 1) + "_";
[INFO] [stdout]     |         ^^^^^^^^^^^ help: convert the identifier to snake case: `lock_string`
[INFO] [stdout] 
[INFO] [stdout] 
[INFO] [stdout] warning: unused `Result` that must be used
[INFO] [stdout]    --> src/main.rs:150:13
[INFO] [stdout]     |
[INFO] [stdout] 150 |             stdout.queue(cursor::MoveTo(width / 2 - 7, height / 2 - 8 + iii));
[INFO] [stdout]     |             ^^^^^^^^^^^^^^^^^^^^^^^^^^^^^^^^^^^^^^^^^^^^^^^^^^^^^^^^^^^^^^^^^
[INFO] [stdout]     |
[INFO] [stdout]     = note: this `Result` may be an `Err` variant, which should be handled
[INFO] [stdout] help: use `let _ = ...` to ignore the resulting value
[INFO] [stdout]     |
[INFO] [stdout] 150 |             let _ = stdout.queue(cursor::MoveTo(width / 2 - 7, height / 2 - 8 + iii));
[INFO] [stdout]     |             +++++++
[INFO] [stdout] 
[INFO] [stdout] 
[INFO] [stdout] warning: unused `Result` that must be used
[INFO] [stdout]    --> src/main.rs:155:13
[INFO] [stdout]     |
[INFO] [stdout] 155 |             stdout.queue(cursor::MoveTo(width / 2 - offset + x, height / 2 + 3));
[INFO] [stdout]     |             ^^^^^^^^^^^^^^^^^^^^^^^^^^^^^^^^^^^^^^^^^^^^^^^^^^^^^^^^^^^^^^^^^^^^
[INFO] [stdout]     |
[INFO] [stdout]     = note: this `Result` may be an `Err` variant, which should be handled
[INFO] [stdout] help: use `let _ = ...` to ignore the resulting value
[INFO] [stdout]     |
[INFO] [stdout] 155 |             let _ = stdout.queue(cursor::MoveTo(width / 2 - offset + x, height / 2 + 3));
[INFO] [stdout]     |             +++++++
[INFO] [stdout] 
[INFO] [stdout] 
[INFO] [stdout] warning: unused `Result` that must be used
[INFO] [stdout]    --> src/main.rs:157:13
[INFO] [stdout]     |
[INFO] [stdout] 157 |             stdout.queue(cursor::MoveTo(width / 2 - offset + x, height / 2 + 3));
[INFO] [stdout]     |             ^^^^^^^^^^^^^^^^^^^^^^^^^^^^^^^^^^^^^^^^^^^^^^^^^^^^^^^^^^^^^^^^^^^^
[INFO] [stdout]     |
[INFO] [stdout]     = note: this `Result` may be an `Err` variant, which should be handled
[INFO] [stdout] help: use `let _ = ...` to ignore the resulting value
[INFO] [stdout]     |
[INFO] [stdout] 157 |             let _ = stdout.queue(cursor::MoveTo(width / 2 - offset + x, height / 2 + 3));
[INFO] [stdout]     |             +++++++
[INFO] [stdout] 
[INFO] [stdout] 
[INFO] [stdout] warning: unused `Result` that must be used
[INFO] [stdout]    --> src/main.rs:190:17
[INFO] [stdout]     |
[INFO] [stdout] 190 |                 stdout.flush();
[INFO] [stdout]     |                 ^^^^^^^^^^^^^^
[INFO] [stdout]     |
[INFO] [stdout]     = note: this `Result` may be an `Err` variant, which should be handled
[INFO] [stdout] help: use `let _ = ...` to ignore the resulting value
[INFO] [stdout]     |
[INFO] [stdout] 190 |                 let _ = stdout.flush();
[INFO] [stdout]     |                 +++++++
[INFO] [stdout] 
[INFO] [stdout] 
[INFO] [stdout] warning: unused `Result` that must be used
[INFO] [stdout]    --> src/main.rs:212:17
[INFO] [stdout]     |
[INFO] [stdout] 212 |                 stdout.flush();
[INFO] [stdout]     |                 ^^^^^^^^^^^^^^
[INFO] [stdout]     |
[INFO] [stdout]     = note: this `Result` may be an `Err` variant, which should be handled
[INFO] [stdout] help: use `let _ = ...` to ignore the resulting value
[INFO] [stdout]     |
[INFO] [stdout] 212 |                 let _ = stdout.flush();
[INFO] [stdout]     |                 +++++++
[INFO] [stdout] 
[INFO] [stdout] 
[INFO] [stdout] warning: unused `Result` that must be used
[INFO] [stdout]    --> src/main.rs:215:21
[INFO] [stdout]     |
[INFO] [stdout] 215 |                     terminal::disable_raw_mode();
[INFO] [stdout]     |                     ^^^^^^^^^^^^^^^^^^^^^^^^^^^^
[INFO] [stdout]     |
[INFO] [stdout]     = note: this `Result` may be an `Err` variant, which should be handled
[INFO] [stdout] help: use `let _ = ...` to ignore the resulting value
[INFO] [stdout]     |
[INFO] [stdout] 215 |                     let _ = terminal::disable_raw_mode();
[INFO] [stdout]     |                     +++++++
[INFO] [stdout] 
[INFO] [stdout] 
[INFO] [stdout] warning: unused `Result` that must be used
[INFO] [stdout]    --> src/main.rs:236:9
[INFO] [stdout]     |
[INFO] [stdout] 236 |         stdout.flush();
[INFO] [stdout]     |         ^^^^^^^^^^^^^^
[INFO] [stdout]     |
[INFO] [stdout]     = note: this `Result` may be an `Err` variant, which should be handled
[INFO] [stdout] help: use `let _ = ...` to ignore the resulting value
[INFO] [stdout]     |
[INFO] [stdout] 236 |         let _ = stdout.flush();
[INFO] [stdout]     |         +++++++
[INFO] [stdout] 
[INFO] [stdout] 
[INFO] [stdout] warning: structure field `findDir` should have a snake case name
[INFO] [stdout]   --> src/plugins.rs:10:9
[INFO] [stdout]    |
[INFO] [stdout] 10 |     pub findDir: String,
[INFO] [stdout]    |         ^^^^^^^ help: convert the identifier to snake case: `find_dir`
[INFO] [stdout] 
[INFO] [stdout] 
[INFO] [stdout] warning: unused `Result` that must be used
[INFO] [stdout]   --> src/plugins.rs:70:8
[INFO] [stdout]    |
[INFO] [stdout] 70 |        stdout.queue(cursor::MoveTo(self.x, self.y));
[INFO] [stdout]    |        ^^^^^^^^^^^^^^^^^^^^^^^^^^^^^^^^^^^^^^^^^^^^
[INFO] [stdout]    |
[INFO] [stdout]    = note: this `Result` may be an `Err` variant, which should be handled
[INFO] [stdout] help: use `let _ = ...` to ignore the resulting value
[INFO] [stdout]    |
[INFO] [stdout] 70 |        let _ = stdout.queue(cursor::MoveTo(self.x, self.y));
[INFO] [stdout]    |        +++++++
[INFO] [stdout] 
[INFO] [stdout] 
[INFO] [stdout] warning: unused `Result` that must be used
[INFO] [stdout]   --> src/plugins.rs:71:8
[INFO] [stdout]    |
[INFO] [stdout] 71 |        stdout.write(ret.as_bytes());
[INFO] [stdout]    |        ^^^^^^^^^^^^^^^^^^^^^^^^^^^^
[INFO] [stdout]    |
[INFO] [stdout]    = note: this `Result` may be an `Err` variant, which should be handled
[INFO] [stdout] help: use `let _ = ...` to ignore the resulting value
[INFO] [stdout]    |
[INFO] [stdout] 71 |        let _ = stdout.write(ret.as_bytes());
[INFO] [stdout]    |        +++++++
[INFO] [stdout] 
[INFO] [stdout] 
[INFO] [stdout] warning: variable `TestPlugins` should have a snake case name
[INFO] [stdout]   --> src/plugins.rs:83:17
[INFO] [stdout]    |
[INFO] [stdout] 83 |         let mut TestPlugins: Plugins = Plugins {
[INFO] [stdout]    |                 ^^^^^^^^^^^ help: convert the identifier to snake case: `test_plugins`
[INFO] [stdout] 
[INFO] [stdout] 
[INFO] [stdout] warning: unused `Result` that must be used
[INFO] [stdout]   --> src/plugins.rs:89:9
[INFO] [stdout]    |
[INFO] [stdout] 89 |         TestPlugins.load();
[INFO] [stdout]    |         ^^^^^^^^^^^^^^^^^^
[INFO] [stdout]    |
[INFO] [stdout]    = note: this `Result` may be an `Err` variant, which should be handled
[INFO] [stdout] help: use `let _ = ...` to ignore the resulting value
[INFO] [stdout]    |
[INFO] [stdout] 89 |         let _ = TestPlugins.load();
[INFO] [stdout]    |         +++++++
[INFO] [stdout] 
[INFO] [stdout] 
[INFO] [stderr]     Finished `test` profile [unoptimized + debuginfo] target(s) in 1.39s
[INFO] running `Command { std: "docker" "inspect" "125ebcb952f82c6e65f26539de714e37f497de3eea1792566e565d2850d92d59", kill_on_drop: false }`
[INFO] running `Command { std: "docker" "rm" "-f" "125ebcb952f82c6e65f26539de714e37f497de3eea1792566e565d2850d92d59", kill_on_drop: false }`
[INFO] [stdout] 125ebcb952f82c6e65f26539de714e37f497de3eea1792566e565d2850d92d59
[INFO] running `Command { std: "docker" "create" "-v" "/var/lib/crater-agent-workspace/builds/worker-4-tc1/target:/opt/rustwide/target:rw,Z" "-v" "/var/lib/crater-agent-workspace/builds/worker-4-tc1/source:/opt/rustwide/workdir:ro,Z" "-v" "/var/lib/crater-agent-workspace/cargo-home:/opt/rustwide/cargo-home:ro,Z" "-v" "/var/lib/crater-agent-workspace/rustup-home:/opt/rustwide/rustup-home:ro,Z" "-e" "SOURCE_DIR=/opt/rustwide/workdir" "-e" "CARGO_TARGET_DIR=/opt/rustwide/target" "-e" "CARGO_INCREMENTAL=0" "-e" "RUST_BACKTRACE=full" "-e" "RUSTFLAGS=--cap-lints=warn" "-e" "RUSTDOCFLAGS=--cap-lints=warn" "-e" "CARGO_HOME=/opt/rustwide/cargo-home" "-e" "RUSTUP_HOME=/opt/rustwide/rustup-home" "-w" "/opt/rustwide/workdir" "-m" "1610612736" "--user" "0:0" "--network" "none" "ghcr.io/rust-lang/crates-build-env/linux@sha256:f3a9d4ad9d972b27faf3965f35b62e55ba32bbce8f20bc8fe909558a86702fde" "/opt/rustwide/cargo-home/bin/cargo" "+1.83.0" "test" "--frozen", kill_on_drop: false }`
[INFO] [stdout] 8afe9a34447d570d2f56d3e6422214c9aeb39dae14d741bc3fd1c6daf27fd600
[INFO] running `Command { std: "docker" "start" "-a" "8afe9a34447d570d2f56d3e6422214c9aeb39dae14d741bc3fd1c6daf27fd600", kill_on_drop: false }`
[INFO] [stderr] warning: unused import: `std::thread`
[INFO] [stderr]   --> src/main.rs:17:5
[INFO] [stderr]    |
[INFO] [stderr] 17 | use std::thread;
[INFO] [stderr]    |     ^^^^^^^^^^^
[INFO] [stderr]    |
[INFO] [stderr]    = note: `#[warn(unused_imports)]` on by default
[INFO] [stderr] 
[INFO] [stderr] warning: unused variable: `cmd`
[INFO] [stderr]   --> src/plugins.rs:14:23
[INFO] [stderr]    |
[INFO] [stderr] 14 | pub fn build_shell_fn(cmd: &str) -> impl Fn(&str) -> String {
[INFO] [stderr]    |                       ^^^ help: if this is intentional, prefix it with an underscore: `_cmd`
[INFO] [stderr]    |
[INFO] [stderr]    = note: `#[warn(unused_variables)]` on by default
[INFO] [stderr] 
[INFO] [stderr] warning: unreachable expression
[INFO] [stderr]   --> src/pass.rs:39:5
[INFO] [stderr]    |
[INFO] [stderr] 30 | /     match get_password_file() {
[INFO] [stderr] 31 | |         Ok(_) => {
[INFO] [stderr] 32 | |             return true
[INFO] [stderr] 33 | |         },
[INFO] [stderr] ...  |
[INFO] [stderr] 37 | |         }
[INFO] [stderr] 38 | |     }
[INFO] [stderr]    | |_____- any code following this `match` expression is unreachable, as all arms diverge
[INFO] [stderr] 39 |       false
[INFO] [stderr]    |       ^^^^^ unreachable expression
[INFO] [stderr]    |
[INFO] [stderr]    = note: `#[warn(unreachable_code)]` on by default
[INFO] [stderr] 
[INFO] [stderr] warning: unused variable: `s`
[INFO] [stderr]   --> src/pass.rs:49:9
[INFO] [stderr]    |
[INFO] [stderr] 49 |     let s = file.read_to_string(&mut content)?;
[INFO] [stderr]    |         ^ help: if this is intentional, prefix it with an underscore: `_s`
[INFO] [stderr] 
[INFO] [stderr] warning: unused variable: `x`
[INFO] [stderr]   --> src/plugins.rs:47:21
[INFO] [stderr]    |
[INFO] [stderr] 47 |                 let x = plugin["x"].as_u64().expect("x from json");
[INFO] [stderr]    |                     ^ help: if this is intentional, prefix it with an underscore: `_x`
[INFO] [stderr] 
[INFO] [stderr] warning: unused variable: `y`
[INFO] [stderr]   --> src/plugins.rs:48:21
[INFO] [stderr]    |
[INFO] [stderr] 48 |                 let y = plugin["y"].as_u64().expect("y from json");
[INFO] [stderr]    |                     ^ help: if this is intentional, prefix it with an underscore: `_y`
[INFO] [stderr] 
[INFO] [stderr] warning: unused variable: `cmd`
[INFO] [stderr]   --> src/plugins.rs:49:21
[INFO] [stderr]    |
[INFO] [stderr] 49 |                 let cmd  = &plugin["command"];
[INFO] [stderr]    |                     ^^^ help: if this is intentional, prefix it with an underscore: `_cmd`
[INFO] [stderr] 
[INFO] [stderr] warning: variable does not need to be mutable
[INFO] [stderr]   --> src/plugins.rs:40:13
[INFO] [stderr]    |
[INFO] [stderr] 40 |         let mut file = fs::File::open(&self.config_file)?;
[INFO] [stderr]    |             ----^^^^
[INFO] [stderr]    |             |
[INFO] [stderr]    |             help: remove this `mut`
[INFO] [stderr]    |
[INFO] [stderr]    = note: `#[warn(unused_mut)]` on by default
[INFO] [stderr] 
[INFO] [stderr] warning: variable does not need to be mutable
[INFO] [stderr]   --> src/plugins.rs:41:13
[INFO] [stderr]    |
[INFO] [stderr] 41 |         let mut config: serde_json::Value = serde_json::from_reader(file)?;
[INFO] [stderr]    |             ----^^^^^^
[INFO] [stderr]    |             |
[INFO] [stderr]    |             help: remove this `mut`
[INFO] [stderr] 
[INFO] [stderr] warning: variable does not need to be mutable
[INFO] [stderr]   --> src/plugins.rs:68:23
[INFO] [stderr]    |
[INFO] [stderr] 68 |    pub fn call(&self, mut stdout: &mut io::Stdout) -> String {
[INFO] [stderr]    |                       ----^^^^^^
[INFO] [stderr]    |                       |
[INFO] [stderr]    |                       help: remove this `mut`
[INFO] [stderr] 
[INFO] [stderr] warning: unused variable: `MIN_PASS_LENGTH`
[INFO] [stderr]   --> src/main.rs:44:9
[INFO] [stderr]    |
[INFO] [stderr] 44 |     let MIN_PASS_LENGTH = 4;
[INFO] [stderr]    |         ^^^^^^^^^^^^^^^ help: if this is intentional, prefix it with an underscore: `_MIN_PASS_LENGTH`
[INFO] [stderr] 
[INFO] [stderr] warning: value assigned to `PASS` is never read
[INFO] [stderr]   --> src/main.rs:47:13
[INFO] [stderr]    |
[INFO] [stderr] 47 |     let mut PASS = String::new();
[INFO] [stderr]    |             ^^^^
[INFO] [stderr]    |
[INFO] [stderr]    = help: maybe it is overwritten before being read?
[INFO] [stderr]    = note: `#[warn(unused_assignments)]` on by default
[INFO] [stderr] 
[INFO] [stderr] warning: variable does not need to be mutable
[INFO] [stderr]    --> src/main.rs:139:9
[INFO] [stderr]     |
[INFO] [stderr] 139 |     let mut lock_content = std::fs::read_to_string("res/lock.txt")?;
[INFO] [stderr]     |         ----^^^^^^^^^^^^
[INFO] [stderr]     |         |
[INFO] [stderr]     |         help: remove this `mut`
[INFO] [stdout] 
[INFO] [stderr] 
[INFO] [stdout] running 1 test
[INFO] [stderr] warning: struct `Element` is never constructed
[INFO] [stderr]   --> src/main.rs:19:8
[INFO] [stderr]    |
[INFO] [stderr] 19 | struct Element {
[INFO] [stderr]    |        ^^^^^^^
[INFO] [stderr]    |
[INFO] [stderr]    = note: `#[warn(dead_code)]` on by default
[INFO] [stderr] 
[INFO] [stderr] warning: associated function `new` is never used
[INFO] [stderr]   --> src/main.rs:26:8
[INFO] [stderr]    |
[INFO] [stderr] 25 | impl Element {
[INFO] [stderr]    | ------------ associated function in this implementation
[INFO] [stderr] 26 |     fn new(text: &str, x: u16, y: u16) -> Self {
[INFO] [stderr]    |        ^^^
[INFO] [stderr] 
[INFO] [stderr] warning: field `findDir` is never read
[INFO] [stderr]   --> src/plugins.rs:10:9
[INFO] [stderr]    |
[INFO] [stderr] 8  | pub struct Plugins {
[INFO] [stderr]    |            ------- field in this struct
[INFO] [stderr] 9  |     pub list: Vec<Plugin>,
[INFO] [stderr] 10 |     pub findDir: String,
[INFO] [stderr]    |         ^^^^^^^
[INFO] [stderr] 
[INFO] [stderr] warning: function `build_shell_fn` is never used
[INFO] [stderr]   --> src/plugins.rs:14:8
[INFO] [stderr]    |
[INFO] [stderr] 14 | pub fn build_shell_fn(cmd: &str) -> impl Fn(&str) -> String {
[INFO] [stderr]    |        ^^^^^^^^^^^^^^
[INFO] [stderr] 
[INFO] [stderr] warning: field `delay` is never read
[INFO] [stderr]   --> src/plugins.rs:29:9
[INFO] [stderr]    |
[INFO] [stderr] 25 | pub struct Plugin {
[INFO] [stderr]    |            ------ field in this struct
[INFO] [stderr] ...
[INFO] [stderr] 29 |     pub delay: Option<Duration>,
[INFO] [stderr]    |         ^^^^^
[INFO] [stderr] 
[INFO] [stderr] warning: unused `Result` that must be used
[INFO] [stderr]   --> src/main.rs:37:9
[INFO] [stderr]    |
[INFO] [stderr] 37 |         write!(f, csi!("{};{}H"), self.x + 1, self.y + 1);
[INFO] [stderr]    |         ^^^^^^^^^^^^^^^^^^^^^^^^^^^^^^^^^^^^^^^^^^^^^^^^^
[INFO] [stderr]    |
[INFO] [stderr]    = note: this `Result` may be an `Err` variant, which should be handled
[INFO] [stderr]    = note: `#[warn(unused_must_use)]` on by default
[INFO] [stderr]    = note: this warning originates in the macro `write` (in Nightly builds, run with -Z macro-backtrace for more info)
[INFO] [stderr] 
[INFO] [stderr] warning: variable `MIN_PASS_LENGTH` should have a snake case name
[INFO] [stderr]   --> src/main.rs:44:9
[INFO] [stderr]    |
[INFO] [stderr] 44 |     let MIN_PASS_LENGTH = 4;
[INFO] [stderr]    |         ^^^^^^^^^^^^^^^ help: convert the identifier to snake case: `min_pass_length`
[INFO] [stderr]    |
[INFO] [stderr]    = note: `#[warn(non_snake_case)]` on by default
[INFO] [stderr] 
[INFO] [stderr] warning: variable `PASS_LENGTH` should have a snake case name
[INFO] [stderr]   --> src/main.rs:45:9
[INFO] [stderr]    |
[INFO] [stderr] 45 |     let PASS_LENGTH = 6;
[INFO] [stderr]    |         ^^^^^^^^^^^ help: convert the identifier to snake case: `pass_length`
[INFO] [stderr] 
[INFO] [stderr] warning: variable `PASSWORD_CREATED` should have a snake case name
[INFO] [stderr]   --> src/main.rs:46:9
[INFO] [stderr]    |
[INFO] [stderr] 46 |     let PASSWORD_CREATED = pass::is_password_file_present();
[INFO] [stderr]    |         ^^^^^^^^^^^^^^^^ help: convert the identifier to snake case: `password_created`
[INFO] [stderr] 
[INFO] [stderr] warning: variable `PASS` should have a snake case name
[INFO] [stderr]   --> src/main.rs:47:13
[INFO] [stderr]    |
[INFO] [stderr] 47 |     let mut PASS = String::new();
[INFO] [stderr]    |             ^^^^ help: convert the identifier to snake case: `pass`
[INFO] [stderr] 
[INFO] [stderr] warning: variable `SET_PASSWORD` should have a snake case name
[INFO] [stderr]   --> src/main.rs:48:13
[INFO] [stderr]    |
[INFO] [stderr] 48 |     let mut SET_PASSWORD = false;
[INFO] [stderr]    |             ^^^^^^^^^^^^ help: convert the identifier to snake case: `set_password`
[INFO] [stderr] 
[INFO] [stderr] warning: variable `battF` should have a snake case name
[INFO] [stderr]   --> src/main.rs:99:9
[INFO] [stderr]    |
[INFO] [stderr] 99 |     let battF = || -> String {
[INFO] [stderr]    |         ^^^^^ help: convert the identifier to snake case: `batt_f`
[INFO] [stderr] 
[INFO] [stderr] warning: variable `LOCK_STRING` should have a snake case name
[INFO] [stderr]    --> src/main.rs:122:9
[INFO] [stderr]     |
[INFO] [stderr] 122 |     let LOCK_STRING = "_ ".repeat(PASS_LENGTH - 1) + "_";
[INFO] [stderr]     |         ^^^^^^^^^^^ help: convert the identifier to snake case: `lock_string`
[INFO] [stderr] 
[INFO] [stderr] warning: unused `Result` that must be used
[INFO] [stderr]    --> src/main.rs:150:13
[INFO] [stderr]     |
[INFO] [stderr] 150 |             stdout.queue(cursor::MoveTo(width / 2 - 7, height / 2 - 8 + iii));
[INFO] [stderr]     |             ^^^^^^^^^^^^^^^^^^^^^^^^^^^^^^^^^^^^^^^^^^^^^^^^^^^^^^^^^^^^^^^^^
[INFO] [stderr]     |
[INFO] [stderr]     = note: this `Result` may be an `Err` variant, which should be handled
[INFO] [stderr] help: use `let _ = ...` to ignore the resulting value
[INFO] [stderr]     |
[INFO] [stderr] 150 |             let _ = stdout.queue(cursor::MoveTo(width / 2 - 7, height / 2 - 8 + iii));
[INFO] [stderr]     |             +++++++
[INFO] [stderr] 
[INFO] [stderr] warning: unused `Result` that must be used
[INFO] [stderr]    --> src/main.rs:155:13
[INFO] [stderr]     |
[INFO] [stderr] 155 |             stdout.queue(cursor::MoveTo(width / 2 - offset + x, height / 2 + 3));
[INFO] [stderr]     |             ^^^^^^^^^^^^^^^^^^^^^^^^^^^^^^^^^^^^^^^^^^^^^^^^^^^^^^^^^^^^^^^^^^^^
[INFO] [stderr]     |
[INFO] [stderr]     = note: this `Result` may be an `Err` variant, which should be handled
[INFO] [stderr] help: use `let _ = ...` to ignore the resulting value
[INFO] [stderr]     |
[INFO] [stderr] 155 |             let _ = stdout.queue(cursor::MoveTo(width / 2 - offset + x, height / 2 + 3));
[INFO] [stderr]     |             +++++++
[INFO] [stderr] 
[INFO] [stderr] warning: unused `Result` that must be used
[INFO] [stderr]    --> src/main.rs:157:13
[INFO] [stderr]     |
[INFO] [stderr] 157 |             stdout.queue(cursor::MoveTo(width / 2 - offset + x, height / 2 + 3));
[INFO] [stderr]     |             ^^^^^^^^^^^^^^^^^^^^^^^^^^^^^^^^^^^^^^^^^^^^^^^^^^^^^^^^^^^^^^^^^^^^
[INFO] [stderr]     |
[INFO] [stderr]     = note: this `Result` may be an `Err` variant, which should be handled
[INFO] [stderr] help: use `let _ = ...` to ignore the resulting value
[INFO] [stderr]     |
[INFO] [stderr] 157 |             let _ = stdout.queue(cursor::MoveTo(width / 2 - offset + x, height / 2 + 3));
[INFO] [stderr]     |             +++++++
[INFO] [stderr] 
[INFO] [stderr] warning: unused `Result` that must be used
[INFO] [stderr]    --> src/main.rs:190:17
[INFO] [stderr]     |
[INFO] [stderr] 190 |                 stdout.flush();
[INFO] [stderr]     |                 ^^^^^^^^^^^^^^
[INFO] [stderr]     |
[INFO] [stderr]     = note: this `Result` may be an `Err` variant, which should be handled
[INFO] [stderr] help: use `let _ = ...` to ignore the resulting value
[INFO] [stderr]     |
[INFO] [stderr] 190 |                 let _ = stdout.flush();
[INFO] [stderr]     |                 +++++++
[INFO] [stderr] 
[INFO] [stderr] warning: unused `Result` that must be used
[INFO] [stderr]    --> src/main.rs:212:17
[INFO] [stderr]     |
[INFO] [stderr] 212 |                 stdout.flush();
[INFO] [stderr]     |                 ^^^^^^^^^^^^^^
[INFO] [stderr]     |
[INFO] [stderr]     = note: this `Result` may be an `Err` variant, which should be handled
[INFO] [stderr] help: use `let _ = ...` to ignore the resulting value
[INFO] [stderr]     |
[INFO] [stderr] 212 |                 let _ = stdout.flush();
[INFO] [stderr]     |                 +++++++
[INFO] [stderr] 
[INFO] [stderr] warning: unused `Result` that must be used
[INFO] [stderr]    --> src/main.rs:215:21
[INFO] [stderr]     |
[INFO] [stderr] 215 |                     terminal::disable_raw_mode();
[INFO] [stderr]     |                     ^^^^^^^^^^^^^^^^^^^^^^^^^^^^
[INFO] [stderr]     |
[INFO] [stderr]     = note: this `Result` may be an `Err` variant, which should be handled
[INFO] [stderr] help: use `let _ = ...` to ignore the resulting value
[INFO] [stderr]     |
[INFO] [stderr] 215 |                     let _ = terminal::disable_raw_mode();
[INFO] [stderr]     |                     +++++++
[INFO] [stderr] 
[INFO] [stderr] warning: unused `Result` that must be used
[INFO] [stderr]    --> src/main.rs:236:9
[INFO] [stderr]     |
[INFO] [stderr] 236 |         stdout.flush();
[INFO] [stderr]     |         ^^^^^^^^^^^^^^
[INFO] [stderr]     |
[INFO] [stderr]     = note: this `Result` may be an `Err` variant, which should be handled
[INFO] [stderr] help: use `let _ = ...` to ignore the resulting value
[INFO] [stderr]     |
[INFO] [stderr] 236 |         let _ = stdout.flush();
[INFO] [stderr]     |         +++++++
[INFO] [stderr] 
[INFO] [stderr] warning: structure field `findDir` should have a snake case name
[INFO] [stderr]   --> src/plugins.rs:10:9
[INFO] [stderr]    |
[INFO] [stderr] 10 |     pub findDir: String,
[INFO] [stderr]    |         ^^^^^^^ help: convert the identifier to snake case: `find_dir`
[INFO] [stderr] 
[INFO] [stderr] warning: unused `Result` that must be used
[INFO] [stderr]   --> src/plugins.rs:70:8
[INFO] [stderr]    |
[INFO] [stderr] 70 |        stdout.queue(cursor::MoveTo(self.x, self.y));
[INFO] [stderr]    |        ^^^^^^^^^^^^^^^^^^^^^^^^^^^^^^^^^^^^^^^^^^^^
[INFO] [stderr]    |
[INFO] [stderr]    = note: this `Result` may be an `Err` variant, which should be handled
[INFO] [stderr] help: use `let _ = ...` to ignore the resulting value
[INFO] [stderr]    |
[INFO] [stderr] 70 |        let _ = stdout.queue(cursor::MoveTo(self.x, self.y));
[INFO] [stderr]    |        +++++++
[INFO] [stderr] 
[INFO] [stderr] warning: unused `Result` that must be used
[INFO] [stderr]   --> src/plugins.rs:71:8
[INFO] [stderr]    |
[INFO] [stderr] 71 |        stdout.write(ret.as_bytes());
[INFO] [stderr]    |        ^^^^^^^^^^^^^^^^^^^^^^^^^^^^
[INFO] [stderr]    |
[INFO] [stderr]    = note: this `Result` may be an `Err` variant, which should be handled
[INFO] [stderr] help: use `let _ = ...` to ignore the resulting value
[INFO] [stderr]    |
[INFO] [stderr] 71 |        let _ = stdout.write(ret.as_bytes());
[INFO] [stderr]    |        +++++++
[INFO] [stderr] 
[INFO] [stderr] warning: variable `TestPlugins` should have a snake case name
[INFO] [stderr]   --> src/plugins.rs:83:17
[INFO] [stderr]    |
[INFO] [stderr] 83 |         let mut TestPlugins: Plugins = Plugins {
[INFO] [stderr]    |                 ^^^^^^^^^^^ help: convert the identifier to snake case: `test_plugins`
[INFO] [stderr] 
[INFO] [stderr] warning: unused `Result` that must be used
[INFO] [stderr]   --> src/plugins.rs:89:9
[INFO] [stderr]    |
[INFO] [stderr] 89 |         TestPlugins.load();
[INFO] [stderr]    |         ^^^^^^^^^^^^^^^^^^
[INFO] [stderr]    |
[INFO] [stderr]    = note: this `Result` may be an `Err` variant, which should be handled
[INFO] [stderr] help: use `let _ = ...` to ignore the resulting value
[INFO] [stderr]    |
[INFO] [stderr] 89 |         let _ = TestPlugins.load();
[INFO] [stderr]    |         +++++++
[INFO] [stderr] 
[INFO] [stderr] warning: `termilock` (bin "termilock" test) generated 38 warnings (run `cargo fix --bin "termilock" --tests` to apply 5 suggestions)
[INFO] [stderr]     Finished `test` profile [unoptimized + debuginfo] target(s) in 0.09s
[INFO] [stderr]      Running unittests src/main.rs (/opt/rustwide/target/debug/deps/termilock-6f55b3085f61963b)
[INFO] [stdout] test plugins::tests::test_plugin_load_config ... FAILED
[INFO] [stdout] 
[INFO] [stdout] failures:
[INFO] [stdout] 
[INFO] [stdout] ---- plugins::tests::test_plugin_load_config stdout ----
[INFO] [stdout] Object {"command": String("pmset -g batt"), "name": String("test"), "x": Number(1), "y": Number(1)}
[INFO] [stdout] 1
[INFO] [stdout] thread 'plugins::tests::test_plugin_load_config' panicked at src/plugins.rs:90:9:
[INFO] [stdout] assertion failed: TestPlugins.list.len() > 0
[INFO] [stdout] stack backtrace:
[INFO] [stdout]    0:     0x5f0b65c40cba - std::backtrace_rs::backtrace::libunwind::trace::h5a5b8284f2d0c266
[INFO] [stdout]                                at /rustc/90b35a6239c3d8bdabc530a6a0816f7ff89a0aaf/library/std/src/../../backtrace/src/backtrace/libunwind.rs:116:5
[INFO] [stdout]    1:     0x5f0b65c40cba - std::backtrace_rs::backtrace::trace_unsynchronized::h76d4f1c9b0b875e3
[INFO] [stdout]                                at /rustc/90b35a6239c3d8bdabc530a6a0816f7ff89a0aaf/library/std/src/../../backtrace/src/backtrace/mod.rs:66:5
[INFO] [stdout]    2:     0x5f0b65c40cba - std::sys::backtrace::_print_fmt::hc4546b8364a537c6
[INFO] [stdout]                                at /rustc/90b35a6239c3d8bdabc530a6a0816f7ff89a0aaf/library/std/src/sys/backtrace.rs:66:9
[INFO] [stdout]    3:     0x5f0b65c40cba - <std::sys::backtrace::BacktraceLock::print::DisplayBacktrace as core::fmt::Display>::fmt::h5b6bd5631a6d1f6b
[INFO] [stdout]                                at /rustc/90b35a6239c3d8bdabc530a6a0816f7ff89a0aaf/library/std/src/sys/backtrace.rs:39:26
[INFO] [stdout]    4:     0x5f0b65c66433 - core::fmt::rt::Argument::fmt::h270f6602a2b96f62
[INFO] [stdout]                                at /rustc/90b35a6239c3d8bdabc530a6a0816f7ff89a0aaf/library/core/src/fmt/rt.rs:177:76
[INFO] [stdout]    5:     0x5f0b65c66433 - core::fmt::write::h7550c97b06c86515
[INFO] [stdout]                                at /rustc/90b35a6239c3d8bdabc530a6a0816f7ff89a0aaf/library/core/src/fmt/mod.rs:1186:21
[INFO] [stdout]    6:     0x5f0b65c3de83 - std::io::Write::write_fmt::h509ff860e5956e5e
[INFO] [stdout]                                at /rustc/90b35a6239c3d8bdabc530a6a0816f7ff89a0aaf/library/std/src/io/mod.rs:1839:15
[INFO] [stdout]    7:     0x5f0b65c40b02 - std::sys::backtrace::BacktraceLock::print::h2395ccd2c84ba3aa
[INFO] [stdout]                                at /rustc/90b35a6239c3d8bdabc530a6a0816f7ff89a0aaf/library/std/src/sys/backtrace.rs:42:9
[INFO] [stdout]    8:     0x5f0b65c4211a - std::panicking::default_hook::{{closure}}::he19d4c7230e07961
[INFO] [stdout]                                at /rustc/90b35a6239c3d8bdabc530a6a0816f7ff89a0aaf/library/std/src/panicking.rs:268:22
[INFO] [stdout]    9:     0x5f0b65c41f24 - std::panicking::default_hook::hf614597d3c67bbdb
[INFO] [stdout]                                at /rustc/90b35a6239c3d8bdabc530a6a0816f7ff89a0aaf/library/std/src/panicking.rs:292:9
[INFO] [stdout]   10:     0x5f0b65bee899 - <alloc::boxed::Box<F,A> as core::ops::function::Fn<Args>>::call::h39b51ce4599c23d1
[INFO] [stdout]                                at /rustc/90b35a6239c3d8bdabc530a6a0816f7ff89a0aaf/library/alloc/src/boxed.rs:2468:9
[INFO] [stdout]   11:     0x5f0b65bee899 - test::test_main::{{closure}}::he977ae839a582784
[INFO] [stdout]                                at /rustc/90b35a6239c3d8bdabc530a6a0816f7ff89a0aaf/library/test/src/lib.rs:133:21
[INFO] [stdout]   12:     0x5f0b65c427b8 - <alloc::boxed::Box<F,A> as core::ops::function::Fn<Args>>::call::h9455091b6b06f9fb
[INFO] [stdout]                                at /rustc/90b35a6239c3d8bdabc530a6a0816f7ff89a0aaf/library/alloc/src/boxed.rs:2468:9
[INFO] [stdout]   13:     0x5f0b65c427b8 - std::panicking::rust_panic_with_hook::h8942133a8b252070
[INFO] [stdout]                                at /rustc/90b35a6239c3d8bdabc530a6a0816f7ff89a0aaf/library/std/src/panicking.rs:809:13
[INFO] [stdout]   14:     0x5f0b65c42546 - std::panicking::begin_panic_handler::{{closure}}::hb5f5963570096b29
[INFO] [stdout]                                at /rustc/90b35a6239c3d8bdabc530a6a0816f7ff89a0aaf/library/std/src/panicking.rs:667:13
[INFO] [stdout]   15:     0x5f0b65c41199 - std::sys::backtrace::__rust_end_short_backtrace::h6208cedc1922feda
[INFO] [stdout]                                at /rustc/90b35a6239c3d8bdabc530a6a0816f7ff89a0aaf/library/std/src/sys/backtrace.rs:170:18
[INFO] [stdout]   16:     0x5f0b65c4220c - rust_begin_unwind
[INFO] [stdout]                                at /rustc/90b35a6239c3d8bdabc530a6a0816f7ff89a0aaf/library/std/src/panicking.rs:665:5
[INFO] [stdout]   17:     0x5f0b65bada60 - core::panicking::panic_fmt::h0c3082644d1bf418
[INFO] [stdout]                                at /rustc/90b35a6239c3d8bdabc530a6a0816f7ff89a0aaf/library/core/src/panicking.rs:74:14
[INFO] [stdout]   18:     0x5f0b65badaec - core::panicking::panic::h957f98c65a3b3074
[INFO] [stdout]                                at /rustc/90b35a6239c3d8bdabc530a6a0816f7ff89a0aaf/library/core/src/panicking.rs:148:5
[INFO] [stdout]   19:     0x5f0b65bb6555 - termilock::plugins::tests::test_plugin_load_config::h3e937d29e80a9fdf
[INFO] [stdout]                                at /opt/rustwide/workdir/src/plugins.rs:90:9
[INFO] [stdout]   20:     0x5f0b65bb63e7 - termilock::plugins::tests::test_plugin_load_config::{{closure}}::h8c6b151b7cc54b56
[INFO] [stdout]                                at /opt/rustwide/workdir/src/plugins.rs:82:33
[INFO] [stdout]   21:     0x5f0b65bb2b56 - core::ops::function::FnOnce::call_once::hbddb80289ea38297
[INFO] [stdout]                                at /rustc/90b35a6239c3d8bdabc530a6a0816f7ff89a0aaf/library/core/src/ops/function.rs:250:5
[INFO] [stdout]   22:     0x5f0b65bf325b - core::ops::function::FnOnce::call_once::h109cf8051a59b34e
[INFO] [stdout]                                at /rustc/90b35a6239c3d8bdabc530a6a0816f7ff89a0aaf/library/core/src/ops/function.rs:250:5
[INFO] [stdout]   23:     0x5f0b65bf325b - test::__rust_begin_short_backtrace::hf4fff89d377446ba
[INFO] [stdout]                                at /rustc/90b35a6239c3d8bdabc530a6a0816f7ff89a0aaf/library/test/src/lib.rs:621:18
[INFO] [stdout]   24:     0x5f0b65bf2a97 - test::run_test_in_process::{{closure}}::h0e39181dd7ee5a43
[INFO] [stdout]                                at /rustc/90b35a6239c3d8bdabc530a6a0816f7ff89a0aaf/library/test/src/lib.rs:644:60
[INFO] [stdout]   25:     0x5f0b65bf2a97 - <core::panic::unwind_safe::AssertUnwindSafe<F> as core::ops::function::FnOnce<()>>::call_once::hc5a66a30f0bdfd1f
[INFO] [stdout]                                at /rustc/90b35a6239c3d8bdabc530a6a0816f7ff89a0aaf/library/core/src/panic/unwind_safe.rs:272:9
[INFO] [stdout]   26:     0x5f0b65bf2a97 - std::panicking::try::do_call::h873b7cf639554a5e
[INFO] [stdout]                                at /rustc/90b35a6239c3d8bdabc530a6a0816f7ff89a0aaf/library/std/src/panicking.rs:557:40
[INFO] [stdout]   27:     0x5f0b65bf2a97 - std::panicking::try::hdb19862fad9c8bd1
[INFO] [stdout]                                at /rustc/90b35a6239c3d8bdabc530a6a0816f7ff89a0aaf/library/std/src/panicking.rs:520:19
[INFO] [stdout]   28:     0x5f0b65bf2a97 - std::panic::catch_unwind::h281fe732d236d260
[INFO] [stdout]                                at /rustc/90b35a6239c3d8bdabc530a6a0816f7ff89a0aaf/library/std/src/panic.rs:358:14
[INFO] [stdout]   29:     0x5f0b65bf2a97 - test::run_test_in_process::h949b6df8457ed338
[INFO] [stdout]                                at /rustc/90b35a6239c3d8bdabc530a6a0816f7ff89a0aaf/library/test/src/lib.rs:644:27
[INFO] [stdout]   30:     0x5f0b65bf2a97 - test::run_test::{{closure}}::h52c556a6d4740e10
[INFO] [stdout]                                at /rustc/90b35a6239c3d8bdabc530a6a0816f7ff89a0aaf/library/test/src/lib.rs:565:43
[INFO] [stdout]   31:     0x5f0b65bb7d74 - test::run_test::{{closure}}::h4237f6381c45ccb9
[INFO] [stdout]                                at /rustc/90b35a6239c3d8bdabc530a6a0816f7ff89a0aaf/library/test/src/lib.rs:595:41
[INFO] [stdout]   32:     0x5f0b65bb7d74 - std::sys::backtrace::__rust_begin_short_backtrace::h505c97a579eca628
[INFO] [stdout]                                at /rustc/90b35a6239c3d8bdabc530a6a0816f7ff89a0aaf/library/std/src/sys/backtrace.rs:154:18
[INFO] [stdout]   33:     0x5f0b65bbb43e - std::thread::Builder::spawn_unchecked_::{{closure}}::{{closure}}::h9e86b2e2bc107ea3
[INFO] [stdout]                                at /rustc/90b35a6239c3d8bdabc530a6a0816f7ff89a0aaf/library/std/src/thread/mod.rs:538:17
[INFO] [stdout]   34:     0x5f0b65bbb43e - <core::panic::unwind_safe::AssertUnwindSafe<F> as core::ops::function::FnOnce<()>>::call_once::h8b06ddb275ff4a25
[INFO] [stdout]                                at /rustc/90b35a6239c3d8bdabc530a6a0816f7ff89a0aaf/library/core/src/panic/unwind_safe.rs:272:9
[INFO] [stdout]   35:     0x5f0b65bbb43e - std::panicking::try::do_call::hb26ecd7cd9a9355d
[INFO] [stdout]                                at /rustc/90b35a6239c3d8bdabc530a6a0816f7ff89a0aaf/library/std/src/panicking.rs:557:40
[INFO] [stdout]   36:     0x5f0b65bbb43e - std::panicking::try::h8ddeca9d705f9069
[INFO] [stdout]                                at /rustc/90b35a6239c3d8bdabc530a6a0816f7ff89a0aaf/library/std/src/panicking.rs:520:19
[INFO] [stdout]   37:     0x5f0b65bbb43e - std::panic::catch_unwind::h49e1c33078844c46
[INFO] [stdout]                                at /rustc/90b35a6239c3d8bdabc530a6a0816f7ff89a0aaf/library/std/src/panic.rs:358:14
[INFO] [stdout]   38:     0x5f0b65bbb43e - std::thread::Builder::spawn_unchecked_::{{closure}}::h6073db6ff56ad35d
[INFO] [stdout]                                at /rustc/90b35a6239c3d8bdabc530a6a0816f7ff89a0aaf/library/std/src/thread/mod.rs:537:30
[INFO] [stdout]   39:     0x5f0b65bbb43e - core::ops::function::FnOnce::call_once{{vtable.shim}}::h2c5a5f3779c774f1
[INFO] [stdout]                                at /rustc/90b35a6239c3d8bdabc530a6a0816f7ff89a0aaf/library/core/src/ops/function.rs:250:5
[INFO] [stdout]   40:     0x5f0b65c4651b - <alloc::boxed::Box<F,A> as core::ops::function::FnOnce<Args>>::call_once::hf75717d9f28faebf
[INFO] [stdout]                                at /rustc/90b35a6239c3d8bdabc530a6a0816f7ff89a0aaf/library/alloc/src/boxed.rs:2454:9
[INFO] [stdout]   41:     0x5f0b65c4651b - <alloc::boxed::Box<F,A> as core::ops::function::FnOnce<Args>>::call_once::h7bd883a5f3c5f3c1
[INFO] [stdout]                                at /rustc/90b35a6239c3d8bdabc530a6a0816f7ff89a0aaf/library/alloc/src/boxed.rs:2454:9
[INFO] [stdout]   42:     0x5f0b65c4651b - std::sys::pal::unix::thread::Thread::new::thread_start::hcc78f3943333fa94
[INFO] [stdout]                                at /rustc/90b35a6239c3d8bdabc530a6a0816f7ff89a0aaf/library/std/src/sys/pal/unix/thread.rs:105:17
[INFO] [stdout]   43:     0x79c726fabac3 - <unknown>
[INFO] [stdout]   44:     0x79c72703ca04 - clone
[INFO] [stdout]   45:                0x0 - <unknown>
[INFO] [stdout] 
[INFO] [stdout] 
[INFO] [stdout] failures:
[INFO] [stdout]     plugins::tests::test_plugin_load_config
[INFO] [stdout] 
[INFO] [stdout] test result: FAILED. 0 passed; 1 failed; 0 ignored; 0 measured; 0 filtered out; finished in 0.05s
[INFO] [stdout] 
[INFO] [stderr] error: test failed, to rerun pass `--bin termilock`
[INFO] running `Command { std: "docker" "inspect" "8afe9a34447d570d2f56d3e6422214c9aeb39dae14d741bc3fd1c6daf27fd600", kill_on_drop: false }`
[INFO] running `Command { std: "docker" "rm" "-f" "8afe9a34447d570d2f56d3e6422214c9aeb39dae14d741bc3fd1c6daf27fd600", kill_on_drop: false }`
[INFO] [stdout] 8afe9a34447d570d2f56d3e6422214c9aeb39dae14d741bc3fd1c6daf27fd600
