[INFO] cloning repository https://github.com/gbsf/conduit-migrations
[INFO] running `Command { std: "git" "-c" "credential.helper=" "-c" "credential.helper=/workspace/cargo-home/bin/git-credential-null" "clone" "--bare" "https://github.com/gbsf/conduit-migrations" "/workspace/cache/git-repos/https%3A%2F%2Fgithub.com%2Fgbsf%2Fconduit-migrations", kill_on_drop: false }`
[INFO] [stderr] Cloning into bare repository '/workspace/cache/git-repos/https%3A%2F%2Fgithub.com%2Fgbsf%2Fconduit-migrations'...
[INFO] running `Command { std: "git" "rev-parse" "HEAD", kill_on_drop: false }`
[INFO] [stdout] db8b8bfea10796df1399593d6484782d19d551da
[INFO] testing gbsf/conduit-migrations against beta-2024-12-08 for beta-1.84.0-4-retry
[INFO] running `Command { std: "git" "clone" "/workspace/cache/git-repos/https%3A%2F%2Fgithub.com%2Fgbsf%2Fconduit-migrations" "/workspace/builds/worker-7-tc2/source", kill_on_drop: false }`
[INFO] [stderr] Cloning into '/workspace/builds/worker-7-tc2/source'...
[INFO] [stderr] done.
[INFO] validating manifest of git repo https://github.com/gbsf/conduit-migrations on toolchain beta-2024-12-08
[INFO] running `Command { std: CARGO_HOME="/workspace/cargo-home" RUSTUP_HOME="/workspace/rustup-home" "/workspace/cargo-home/bin/cargo" "+beta-2024-12-08" "metadata" "--manifest-path" "Cargo.toml" "--no-deps", kill_on_drop: false }`
[INFO] started tweaking git repo https://github.com/gbsf/conduit-migrations
[INFO] finished tweaking git repo https://github.com/gbsf/conduit-migrations
[INFO] tweaked toml for git repo https://github.com/gbsf/conduit-migrations written to /workspace/builds/worker-7-tc2/source/Cargo.toml
[INFO] crate git repo https://github.com/gbsf/conduit-migrations already has a lockfile, it will not be regenerated
[INFO] running `Command { std: CARGO_HOME="/workspace/cargo-home" RUSTUP_HOME="/workspace/rustup-home" "/workspace/cargo-home/bin/cargo" "+beta-2024-12-08" "fetch" "--manifest-path" "Cargo.toml", kill_on_drop: false }`
[INFO] running `Command { std: "docker" "create" "-v" "/var/lib/crater-agent-workspace/builds/worker-7-tc2/target:/opt/rustwide/target:rw,Z" "-v" "/var/lib/crater-agent-workspace/builds/worker-7-tc2/source:/opt/rustwide/workdir:ro,Z" "-v" "/var/lib/crater-agent-workspace/cargo-home:/opt/rustwide/cargo-home:ro,Z" "-v" "/var/lib/crater-agent-workspace/rustup-home:/opt/rustwide/rustup-home:ro,Z" "-e" "SOURCE_DIR=/opt/rustwide/workdir" "-e" "CARGO_TARGET_DIR=/opt/rustwide/target" "-e" "CARGO_HOME=/opt/rustwide/cargo-home" "-e" "RUSTUP_HOME=/opt/rustwide/rustup-home" "-w" "/opt/rustwide/workdir" "-m" "1610612736" "--user" "0:0" "--network" "none" "ghcr.io/rust-lang/crates-build-env/linux@sha256:f3a9d4ad9d972b27faf3965f35b62e55ba32bbce8f20bc8fe909558a86702fde" "/opt/rustwide/cargo-home/bin/cargo" "+beta-2024-12-08" "metadata" "--no-deps" "--format-version=1", kill_on_drop: false }`
[INFO] [stdout] 7c31bbc0aa120f51525976bc89b802f43fb336eb136a3802a2114a34e75cc495
[INFO] running `Command { std: "docker" "start" "-a" "7c31bbc0aa120f51525976bc89b802f43fb336eb136a3802a2114a34e75cc495", kill_on_drop: false }`
[INFO] running `Command { std: "docker" "inspect" "7c31bbc0aa120f51525976bc89b802f43fb336eb136a3802a2114a34e75cc495", kill_on_drop: false }`
[INFO] running `Command { std: "docker" "rm" "-f" "7c31bbc0aa120f51525976bc89b802f43fb336eb136a3802a2114a34e75cc495", kill_on_drop: false }`
[INFO] [stdout] 7c31bbc0aa120f51525976bc89b802f43fb336eb136a3802a2114a34e75cc495
[INFO] running `Command { std: "docker" "create" "-v" "/var/lib/crater-agent-workspace/builds/worker-7-tc2/target:/opt/rustwide/target:rw,Z" "-v" "/var/lib/crater-agent-workspace/builds/worker-7-tc2/source:/opt/rustwide/workdir:ro,Z" "-v" "/var/lib/crater-agent-workspace/cargo-home:/opt/rustwide/cargo-home:ro,Z" "-v" "/var/lib/crater-agent-workspace/rustup-home:/opt/rustwide/rustup-home:ro,Z" "-e" "SOURCE_DIR=/opt/rustwide/workdir" "-e" "CARGO_TARGET_DIR=/opt/rustwide/target" "-e" "CARGO_INCREMENTAL=0" "-e" "RUST_BACKTRACE=full" "-e" "RUSTFLAGS=--cap-lints=warn" "-e" "RUSTDOCFLAGS=--cap-lints=warn" "-e" "CARGO_HOME=/opt/rustwide/cargo-home" "-e" "RUSTUP_HOME=/opt/rustwide/rustup-home" "-w" "/opt/rustwide/workdir" "-m" "1610612736" "--user" "0:0" "--network" "none" "ghcr.io/rust-lang/crates-build-env/linux@sha256:f3a9d4ad9d972b27faf3965f35b62e55ba32bbce8f20bc8fe909558a86702fde" "/opt/rustwide/cargo-home/bin/cargo" "+beta-2024-12-08" "build" "--frozen" "--message-format=json", kill_on_drop: false }`
[INFO] [stdout] 2fc7d0baca8431c9635ef6a6f96d0f5b0385cc7a814ea52aa46bd4462662e95b
[INFO] running `Command { std: "docker" "start" "-a" "2fc7d0baca8431c9635ef6a6f96d0f5b0385cc7a814ea52aa46bd4462662e95b", kill_on_drop: false }`
[INFO] [stderr]    Compiling autocfg v1.0.1
[INFO] [stderr]    Compiling cfg-if v1.0.0
[INFO] [stderr]    Compiling libc v0.2.81
[INFO] [stderr]    Compiling scopeguard v1.1.0
[INFO] [stderr]    Compiling const_fn v0.4.4
[INFO] [stderr]    Compiling byteorder v1.3.4
[INFO] [stderr]    Compiling lazy_static v1.4.0
[INFO] [stderr]    Compiling log v0.4.11
[INFO] [stderr]    Compiling serde v1.0.118
[INFO] [stderr]    Compiling smallvec v1.5.1
[INFO] [stderr]    Compiling ryu v1.0.5
[INFO] [stderr]    Compiling crc32fast v1.2.1
[INFO] [stderr]    Compiling cfg-if v0.1.10
[INFO] [stderr]    Compiling serde_json v1.0.61
[INFO] [stderr]    Compiling either v1.6.1
[INFO] [stderr]    Compiling itoa v0.4.7
[INFO] [stderr]    Compiling instant v0.1.9
[INFO] [stderr]    Compiling lock_api v0.4.2
[INFO] [stderr]    Compiling itertools v0.9.0
[INFO] [stderr]    Compiling crossbeam-utils v0.8.1
[INFO] [stderr]    Compiling memoffset v0.6.1
[INFO] [stderr] error: failed to write `/opt/rustwide/target/debug/.fingerprint/serde-b8cce4ed6377088c/run-build-script-build-script-build`
[INFO] [stderr] 
[INFO] [stderr] Caused by:
[INFO] [stderr]   No space left on device (os error 28)
[INFO] [stderr] warning: build failed, waiting for other jobs to finish...
[INFO] [stderr] rustc-LLVM ERROR: IO failure on output stream: No space left on device
[INFO] [stderr] error: could not compile `crossbeam-utils` (build script)
[INFO] [stderr] 
[INFO] [stderr] Caused by:
[INFO] [stderr]   No space left on device (os error 28)
[INFO] [stderr] 
[INFO] [stderr] Caused by:
[INFO] [stderr]   failed to parse process output: `/opt/rustwide/rustup-home/toolchains/beta-2024-12-08-x86_64-unknown-linux-gnu/bin/rustc --crate-name build_script_build --edition=2018 /opt/rustwide/cargo-home/registry/src/index.crates.io-6f17d22bba15001f/crossbeam-utils-0.8.1/build.rs --error-format=json --json=diagnostic-rendered-ansi,artifacts,future-incompat --crate-type bin --emit=dep-info,link -C embed-bitcode=no --cfg 'feature="default"' --cfg 'feature="lazy_static"' --cfg 'feature="std"' --check-cfg 'cfg(docsrs)' --check-cfg 'cfg(feature, values("default", "lazy_static", "nightly", "std"))' -C metadata=a90c31ba3ef30147 -C extra-filename=-a90c31ba3ef30147 --out-dir /opt/rustwide/target/debug/build/crossbeam-utils-a90c31ba3ef30147 -L dependency=/opt/rustwide/target/debug/deps --extern autocfg=/opt/rustwide/target/debug/deps/libautocfg-2ef3fc9f598415f5.rlib --cap-lints allow --cap-lints=warn` (exit status: 101)
[INFO] [stdout] error: couldn't create a temp dir: No space left on device (os error 28) at path "/opt/rustwide/target/debug/deps/rmetaZUyK2i"
[INFO] [stdout] 
[INFO] [stdout] 
[INFO] [stdout] error: linking with `cc` failed: exit status: 1
[INFO] [stdout]   |
[INFO] [stdout]   = note: LC_ALL="C" PATH="/opt/rustwide/rustup-home/toolchains/beta-2024-12-08-x86_64-unknown-linux-gnu/lib/rustlib/x86_64-unknown-linux-gnu/bin:/opt/rustwide/cargo-home/bin:/usr/local/sbin:/usr/local/bin:/usr/sbin:/usr/bin:/sbin:/bin" VSLANG="1033" "cc" "-m64" "/tmp/rustczVIOwS/symbols.o" "/opt/rustwide/target/debug/build/libc-f7e2e5a4ac7ede9a/build_script_build-f7e2e5a4ac7ede9a.build_script_build.cece5cbd80d75de5-cgu.0.rcgu.o" "/opt/rustwide/target/debug/build/libc-f7e2e5a4ac7ede9a/build_script_build-f7e2e5a4ac7ede9a.build_script_build.cece5cbd80d75de5-cgu.1.rcgu.o" "/opt/rustwide/target/debug/build/libc-f7e2e5a4ac7ede9a/build_script_build-f7e2e5a4ac7ede9a.5zgt0maua3sn52x5tctjlarco.rcgu.o" "-Wl,--as-needed" "-Wl,-Bstatic" "/opt/rustwide/rustup-home/toolchains/beta-2024-12-08-x86_64-unknown-linux-gnu/lib/rustlib/x86_64-unknown-linux-gnu/lib/libstd-02dc84f49135b6b8.rlib" "/opt/rustwide/rustup-home/toolchains/beta-2024-12-08-x86_64-unknown-linux-gnu/lib/rustlib/x86_64-unknown-linux-gnu/lib/libpanic_unwind-a8f45b397fae3f81.rlib" "/opt/rustwide/rustup-home/toolchains/beta-2024-12-08-x86_64-unknown-linux-gnu/lib/rustlib/x86_64-unknown-linux-gnu/lib/libobject-089607133c180609.rlib" "/opt/rustwide/rustup-home/toolchains/beta-2024-12-08-x86_64-unknown-linux-gnu/lib/rustlib/x86_64-unknown-linux-gnu/lib/libmemchr-fc89f091bcd86cbb.rlib" "/opt/rustwide/rustup-home/toolchains/beta-2024-12-08-x86_64-unknown-linux-gnu/lib/rustlib/x86_64-unknown-linux-gnu/lib/libaddr2line-5a60949f01c7340c.rlib" "/opt/rustwide/rustup-home/toolchains/beta-2024-12-08-x86_64-unknown-linux-gnu/lib/rustlib/x86_64-unknown-linux-gnu/lib/libgimli-d29e6a55ca253c8c.rlib" "/opt/rustwide/rustup-home/toolchains/beta-2024-12-08-x86_64-unknown-linux-gnu/lib/rustlib/x86_64-unknown-linux-gnu/lib/librustc_demangle-273c078d5f65de7a.rlib" "/opt/rustwide/rustup-home/toolchains/beta-2024-12-08-x86_64-unknown-linux-gnu/lib/rustlib/x86_64-unknown-linux-gnu/lib/libstd_detect-413c950ffbdd4454.rlib" "/opt/rustwide/rustup-home/toolchains/beta-2024-12-08-x86_64-unknown-linux-gnu/lib/rustlib/x86_64-unknown-linux-gnu/lib/libhashbrown-1853c0976a1d88a6.rlib" "/opt/rustwide/rustup-home/toolchains/beta-2024-12-08-x86_64-unknown-linux-gnu/lib/rustlib/x86_64-unknown-linux-gnu/lib/librustc_std_workspace_alloc-ccb3384ddacb0f9e.rlib" "/opt/rustwide/rustup-home/toolchains/beta-2024-12-08-x86_64-unknown-linux-gnu/lib/rustlib/x86_64-unknown-linux-gnu/lib/libminiz_oxide-0b901dfb0ca849e0.rlib" "/opt/rustwide/rustup-home/toolchains/beta-2024-12-08-x86_64-unknown-linux-gnu/lib/rustlib/x86_64-unknown-linux-gnu/lib/libadler-eebeb8d7c64543ad.rlib" "/opt/rustwide/rustup-home/toolchains/beta-2024-12-08-x86_64-unknown-linux-gnu/lib/rustlib/x86_64-unknown-linux-gnu/lib/libunwind-4723ef81d6079867.rlib" "/opt/rustwide/rustup-home/toolchains/beta-2024-12-08-x86_64-unknown-linux-gnu/lib/rustlib/x86_64-unknown-linux-gnu/lib/libcfg_if-54442f8b422f5a54.rlib" "/opt/rustwide/rustup-home/toolchains/beta-2024-12-08-x86_64-unknown-linux-gnu/lib/rustlib/x86_64-unknown-linux-gnu/lib/liblibc-e0bbe034b5282553.rlib" "/opt/rustwide/rustup-home/toolchains/beta-2024-12-08-x86_64-unknown-linux-gnu/lib/rustlib/x86_64-unknown-linux-gnu/lib/liballoc-d0febb68c1c37b90.rlib" "/opt/rustwide/rustup-home/toolchains/beta-2024-12-08-x86_64-unknown-linux-gnu/lib/rustlib/x86_64-unknown-linux-gnu/lib/librustc_std_workspace_core-4cf833632aafa84c.rlib" "/opt/rustwide/rustup-home/toolchains/beta-2024-12-08-x86_64-unknown-linux-gnu/lib/rustlib/x86_64-unknown-linux-gnu/lib/libcore-65c2c6d2d6ae570b.rlib" "/opt/rustwide/rustup-home/toolchains/beta-2024-12-08-x86_64-unknown-linux-gnu/lib/rustlib/x86_64-unknown-linux-gnu/lib/libcompiler_builtins-97929cee0dcfe424.rlib" "-Wl,-Bdynamic" "-lgcc_s" "-lutil" "-lrt" "-lpthread" "-lm" "-ldl" "-lc" "-Wl,--eh-frame-hdr" "-Wl,-z,noexecstack" "-L" "/opt/rustwide/rustup-home/toolchains/beta-2024-12-08-x86_64-unknown-linux-gnu/lib/rustlib/x86_64-unknown-linux-gnu/lib" "-o" "/opt/rustwide/target/debug/build/libc-f7e2e5a4ac7ede9a/build_script_build-f7e2e5a4ac7ede9a" "-Wl,--gc-sections" "-pie" "-Wl,-z,relro,-z,now" "-nodefaultlibs"
[INFO] [stdout]   = note: /usr/bin/ld: final link failed: No space left on device
[INFO] [stdout]           collect2: error: ld returned 1 exit status
[INFO] [stdout]           
[INFO] [stdout] 
[INFO] [stdout] 
[INFO] [stderr] error: could not compile `ryu` (lib) due to 1 previous error
[INFO] [stdout] error: linking with `cc` failed: exit status: 1
[INFO] [stdout]   |
[INFO] [stdout]   = note: LC_ALL="C" PATH="/opt/rustwide/rustup-home/toolchains/beta-2024-12-08-x86_64-unknown-linux-gnu/lib/rustlib/x86_64-unknown-linux-gnu/bin:/opt/rustwide/cargo-home/bin:/usr/local/sbin:/usr/local/bin:/usr/sbin:/usr/bin:/sbin:/bin" VSLANG="1033" "cc" "-m64" "/tmp/rustcvjTyjv/symbols.o" "/opt/rustwide/target/debug/build/const_fn-cfbe81948b2227a4/build_script_build-cfbe81948b2227a4.build_script_build.41b83f123a6aef2f-cgu.0.rcgu.o" "/opt/rustwide/target/debug/build/const_fn-cfbe81948b2227a4/build_script_build-cfbe81948b2227a4.build_script_build.41b83f123a6aef2f-cgu.1.rcgu.o" "/opt/rustwide/target/debug/build/const_fn-cfbe81948b2227a4/build_script_build-cfbe81948b2227a4.e6qgujp1s9isggngum4i68fgy.rcgu.o" "-Wl,--as-needed" "-Wl,-Bstatic" "/opt/rustwide/rustup-home/toolchains/beta-2024-12-08-x86_64-unknown-linux-gnu/lib/rustlib/x86_64-unknown-linux-gnu/lib/libstd-02dc84f49135b6b8.rlib" "/opt/rustwide/rustup-home/toolchains/beta-2024-12-08-x86_64-unknown-linux-gnu/lib/rustlib/x86_64-unknown-linux-gnu/lib/libpanic_unwind-a8f45b397fae3f81.rlib" "/opt/rustwide/rustup-home/toolchains/beta-2024-12-08-x86_64-unknown-linux-gnu/lib/rustlib/x86_64-unknown-linux-gnu/lib/libobject-089607133c180609.rlib" "/opt/rustwide/rustup-home/toolchains/beta-2024-12-08-x86_64-unknown-linux-gnu/lib/rustlib/x86_64-unknown-linux-gnu/lib/libmemchr-fc89f091bcd86cbb.rlib" "/opt/rustwide/rustup-home/toolchains/beta-2024-12-08-x86_64-unknown-linux-gnu/lib/rustlib/x86_64-unknown-linux-gnu/lib/libaddr2line-5a60949f01c7340c.rlib" "/opt/rustwide/rustup-home/toolchains/beta-2024-12-08-x86_64-unknown-linux-gnu/lib/rustlib/x86_64-unknown-linux-gnu/lib/libgimli-d29e6a55ca253c8c.rlib" "/opt/rustwide/rustup-home/toolchains/beta-2024-12-08-x86_64-unknown-linux-gnu/lib/rustlib/x86_64-unknown-linux-gnu/lib/librustc_demangle-273c078d5f65de7a.rlib" "/opt/rustwide/rustup-home/toolchains/beta-2024-12-08-x86_64-unknown-linux-gnu/lib/rustlib/x86_64-unknown-linux-gnu/lib/libstd_detect-413c950ffbdd4454.rlib" "/opt/rustwide/rustup-home/toolchains/beta-2024-12-08-x86_64-unknown-linux-gnu/lib/rustlib/x86_64-unknown-linux-gnu/lib/libhashbrown-1853c0976a1d88a6.rlib" "/opt/rustwide/rustup-home/toolchains/beta-2024-12-08-x86_64-unknown-linux-gnu/lib/rustlib/x86_64-unknown-linux-gnu/lib/librustc_std_workspace_alloc-ccb3384ddacb0f9e.rlib" "/opt/rustwide/rustup-home/toolchains/beta-2024-12-08-x86_64-unknown-linux-gnu/lib/rustlib/x86_64-unknown-linux-gnu/lib/libminiz_oxide-0b901dfb0ca849e0.rlib" "/opt/rustwide/rustup-home/toolchains/beta-2024-12-08-x86_64-unknown-linux-gnu/lib/rustlib/x86_64-unknown-linux-gnu/lib/libadler-eebeb8d7c64543ad.rlib" "/opt/rustwide/rustup-home/toolchains/beta-2024-12-08-x86_64-unknown-linux-gnu/lib/rustlib/x86_64-unknown-linux-gnu/lib/libunwind-4723ef81d6079867.rlib" "/opt/rustwide/rustup-home/toolchains/beta-2024-12-08-x86_64-unknown-linux-gnu/lib/rustlib/x86_64-unknown-linux-gnu/lib/libcfg_if-54442f8b422f5a54.rlib" "/opt/rustwide/rustup-home/toolchains/beta-2024-12-08-x86_64-unknown-linux-gnu/lib/rustlib/x86_64-unknown-linux-gnu/lib/liblibc-e0bbe034b5282553.rlib" "/opt/rustwide/rustup-home/toolchains/beta-2024-12-08-x86_64-unknown-linux-gnu/lib/rustlib/x86_64-unknown-linux-gnu/lib/liballoc-d0febb68c1c37b90.rlib" "/opt/rustwide/rustup-home/toolchains/beta-2024-12-08-x86_64-unknown-linux-gnu/lib/rustlib/x86_64-unknown-linux-gnu/lib/librustc_std_workspace_core-4cf833632aafa84c.rlib" "/opt/rustwide/rustup-home/toolchains/beta-2024-12-08-x86_64-unknown-linux-gnu/lib/rustlib/x86_64-unknown-linux-gnu/lib/libcore-65c2c6d2d6ae570b.rlib" "/opt/rustwide/rustup-home/toolchains/beta-2024-12-08-x86_64-unknown-linux-gnu/lib/rustlib/x86_64-unknown-linux-gnu/lib/libcompiler_builtins-97929cee0dcfe424.rlib" "-Wl,-Bdynamic" "-lgcc_s" "-lutil" "-lrt" "-lpthread" "-lm" "-ldl" "-lc" "-Wl,--eh-frame-hdr" "-Wl,-z,noexecstack" "-L" "/opt/rustwide/rustup-home/toolchains/beta-2024-12-08-x86_64-unknown-linux-gnu/lib/rustlib/x86_64-unknown-linux-gnu/lib" "-o" "/opt/rustwide/target/debug/build/const_fn-cfbe81948b2227a4/build_script_build-cfbe81948b2227a4" "-Wl,--gc-sections" "-pie" "-Wl,-z,relro,-z,now" "-nodefaultlibs"
[INFO] [stdout]   = note: /usr/bin/ld: final link failed: No space left on device
[INFO] [stdout]           collect2: error: ld returned 1 exit status
[INFO] [stdout]           
[INFO] [stdout] 
[INFO] [stdout] 
[INFO] [stderr] error: could not compile `libc` (build script) due to 1 previous error
[INFO] [stderr] error: could not compile `const_fn` (build script) due to 1 previous error
[INFO] [stdout] error: failed to build archive at `/opt/rustwide/target/debug/deps/liblog-e82448c6753b6d62.rlib`: No space left on device (os error 28)
[INFO] [stdout] 
[INFO] [stdout] 
[INFO] [stderr] error: could not compile `log` (lib) due to 1 previous error
[INFO] [stdout] error: couldn't create a temp dir: No space left on device (os error 28) at path "/opt/rustwide/target/debug/deps/rmetawzWJN8"
[INFO] [stdout] 
[INFO] [stdout] 
[INFO] [stderr] error: could not compile `crc32fast` (lib) due to 1 previous error
[INFO] [stdout] error: failed to write to `/opt/rustwide/target/debug/deps/rmetaEFt0YR/lib.rmeta`: No space left on device (os error 28)
[INFO] [stdout] 
[INFO] [stdout] 
[INFO] [stdout] error: linking with `cc` failed: exit status: 1
[INFO] [stdout]   |
[INFO] [stdout]   = note: LC_ALL="C" PATH="/opt/rustwide/rustup-home/toolchains/beta-2024-12-08-x86_64-unknown-linux-gnu/lib/rustlib/x86_64-unknown-linux-gnu/bin:/opt/rustwide/cargo-home/bin:/usr/local/sbin:/usr/local/bin:/usr/sbin:/usr/bin:/sbin:/bin" VSLANG="1033" "cc" "-m64" "/tmp/rustcaafgg0/symbols.o" "/opt/rustwide/target/debug/build/memoffset-4d3d0b298e414a6a/build_script_build-4d3d0b298e414a6a.build_script_build.bbd5de6705366817-cgu.0.rcgu.o" "/opt/rustwide/target/debug/build/memoffset-4d3d0b298e414a6a/build_script_build-4d3d0b298e414a6a.9vp49nnaijatfix77wd2vh40h.rcgu.o" "-Wl,--as-needed" "-Wl,-Bstatic" "/opt/rustwide/target/debug/deps/libautocfg-2ef3fc9f598415f5.rlib" "/opt/rustwide/rustup-home/toolchains/beta-2024-12-08-x86_64-unknown-linux-gnu/lib/rustlib/x86_64-unknown-linux-gnu/lib/libstd-02dc84f49135b6b8.rlib" "/opt/rustwide/rustup-home/toolchains/beta-2024-12-08-x86_64-unknown-linux-gnu/lib/rustlib/x86_64-unknown-linux-gnu/lib/libpanic_unwind-a8f45b397fae3f81.rlib" "/opt/rustwide/rustup-home/toolchains/beta-2024-12-08-x86_64-unknown-linux-gnu/lib/rustlib/x86_64-unknown-linux-gnu/lib/libobject-089607133c180609.rlib" "/opt/rustwide/rustup-home/toolchains/beta-2024-12-08-x86_64-unknown-linux-gnu/lib/rustlib/x86_64-unknown-linux-gnu/lib/libmemchr-fc89f091bcd86cbb.rlib" "/opt/rustwide/rustup-home/toolchains/beta-2024-12-08-x86_64-unknown-linux-gnu/lib/rustlib/x86_64-unknown-linux-gnu/lib/libaddr2line-5a60949f01c7340c.rlib" "/opt/rustwide/rustup-home/toolchains/beta-2024-12-08-x86_64-unknown-linux-gnu/lib/rustlib/x86_64-unknown-linux-gnu/lib/libgimli-d29e6a55ca253c8c.rlib" "/opt/rustwide/rustup-home/toolchains/beta-2024-12-08-x86_64-unknown-linux-gnu/lib/rustlib/x86_64-unknown-linux-gnu/lib/librustc_demangle-273c078d5f65de7a.rlib" "/opt/rustwide/rustup-home/toolchains/beta-2024-12-08-x86_64-unknown-linux-gnu/lib/rustlib/x86_64-unknown-linux-gnu/lib/libstd_detect-413c950ffbdd4454.rlib" "/opt/rustwide/rustup-home/toolchains/beta-2024-12-08-x86_64-unknown-linux-gnu/lib/rustlib/x86_64-unknown-linux-gnu/lib/libhashbrown-1853c0976a1d88a6.rlib" "/opt/rustwide/rustup-home/toolchains/beta-2024-12-08-x86_64-unknown-linux-gnu/lib/rustlib/x86_64-unknown-linux-gnu/lib/librustc_std_workspace_alloc-ccb3384ddacb0f9e.rlib" "/opt/rustwide/rustup-home/toolchains/beta-2024-12-08-x86_64-unknown-linux-gnu/lib/rustlib/x86_64-unknown-linux-gnu/lib/libminiz_oxide-0b901dfb0ca849e0.rlib" "/opt/rustwide/rustup-home/toolchains/beta-2024-12-08-x86_64-unknown-linux-gnu/lib/rustlib/x86_64-unknown-linux-gnu/lib/libadler-eebeb8d7c64543ad.rlib" "/opt/rustwide/rustup-home/toolchains/beta-2024-12-08-x86_64-unknown-linux-gnu/lib/rustlib/x86_64-unknown-linux-gnu/lib/libunwind-4723ef81d6079867.rlib" "/opt/rustwide/rustup-home/toolchains/beta-2024-12-08-x86_64-unknown-linux-gnu/lib/rustlib/x86_64-unknown-linux-gnu/lib/libcfg_if-54442f8b422f5a54.rlib" "/opt/rustwide/rustup-home/toolchains/beta-2024-12-08-x86_64-unknown-linux-gnu/lib/rustlib/x86_64-unknown-linux-gnu/lib/liblibc-e0bbe034b5282553.rlib" "/opt/rustwide/rustup-home/toolchains/beta-2024-12-08-x86_64-unknown-linux-gnu/lib/rustlib/x86_64-unknown-linux-gnu/lib/liballoc-d0febb68c1c37b90.rlib" "/opt/rustwide/rustup-home/toolchains/beta-2024-12-08-x86_64-unknown-linux-gnu/lib/rustlib/x86_64-unknown-linux-gnu/lib/librustc_std_workspace_core-4cf833632aafa84c.rlib" "/opt/rustwide/rustup-home/toolchains/beta-2024-12-08-x86_64-unknown-linux-gnu/lib/rustlib/x86_64-unknown-linux-gnu/lib/libcore-65c2c6d2d6ae570b.rlib" "/opt/rustwide/rustup-home/toolchains/beta-2024-12-08-x86_64-unknown-linux-gnu/lib/rustlib/x86_64-unknown-linux-gnu/lib/libcompiler_builtins-97929cee0dcfe424.rlib" "-Wl,-Bdynamic" "-lgcc_s" "-lutil" "-lrt" "-lpthread" "-lm" "-ldl" "-lc" "-Wl,--eh-frame-hdr" "-Wl,-z,noexecstack" "-L" "/opt/rustwide/rustup-home/toolchains/beta-2024-12-08-x86_64-unknown-linux-gnu/lib/rustlib/x86_64-unknown-linux-gnu/lib" "-o" "/opt/rustwide/target/debug/build/memoffset-4d3d0b298e414a6a/build_script_build-4d3d0b298e414a6a" "-Wl,--gc-sections" "-pie" "-Wl,-z,relro,-z,now" "-nodefaultlibs"
[INFO] [stdout]   = note: /usr/bin/ld: final link failed: No space left on device
[INFO] [stdout]           collect2: error: ld returned 1 exit status
[INFO] [stdout]           
[INFO] [stdout] 
[INFO] [stdout] 
[INFO] [stderr] error: could not compile `byteorder` (lib) due to 1 previous error
[INFO] [stderr] error: could not compile `memoffset` (build script) due to 1 previous error
[INFO] [stdout] error: couldn't create a temp dir: No space left on device (os error 28) at path "/opt/rustwide/target/debug/deps/rmetaGrlbYJ"
[INFO] [stdout] 
[INFO] [stdout] 
[INFO] [stderr] error: could not compile `itertools` (lib) due to 1 previous error
[INFO] running `Command { std: "docker" "inspect" "2fc7d0baca8431c9635ef6a6f96d0f5b0385cc7a814ea52aa46bd4462662e95b", kill_on_drop: false }`
[INFO] running `Command { std: "docker" "rm" "-f" "2fc7d0baca8431c9635ef6a6f96d0f5b0385cc7a814ea52aa46bd4462662e95b", kill_on_drop: false }`
[INFO] [stdout] 2fc7d0baca8431c9635ef6a6f96d0f5b0385cc7a814ea52aa46bd4462662e95b
