[INFO] cloning repository https://github.com/garyttierney/capstone-hsdis
[INFO] running `Command { std: "git" "-c" "credential.helper=" "-c" "credential.helper=/workspace/cargo-home/bin/git-credential-null" "clone" "--bare" "https://github.com/garyttierney/capstone-hsdis" "/workspace/cache/git-repos/https%3A%2F%2Fgithub.com%2Fgaryttierney%2Fcapstone-hsdis", kill_on_drop: false }`
[INFO] [stderr] Cloning into bare repository '/workspace/cache/git-repos/https%3A%2F%2Fgithub.com%2Fgaryttierney%2Fcapstone-hsdis'...
[INFO] running `Command { std: "git" "rev-parse" "HEAD", kill_on_drop: false }`
[INFO] [stdout] 8da200ebd223d3ae8a3ef090fd26f608d0add419
[INFO] testing garyttierney/capstone-hsdis against beta-2024-12-08 for beta-1.84.0-4-retry
[INFO] running `Command { std: "git" "clone" "/workspace/cache/git-repos/https%3A%2F%2Fgithub.com%2Fgaryttierney%2Fcapstone-hsdis" "/workspace/builds/worker-0-tc2/source", kill_on_drop: false }`
[INFO] [stderr] Cloning into '/workspace/builds/worker-0-tc2/source'...
[INFO] [stderr] done.
[INFO] validating manifest of git repo https://github.com/garyttierney/capstone-hsdis on toolchain beta-2024-12-08
[INFO] running `Command { std: CARGO_HOME="/workspace/cargo-home" RUSTUP_HOME="/workspace/rustup-home" "/workspace/cargo-home/bin/cargo" "+beta-2024-12-08" "metadata" "--manifest-path" "Cargo.toml" "--no-deps", kill_on_drop: false }`
[INFO] started tweaking git repo https://github.com/garyttierney/capstone-hsdis
[INFO] finished tweaking git repo https://github.com/garyttierney/capstone-hsdis
[INFO] tweaked toml for git repo https://github.com/garyttierney/capstone-hsdis written to /workspace/builds/worker-0-tc2/source/Cargo.toml
[INFO] crate git repo https://github.com/garyttierney/capstone-hsdis already has a lockfile, it will not be regenerated
[INFO] running `Command { std: CARGO_HOME="/workspace/cargo-home" RUSTUP_HOME="/workspace/rustup-home" "/workspace/cargo-home/bin/cargo" "+beta-2024-12-08" "fetch" "--manifest-path" "Cargo.toml", kill_on_drop: false }`
[INFO] [stderr] warning: no edition set: defaulting to the 2015 edition while the latest is 2021
[INFO] [stderr]     Blocking waiting for file lock on package cache
[INFO] running `Command { std: "docker" "create" "-v" "/var/lib/crater-agent-workspace/builds/worker-0-tc2/target:/opt/rustwide/target:rw,Z" "-v" "/var/lib/crater-agent-workspace/builds/worker-0-tc2/source:/opt/rustwide/workdir:ro,Z" "-v" "/var/lib/crater-agent-workspace/cargo-home:/opt/rustwide/cargo-home:ro,Z" "-v" "/var/lib/crater-agent-workspace/rustup-home:/opt/rustwide/rustup-home:ro,Z" "-e" "SOURCE_DIR=/opt/rustwide/workdir" "-e" "CARGO_TARGET_DIR=/opt/rustwide/target" "-e" "CARGO_HOME=/opt/rustwide/cargo-home" "-e" "RUSTUP_HOME=/opt/rustwide/rustup-home" "-w" "/opt/rustwide/workdir" "-m" "1610612736" "--user" "0:0" "--network" "none" "ghcr.io/rust-lang/crates-build-env/linux@sha256:f3a9d4ad9d972b27faf3965f35b62e55ba32bbce8f20bc8fe909558a86702fde" "/opt/rustwide/cargo-home/bin/cargo" "+beta-2024-12-08" "metadata" "--no-deps" "--format-version=1", kill_on_drop: false }`
[INFO] [stdout] 255a32343b8965e9afcf93495b25a8e1608b3309f77b88606e14a1ce073a6fe1
[INFO] running `Command { std: "docker" "start" "-a" "255a32343b8965e9afcf93495b25a8e1608b3309f77b88606e14a1ce073a6fe1", kill_on_drop: false }`
[INFO] running `Command { std: "docker" "inspect" "255a32343b8965e9afcf93495b25a8e1608b3309f77b88606e14a1ce073a6fe1", kill_on_drop: false }`
[INFO] running `Command { std: "docker" "rm" "-f" "255a32343b8965e9afcf93495b25a8e1608b3309f77b88606e14a1ce073a6fe1", kill_on_drop: false }`
[INFO] [stdout] 255a32343b8965e9afcf93495b25a8e1608b3309f77b88606e14a1ce073a6fe1
[INFO] running `Command { std: "docker" "create" "-v" "/var/lib/crater-agent-workspace/builds/worker-0-tc2/target:/opt/rustwide/target:rw,Z" "-v" "/var/lib/crater-agent-workspace/builds/worker-0-tc2/source:/opt/rustwide/workdir:ro,Z" "-v" "/var/lib/crater-agent-workspace/cargo-home:/opt/rustwide/cargo-home:ro,Z" "-v" "/var/lib/crater-agent-workspace/rustup-home:/opt/rustwide/rustup-home:ro,Z" "-e" "SOURCE_DIR=/opt/rustwide/workdir" "-e" "CARGO_TARGET_DIR=/opt/rustwide/target" "-e" "CARGO_INCREMENTAL=0" "-e" "RUST_BACKTRACE=full" "-e" "RUSTFLAGS=--cap-lints=warn" "-e" "RUSTDOCFLAGS=--cap-lints=warn" "-e" "CARGO_HOME=/opt/rustwide/cargo-home" "-e" "RUSTUP_HOME=/opt/rustwide/rustup-home" "-w" "/opt/rustwide/workdir" "-m" "1610612736" "--user" "0:0" "--network" "none" "ghcr.io/rust-lang/crates-build-env/linux@sha256:f3a9d4ad9d972b27faf3965f35b62e55ba32bbce8f20bc8fe909558a86702fde" "/opt/rustwide/cargo-home/bin/cargo" "+beta-2024-12-08" "build" "--frozen" "--message-format=json", kill_on_drop: false }`
[INFO] [stdout] 09ed46bc27ebec812942641f1ffc6903f412c45fe69e37c3b71305e69157f14e
[INFO] running `Command { std: "docker" "start" "-a" "09ed46bc27ebec812942641f1ffc6903f412c45fe69e37c3b71305e69157f14e", kill_on_drop: false }`
[INFO] [stderr] warning: no edition set: defaulting to the 2015 edition while the latest is 2021
[INFO] [stderr]    Compiling cc v1.0.17
[INFO] [stderr]    Compiling capstone-sys v0.8.0
[INFO] [stderr] warning: capstone-sys@0.8.0: capstone/arch/ARM/ARMInstPrinter.c: In function 'ARM_printInst':
[INFO] [stderr] warning: capstone-sys@0.8.0: capstone/arch/ARM/ARMInstPrinter.c:422:52: warning: this statement may fall through [-Wimplicit-fallthrough=]
[INFO] [stderr] warning: capstone-sys@0.8.0:   422 |                                                 if ((ARM_getFeatureBits(MI->csh->mode) & ARM_HasV8Ops)) {
[INFO] [stderr] warning: capstone-sys@0.8.0:       |                                                    ^
[INFO] [stderr] warning: capstone-sys@0.8.0: capstone/arch/ARM/ARMInstPrinter.c:428:33: note: here
[INFO] [stderr] warning: capstone-sys@0.8.0:   428 |                                 default:
[INFO] [stderr] warning: capstone-sys@0.8.0:       |                                 ^~~~~~~
[INFO] [stderr] warning: capstone-sys@0.8.0: capstone/arch/ARM/ARMDisassembler.c: In function 'DecodeVLDInstruction':
[INFO] [stderr] warning: capstone-sys@0.8.0: capstone/arch/ARM/ARMDisassembler.c:2508:28: warning: this statement may fall through [-Wimplicit-fallthrough=]
[INFO] [stderr] warning: capstone-sys@0.8.0:  2508 |                         if (Rm == 0xd) {
[INFO] [stderr] warning: capstone-sys@0.8.0:       |                            ^
[INFO] [stderr] warning: capstone-sys@0.8.0: capstone/arch/ARM/ARMDisassembler.c:2513:17: note: here
[INFO] [stderr] warning: capstone-sys@0.8.0:  2513 |                 case ARM_VLD1d8wb_fixed:
[INFO] [stderr] warning: capstone-sys@0.8.0:       |                 ^~~~
[INFO] [stderr] warning: capstone-sys@0.8.0: capstone/arch/X86/X86Mapping.c:44:18: warning: implicit conversion from 'enum <anonymous>' to 'enum x86_reg' [-Wenum-conversion]
[INFO] [stderr] warning: capstone-sys@0.8.0:    44 | #define ENTRY(x) X86_REG_##x,
[INFO] [stderr] warning: capstone-sys@0.8.0:       |                  ^~~~~~~~
[INFO] [stderr] warning: capstone-sys@0.8.0: capstone/arch/X86/X86DisassemblerDecoder.h:112:3: note: in expansion of macro 'ENTRY'
[INFO] [stderr] warning: capstone-sys@0.8.0:   112 |   ENTRY(BX_SI)          \
[INFO] [stderr] warning: capstone-sys@0.8.0:       |   ^~~~~
[INFO] [stderr] warning: capstone-sys@0.8.0: capstone/arch/X86/X86DisassemblerDecoder.h:379:3: note: in expansion of macro 'EA_BASES_16BIT'
[INFO] [stderr] warning: capstone-sys@0.8.0:   379 |   EA_BASES_16BIT      \
[INFO] [stderr] warning: capstone-sys@0.8.0:       |   ^~~~~~~~~~~~~~
[INFO] [stderr] warning: capstone-sys@0.8.0: capstone/arch/X86/X86Mapping.c:45:9: note: in expansion of macro 'ALL_EA_BASES'
[INFO] [stderr] warning: capstone-sys@0.8.0:    45 |         ALL_EA_BASES
[INFO] [stderr] warning: capstone-sys@0.8.0:       |         ^~~~~~~~~~~~
[INFO] [stderr] warning: capstone-sys@0.8.0: capstone/arch/X86/X86Mapping.c:44:18: warning: implicit conversion from 'enum <anonymous>' to 'enum x86_reg' [-Wenum-conversion]
[INFO] [stderr] warning: capstone-sys@0.8.0:    44 | #define ENTRY(x) X86_REG_##x,
[INFO] [stderr] warning: capstone-sys@0.8.0:       |                  ^~~~~~~~
[INFO] [stderr] warning: capstone-sys@0.8.0: capstone/arch/X86/X86DisassemblerDecoder.h:113:3: note: in expansion of macro 'ENTRY'
[INFO] [stderr] warning: capstone-sys@0.8.0:   113 |   ENTRY(BX_DI)          \
[INFO] [stderr] warning: capstone-sys@0.8.0:       |   ^~~~~
[INFO] [stderr] warning: capstone-sys@0.8.0: capstone/arch/X86/X86DisassemblerDecoder.h:379:3: note: in expansion of macro 'EA_BASES_16BIT'
[INFO] [stderr] warning: capstone-sys@0.8.0:   379 |   EA_BASES_16BIT      \
[INFO] [stderr] warning: capstone-sys@0.8.0:       |   ^~~~~~~~~~~~~~
[INFO] [stderr] warning: capstone-sys@0.8.0: capstone/arch/X86/X86Mapping.c:45:9: note: in expansion of macro 'ALL_EA_BASES'
[INFO] [stderr] warning: capstone-sys@0.8.0:    45 |         ALL_EA_BASES
[INFO] [stderr] warning: capstone-sys@0.8.0:       |         ^~~~~~~~~~~~
[INFO] [stderr] warning: capstone-sys@0.8.0: capstone/arch/X86/X86Mapping.c:44:18: warning: implicit conversion from 'enum <anonymous>' to 'enum x86_reg' [-Wenum-conversion]
[INFO] [stderr] warning: capstone-sys@0.8.0:    44 | #define ENTRY(x) X86_REG_##x,
[INFO] [stderr] warning: capstone-sys@0.8.0:       |                  ^~~~~~~~
[INFO] [stderr] warning: capstone-sys@0.8.0: capstone/arch/X86/X86DisassemblerDecoder.h:114:3: note: in expansion of macro 'ENTRY'
[INFO] [stderr] warning: capstone-sys@0.8.0:   114 |   ENTRY(BP_SI)          \
[INFO] [stderr] warning: capstone-sys@0.8.0:       |   ^~~~~
[INFO] [stderr] warning: capstone-sys@0.8.0: capstone/arch/X86/X86DisassemblerDecoder.h:379:3: note: in expansion of macro 'EA_BASES_16BIT'
[INFO] [stderr] warning: capstone-sys@0.8.0:   379 |   EA_BASES_16BIT      \
[INFO] [stderr] warning: capstone-sys@0.8.0:       |   ^~~~~~~~~~~~~~
[INFO] [stderr] warning: capstone-sys@0.8.0: capstone/arch/X86/X86Mapping.c:45:9: note: in expansion of macro 'ALL_EA_BASES'
[INFO] [stderr] warning: capstone-sys@0.8.0:    45 |         ALL_EA_BASES
[INFO] [stderr] warning: capstone-sys@0.8.0:       |         ^~~~~~~~~~~~
[INFO] [stderr] warning: capstone-sys@0.8.0: capstone/arch/X86/X86Mapping.c:44:18: warning: implicit conversion from 'enum <anonymous>' to 'enum x86_reg' [-Wenum-conversion]
[INFO] [stderr] warning: capstone-sys@0.8.0:    44 | #define ENTRY(x) X86_REG_##x,
[INFO] [stderr] warning: capstone-sys@0.8.0:       |                  ^~~~~~~~
[INFO] [stderr] warning: capstone-sys@0.8.0: capstone/arch/X86/X86DisassemblerDecoder.h:115:3: note: in expansion of macro 'ENTRY'
[INFO] [stderr] warning: capstone-sys@0.8.0:   115 |   ENTRY(BP_DI)          \
[INFO] [stderr] warning: capstone-sys@0.8.0:       |   ^~~~~
[INFO] [stderr] warning: capstone-sys@0.8.0: capstone/arch/X86/X86DisassemblerDecoder.h:379:3: note: in expansion of macro 'EA_BASES_16BIT'
[INFO] [stderr] warning: capstone-sys@0.8.0:   379 |   EA_BASES_16BIT      \
[INFO] [stderr] warning: capstone-sys@0.8.0:       |   ^~~~~~~~~~~~~~
[INFO] [stderr] warning: capstone-sys@0.8.0: capstone/arch/X86/X86Mapping.c:45:9: note: in expansion of macro 'ALL_EA_BASES'
[INFO] [stderr] warning: capstone-sys@0.8.0:    45 |         ALL_EA_BASES
[INFO] [stderr] warning: capstone-sys@0.8.0:       |         ^~~~~~~~~~~~
[INFO] [stderr] warning: capstone-sys@0.8.0: capstone/arch/X86/X86Mapping.c:44:18: warning: implicit conversion from 'enum <anonymous>' to 'enum x86_reg' [-Wenum-conversion]
[INFO] [stderr] warning: capstone-sys@0.8.0:    44 | #define ENTRY(x) X86_REG_##x,
[INFO] [stderr] warning: capstone-sys@0.8.0:       |                  ^~~~~~~~
[INFO] [stderr] warning: capstone-sys@0.8.0: capstone/arch/X86/X86DisassemblerDecoder.h:152:3: note: in expansion of macro 'ENTRY'
[INFO] [stderr] warning: capstone-sys@0.8.0:   152 |   ENTRY(sib)            \
[INFO] [stderr] warning: capstone-sys@0.8.0:       |   ^~~~~
[INFO] [stderr] warning: capstone-sys@0.8.0: capstone/arch/X86/X86DisassemblerDecoder.h:380:3: note: in expansion of macro 'EA_BASES_32BIT'
[INFO] [stderr] warning: capstone-sys@0.8.0:   380 |   EA_BASES_32BIT      \
[INFO] [stderr] warning: capstone-sys@0.8.0:       |   ^~~~~~~~~~~~~~
[INFO] [stderr] warning: capstone-sys@0.8.0: capstone/arch/X86/X86Mapping.c:45:9: note: in expansion of macro 'ALL_EA_BASES'
[INFO] [stderr] warning: capstone-sys@0.8.0:    45 |         ALL_EA_BASES
[INFO] [stderr] warning: capstone-sys@0.8.0:       |         ^~~~~~~~~~~~
[INFO] [stderr] warning: capstone-sys@0.8.0: capstone/arch/X86/X86Mapping.c:44:18: warning: implicit conversion from 'enum <anonymous>' to 'enum x86_reg' [-Wenum-conversion]
[INFO] [stderr] warning: capstone-sys@0.8.0:    44 | #define ENTRY(x) X86_REG_##x,
[INFO] [stderr] warning: capstone-sys@0.8.0:       |                  ^~~~~~~~
[INFO] [stderr] warning: capstone-sys@0.8.0: capstone/arch/X86/X86DisassemblerDecoder.h:188:3: note: in expansion of macro 'ENTRY'
[INFO] [stderr] warning: capstone-sys@0.8.0:   188 |   ENTRY(sib64)          \
[INFO] [stderr] warning: capstone-sys@0.8.0:       |   ^~~~~
[INFO] [stderr] warning: capstone-sys@0.8.0: capstone/arch/X86/X86DisassemblerDecoder.h:381:3: note: in expansion of macro 'EA_BASES_64BIT'
[INFO] [stderr] warning: capstone-sys@0.8.0:   381 |   EA_BASES_64BIT
[INFO] [stderr] warning: capstone-sys@0.8.0:       |   ^~~~~~~~~~~~~~
[INFO] [stderr] warning: capstone-sys@0.8.0: capstone/arch/X86/X86Mapping.c:45:9: note: in expansion of macro 'ALL_EA_BASES'
[INFO] [stderr] warning: capstone-sys@0.8.0:    45 |         ALL_EA_BASES
[INFO] [stderr] warning: capstone-sys@0.8.0:       |         ^~~~~~~~~~~~
[INFO] [stderr] warning: capstone-sys@0.8.0: capstone/arch/Sparc/SparcMapping.c:3310:1: fatal error: error writing to /tmp/ccKS6SLW.s: No space left on device
[INFO] [stderr] warning: capstone-sys@0.8.0:  3310 | }
[INFO] [stderr] warning: capstone-sys@0.8.0:       | ^
[INFO] [stderr] warning: capstone-sys@0.8.0: compilation terminated.
[INFO] [stderr] error: failed to run custom build command for `capstone-sys v0.8.0`
[INFO] [stderr] note: To improve backtraces for build dependencies, set the CARGO_PROFILE_DEV_BUILD_OVERRIDE_DEBUG=true environment variable to enable debug information generation.
[INFO] [stderr] 
[INFO] [stderr] Caused by:
[INFO] [stderr]   process didn't exit successfully: `/opt/rustwide/target/debug/build/capstone-sys-9d0c3adbd1f4182c/build-script-build` (exit status: 101)
[INFO] [stderr]   --- stdout
[INFO] [stderr]   TARGET = Some("x86_64-unknown-linux-gnu")
[INFO] [stderr]   OPT_LEVEL = Some("0")
[INFO] [stderr]   TARGET = Some("x86_64-unknown-linux-gnu")
[INFO] [stderr]   HOST = Some("x86_64-unknown-linux-gnu")
[INFO] [stderr]   TARGET = Some("x86_64-unknown-linux-gnu")
[INFO] [stderr]   TARGET = Some("x86_64-unknown-linux-gnu")
[INFO] [stderr]   HOST = Some("x86_64-unknown-linux-gnu")
[INFO] [stderr]   CC_x86_64-unknown-linux-gnu = None
[INFO] [stderr]   CC_x86_64_unknown_linux_gnu = None
[INFO] [stderr]   HOST_CC = None
[INFO] [stderr]   CC = None
[INFO] [stderr]   HOST = Some("x86_64-unknown-linux-gnu")
[INFO] [stderr]   TARGET = Some("x86_64-unknown-linux-gnu")
[INFO] [stderr]   HOST = Some("x86_64-unknown-linux-gnu")
[INFO] [stderr]   CFLAGS_x86_64-unknown-linux-gnu = None
[INFO] [stderr]   CFLAGS_x86_64_unknown_linux_gnu = None
[INFO] [stderr]   HOST_CFLAGS = None
[INFO] [stderr]   CFLAGS = None
[INFO] [stderr]   DEBUG = Some("true")
[INFO] [stderr]   TARGET = Some("x86_64-unknown-linux-gnu")
[INFO] [stderr]   CC_x86_64-unknown-linux-gnu = None
[INFO] [stderr]   CC_x86_64_unknown_linux_gnu = None
[INFO] [stderr]   HOST_CC = None
[INFO] [stderr]   CC = None
[INFO] [stderr]   CFLAGS_x86_64-unknown-linux-gnu = None
[INFO] [stderr]   CFLAGS_x86_64_unknown_linux_gnu = None
[INFO] [stderr]   HOST_CFLAGS = None
[INFO] [stderr]   CFLAGS = None
[INFO] [stderr]   TARGET = Some("x86_64-unknown-linux-gnu")
[INFO] [stderr]   CC_x86_64-unknown-linux-gnu = None
[INFO] [stderr]   CC_x86_64_unknown_linux_gnu = None
[INFO] [stderr]   HOST_CC = None
[INFO] [stderr]   CC = None
[INFO] [stderr]   CFLAGS_x86_64-unknown-linux-gnu = None
[INFO] [stderr]   CFLAGS_x86_64_unknown_linux_gnu = None
[INFO] [stderr]   HOST_CFLAGS = None
[INFO] [stderr]   CFLAGS = None
[INFO] [stderr]   TARGET = Some("x86_64-unknown-linux-gnu")
[INFO] [stderr]   CC_x86_64-unknown-linux-gnu = None
[INFO] [stderr]   CC_x86_64_unknown_linux_gnu = None
[INFO] [stderr]   HOST_CC = None
[INFO] [stderr]   CC = None
[INFO] [stderr]   CFLAGS_x86_64-unknown-linux-gnu = None
[INFO] [stderr]   CFLAGS_x86_64_unknown_linux_gnu = None
[INFO] [stderr]   HOST_CFLAGS = None
[INFO] [stderr]   CFLAGS = None
[INFO] [stderr]   TARGET = Some("x86_64-unknown-linux-gnu")
[INFO] [stderr]   CC_x86_64-unknown-linux-gnu = None
[INFO] [stderr]   CC_x86_64_unknown_linux_gnu = None
[INFO] [stderr]   HOST_CC = None
[INFO] [stderr]   CC = None
[INFO] [stderr]   CFLAGS_x86_64-unknown-linux-gnu = None
[INFO] [stderr]   CFLAGS_x86_64_unknown_linux_gnu = None
[INFO] [stderr]   HOST_CFLAGS = None
[INFO] [stderr]   CFLAGS = None
[INFO] [stderr]   TARGET = Some("x86_64-unknown-linux-gnu")
[INFO] [stderr]   CC_x86_64-unknown-linux-gnu = None
[INFO] [stderr]   CC_x86_64_unknown_linux_gnu = None
[INFO] [stderr]   HOST_CC = None
[INFO] [stderr]   CC = None
[INFO] [stderr]   CFLAGS_x86_64-unknown-linux-gnu = None
[INFO] [stderr]   CFLAGS_x86_64_unknown_linux_gnu = None
[INFO] [stderr]   HOST_CFLAGS = None
[INFO] [stderr]   CFLAGS = None
[INFO] [stderr]   running: "cc" "-O0" "-ffunction-sections" "-fdata-sections" "-fPIC" "-g" "-m64" "-I" "capstone/include" "-Wall" "-Wextra" "-Wno-unused-function" "-Wno-unused-parameter" "-Wno-unknown-pragmas" "-Wno-sign-compare" "-Wno-return-type" "-DCAPSTONE_X86_ATT_DISABLE_NO" "-DCAPSTONE_DIET_NO" "-DCAPSTONE_X86_REDUCE_NO" "-DCAPSTONE_USE_SYS_DYN_MEM" "-DCAPSTONE_HAS_ARM" "-DCAPSTONE_HAS_ARM64" "-DCAPSTONE_HAS_MIPS" "-DCAPSTONE_HAS_POWERPC" "-DCAPSTONE_HAS_SPARC" "-DCAPSTONE_HAS_SYSZ" "-DCAPSTONE_HAS_X86" "-DCAPSTONE_HAS_XCORE" "-o" "/opt/rustwide/target/debug/build/capstone-sys-a151b3d513b7e5bf/out/capstone/MCInstrDesc.o" "-c" "capstone/MCInstrDesc.c"
[INFO] [stderr]   exit status: 0
[INFO] [stderr]   TARGET = Some("x86_64-unknown-linux-gnu")
[INFO] [stderr]   OPT_LEVEL = Some("0")
[INFO] [stderr]   TARGET = Some("x86_64-unknown-linux-gnu")
[INFO] [stderr]   HOST = Some("x86_64-unknown-linux-gnu")
[INFO] [stderr]   TARGET = Some("x86_64-unknown-linux-gnu")
[INFO] [stderr]   TARGET = Some("x86_64-unknown-linux-gnu")
[INFO] [stderr]   HOST = Some("x86_64-unknown-linux-gnu")
[INFO] [stderr]   CC_x86_64-unknown-linux-gnu = None
[INFO] [stderr]   CC_x86_64_unknown_linux_gnu = None
[INFO] [stderr]   HOST_CC = None
[INFO] [stderr]   CC = None
[INFO] [stderr]   HOST = Some("x86_64-unknown-linux-gnu")
[INFO] [stderr]   TARGET = Some("x86_64-unknown-linux-gnu")
[INFO] [stderr]   HOST = Some("x86_64-unknown-linux-gnu")
[INFO] [stderr]   CFLAGS_x86_64-unknown-linux-gnu = None
[INFO] [stderr]   CFLAGS_x86_64_unknown_linux_gnu = None
[INFO] [stderr]   HOST_CFLAGS = None
[INFO] [stderr]   CFLAGS = None
[INFO] [stderr]   DEBUG = Some("true")
[INFO] [stderr]   running: "cc" "-O0" "-ffunction-sections" "-fdata-sections" "-fPIC" "-g" "-m64" "-I" "capstone/include" "-Wall" "-Wextra" "-Wno-unused-function" "-Wno-unused-parameter" "-Wno-unknown-pragmas" "-Wno-sign-compare" "-Wno-return-type" "-DCAPSTONE_X86_ATT_DISABLE_NO" "-DCAPSTONE_DIET_NO" "-DCAPSTONE_X86_REDUCE_NO" "-DCAPSTONE_USE_SYS_DYN_MEM" "-DCAPSTONE_HAS_ARM" "-DCAPSTONE_HAS_ARM64" "-DCAPSTONE_HAS_MIPS" "-DCAPSTONE_HAS_POWERPC" "-DCAPSTONE_HAS_SPARC" "-DCAPSTONE_HAS_SYSZ" "-DCAPSTONE_HAS_X86" "-DCAPSTONE_HAS_XCORE" "-o" "/opt/rustwide/target/debug/build/capstone-sys-a151b3d513b7e5bf/out/capstone/SStream.o" "-c" "capstone/SStream.c"
[INFO] [stderr]   exit status: 0
[INFO] [stderr]   TARGET = Some("x86_64-unknown-linux-gnu")
[INFO] [stderr]   OPT_LEVEL = Some("0")
[INFO] [stderr]   TARGET = Some("x86_64-unknown-linux-gnu")
[INFO] [stderr]   HOST = Some("x86_64-unknown-linux-gnu")
[INFO] [stderr]   TARGET = Some("x86_64-unknown-linux-gnu")
[INFO] [stderr]   TARGET = Some("x86_64-unknown-linux-gnu")
[INFO] [stderr]   HOST = Some("x86_64-unknown-linux-gnu")
[INFO] [stderr]   CC_x86_64-unknown-linux-gnu = None
[INFO] [stderr]   CC_x86_64_unknown_linux_gnu = None
[INFO] [stderr]   HOST_CC = None
[INFO] [stderr]   CC = None
[INFO] [stderr]   HOST = Some("x86_64-unknown-linux-gnu")
[INFO] [stderr]   TARGET = Some("x86_64-unknown-linux-gnu")
[INFO] [stderr]   HOST = Some("x86_64-unknown-linux-gnu")
[INFO] [stderr]   CFLAGS_x86_64-unknown-linux-gnu = None
[INFO] [stderr]   CFLAGS_x86_64_unknown_linux_gnu = None
[INFO] [stderr]   HOST_CFLAGS = None
[INFO] [stderr]   CFLAGS = None
[INFO] [stderr]   DEBUG = Some("true")
[INFO] [stderr]   running: "cc" "-O0" "-ffunction-sections" "-fdata-sections" "-fPIC" "-g" "-m64" "-I" "capstone/include" "-Wall" "-Wextra" "-Wno-unused-function" "-Wno-unused-parameter" "-Wno-unknown-pragmas" "-Wno-sign-compare" "-Wno-return-type" "-DCAPSTONE_X86_ATT_DISABLE_NO" "-DCAPSTONE_DIET_NO" "-DCAPSTONE_X86_REDUCE_NO" "-DCAPSTONE_USE_SYS_DYN_MEM" "-DCAPSTONE_HAS_ARM" "-DCAPSTONE_HAS_ARM64" "-DCAPSTONE_HAS_MIPS" "-DCAPSTONE_HAS_POWERPC" "-DCAPSTONE_HAS_SPARC" "-DCAPSTONE_HAS_SYSZ" "-DCAPSTONE_HAS_X86" "-DCAPSTONE_HAS_XCORE" "-o" "/opt/rustwide/target/debug/build/capstone-sys-a151b3d513b7e5bf/out/capstone/utils.o" "-c" "capstone/utils.c"
[INFO] [stderr]   exit status: 0
[INFO] [stderr]   TARGET = Some("x86_64-unknown-linux-gnu")
[INFO] [stderr]   OPT_LEVEL = Some("0")
[INFO] [stderr]   TARGET = Some("x86_64-unknown-linux-gnu")
[INFO] [stderr]   HOST = Some("x86_64-unknown-linux-gnu")
[INFO] [stderr]   TARGET = Some("x86_64-unknown-linux-gnu")
[INFO] [stderr]   TARGET = Some("x86_64-unknown-linux-gnu")
[INFO] [stderr]   HOST = Some("x86_64-unknown-linux-gnu")
[INFO] [stderr]   CC_x86_64-unknown-linux-gnu = None
[INFO] [stderr]   CC_x86_64_unknown_linux_gnu = None
[INFO] [stderr]   HOST_CC = None
[INFO] [stderr]   CC = None
[INFO] [stderr]   HOST = Some("x86_64-unknown-linux-gnu")
[INFO] [stderr]   TARGET = Some("x86_64-unknown-linux-gnu")
[INFO] [stderr]   HOST = Some("x86_64-unknown-linux-gnu")
[INFO] [stderr]   CFLAGS_x86_64-unknown-linux-gnu = None
[INFO] [stderr]   CFLAGS_x86_64_unknown_linux_gnu = None
[INFO] [stderr]   HOST_CFLAGS = None
[INFO] [stderr]   CFLAGS = None
[INFO] [stderr]   DEBUG = Some("true")
[INFO] [stderr]   running: "cc" "-O0" "-ffunction-sections" "-fdata-sections" "-fPIC" "-g" "-m64" "-I" "capstone/include" "-Wall" "-Wextra" "-Wno-unused-function" "-Wno-unused-parameter" "-Wno-unknown-pragmas" "-Wno-sign-compare" "-Wno-return-type" "-DCAPSTONE_X86_ATT_DISABLE_NO" "-DCAPSTONE_DIET_NO" "-DCAPSTONE_X86_REDUCE_NO" "-DCAPSTONE_USE_SYS_DYN_MEM" "-DCAPSTONE_HAS_ARM" "-DCAPSTONE_HAS_ARM64" "-DCAPSTONE_HAS_MIPS" "-DCAPSTONE_HAS_POWERPC" "-DCAPSTONE_HAS_SPARC" "-DCAPSTONE_HAS_SYSZ" "-DCAPSTONE_HAS_X86" "-DCAPSTONE_HAS_XCORE" "-o" "/opt/rustwide/target/debug/build/capstone-sys-a151b3d513b7e5bf/out/capstone/MCInst.o" "-c" "capstone/MCInst.c"
[INFO] [stderr]   exit status: 0
[INFO] [stderr]   TARGET = Some("x86_64-unknown-linux-gnu")
[INFO] [stderr]   OPT_LEVEL = Some("0")
[INFO] [stderr]   TARGET = Some("x86_64-unknown-linux-gnu")
[INFO] [stderr]   HOST = Some("x86_64-unknown-linux-gnu")
[INFO] [stderr]   TARGET = Some("x86_64-unknown-linux-gnu")
[INFO] [stderr]   TARGET = Some("x86_64-unknown-linux-gnu")
[INFO] [stderr]   HOST = Some("x86_64-unknown-linux-gnu")
[INFO] [stderr]   CC_x86_64-unknown-linux-gnu = None
[INFO] [stderr]   CC_x86_64_unknown_linux_gnu = None
[INFO] [stderr]   HOST_CC = None
[INFO] [stderr]   CC = None
[INFO] [stderr]   HOST = Some("x86_64-unknown-linux-gnu")
[INFO] [stderr]   TARGET = Some("x86_64-unknown-linux-gnu")
[INFO] [stderr]   HOST = Some("x86_64-unknown-linux-gnu")
[INFO] [stderr]   CFLAGS_x86_64-unknown-linux-gnu = None
[INFO] [stderr]   CFLAGS_x86_64_unknown_linux_gnu = None
[INFO] [stderr]   HOST_CFLAGS = None
[INFO] [stderr]   CFLAGS = None
[INFO] [stderr]   DEBUG = Some("true")
[INFO] [stderr]   running: "cc" "-O0" "-ffunction-sections" "-fdata-sections" "-fPIC" "-g" "-m64" "-I" "capstone/include" "-Wall" "-Wextra" "-Wno-unused-function" "-Wno-unused-parameter" "-Wno-unknown-pragmas" "-Wno-sign-compare" "-Wno-return-type" "-DCAPSTONE_X86_ATT_DISABLE_NO" "-DCAPSTONE_DIET_NO" "-DCAPSTONE_X86_REDUCE_NO" "-DCAPSTONE_USE_SYS_DYN_MEM" "-DCAPSTONE_HAS_ARM" "-DCAPSTONE_HAS_ARM64" "-DCAPSTONE_HAS_MIPS" "-DCAPSTONE_HAS_POWERPC" "-DCAPSTONE_HAS_SPARC" "-DCAPSTONE_HAS_SYSZ" "-DCAPSTONE_HAS_X86" "-DCAPSTONE_HAS_XCORE" "-o" "/opt/rustwide/target/debug/build/capstone-sys-a151b3d513b7e5bf/out/capstone/MCRegisterInfo.o" "-c" "capstone/MCRegisterInfo.c"
[INFO] [stderr]   exit status: 0
[INFO] [stderr]   TARGET = Some("x86_64-unknown-linux-gnu")
[INFO] [stderr]   OPT_LEVEL = Some("0")
[INFO] [stderr]   TARGET = Some("x86_64-unknown-linux-gnu")
[INFO] [stderr]   HOST = Some("x86_64-unknown-linux-gnu")
[INFO] [stderr]   TARGET = Some("x86_64-unknown-linux-gnu")
[INFO] [stderr]   TARGET = Some("x86_64-unknown-linux-gnu")
[INFO] [stderr]   HOST = Some("x86_64-unknown-linux-gnu")
[INFO] [stderr]   CC_x86_64-unknown-linux-gnu = None
[INFO] [stderr]   CC_x86_64_unknown_linux_gnu = None
[INFO] [stderr]   HOST_CC = None
[INFO] [stderr]   CC = None
[INFO] [stderr]   HOST = Some("x86_64-unknown-linux-gnu")
[INFO] [stderr]   TARGET = Some("x86_64-unknown-linux-gnu")
[INFO] [stderr]   HOST = Some("x86_64-unknown-linux-gnu")
[INFO] [stderr]   CFLAGS_x86_64-unknown-linux-gnu = None
[INFO] [stderr]   CFLAGS_x86_64_unknown_linux_gnu = None
[INFO] [stderr]   HOST_CFLAGS = None
[INFO] [stderr]   CFLAGS = None
[INFO] [stderr]   DEBUG = Some("true")
[INFO] [stderr]   running: "cc" "-O0" "-ffunction-sections" "-fdata-sections" "-fPIC" "-g" "-m64" "-I" "capstone/include" "-Wall" "-Wextra" "-Wno-unused-function" "-Wno-unused-parameter" "-Wno-unknown-pragmas" "-Wno-sign-compare" "-Wno-return-type" "-DCAPSTONE_X86_ATT_DISABLE_NO" "-DCAPSTONE_DIET_NO" "-DCAPSTONE_X86_REDUCE_NO" "-DCAPSTONE_USE_SYS_DYN_MEM" "-DCAPSTONE_HAS_ARM" "-DCAPSTONE_HAS_ARM64" "-DCAPSTONE_HAS_MIPS" "-DCAPSTONE_HAS_POWERPC" "-DCAPSTONE_HAS_SPARC" "-DCAPSTONE_HAS_SYSZ" "-DCAPSTONE_HAS_X86" "-DCAPSTONE_HAS_XCORE" "-o" "/opt/rustwide/target/debug/build/capstone-sys-a151b3d513b7e5bf/out/capstone/cs.o" "-c" "capstone/cs.c"
[INFO] [stderr]   exit status: 0
[INFO] [stderr]   TARGET = Some("x86_64-unknown-linux-gnu")
[INFO] [stderr]   OPT_LEVEL = Some("0")
[INFO] [stderr]   TARGET = Some("x86_64-unknown-linux-gnu")
[INFO] [stderr]   HOST = Some("x86_64-unknown-linux-gnu")
[INFO] [stderr]   TARGET = Some("x86_64-unknown-linux-gnu")
[INFO] [stderr]   TARGET = Some("x86_64-unknown-linux-gnu")
[INFO] [stderr]   HOST = Some("x86_64-unknown-linux-gnu")
[INFO] [stderr]   CC_x86_64-unknown-linux-gnu = None
[INFO] [stderr]   CC_x86_64_unknown_linux_gnu = None
[INFO] [stderr]   HOST_CC = None
[INFO] [stderr]   CC = None
[INFO] [stderr]   HOST = Some("x86_64-unknown-linux-gnu")
[INFO] [stderr]   TARGET = Some("x86_64-unknown-linux-gnu")
[INFO] [stderr]   HOST = Some("x86_64-unknown-linux-gnu")
[INFO] [stderr]   CFLAGS_x86_64-unknown-linux-gnu = None
[INFO] [stderr]   CFLAGS_x86_64_unknown_linux_gnu = None
[INFO] [stderr]   HOST_CFLAGS = None
[INFO] [stderr]   CFLAGS = None
[INFO] [stderr]   DEBUG = Some("true")
[INFO] [stderr]   running: "cc" "-O0" "-ffunction-sections" "-fdata-sections" "-fPIC" "-g" "-m64" "-I" "capstone/include" "-Wall" "-Wextra" "-Wno-unused-function" "-Wno-unused-parameter" "-Wno-unknown-pragmas" "-Wno-sign-compare" "-Wno-return-type" "-DCAPSTONE_X86_ATT_DISABLE_NO" "-DCAPSTONE_DIET_NO" "-DCAPSTONE_X86_REDUCE_NO" "-DCAPSTONE_USE_SYS_DYN_MEM" "-DCAPSTONE_HAS_ARM" "-DCAPSTONE_HAS_ARM64" "-DCAPSTONE_HAS_MIPS" "-DCAPSTONE_HAS_POWERPC" "-DCAPSTONE_HAS_SPARC" "-DCAPSTONE_HAS_SYSZ" "-DCAPSTONE_HAS_X86" "-DCAPSTONE_HAS_XCORE" "-o" "/opt/rustwide/target/debug/build/capstone-sys-a151b3d513b7e5bf/out/capstone/arch/PowerPC/PPCMapping.o" "-c" "capstone/arch/PowerPC/PPCMapping.c"
[INFO] [stderr]   exit status: 0
[INFO] [stderr]   TARGET = Some("x86_64-unknown-linux-gnu")
[INFO] [stderr]   OPT_LEVEL = Some("0")
[INFO] [stderr]   TARGET = Some("x86_64-unknown-linux-gnu")
[INFO] [stderr]   HOST = Some("x86_64-unknown-linux-gnu")
[INFO] [stderr]   TARGET = Some("x86_64-unknown-linux-gnu")
[INFO] [stderr]   TARGET = Some("x86_64-unknown-linux-gnu")
[INFO] [stderr]   HOST = Some("x86_64-unknown-linux-gnu")
[INFO] [stderr]   CC_x86_64-unknown-linux-gnu = None
[INFO] [stderr]   CC_x86_64_unknown_linux_gnu = None
[INFO] [stderr]   HOST_CC = None
[INFO] [stderr]   CC = None
[INFO] [stderr]   HOST = Some("x86_64-unknown-linux-gnu")
[INFO] [stderr]   TARGET = Some("x86_64-unknown-linux-gnu")
[INFO] [stderr]   HOST = Some("x86_64-unknown-linux-gnu")
[INFO] [stderr]   CFLAGS_x86_64-unknown-linux-gnu = None
[INFO] [stderr]   CFLAGS_x86_64_unknown_linux_gnu = None
[INFO] [stderr]   HOST_CFLAGS = None
[INFO] [stderr]   CFLAGS = None
[INFO] [stderr]   DEBUG = Some("true")
[INFO] [stderr]   running: "cc" "-O0" "-ffunction-sections" "-fdata-sections" "-fPIC" "-g" "-m64" "-I" "capstone/include" "-Wall" "-Wextra" "-Wno-unused-function" "-Wno-unused-parameter" "-Wno-unknown-pragmas" "-Wno-sign-compare" "-Wno-return-type" "-DCAPSTONE_X86_ATT_DISABLE_NO" "-DCAPSTONE_DIET_NO" "-DCAPSTONE_X86_REDUCE_NO" "-DCAPSTONE_USE_SYS_DYN_MEM" "-DCAPSTONE_HAS_ARM" "-DCAPSTONE_HAS_ARM64" "-DCAPSTONE_HAS_MIPS" "-DCAPSTONE_HAS_POWERPC" "-DCAPSTONE_HAS_SPARC" "-DCAPSTONE_HAS_SYSZ" "-DCAPSTONE_HAS_X86" "-DCAPSTONE_HAS_XCORE" "-o" "/opt/rustwide/target/debug/build/capstone-sys-a151b3d513b7e5bf/out/capstone/arch/PowerPC/PPCInstPrinter.o" "-c" "capstone/arch/PowerPC/PPCInstPrinter.c"
[INFO] [stderr]   exit status: 0
[INFO] [stderr]   TARGET = Some("x86_64-unknown-linux-gnu")
[INFO] [stderr]   OPT_LEVEL = Some("0")
[INFO] [stderr]   TARGET = Some("x86_64-unknown-linux-gnu")
[INFO] [stderr]   HOST = Some("x86_64-unknown-linux-gnu")
[INFO] [stderr]   TARGET = Some("x86_64-unknown-linux-gnu")
[INFO] [stderr]   TARGET = Some("x86_64-unknown-linux-gnu")
[INFO] [stderr]   HOST = Some("x86_64-unknown-linux-gnu")
[INFO] [stderr]   CC_x86_64-unknown-linux-gnu = None
[INFO] [stderr]   CC_x86_64_unknown_linux_gnu = None
[INFO] [stderr]   HOST_CC = None
[INFO] [stderr]   CC = None
[INFO] [stderr]   HOST = Some("x86_64-unknown-linux-gnu")
[INFO] [stderr]   TARGET = Some("x86_64-unknown-linux-gnu")
[INFO] [stderr]   HOST = Some("x86_64-unknown-linux-gnu")
[INFO] [stderr]   CFLAGS_x86_64-unknown-linux-gnu = None
[INFO] [stderr]   CFLAGS_x86_64_unknown_linux_gnu = None
[INFO] [stderr]   HOST_CFLAGS = None
[INFO] [stderr]   CFLAGS = None
[INFO] [stderr]   DEBUG = Some("true")
[INFO] [stderr]   running: "cc" "-O0" "-ffunction-sections" "-fdata-sections" "-fPIC" "-g" "-m64" "-I" "capstone/include" "-Wall" "-Wextra" "-Wno-unused-function" "-Wno-unused-parameter" "-Wno-unknown-pragmas" "-Wno-sign-compare" "-Wno-return-type" "-DCAPSTONE_X86_ATT_DISABLE_NO" "-DCAPSTONE_DIET_NO" "-DCAPSTONE_X86_REDUCE_NO" "-DCAPSTONE_USE_SYS_DYN_MEM" "-DCAPSTONE_HAS_ARM" "-DCAPSTONE_HAS_ARM64" "-DCAPSTONE_HAS_MIPS" "-DCAPSTONE_HAS_POWERPC" "-DCAPSTONE_HAS_SPARC" "-DCAPSTONE_HAS_SYSZ" "-DCAPSTONE_HAS_X86" "-DCAPSTONE_HAS_XCORE" "-o" "/opt/rustwide/target/debug/build/capstone-sys-a151b3d513b7e5bf/out/capstone/arch/PowerPC/PPCDisassembler.o" "-c" "capstone/arch/PowerPC/PPCDisassembler.c"
[INFO] [stderr]   exit status: 0
[INFO] [stderr]   TARGET = Some("x86_64-unknown-linux-gnu")
[INFO] [stderr]   OPT_LEVEL = Some("0")
[INFO] [stderr]   TARGET = Some("x86_64-unknown-linux-gnu")
[INFO] [stderr]   HOST = Some("x86_64-unknown-linux-gnu")
[INFO] [stderr]   TARGET = Some("x86_64-unknown-linux-gnu")
[INFO] [stderr]   TARGET = Some("x86_64-unknown-linux-gnu")
[INFO] [stderr]   HOST = Some("x86_64-unknown-linux-gnu")
[INFO] [stderr]   CC_x86_64-unknown-linux-gnu = None
[INFO] [stderr]   CC_x86_64_unknown_linux_gnu = None
[INFO] [stderr]   HOST_CC = None
[INFO] [stderr]   CC = None
[INFO] [stderr]   HOST = Some("x86_64-unknown-linux-gnu")
[INFO] [stderr]   TARGET = Some("x86_64-unknown-linux-gnu")
[INFO] [stderr]   HOST = Some("x86_64-unknown-linux-gnu")
[INFO] [stderr]   CFLAGS_x86_64-unknown-linux-gnu = None
[INFO] [stderr]   CFLAGS_x86_64_unknown_linux_gnu = None
[INFO] [stderr]   HOST_CFLAGS = None
[INFO] [stderr]   CFLAGS = None
[INFO] [stderr]   DEBUG = Some("true")
[INFO] [stderr]   running: "cc" "-O0" "-ffunction-sections" "-fdata-sections" "-fPIC" "-g" "-m64" "-I" "capstone/include" "-Wall" "-Wextra" "-Wno-unused-function" "-Wno-unused-parameter" "-Wno-unknown-pragmas" "-Wno-sign-compare" "-Wno-return-type" "-DCAPSTONE_X86_ATT_DISABLE_NO" "-DCAPSTONE_DIET_NO" "-DCAPSTONE_X86_REDUCE_NO" "-DCAPSTONE_USE_SYS_DYN_MEM" "-DCAPSTONE_HAS_ARM" "-DCAPSTONE_HAS_ARM64" "-DCAPSTONE_HAS_MIPS" "-DCAPSTONE_HAS_POWERPC" "-DCAPSTONE_HAS_SPARC" "-DCAPSTONE_HAS_SYSZ" "-DCAPSTONE_HAS_X86" "-DCAPSTONE_HAS_XCORE" "-o" "/opt/rustwide/target/debug/build/capstone-sys-a151b3d513b7e5bf/out/capstone/arch/PowerPC/PPCModule.o" "-c" "capstone/arch/PowerPC/PPCModule.c"
[INFO] [stderr]   exit status: 0
[INFO] [stderr]   TARGET = Some("x86_64-unknown-linux-gnu")
[INFO] [stderr]   OPT_LEVEL = Some("0")
[INFO] [stderr]   TARGET = Some("x86_64-unknown-linux-gnu")
[INFO] [stderr]   HOST = Some("x86_64-unknown-linux-gnu")
[INFO] [stderr]   TARGET = Some("x86_64-unknown-linux-gnu")
[INFO] [stderr]   TARGET = Some("x86_64-unknown-linux-gnu")
[INFO] [stderr]   HOST = Some("x86_64-unknown-linux-gnu")
[INFO] [stderr]   CC_x86_64-unknown-linux-gnu = None
[INFO] [stderr]   CC_x86_64_unknown_linux_gnu = None
[INFO] [stderr]   HOST_CC = None
[INFO] [stderr]   CC = None
[INFO] [stderr]   HOST = Some("x86_64-unknown-linux-gnu")
[INFO] [stderr]   TARGET = Some("x86_64-unknown-linux-gnu")
[INFO] [stderr]   HOST = Some("x86_64-unknown-linux-gnu")
[INFO] [stderr]   CFLAGS_x86_64-unknown-linux-gnu = None
[INFO] [stderr]   CFLAGS_x86_64_unknown_linux_gnu = None
[INFO] [stderr]   HOST_CFLAGS = None
[INFO] [stderr]   CFLAGS = None
[INFO] [stderr]   DEBUG = Some("true")
[INFO] [stderr]   running: "cc" "-O0" "-ffunction-sections" "-fdata-sections" "-fPIC" "-g" "-m64" "-I" "capstone/include" "-Wall" "-Wextra" "-Wno-unused-function" "-Wno-unused-parameter" "-Wno-unknown-pragmas" "-Wno-sign-compare" "-Wno-return-type" "-DCAPSTONE_X86_ATT_DISABLE_NO" "-DCAPSTONE_DIET_NO" "-DCAPSTONE_X86_REDUCE_NO" "-DCAPSTONE_USE_SYS_DYN_MEM" "-DCAPSTONE_HAS_ARM" "-DCAPSTONE_HAS_ARM64" "-DCAPSTONE_HAS_MIPS" "-DCAPSTONE_HAS_POWERPC" "-DCAPSTONE_HAS_SPARC" "-DCAPSTONE_HAS_SYSZ" "-DCAPSTONE_HAS_X86" "-DCAPSTONE_HAS_XCORE" "-o" "/opt/rustwide/target/debug/build/capstone-sys-a151b3d513b7e5bf/out/capstone/arch/ARM/ARMModule.o" "-c" "capstone/arch/ARM/ARMModule.c"
[INFO] [stderr]   exit status: 0
[INFO] [stderr]   TARGET = Some("x86_64-unknown-linux-gnu")
[INFO] [stderr]   OPT_LEVEL = Some("0")
[INFO] [stderr]   TARGET = Some("x86_64-unknown-linux-gnu")
[INFO] [stderr]   HOST = Some("x86_64-unknown-linux-gnu")
[INFO] [stderr]   TARGET = Some("x86_64-unknown-linux-gnu")
[INFO] [stderr]   TARGET = Some("x86_64-unknown-linux-gnu")
[INFO] [stderr]   HOST = Some("x86_64-unknown-linux-gnu")
[INFO] [stderr]   CC_x86_64-unknown-linux-gnu = None
[INFO] [stderr]   CC_x86_64_unknown_linux_gnu = None
[INFO] [stderr]   HOST_CC = None
[INFO] [stderr]   CC = None
[INFO] [stderr]   HOST = Some("x86_64-unknown-linux-gnu")
[INFO] [stderr]   TARGET = Some("x86_64-unknown-linux-gnu")
[INFO] [stderr]   HOST = Some("x86_64-unknown-linux-gnu")
[INFO] [stderr]   CFLAGS_x86_64-unknown-linux-gnu = None
[INFO] [stderr]   CFLAGS_x86_64_unknown_linux_gnu = None
[INFO] [stderr]   HOST_CFLAGS = None
[INFO] [stderr]   CFLAGS = None
[INFO] [stderr]   DEBUG = Some("true")
[INFO] [stderr]   running: "cc" "-O0" "-ffunction-sections" "-fdata-sections" "-fPIC" "-g" "-m64" "-I" "capstone/include" "-Wall" "-Wextra" "-Wno-unused-function" "-Wno-unused-parameter" "-Wno-unknown-pragmas" "-Wno-sign-compare" "-Wno-return-type" "-DCAPSTONE_X86_ATT_DISABLE_NO" "-DCAPSTONE_DIET_NO" "-DCAPSTONE_X86_REDUCE_NO" "-DCAPSTONE_USE_SYS_DYN_MEM" "-DCAPSTONE_HAS_ARM" "-DCAPSTONE_HAS_ARM64" "-DCAPSTONE_HAS_MIPS" "-DCAPSTONE_HAS_POWERPC" "-DCAPSTONE_HAS_SPARC" "-DCAPSTONE_HAS_SYSZ" "-DCAPSTONE_HAS_X86" "-DCAPSTONE_HAS_XCORE" "-o" "/opt/rustwide/target/debug/build/capstone-sys-a151b3d513b7e5bf/out/capstone/arch/ARM/ARMInstPrinter.o" "-c" "capstone/arch/ARM/ARMInstPrinter.c"
[INFO] [stderr]   cargo:warning=capstone/arch/ARM/ARMInstPrinter.c: In function 'ARM_printInst':
[INFO] [stderr]   cargo:warning=capstone/arch/ARM/ARMInstPrinter.c:422:52: warning: this statement may fall through [-Wimplicit-fallthrough=]
[INFO] [stderr]   cargo:warning=  422 |                                                 if ((ARM_getFeatureBits(MI->csh->mode) & ARM_HasV8Ops)) {
[INFO] [stderr]   cargo:warning=      |                                                    ^
[INFO] [stderr]   cargo:warning=capstone/arch/ARM/ARMInstPrinter.c:428:33: note: here
[INFO] [stderr]   cargo:warning=  428 |                                 default:
[INFO] [stderr]   cargo:warning=      |                                 ^~~~~~~
[INFO] [stderr]   exit status: 0
[INFO] [stderr]   TARGET = Some("x86_64-unknown-linux-gnu")
[INFO] [stderr]   OPT_LEVEL = Some("0")
[INFO] [stderr]   TARGET = Some("x86_64-unknown-linux-gnu")
[INFO] [stderr]   HOST = Some("x86_64-unknown-linux-gnu")
[INFO] [stderr]   TARGET = Some("x86_64-unknown-linux-gnu")
[INFO] [stderr]   TARGET = Some("x86_64-unknown-linux-gnu")
[INFO] [stderr]   HOST = Some("x86_64-unknown-linux-gnu")
[INFO] [stderr]   CC_x86_64-unknown-linux-gnu = None
[INFO] [stderr]   CC_x86_64_unknown_linux_gnu = None
[INFO] [stderr]   HOST_CC = None
[INFO] [stderr]   CC = None
[INFO] [stderr]   HOST = Some("x86_64-unknown-linux-gnu")
[INFO] [stderr]   TARGET = Some("x86_64-unknown-linux-gnu")
[INFO] [stderr]   HOST = Some("x86_64-unknown-linux-gnu")
[INFO] [stderr]   CFLAGS_x86_64-unknown-linux-gnu = None
[INFO] [stderr]   CFLAGS_x86_64_unknown_linux_gnu = None
[INFO] [stderr]   HOST_CFLAGS = None
[INFO] [stderr]   CFLAGS = None
[INFO] [stderr]   DEBUG = Some("true")
[INFO] [stderr]   running: "cc" "-O0" "-ffunction-sections" "-fdata-sections" "-fPIC" "-g" "-m64" "-I" "capstone/include" "-Wall" "-Wextra" "-Wno-unused-function" "-Wno-unused-parameter" "-Wno-unknown-pragmas" "-Wno-sign-compare" "-Wno-return-type" "-DCAPSTONE_X86_ATT_DISABLE_NO" "-DCAPSTONE_DIET_NO" "-DCAPSTONE_X86_REDUCE_NO" "-DCAPSTONE_USE_SYS_DYN_MEM" "-DCAPSTONE_HAS_ARM" "-DCAPSTONE_HAS_ARM64" "-DCAPSTONE_HAS_MIPS" "-DCAPSTONE_HAS_POWERPC" "-DCAPSTONE_HAS_SPARC" "-DCAPSTONE_HAS_SYSZ" "-DCAPSTONE_HAS_X86" "-DCAPSTONE_HAS_XCORE" "-o" "/opt/rustwide/target/debug/build/capstone-sys-a151b3d513b7e5bf/out/capstone/arch/ARM/ARMDisassembler.o" "-c" "capstone/arch/ARM/ARMDisassembler.c"
[INFO] [stderr]   cargo:warning=capstone/arch/ARM/ARMDisassembler.c: In function 'DecodeVLDInstruction':
[INFO] [stderr]   cargo:warning=capstone/arch/ARM/ARMDisassembler.c:2508:28: warning: this statement may fall through [-Wimplicit-fallthrough=]
[INFO] [stderr]   cargo:warning= 2508 |                         if (Rm == 0xd) {
[INFO] [stderr]   cargo:warning=      |                            ^
[INFO] [stderr]   cargo:warning=capstone/arch/ARM/ARMDisassembler.c:2513:17: note: here
[INFO] [stderr]   cargo:warning= 2513 |                 case ARM_VLD1d8wb_fixed:
[INFO] [stderr]   cargo:warning=      |                 ^~~~
[INFO] [stderr]   exit status: 0
[INFO] [stderr]   TARGET = Some("x86_64-unknown-linux-gnu")
[INFO] [stderr]   OPT_LEVEL = Some("0")
[INFO] [stderr]   TARGET = Some("x86_64-unknown-linux-gnu")
[INFO] [stderr]   HOST = Some("x86_64-unknown-linux-gnu")
[INFO] [stderr]   TARGET = Some("x86_64-unknown-linux-gnu")
[INFO] [stderr]   TARGET = Some("x86_64-unknown-linux-gnu")
[INFO] [stderr]   HOST = Some("x86_64-unknown-linux-gnu")
[INFO] [stderr]   CC_x86_64-unknown-linux-gnu = None
[INFO] [stderr]   CC_x86_64_unknown_linux_gnu = None
[INFO] [stderr]   HOST_CC = None
[INFO] [stderr]   CC = None
[INFO] [stderr]   HOST = Some("x86_64-unknown-linux-gnu")
[INFO] [stderr]   TARGET = Some("x86_64-unknown-linux-gnu")
[INFO] [stderr]   HOST = Some("x86_64-unknown-linux-gnu")
[INFO] [stderr]   CFLAGS_x86_64-unknown-linux-gnu = None
[INFO] [stderr]   CFLAGS_x86_64_unknown_linux_gnu = None
[INFO] [stderr]   HOST_CFLAGS = None
[INFO] [stderr]   CFLAGS = None
[INFO] [stderr]   DEBUG = Some("true")
[INFO] [stderr]   running: "cc" "-O0" "-ffunction-sections" "-fdata-sections" "-fPIC" "-g" "-m64" "-I" "capstone/include" "-Wall" "-Wextra" "-Wno-unused-function" "-Wno-unused-parameter" "-Wno-unknown-pragmas" "-Wno-sign-compare" "-Wno-return-type" "-DCAPSTONE_X86_ATT_DISABLE_NO" "-DCAPSTONE_DIET_NO" "-DCAPSTONE_X86_REDUCE_NO" "-DCAPSTONE_USE_SYS_DYN_MEM" "-DCAPSTONE_HAS_ARM" "-DCAPSTONE_HAS_ARM64" "-DCAPSTONE_HAS_MIPS" "-DCAPSTONE_HAS_POWERPC" "-DCAPSTONE_HAS_SPARC" "-DCAPSTONE_HAS_SYSZ" "-DCAPSTONE_HAS_X86" "-DCAPSTONE_HAS_XCORE" "-o" "/opt/rustwide/target/debug/build/capstone-sys-a151b3d513b7e5bf/out/capstone/arch/ARM/ARMMapping.o" "-c" "capstone/arch/ARM/ARMMapping.c"
[INFO] [stderr]   exit status: 0
[INFO] [stderr]   TARGET = Some("x86_64-unknown-linux-gnu")
[INFO] [stderr]   OPT_LEVEL = Some("0")
[INFO] [stderr]   TARGET = Some("x86_64-unknown-linux-gnu")
[INFO] [stderr]   HOST = Some("x86_64-unknown-linux-gnu")
[INFO] [stderr]   TARGET = Some("x86_64-unknown-linux-gnu")
[INFO] [stderr]   TARGET = Some("x86_64-unknown-linux-gnu")
[INFO] [stderr]   HOST = Some("x86_64-unknown-linux-gnu")
[INFO] [stderr]   CC_x86_64-unknown-linux-gnu = None
[INFO] [stderr]   CC_x86_64_unknown_linux_gnu = None
[INFO] [stderr]   HOST_CC = None
[INFO] [stderr]   CC = None
[INFO] [stderr]   HOST = Some("x86_64-unknown-linux-gnu")
[INFO] [stderr]   TARGET = Some("x86_64-unknown-linux-gnu")
[INFO] [stderr]   HOST = Some("x86_64-unknown-linux-gnu")
[INFO] [stderr]   CFLAGS_x86_64-unknown-linux-gnu = None
[INFO] [stderr]   CFLAGS_x86_64_unknown_linux_gnu = None
[INFO] [stderr]   HOST_CFLAGS = None
[INFO] [stderr]   CFLAGS = None
[INFO] [stderr]   DEBUG = Some("true")
[INFO] [stderr]   running: "cc" "-O0" "-ffunction-sections" "-fdata-sections" "-fPIC" "-g" "-m64" "-I" "capstone/include" "-Wall" "-Wextra" "-Wno-unused-function" "-Wno-unused-parameter" "-Wno-unknown-pragmas" "-Wno-sign-compare" "-Wno-return-type" "-DCAPSTONE_X86_ATT_DISABLE_NO" "-DCAPSTONE_DIET_NO" "-DCAPSTONE_X86_REDUCE_NO" "-DCAPSTONE_USE_SYS_DYN_MEM" "-DCAPSTONE_HAS_ARM" "-DCAPSTONE_HAS_ARM64" "-DCAPSTONE_HAS_MIPS" "-DCAPSTONE_HAS_POWERPC" "-DCAPSTONE_HAS_SPARC" "-DCAPSTONE_HAS_SYSZ" "-DCAPSTONE_HAS_X86" "-DCAPSTONE_HAS_XCORE" "-o" "/opt/rustwide/target/debug/build/capstone-sys-a151b3d513b7e5bf/out/capstone/arch/X86/X86Module.o" "-c" "capstone/arch/X86/X86Module.c"
[INFO] [stderr]   exit status: 0
[INFO] [stderr]   TARGET = Some("x86_64-unknown-linux-gnu")
[INFO] [stderr]   OPT_LEVEL = Some("0")
[INFO] [stderr]   TARGET = Some("x86_64-unknown-linux-gnu")
[INFO] [stderr]   HOST = Some("x86_64-unknown-linux-gnu")
[INFO] [stderr]   TARGET = Some("x86_64-unknown-linux-gnu")
[INFO] [stderr]   TARGET = Some("x86_64-unknown-linux-gnu")
[INFO] [stderr]   HOST = Some("x86_64-unknown-linux-gnu")
[INFO] [stderr]   CC_x86_64-unknown-linux-gnu = None
[INFO] [stderr]   CC_x86_64_unknown_linux_gnu = None
[INFO] [stderr]   HOST_CC = None
[INFO] [stderr]   CC = None
[INFO] [stderr]   HOST = Some("x86_64-unknown-linux-gnu")
[INFO] [stderr]   TARGET = Some("x86_64-unknown-linux-gnu")
[INFO] [stderr]   HOST = Some("x86_64-unknown-linux-gnu")
[INFO] [stderr]   CFLAGS_x86_64-unknown-linux-gnu = None
[INFO] [stderr]   CFLAGS_x86_64_unknown_linux_gnu = None
[INFO] [stderr]   HOST_CFLAGS = None
[INFO] [stderr]   CFLAGS = None
[INFO] [stderr]   DEBUG = Some("true")
[INFO] [stderr]   running: "cc" "-O0" "-ffunction-sections" "-fdata-sections" "-fPIC" "-g" "-m64" "-I" "capstone/include" "-Wall" "-Wextra" "-Wno-unused-function" "-Wno-unused-parameter" "-Wno-unknown-pragmas" "-Wno-sign-compare" "-Wno-return-type" "-DCAPSTONE_X86_ATT_DISABLE_NO" "-DCAPSTONE_DIET_NO" "-DCAPSTONE_X86_REDUCE_NO" "-DCAPSTONE_USE_SYS_DYN_MEM" "-DCAPSTONE_HAS_ARM" "-DCAPSTONE_HAS_ARM64" "-DCAPSTONE_HAS_MIPS" "-DCAPSTONE_HAS_POWERPC" "-DCAPSTONE_HAS_SPARC" "-DCAPSTONE_HAS_SYSZ" "-DCAPSTONE_HAS_X86" "-DCAPSTONE_HAS_XCORE" "-o" "/opt/rustwide/target/debug/build/capstone-sys-a151b3d513b7e5bf/out/capstone/arch/X86/X86Mapping.o" "-c" "capstone/arch/X86/X86Mapping.c"
[INFO] [stderr]   cargo:warning=capstone/arch/X86/X86Mapping.c:44:18: warning: implicit conversion from 'enum <anonymous>' to 'enum x86_reg' [-Wenum-conversion]
[INFO] [stderr]   cargo:warning=   44 | #define ENTRY(x) X86_REG_##x,
[INFO] [stderr]   cargo:warning=      |                  ^~~~~~~~
[INFO] [stderr]   cargo:warning=capstone/arch/X86/X86DisassemblerDecoder.h:112:3: note: in expansion of macro 'ENTRY'
[INFO] [stderr]   cargo:warning=  112 |   ENTRY(BX_SI)          \
[INFO] [stderr]   cargo:warning=      |   ^~~~~
[INFO] [stderr]   cargo:warning=capstone/arch/X86/X86DisassemblerDecoder.h:379:3: note: in expansion of macro 'EA_BASES_16BIT'
[INFO] [stderr]   cargo:warning=  379 |   EA_BASES_16BIT      \
[INFO] [stderr]   cargo:warning=      |   ^~~~~~~~~~~~~~
[INFO] [stderr]   cargo:warning=capstone/arch/X86/X86Mapping.c:45:9: note: in expansion of macro 'ALL_EA_BASES'
[INFO] [stderr]   cargo:warning=   45 |         ALL_EA_BASES
[INFO] [stderr]   cargo:warning=      |         ^~~~~~~~~~~~
[INFO] [stderr]   cargo:warning=capstone/arch/X86/X86Mapping.c:44:18: warning: implicit conversion from 'enum <anonymous>' to 'enum x86_reg' [-Wenum-conversion]
[INFO] [stderr]   cargo:warning=   44 | #define ENTRY(x) X86_REG_##x,
[INFO] [stderr]   cargo:warning=      |                  ^~~~~~~~
[INFO] [stderr]   cargo:warning=capstone/arch/X86/X86DisassemblerDecoder.h:113:3: note: in expansion of macro 'ENTRY'
[INFO] [stderr]   cargo:warning=  113 |   ENTRY(BX_DI)          \
[INFO] [stderr]   cargo:warning=      |   ^~~~~
[INFO] [stderr]   cargo:warning=capstone/arch/X86/X86DisassemblerDecoder.h:379:3: note: in expansion of macro 'EA_BASES_16BIT'
[INFO] [stderr]   cargo:warning=  379 |   EA_BASES_16BIT      \
[INFO] [stderr]   cargo:warning=      |   ^~~~~~~~~~~~~~
[INFO] [stderr]   cargo:warning=capstone/arch/X86/X86Mapping.c:45:9: note: in expansion of macro 'ALL_EA_BASES'
[INFO] [stderr]   cargo:warning=   45 |         ALL_EA_BASES
[INFO] [stderr]   cargo:warning=      |         ^~~~~~~~~~~~
[INFO] [stderr]   cargo:warning=capstone/arch/X86/X86Mapping.c:44:18: warning: implicit conversion from 'enum <anonymous>' to 'enum x86_reg' [-Wenum-conversion]
[INFO] [stderr]   cargo:warning=   44 | #define ENTRY(x) X86_REG_##x,
[INFO] [stderr]   cargo:warning=      |                  ^~~~~~~~
[INFO] [stderr]   cargo:warning=capstone/arch/X86/X86DisassemblerDecoder.h:114:3: note: in expansion of macro 'ENTRY'
[INFO] [stderr]   cargo:warning=  114 |   ENTRY(BP_SI)          \
[INFO] [stderr]   cargo:warning=      |   ^~~~~
[INFO] [stderr]   cargo:warning=capstone/arch/X86/X86DisassemblerDecoder.h:379:3: note: in expansion of macro 'EA_BASES_16BIT'
[INFO] [stderr]   cargo:warning=  379 |   EA_BASES_16BIT      \
[INFO] [stderr]   cargo:warning=      |   ^~~~~~~~~~~~~~
[INFO] [stderr]   cargo:warning=capstone/arch/X86/X86Mapping.c:45:9: note: in expansion of macro 'ALL_EA_BASES'
[INFO] [stderr]   cargo:warning=   45 |         ALL_EA_BASES
[INFO] [stderr]   cargo:warning=      |         ^~~~~~~~~~~~
[INFO] [stderr]   cargo:warning=capstone/arch/X86/X86Mapping.c:44:18: warning: implicit conversion from 'enum <anonymous>' to 'enum x86_reg' [-Wenum-conversion]
[INFO] [stderr]   cargo:warning=   44 | #define ENTRY(x) X86_REG_##x,
[INFO] [stderr]   cargo:warning=      |                  ^~~~~~~~
[INFO] [stderr]   cargo:warning=capstone/arch/X86/X86DisassemblerDecoder.h:115:3: note: in expansion of macro 'ENTRY'
[INFO] [stderr]   cargo:warning=  115 |   ENTRY(BP_DI)          \
[INFO] [stderr]   cargo:warning=      |   ^~~~~
[INFO] [stderr]   cargo:warning=capstone/arch/X86/X86DisassemblerDecoder.h:379:3: note: in expansion of macro 'EA_BASES_16BIT'
[INFO] [stderr]   cargo:warning=  379 |   EA_BASES_16BIT      \
[INFO] [stderr]   cargo:warning=      |   ^~~~~~~~~~~~~~
[INFO] [stderr]   cargo:warning=capstone/arch/X86/X86Mapping.c:45:9: note: in expansion of macro 'ALL_EA_BASES'
[INFO] [stderr]   cargo:warning=   45 |         ALL_EA_BASES
[INFO] [stderr]   cargo:warning=      |         ^~~~~~~~~~~~
[INFO] [stderr]   cargo:warning=capstone/arch/X86/X86Mapping.c:44:18: warning: implicit conversion from 'enum <anonymous>' to 'enum x86_reg' [-Wenum-conversion]
[INFO] [stderr]   cargo:warning=   44 | #define ENTRY(x) X86_REG_##x,
[INFO] [stderr]   cargo:warning=      |                  ^~~~~~~~
[INFO] [stderr]   cargo:warning=capstone/arch/X86/X86DisassemblerDecoder.h:152:3: note: in expansion of macro 'ENTRY'
[INFO] [stderr]   cargo:warning=  152 |   ENTRY(sib)            \
[INFO] [stderr]   cargo:warning=      |   ^~~~~
[INFO] [stderr]   cargo:warning=capstone/arch/X86/X86DisassemblerDecoder.h:380:3: note: in expansion of macro 'EA_BASES_32BIT'
[INFO] [stderr]   cargo:warning=  380 |   EA_BASES_32BIT      \
[INFO] [stderr]   cargo:warning=      |   ^~~~~~~~~~~~~~
[INFO] [stderr]   cargo:warning=capstone/arch/X86/X86Mapping.c:45:9: note: in expansion of macro 'ALL_EA_BASES'
[INFO] [stderr]   cargo:warning=   45 |         ALL_EA_BASES
[INFO] [stderr]   cargo:warning=      |         ^~~~~~~~~~~~
[INFO] [stderr]   cargo:warning=capstone/arch/X86/X86Mapping.c:44:18: warning: implicit conversion from 'enum <anonymous>' to 'enum x86_reg' [-Wenum-conversion]
[INFO] [stderr]   cargo:warning=   44 | #define ENTRY(x) X86_REG_##x,
[INFO] [stderr]   cargo:warning=      |                  ^~~~~~~~
[INFO] [stderr]   cargo:warning=capstone/arch/X86/X86DisassemblerDecoder.h:188:3: note: in expansion of macro 'ENTRY'
[INFO] [stderr]   cargo:warning=  188 |   ENTRY(sib64)          \
[INFO] [stderr]   cargo:warning=      |   ^~~~~
[INFO] [stderr]   cargo:warning=capstone/arch/X86/X86DisassemblerDecoder.h:381:3: note: in expansion of macro 'EA_BASES_64BIT'
[INFO] [stderr]   cargo:warning=  381 |   EA_BASES_64BIT
[INFO] [stderr]   cargo:warning=      |   ^~~~~~~~~~~~~~
[INFO] [stderr]   cargo:warning=capstone/arch/X86/X86Mapping.c:45:9: note: in expansion of macro 'ALL_EA_BASES'
[INFO] [stderr]   cargo:warning=   45 |         ALL_EA_BASES
[INFO] [stderr]   cargo:warning=      |         ^~~~~~~~~~~~
[INFO] [stderr]   exit status: 0
[INFO] [stderr]   TARGET = Some("x86_64-unknown-linux-gnu")
[INFO] [stderr]   OPT_LEVEL = Some("0")
[INFO] [stderr]   TARGET = Some("x86_64-unknown-linux-gnu")
[INFO] [stderr]   HOST = Some("x86_64-unknown-linux-gnu")
[INFO] [stderr]   TARGET = Some("x86_64-unknown-linux-gnu")
[INFO] [stderr]   TARGET = Some("x86_64-unknown-linux-gnu")
[INFO] [stderr]   HOST = Some("x86_64-unknown-linux-gnu")
[INFO] [stderr]   CC_x86_64-unknown-linux-gnu = None
[INFO] [stderr]   CC_x86_64_unknown_linux_gnu = None
[INFO] [stderr]   HOST_CC = None
[INFO] [stderr]   CC = None
[INFO] [stderr]   HOST = Some("x86_64-unknown-linux-gnu")
[INFO] [stderr]   TARGET = Some("x86_64-unknown-linux-gnu")
[INFO] [stderr]   HOST = Some("x86_64-unknown-linux-gnu")
[INFO] [stderr]   CFLAGS_x86_64-unknown-linux-gnu = None
[INFO] [stderr]   CFLAGS_x86_64_unknown_linux_gnu = None
[INFO] [stderr]   HOST_CFLAGS = None
[INFO] [stderr]   CFLAGS = None
[INFO] [stderr]   DEBUG = Some("true")
[INFO] [stderr]   running: "cc" "-O0" "-ffunction-sections" "-fdata-sections" "-fPIC" "-g" "-m64" "-I" "capstone/include" "-Wall" "-Wextra" "-Wno-unused-function" "-Wno-unused-parameter" "-Wno-unknown-pragmas" "-Wno-sign-compare" "-Wno-return-type" "-DCAPSTONE_X86_ATT_DISABLE_NO" "-DCAPSTONE_DIET_NO" "-DCAPSTONE_X86_REDUCE_NO" "-DCAPSTONE_USE_SYS_DYN_MEM" "-DCAPSTONE_HAS_ARM" "-DCAPSTONE_HAS_ARM64" "-DCAPSTONE_HAS_MIPS" "-DCAPSTONE_HAS_POWERPC" "-DCAPSTONE_HAS_SPARC" "-DCAPSTONE_HAS_SYSZ" "-DCAPSTONE_HAS_X86" "-DCAPSTONE_HAS_XCORE" "-o" "/opt/rustwide/target/debug/build/capstone-sys-a151b3d513b7e5bf/out/capstone/arch/X86/X86Disassembler.o" "-c" "capstone/arch/X86/X86Disassembler.c"
[INFO] [stderr]   exit status: 0
[INFO] [stderr]   TARGET = Some("x86_64-unknown-linux-gnu")
[INFO] [stderr]   OPT_LEVEL = Some("0")
[INFO] [stderr]   TARGET = Some("x86_64-unknown-linux-gnu")
[INFO] [stderr]   HOST = Some("x86_64-unknown-linux-gnu")
[INFO] [stderr]   TARGET = Some("x86_64-unknown-linux-gnu")
[INFO] [stderr]   TARGET = Some("x86_64-unknown-linux-gnu")
[INFO] [stderr]   HOST = Some("x86_64-unknown-linux-gnu")
[INFO] [stderr]   CC_x86_64-unknown-linux-gnu = None
[INFO] [stderr]   CC_x86_64_unknown_linux_gnu = None
[INFO] [stderr]   HOST_CC = None
[INFO] [stderr]   CC = None
[INFO] [stderr]   HOST = Some("x86_64-unknown-linux-gnu")
[INFO] [stderr]   TARGET = Some("x86_64-unknown-linux-gnu")
[INFO] [stderr]   HOST = Some("x86_64-unknown-linux-gnu")
[INFO] [stderr]   CFLAGS_x86_64-unknown-linux-gnu = None
[INFO] [stderr]   CFLAGS_x86_64_unknown_linux_gnu = None
[INFO] [stderr]   HOST_CFLAGS = None
[INFO] [stderr]   CFLAGS = None
[INFO] [stderr]   DEBUG = Some("true")
[INFO] [stderr]   running: "cc" "-O0" "-ffunction-sections" "-fdata-sections" "-fPIC" "-g" "-m64" "-I" "capstone/include" "-Wall" "-Wextra" "-Wno-unused-function" "-Wno-unused-parameter" "-Wno-unknown-pragmas" "-Wno-sign-compare" "-Wno-return-type" "-DCAPSTONE_X86_ATT_DISABLE_NO" "-DCAPSTONE_DIET_NO" "-DCAPSTONE_X86_REDUCE_NO" "-DCAPSTONE_USE_SYS_DYN_MEM" "-DCAPSTONE_HAS_ARM" "-DCAPSTONE_HAS_ARM64" "-DCAPSTONE_HAS_MIPS" "-DCAPSTONE_HAS_POWERPC" "-DCAPSTONE_HAS_SPARC" "-DCAPSTONE_HAS_SYSZ" "-DCAPSTONE_HAS_X86" "-DCAPSTONE_HAS_XCORE" "-o" "/opt/rustwide/target/debug/build/capstone-sys-a151b3d513b7e5bf/out/capstone/arch/X86/X86DisassemblerDecoder.o" "-c" "capstone/arch/X86/X86DisassemblerDecoder.c"
[INFO] [stderr]   exit status: 0
[INFO] [stderr]   TARGET = Some("x86_64-unknown-linux-gnu")
[INFO] [stderr]   OPT_LEVEL = Some("0")
[INFO] [stderr]   TARGET = Some("x86_64-unknown-linux-gnu")
[INFO] [stderr]   HOST = Some("x86_64-unknown-linux-gnu")
[INFO] [stderr]   TARGET = Some("x86_64-unknown-linux-gnu")
[INFO] [stderr]   TARGET = Some("x86_64-unknown-linux-gnu")
[INFO] [stderr]   HOST = Some("x86_64-unknown-linux-gnu")
[INFO] [stderr]   CC_x86_64-unknown-linux-gnu = None
[INFO] [stderr]   CC_x86_64_unknown_linux_gnu = None
[INFO] [stderr]   HOST_CC = None
[INFO] [stderr]   CC = None
[INFO] [stderr]   HOST = Some("x86_64-unknown-linux-gnu")
[INFO] [stderr]   TARGET = Some("x86_64-unknown-linux-gnu")
[INFO] [stderr]   HOST = Some("x86_64-unknown-linux-gnu")
[INFO] [stderr]   CFLAGS_x86_64-unknown-linux-gnu = None
[INFO] [stderr]   CFLAGS_x86_64_unknown_linux_gnu = None
[INFO] [stderr]   HOST_CFLAGS = None
[INFO] [stderr]   CFLAGS = None
[INFO] [stderr]   DEBUG = Some("true")
[INFO] [stderr]   running: "cc" "-O0" "-ffunction-sections" "-fdata-sections" "-fPIC" "-g" "-m64" "-I" "capstone/include" "-Wall" "-Wextra" "-Wno-unused-function" "-Wno-unused-parameter" "-Wno-unknown-pragmas" "-Wno-sign-compare" "-Wno-return-type" "-DCAPSTONE_X86_ATT_DISABLE_NO" "-DCAPSTONE_DIET_NO" "-DCAPSTONE_X86_REDUCE_NO" "-DCAPSTONE_USE_SYS_DYN_MEM" "-DCAPSTONE_HAS_ARM" "-DCAPSTONE_HAS_ARM64" "-DCAPSTONE_HAS_MIPS" "-DCAPSTONE_HAS_POWERPC" "-DCAPSTONE_HAS_SPARC" "-DCAPSTONE_HAS_SYSZ" "-DCAPSTONE_HAS_X86" "-DCAPSTONE_HAS_XCORE" "-o" "/opt/rustwide/target/debug/build/capstone-sys-a151b3d513b7e5bf/out/capstone/arch/X86/X86IntelInstPrinter.o" "-c" "capstone/arch/X86/X86IntelInstPrinter.c"
[INFO] [stderr]   exit status: 0
[INFO] [stderr]   TARGET = Some("x86_64-unknown-linux-gnu")
[INFO] [stderr]   OPT_LEVEL = Some("0")
[INFO] [stderr]   TARGET = Some("x86_64-unknown-linux-gnu")
[INFO] [stderr]   HOST = Some("x86_64-unknown-linux-gnu")
[INFO] [stderr]   TARGET = Some("x86_64-unknown-linux-gnu")
[INFO] [stderr]   TARGET = Some("x86_64-unknown-linux-gnu")
[INFO] [stderr]   HOST = Some("x86_64-unknown-linux-gnu")
[INFO] [stderr]   CC_x86_64-unknown-linux-gnu = None
[INFO] [stderr]   CC_x86_64_unknown_linux_gnu = None
[INFO] [stderr]   HOST_CC = None
[INFO] [stderr]   CC = None
[INFO] [stderr]   HOST = Some("x86_64-unknown-linux-gnu")
[INFO] [stderr]   TARGET = Some("x86_64-unknown-linux-gnu")
[INFO] [stderr]   HOST = Some("x86_64-unknown-linux-gnu")
[INFO] [stderr]   CFLAGS_x86_64-unknown-linux-gnu = None
[INFO] [stderr]   CFLAGS_x86_64_unknown_linux_gnu = None
[INFO] [stderr]   HOST_CFLAGS = None
[INFO] [stderr]   CFLAGS = None
[INFO] [stderr]   DEBUG = Some("true")
[INFO] [stderr]   running: "cc" "-O0" "-ffunction-sections" "-fdata-sections" "-fPIC" "-g" "-m64" "-I" "capstone/include" "-Wall" "-Wextra" "-Wno-unused-function" "-Wno-unused-parameter" "-Wno-unknown-pragmas" "-Wno-sign-compare" "-Wno-return-type" "-DCAPSTONE_X86_ATT_DISABLE_NO" "-DCAPSTONE_DIET_NO" "-DCAPSTONE_X86_REDUCE_NO" "-DCAPSTONE_USE_SYS_DYN_MEM" "-DCAPSTONE_HAS_ARM" "-DCAPSTONE_HAS_ARM64" "-DCAPSTONE_HAS_MIPS" "-DCAPSTONE_HAS_POWERPC" "-DCAPSTONE_HAS_SPARC" "-DCAPSTONE_HAS_SYSZ" "-DCAPSTONE_HAS_X86" "-DCAPSTONE_HAS_XCORE" "-o" "/opt/rustwide/target/debug/build/capstone-sys-a151b3d513b7e5bf/out/capstone/arch/X86/X86ATTInstPrinter.o" "-c" "capstone/arch/X86/X86ATTInstPrinter.c"
[INFO] [stderr]   exit status: 0
[INFO] [stderr]   TARGET = Some("x86_64-unknown-linux-gnu")
[INFO] [stderr]   OPT_LEVEL = Some("0")
[INFO] [stderr]   TARGET = Some("x86_64-unknown-linux-gnu")
[INFO] [stderr]   HOST = Some("x86_64-unknown-linux-gnu")
[INFO] [stderr]   TARGET = Some("x86_64-unknown-linux-gnu")
[INFO] [stderr]   TARGET = Some("x86_64-unknown-linux-gnu")
[INFO] [stderr]   HOST = Some("x86_64-unknown-linux-gnu")
[INFO] [stderr]   CC_x86_64-unknown-linux-gnu = None
[INFO] [stderr]   CC_x86_64_unknown_linux_gnu = None
[INFO] [stderr]   HOST_CC = None
[INFO] [stderr]   CC = None
[INFO] [stderr]   HOST = Some("x86_64-unknown-linux-gnu")
[INFO] [stderr]   TARGET = Some("x86_64-unknown-linux-gnu")
[INFO] [stderr]   HOST = Some("x86_64-unknown-linux-gnu")
[INFO] [stderr]   CFLAGS_x86_64-unknown-linux-gnu = None
[INFO] [stderr]   CFLAGS_x86_64_unknown_linux_gnu = None
[INFO] [stderr]   HOST_CFLAGS = None
[INFO] [stderr]   CFLAGS = None
[INFO] [stderr]   DEBUG = Some("true")
[INFO] [stderr]   running: "cc" "-O0" "-ffunction-sections" "-fdata-sections" "-fPIC" "-g" "-m64" "-I" "capstone/include" "-Wall" "-Wextra" "-Wno-unused-function" "-Wno-unused-parameter" "-Wno-unknown-pragmas" "-Wno-sign-compare" "-Wno-return-type" "-DCAPSTONE_X86_ATT_DISABLE_NO" "-DCAPSTONE_DIET_NO" "-DCAPSTONE_X86_REDUCE_NO" "-DCAPSTONE_USE_SYS_DYN_MEM" "-DCAPSTONE_HAS_ARM" "-DCAPSTONE_HAS_ARM64" "-DCAPSTONE_HAS_MIPS" "-DCAPSTONE_HAS_POWERPC" "-DCAPSTONE_HAS_SPARC" "-DCAPSTONE_HAS_SYSZ" "-DCAPSTONE_HAS_X86" "-DCAPSTONE_HAS_XCORE" "-o" "/opt/rustwide/target/debug/build/capstone-sys-a151b3d513b7e5bf/out/capstone/arch/Sparc/SparcInstPrinter.o" "-c" "capstone/arch/Sparc/SparcInstPrinter.c"
[INFO] [stderr]   exit status: 0
[INFO] [stderr]   TARGET = Some("x86_64-unknown-linux-gnu")
[INFO] [stderr]   OPT_LEVEL = Some("0")
[INFO] [stderr]   TARGET = Some("x86_64-unknown-linux-gnu")
[INFO] [stderr]   HOST = Some("x86_64-unknown-linux-gnu")
[INFO] [stderr]   TARGET = Some("x86_64-unknown-linux-gnu")
[INFO] [stderr]   TARGET = Some("x86_64-unknown-linux-gnu")
[INFO] [stderr]   HOST = Some("x86_64-unknown-linux-gnu")
[INFO] [stderr]   CC_x86_64-unknown-linux-gnu = None
[INFO] [stderr]   CC_x86_64_unknown_linux_gnu = None
[INFO] [stderr]   HOST_CC = None
[INFO] [stderr]   CC = None
[INFO] [stderr]   HOST = Some("x86_64-unknown-linux-gnu")
[INFO] [stderr]   TARGET = Some("x86_64-unknown-linux-gnu")
[INFO] [stderr]   HOST = Some("x86_64-unknown-linux-gnu")
[INFO] [stderr]   CFLAGS_x86_64-unknown-linux-gnu = None
[INFO] [stderr]   CFLAGS_x86_64_unknown_linux_gnu = None
[INFO] [stderr]   HOST_CFLAGS = None
[INFO] [stderr]   CFLAGS = None
[INFO] [stderr]   DEBUG = Some("true")
[INFO] [stderr]   running: "cc" "-O0" "-ffunction-sections" "-fdata-sections" "-fPIC" "-g" "-m64" "-I" "capstone/include" "-Wall" "-Wextra" "-Wno-unused-function" "-Wno-unused-parameter" "-Wno-unknown-pragmas" "-Wno-sign-compare" "-Wno-return-type" "-DCAPSTONE_X86_ATT_DISABLE_NO" "-DCAPSTONE_DIET_NO" "-DCAPSTONE_X86_REDUCE_NO" "-DCAPSTONE_USE_SYS_DYN_MEM" "-DCAPSTONE_HAS_ARM" "-DCAPSTONE_HAS_ARM64" "-DCAPSTONE_HAS_MIPS" "-DCAPSTONE_HAS_POWERPC" "-DCAPSTONE_HAS_SPARC" "-DCAPSTONE_HAS_SYSZ" "-DCAPSTONE_HAS_X86" "-DCAPSTONE_HAS_XCORE" "-o" "/opt/rustwide/target/debug/build/capstone-sys-a151b3d513b7e5bf/out/capstone/arch/Sparc/SparcMapping.o" "-c" "capstone/arch/Sparc/SparcMapping.c"
[INFO] [stderr]   cargo:warning=capstone/arch/Sparc/SparcMapping.c:3310:1: fatal error: error writing to /tmp/ccKS6SLW.s: No space left on device
[INFO] [stderr]   cargo:warning= 3310 | }
[INFO] [stderr]   cargo:warning=      | ^
[INFO] [stderr]   cargo:warning=compilation terminated.
[INFO] [stderr]   exit status: 1
[INFO] [stderr] 
[INFO] [stderr]   --- stderr
[INFO] [stderr]   thread 'main' panicked at /opt/rustwide/cargo-home/registry/src/index.crates.io-6f17d22bba15001f/cc-1.0.17/src/lib.rs:2180:5:
[INFO] [stderr] 
[INFO] [stderr] 
[INFO] [stderr]   Internal error occurred: Command "cc" "-O0" "-ffunction-sections" "-fdata-sections" "-fPIC" "-g" "-m64" "-I" "capstone/include" "-Wall" "-Wextra" "-Wno-unused-function" "-Wno-unused-parameter" "-Wno-unknown-pragmas" "-Wno-sign-compare" "-Wno-return-type" "-DCAPSTONE_X86_ATT_DISABLE_NO" "-DCAPSTONE_DIET_NO" "-DCAPSTONE_X86_REDUCE_NO" "-DCAPSTONE_USE_SYS_DYN_MEM" "-DCAPSTONE_HAS_ARM" "-DCAPSTONE_HAS_ARM64" "-DCAPSTONE_HAS_MIPS" "-DCAPSTONE_HAS_POWERPC" "-DCAPSTONE_HAS_SPARC" "-DCAPSTONE_HAS_SYSZ" "-DCAPSTONE_HAS_X86" "-DCAPSTONE_HAS_XCORE" "-o" "/opt/rustwide/target/debug/build/capstone-sys-a151b3d513b7e5bf/out/capstone/arch/Sparc/SparcMapping.o" "-c" "capstone/arch/Sparc/SparcMapping.c" with args "cc" did not execute successfully (status code exit status: 1).
[INFO] [stderr] 
[INFO] [stderr] 
[INFO] [stderr]   stack backtrace:
[INFO] [stderr]      0:     0x62ae35b54c7a - std::backtrace_rs::backtrace::libunwind::trace::h8810477743020387
[INFO] [stderr]                                  at /rustc/202008a1b8de96d2e5b6bc02d379db03a877d34d/library/std/src/../../backtrace/src/backtrace/libunwind.rs:116:5
[INFO] [stderr]      1:     0x62ae35b54c7a - std::backtrace_rs::backtrace::trace_unsynchronized::h3aa55355dd6c54a6
[INFO] [stderr]                                  at /rustc/202008a1b8de96d2e5b6bc02d379db03a877d34d/library/std/src/../../backtrace/src/backtrace/mod.rs:66:5
[INFO] [stderr]      2:     0x62ae35b54c7a - std::sys::backtrace::_print_fmt::h8588b0f62410823f
[INFO] [stderr]                                  at /rustc/202008a1b8de96d2e5b6bc02d379db03a877d34d/library/std/src/sys/backtrace.rs:66:9
[INFO] [stderr]      3:     0x62ae35b54c7a - <std::sys::backtrace::BacktraceLock::print::DisplayBacktrace as core::fmt::Display>::fmt::h98c26ac25ffe89bb
[INFO] [stderr]                                  at /rustc/202008a1b8de96d2e5b6bc02d379db03a877d34d/library/std/src/sys/backtrace.rs:39:26
[INFO] [stderr]      4:     0x62ae35b77853 - core::fmt::rt::Argument::fmt::hf95377f4aebd453b
[INFO] [stderr]                                  at /rustc/202008a1b8de96d2e5b6bc02d379db03a877d34d/library/core/src/fmt/rt.rs:177:76
[INFO] [stderr]      5:     0x62ae35b77853 - core::fmt::write::h0dd5f6e2238c7982
[INFO] [stderr]                                  at /rustc/202008a1b8de96d2e5b6bc02d379db03a877d34d/library/core/src/fmt/mod.rs:1189:21
[INFO] [stderr]      6:     0x62ae35b51613 - std::io::Write::write_fmt::hc00bff0a88e08857
[INFO] [stderr]                                  at /rustc/202008a1b8de96d2e5b6bc02d379db03a877d34d/library/std/src/io/mod.rs:1884:15
[INFO] [stderr]      7:     0x62ae35b54ac2 - std::sys::backtrace::BacktraceLock::print::h5c19c1c038ee186d
[INFO] [stderr]                                  at /rustc/202008a1b8de96d2e5b6bc02d379db03a877d34d/library/std/src/sys/backtrace.rs:42:9
[INFO] [stderr]      8:     0x62ae35b55cbc - std::panicking::default_hook::{{closure}}::h77172f079a1fcb13
[INFO] [stderr]                                  at /rustc/202008a1b8de96d2e5b6bc02d379db03a877d34d/library/std/src/panicking.rs:268:22
[INFO] [stderr]      9:     0x62ae35b55b02 - std::panicking::default_hook::he5f8e3b203ccddba
[INFO] [stderr]                                  at /rustc/202008a1b8de96d2e5b6bc02d379db03a877d34d/library/std/src/panicking.rs:295:9
[INFO] [stderr]     10:     0x62ae35b56297 - std::panicking::rust_panic_with_hook::h53863d4e9018df39
[INFO] [stderr]                                  at /rustc/202008a1b8de96d2e5b6bc02d379db03a877d34d/library/std/src/panicking.rs:801:13
[INFO] [stderr]     11:     0x62ae35b5612a - std::panicking::begin_panic_handler::{{closure}}::h67280e6fa0757873
[INFO] [stderr]                                  at /rustc/202008a1b8de96d2e5b6bc02d379db03a877d34d/library/std/src/panicking.rs:674:13
[INFO] [stderr]     12:     0x62ae35b55159 - std::sys::backtrace::__rust_end_short_backtrace::h1dac3f54d6fbbeb2
[INFO] [stderr]                                  at /rustc/202008a1b8de96d2e5b6bc02d379db03a877d34d/library/std/src/sys/backtrace.rs:170:18
[INFO] [stderr]     13:     0x62ae35b55dbc - rust_begin_unwind
[INFO] [stderr]                                  at /rustc/202008a1b8de96d2e5b6bc02d379db03a877d34d/library/std/src/panicking.rs:665:5
[INFO] [stderr]     14:     0x62ae35aef570 - core::panicking::panic_fmt::h6792bd1b2bf01041
[INFO] [stderr]                                  at /rustc/202008a1b8de96d2e5b6bc02d379db03a877d34d/library/core/src/panicking.rs:76:14
[INFO] [stderr]     15:     0x62ae35b0a1b2 - cc::fail::hca2ba57ec67049d0
[INFO] [stderr]     16:     0x62ae35af9fbf - cc::Build::compile::h3311fa52fb9564d2
[INFO] [stderr]     17:     0x62ae35af4be9 - build_script_build::build_capstone_cc::h0fd8ec7fe8148bee
[INFO] [stderr]     18:     0x62ae35af5a0f - build_script_build::main::hfa518c70b08297be
[INFO] [stderr]     19:     0x62ae35af12e3 - core::ops::function::FnOnce::call_once::h86906317955a5a33
[INFO] [stderr]     20:     0x62ae35af0d16 - std::sys::backtrace::__rust_begin_short_backtrace::hb06030b9ea352597
[INFO] [stderr]     21:     0x62ae35af0b49 - std::rt::lang_start::{{closure}}::he9fd9ef85322ed8a
[INFO] [stderr]     22:     0x62ae35b4d6b7 - core::ops::function::impls::<impl core::ops::function::FnOnce<A> for &F>::call_once::hba2470d01d3f5e41
[INFO] [stderr]                                  at /rustc/202008a1b8de96d2e5b6bc02d379db03a877d34d/library/core/src/ops/function.rs:284:13
[INFO] [stderr]     23:     0x62ae35b4d6b7 - std::panicking::try::do_call::hc063fb73159aab72
[INFO] [stderr]                                  at /rustc/202008a1b8de96d2e5b6bc02d379db03a877d34d/library/std/src/panicking.rs:557:40
[INFO] [stderr]     24:     0x62ae35b4d6b7 - std::panicking::try::h2767c6d245d3a3bb
[INFO] [stderr]                                  at /rustc/202008a1b8de96d2e5b6bc02d379db03a877d34d/library/std/src/panicking.rs:520:19
[INFO] [stderr]     25:     0x62ae35b4d6b7 - std::panic::catch_unwind::h061c6ef75790da63
[INFO] [stderr]                                  at /rustc/202008a1b8de96d2e5b6bc02d379db03a877d34d/library/std/src/panic.rs:358:14
[INFO] [stderr]     26:     0x62ae35b4d6b7 - std::rt::lang_start_internal::{{closure}}::h5c5e35b11a4b8c4e
[INFO] [stderr]                                  at /rustc/202008a1b8de96d2e5b6bc02d379db03a877d34d/library/std/src/rt.rs:174:48
[INFO] [stderr]     27:     0x62ae35b4d6b7 - std::panicking::try::do_call::h705e99690a8109cc
[INFO] [stderr]                                  at /rustc/202008a1b8de96d2e5b6bc02d379db03a877d34d/library/std/src/panicking.rs:557:40
[INFO] [stderr]     28:     0x62ae35b4d6b7 - std::panicking::try::he5f4452754ed9a34
[INFO] [stderr]                                  at /rustc/202008a1b8de96d2e5b6bc02d379db03a877d34d/library/std/src/panicking.rs:520:19
[INFO] [stderr]     29:     0x62ae35b4d6b7 - std::panic::catch_unwind::h5db61b3bcbe883e5
[INFO] [stderr]                                  at /rustc/202008a1b8de96d2e5b6bc02d379db03a877d34d/library/std/src/panic.rs:358:14
[INFO] [stderr]     30:     0x62ae35b4d6b7 - std::rt::lang_start_internal::h81da9b59bab665c6
[INFO] [stderr]                                  at /rustc/202008a1b8de96d2e5b6bc02d379db03a877d34d/library/std/src/rt.rs:174:20
[INFO] [stderr]     31:     0x62ae35af0b27 - std::rt::lang_start::hceb9366b0062bfd0
[INFO] [stderr]     32:     0x62ae35af5f35 - main
[INFO] [stderr]     33:     0x75e0eeb29d90 - <unknown>
[INFO] [stderr]     34:     0x75e0eeb29e40 - __libc_start_main
[INFO] [stderr]     35:     0x62ae35aefbc5 - _start
[INFO] [stderr]     36:                0x0 - <unknown>
[INFO] running `Command { std: "docker" "inspect" "09ed46bc27ebec812942641f1ffc6903f412c45fe69e37c3b71305e69157f14e", kill_on_drop: false }`
[INFO] running `Command { std: "docker" "rm" "-f" "09ed46bc27ebec812942641f1ffc6903f412c45fe69e37c3b71305e69157f14e", kill_on_drop: false }`
[INFO] [stdout] 09ed46bc27ebec812942641f1ffc6903f412c45fe69e37c3b71305e69157f14e
