[INFO] cloning repository https://github.com/ecoskey/gigs
[INFO] running `Command { std: "git" "-c" "credential.helper=" "-c" "credential.helper=/workspace/cargo-home/bin/git-credential-null" "clone" "--bare" "https://github.com/ecoskey/gigs" "/workspace/cache/git-repos/https%3A%2F%2Fgithub.com%2Fecoskey%2Fgigs", kill_on_drop: false }`
[INFO] [stderr] Cloning into bare repository '/workspace/cache/git-repos/https%3A%2F%2Fgithub.com%2Fecoskey%2Fgigs'...
[INFO] running `Command { std: "git" "rev-parse" "HEAD", kill_on_drop: false }`
[INFO] [stdout] 764ef14c7780ce6aec091ee4c6d47cc7d86a95b6
[INFO] testing ecoskey/gigs against 1.83.0 for beta-1.84.0-4-retry
[INFO] running `Command { std: "git" "clone" "/workspace/cache/git-repos/https%3A%2F%2Fgithub.com%2Fecoskey%2Fgigs" "/workspace/builds/worker-3-tc1/source", kill_on_drop: false }`
[INFO] [stderr] Cloning into '/workspace/builds/worker-3-tc1/source'...
[INFO] [stderr] done.
[INFO] validating manifest of git repo https://github.com/ecoskey/gigs on toolchain 1.83.0
[INFO] running `Command { std: CARGO_HOME="/workspace/cargo-home" RUSTUP_HOME="/workspace/rustup-home" "/workspace/cargo-home/bin/cargo" "+1.83.0" "metadata" "--manifest-path" "Cargo.toml" "--no-deps", kill_on_drop: false }`
[INFO] started tweaking git repo https://github.com/ecoskey/gigs
[INFO] finished tweaking git repo https://github.com/ecoskey/gigs
[INFO] tweaked toml for git repo https://github.com/ecoskey/gigs written to /workspace/builds/worker-3-tc1/source/Cargo.toml
[INFO] running `Command { std: CARGO_HOME="/workspace/cargo-home" RUSTUP_HOME="/workspace/rustup-home" "/workspace/cargo-home/bin/cargo" "+1.83.0" "generate-lockfile" "--manifest-path" "Cargo.toml", kill_on_drop: false }`
[INFO] [stderr]     Updating crates.io index
[INFO] [stderr]      Locking 263 packages to latest compatible versions
[INFO] running `Command { std: CARGO_HOME="/workspace/cargo-home" RUSTUP_HOME="/workspace/rustup-home" "/workspace/cargo-home/bin/cargo" "+1.83.0" "fetch" "--manifest-path" "Cargo.toml", kill_on_drop: false }`
[INFO] running `Command { std: "docker" "create" "-v" "/var/lib/crater-agent-workspace/builds/worker-3-tc1/target:/opt/rustwide/target:rw,Z" "-v" "/var/lib/crater-agent-workspace/builds/worker-3-tc1/source:/opt/rustwide/workdir:ro,Z" "-v" "/var/lib/crater-agent-workspace/cargo-home:/opt/rustwide/cargo-home:ro,Z" "-v" "/var/lib/crater-agent-workspace/rustup-home:/opt/rustwide/rustup-home:ro,Z" "-e" "SOURCE_DIR=/opt/rustwide/workdir" "-e" "CARGO_TARGET_DIR=/opt/rustwide/target" "-e" "CARGO_HOME=/opt/rustwide/cargo-home" "-e" "RUSTUP_HOME=/opt/rustwide/rustup-home" "-w" "/opt/rustwide/workdir" "-m" "1610612736" "--user" "0:0" "--network" "none" "ghcr.io/rust-lang/crates-build-env/linux@sha256:f3a9d4ad9d972b27faf3965f35b62e55ba32bbce8f20bc8fe909558a86702fde" "/opt/rustwide/cargo-home/bin/cargo" "+1.83.0" "metadata" "--no-deps" "--format-version=1", kill_on_drop: false }`
[INFO] [stdout] 1c9cec09588092e157a5793d45a5d4b79503ec3e7ca276a29f8342a405bd091e
[INFO] running `Command { std: "docker" "start" "-a" "1c9cec09588092e157a5793d45a5d4b79503ec3e7ca276a29f8342a405bd091e", kill_on_drop: false }`
[INFO] running `Command { std: "docker" "inspect" "1c9cec09588092e157a5793d45a5d4b79503ec3e7ca276a29f8342a405bd091e", kill_on_drop: false }`
[INFO] running `Command { std: "docker" "rm" "-f" "1c9cec09588092e157a5793d45a5d4b79503ec3e7ca276a29f8342a405bd091e", kill_on_drop: false }`
[INFO] [stdout] 1c9cec09588092e157a5793d45a5d4b79503ec3e7ca276a29f8342a405bd091e
[INFO] running `Command { std: "docker" "create" "-v" "/var/lib/crater-agent-workspace/builds/worker-3-tc1/target:/opt/rustwide/target:rw,Z" "-v" "/var/lib/crater-agent-workspace/builds/worker-3-tc1/source:/opt/rustwide/workdir:ro,Z" "-v" "/var/lib/crater-agent-workspace/cargo-home:/opt/rustwide/cargo-home:ro,Z" "-v" "/var/lib/crater-agent-workspace/rustup-home:/opt/rustwide/rustup-home:ro,Z" "-e" "SOURCE_DIR=/opt/rustwide/workdir" "-e" "CARGO_TARGET_DIR=/opt/rustwide/target" "-e" "CARGO_INCREMENTAL=0" "-e" "RUST_BACKTRACE=full" "-e" "RUSTFLAGS=--cap-lints=warn" "-e" "RUSTDOCFLAGS=--cap-lints=warn" "-e" "CARGO_HOME=/opt/rustwide/cargo-home" "-e" "RUSTUP_HOME=/opt/rustwide/rustup-home" "-w" "/opt/rustwide/workdir" "-m" "1610612736" "--user" "0:0" "--network" "none" "ghcr.io/rust-lang/crates-build-env/linux@sha256:f3a9d4ad9d972b27faf3965f35b62e55ba32bbce8f20bc8fe909558a86702fde" "/opt/rustwide/cargo-home/bin/cargo" "+1.83.0" "build" "--frozen" "--message-format=json", kill_on_drop: false }`
[INFO] [stdout] 083edb96677b75ec48a375f26b8917e1cbc3cc16f94fab9407bddd3334f073aa
[INFO] running `Command { std: "docker" "start" "-a" "083edb96677b75ec48a375f26b8917e1cbc3cc16f94fab9407bddd3334f073aa", kill_on_drop: false }`
[INFO] [stderr]    Compiling proc-macro2 v1.0.92
[INFO] [stderr]    Compiling unicode-ident v1.0.14
[INFO] [stderr]    Compiling serde v1.0.216
[INFO] [stderr]    Compiling libc v0.2.168
[INFO] [stderr]    Compiling byteorder v1.5.0
[INFO] [stderr]    Compiling autocfg v1.4.0
[INFO] [stderr]    Compiling hashbrown v0.15.2
[INFO] [stderr]    Compiling pin-project-lite v0.2.15
[INFO] [stderr]    Compiling crunchy v0.2.2
[INFO] [stderr]    Compiling once_cell v1.20.2
[INFO] [stderr]    Compiling tiny-keccak v2.0.2
[INFO] [stderr]    Compiling version_check v0.9.5
[INFO] [stderr]    Compiling crossbeam-utils v0.8.20
[INFO] [stderr]    Compiling ahash v0.8.11
[INFO] [stderr]    Compiling toml_datetime v0.6.8
[INFO] [stderr]    Compiling winnow v0.6.20
[INFO] [stderr]    Compiling quote v1.0.37
[INFO] [stderr]    Compiling indexmap v2.7.0
[INFO] [stderr]    Compiling unicode-xid v0.2.6
[INFO] [stderr]    Compiling syn v2.0.90
[INFO] [stderr]    Compiling allocator-api2 v0.2.21
[INFO] [stderr]    Compiling parking v2.2.1
[INFO] [stderr]    Compiling getrandom v0.2.15
[INFO] [stderr]    Compiling smallvec v1.13.2
[INFO] [stderr]    Compiling const-random-macro v0.1.16
[INFO] [stderr]    Compiling concurrent-queue v2.5.0
[INFO] [stderr]    Compiling futures-core v0.3.31
[INFO] [stderr]    Compiling tracing-core v0.1.33
[INFO] [stderr]    Compiling typeid v1.0.2
[INFO] [stderr]    Compiling futures-io v0.3.31
[INFO] [stderr]    Compiling fastrand v2.3.0
[INFO] [stderr]    Compiling const-random v0.1.18
[INFO] [stderr]    Compiling uuid v1.11.0
[INFO] [stderr]    Compiling thread_local v1.1.8
[INFO] [stderr]    Compiling futures-lite v2.5.0
[INFO] [stderr]    Compiling slab v0.4.9
[INFO] [stderr]    Compiling async-task v4.7.1
[INFO] [stderr]    Compiling downcast-rs v1.2.1
[INFO] [stderr]    Compiling cfg_aliases v0.2.1
[INFO] [stderr]    Compiling bevy_ptr v0.15.0
[INFO] [stderr]    Compiling disqualified v1.0.0
[INFO] [stderr]    Compiling nix v0.29.0
[INFO] [stderr]    Compiling cfg_aliases v0.1.1
[INFO] [stderr]    Compiling fixedbitset v0.4.2
[INFO] [stderr]    Compiling nonmax v0.5.5
[INFO] [stderr]    Compiling fixedbitset v0.5.7
[INFO] [stderr]    Compiling petgraph v0.6.5
[INFO] [stderr]    Compiling libm v0.2.11
[INFO] [stderr]    Compiling num-traits v0.2.19
[INFO] [stderr]    Compiling rand_core v0.6.4
[INFO] [stderr]    Compiling thiserror v1.0.69
[INFO] [stderr]    Compiling toml_edit v0.22.22
[INFO] [stderr]    Compiling async-executor v1.13.1
[INFO] [stderr]    Compiling lock_api v0.4.12
[INFO] [stderr]    Compiling either v1.13.0
[INFO] [stderr]    Compiling bevy_tasks v0.15.0
[INFO] [stderr]    Compiling parking_lot_core v0.9.10
[INFO] [stderr]    Compiling arrayvec v0.7.6
[INFO] [stderr]    Compiling naga v23.0.0
[INFO] [stderr]    Compiling event-listener v5.3.1
[INFO] [stderr]    Compiling unicode-width v0.1.14
[INFO] [stderr]    Compiling bit-vec v0.8.0
[INFO] [stderr]    Compiling termcolor v1.4.1
[INFO] [stderr]    Compiling log v0.4.22
[INFO] [stderr]    Compiling event-listener-strategy v0.5.3
[INFO] [stderr]    Compiling bit-set v0.8.0
[INFO] [stderr]    Compiling itertools v0.13.0
[INFO] [stderr]    Compiling codespan-reporting v0.11.1
[INFO] [stderr]    Compiling libloading v0.8.6
[INFO] [stderr]    Compiling shlex v1.3.0
[INFO] [stderr]    Compiling khronos-egl v6.0.0
[INFO] [stderr]    Compiling ash v0.38.0+1.3.281
[INFO] [stderr]    Compiling rustc-hash v1.1.0
[INFO] [stderr]    Compiling hexf-parse v0.2.1
[INFO] [stderr]    Compiling cc v1.2.4
[INFO] [stderr]    Compiling parking_lot v0.12.3
[INFO] [stderr]    Compiling wgpu-hal v23.0.1
[INFO] [stderr]    Compiling raw-window-handle v0.6.2
[INFO] [stderr]    Compiling atomic-waker v1.1.2
[INFO] [stderr]    Compiling piper v0.2.4
[INFO] [stderr]    Compiling async-channel v2.3.1
[INFO] [stderr]    Compiling wgpu-core v23.0.1
[INFO] [stderr]    Compiling bevy_macro_utils v0.15.0
[INFO] [stderr]    Compiling encase_derive_impl v0.10.0
[INFO] [stderr]    Compiling crossbeam-channel v0.5.13
[INFO] [stderr]    Compiling profiling v1.0.16
[INFO] [stderr]    Compiling renderdoc-sys v1.1.0
[INFO] [stderr]    Compiling glow v0.14.2
[INFO] [stderr]    Compiling litrs v0.4.1
[INFO] [stderr]    Compiling blocking v1.6.1
[INFO] [stderr]    Compiling async-lock v3.4.0
[INFO] [stderr]    Compiling document-features v0.2.10
[INFO] [stderr]    Compiling wgpu v23.0.1
[INFO] [stderr]    Compiling blake3 v1.5.5
[INFO] [stderr]    Compiling arrayref v0.3.9
[INFO] [stderr]    Compiling memchr v2.7.4
[INFO] [stderr]    Compiling base64 v0.21.7
[INFO] [stderr]    Compiling event-listener v2.5.3
[INFO] [stderr]    Compiling constant_time_eq v0.3.1
[INFO] [stderr]    Compiling const_panic v0.2.10
[INFO] [stderr]    Compiling async-broadcast v0.5.1
[INFO] [stderr]    Compiling async-fs v2.1.2
[INFO] [stderr]    Compiling atomicow v1.0.0
[INFO] [stderr]    Compiling byteorder-lite v0.1.0
[INFO] [stderr]    Compiling const_soft_float v0.1.4
[INFO] [stderr]    Compiling aho-corasick v1.1.3
[INFO] [stderr]    Compiling stackfuture v0.3.0
[INFO] [stderr]    Compiling serde_derive v1.0.216
[INFO] [stderr]    Compiling zerocopy-derive v0.7.35
[INFO] [stderr]    Compiling bytemuck_derive v1.8.0
[INFO] [stderr]    Compiling tracing-attributes v0.1.28
[INFO] [stderr]    Compiling bevy_utils_proc_macros v0.15.0
[INFO] [stderr]    Compiling derive_more-impl v1.0.0
[INFO] [stderr]    Compiling bevy_reflect_derive v0.15.0
[INFO] [stderr]    Compiling zerocopy v0.7.35
[INFO] [stderr]    Compiling bytemuck v1.20.0
[INFO] [stderr]    Compiling tracing v0.1.41
[INFO] [stderr]    Compiling assert_type_match v0.1.1
[INFO] [stderr]    Compiling bevy_ecs_macros v0.15.0
[INFO] [stderr]    Compiling ppv-lite86 v0.2.20
[INFO] [stderr]    Compiling rand_chacha v0.3.1
[INFO] [stderr]    Compiling rand v0.8.5
[INFO] [stderr]    Compiling bevy_derive v0.15.0
[INFO] [stderr]    Compiling thiserror-impl v1.0.69
[INFO] [stderr]    Compiling rand_distr v0.4.3
[INFO] [stderr]    Compiling encase_derive v0.10.0
[INFO] [stderr]    Compiling bevy_asset_macros v0.15.0
[INFO] [stderr]    Compiling derive_more v1.0.0
[INFO] [stderr]    Compiling static_assertions v1.1.0
[INFO] [stderr]    Compiling regex-syntax v0.8.5
[INFO] [stderr]    Compiling image v0.25.5
[INFO] [stderr]    Compiling constgebra v0.1.4
[INFO] [stderr]    Compiling bit-vec v0.6.3
[INFO] [stderr]    Compiling accesskit v0.17.1
[INFO] [stderr]    Compiling bit-set v0.5.3
[INFO] [stderr]    Compiling const-fnv1a-hash v1.1.0
[INFO] [stderr]    Compiling data-encoding v2.6.0
[INFO] [stderr]    Compiling bevy_encase_derive v0.15.0
[INFO] [stderr]    Compiling bevy_render_macros v0.15.0
[INFO] [stderr]    Compiling offset-allocator v0.2.0
[INFO] [stderr]    Compiling bitflags v2.6.0
[INFO] [stderr]    Compiling hashbrown v0.14.5
[INFO] [stderr]    Compiling glam v0.29.2
[INFO] [stderr]    Compiling smol_str v0.2.2
[INFO] [stderr]    Compiling erased-serde v0.4.5
[INFO] [stderr]    Compiling spirv v0.3.0+sdk-1.3.268.0
[INFO] [stderr]    Compiling gpu-alloc-types v0.3.0
[INFO] [stderr]    Compiling wgpu-types v23.0.0
[INFO] [stderr]    Compiling gpu-descriptor-types v0.2.0
[INFO] [stderr]    Compiling bevy_utils v0.15.0
[INFO] [stderr]    Compiling gpu-descriptor v0.3.0
[INFO] [stderr]    Compiling gpu-alloc v0.6.0
[INFO] [stderr]    Compiling ron v0.8.1
[INFO] [stderr]    Compiling regex-automata v0.4.9
[INFO] [stderr]    Compiling ctrlc v3.4.5
[INFO] [stderr]    Compiling regex v1.11.1
[INFO] [stderr]    Compiling bevy_reflect v0.15.0
[INFO] [stderr]    Compiling encase v0.10.0
[INFO] [stderr]    Compiling hexasphere v15.0.0
[INFO] [stderr]    Compiling bevy_mikktspace v0.15.0
[INFO] [stderr]    Compiling naga_oil v0.16.0
[INFO] [stderr]    Compiling bevy_ecs v0.15.0
[INFO] [stderr]    Compiling bevy_math v0.15.0
[INFO] [stderr]    Compiling bevy_color v0.15.1
[INFO] [stderr]    Compiling bevy_app v0.15.0
[INFO] [stderr]    Compiling bevy_core v0.15.0
[INFO] [stderr]    Compiling bevy_asset v0.15.0
[INFO] [stderr]    Compiling bevy_a11y v0.15.0
[INFO] [stderr]    Compiling bevy_time v0.15.0
[INFO] [stderr]    Compiling bevy_hierarchy v0.15.0
[INFO] [stderr]    Compiling bevy_input v0.15.0
[INFO] [stderr]    Compiling bevy_diagnostic v0.15.0
[INFO] [stderr]    Compiling bevy_transform v0.15.0
[INFO] [stderr]    Compiling bevy_window v0.15.0
[INFO] [stderr]    Compiling bevy_image v0.15.0
[INFO] [stderr]    Compiling bevy_mesh v0.15.0
[INFO] [stderr]    Compiling bevy_render v0.15.0
[INFO] [stderr]    Compiling gigs v0.1.0 (/opt/rustwide/workdir)
[INFO] [stdout] warning: unused import: `Mut`
[INFO] [stdout]   --> src/meta.rs:12:28
[INFO] [stdout]    |
[INFO] [stdout] 12 |     world::{DeferredWorld, Mut},
[INFO] [stdout]    |                            ^^^
[INFO] [stdout]    |
[INFO] [stdout]    = note: `#[warn(unused_imports)]` on by default
[INFO] [stdout] 
[INFO] [stdout] 
[INFO] [stdout] warning: unused import: `App`
[INFO] [stdout]  --> src/runner.rs:6:16
[INFO] [stdout]   |
[INFO] [stdout] 6 | use bevy_app::{App, Plugin};
[INFO] [stdout]   |                ^^^
[INFO] [stdout] 
[INFO] [stdout] 
[INFO] [stdout] warning: unused import: `EntityHashMap`
[INFO] [stdout]   --> src/runner.rs:10:22
[INFO] [stdout]    |
[INFO] [stdout] 10 |     entity::{Entity, EntityHashMap},
[INFO] [stdout]    |                      ^^^^^^^^^^^^^
[INFO] [stdout] 
[INFO] [stdout] 
[INFO] [stdout] warning: unused import: `PostUpdate`
[INFO] [stdout]   --> src/lib.rs:14:29
[INFO] [stdout]    |
[INFO] [stdout] 14 | use bevy_app::{App, Plugin, PostUpdate};
[INFO] [stdout]    |                             ^^^^^^^^^^
[INFO] [stdout] 
[INFO] [stdout] 
[INFO] [stdout] warning: unused import: `entity::Entity`
[INFO] [stdout]   --> src/lib.rs:17:5
[INFO] [stdout]    |
[INFO] [stdout] 17 |     entity::Entity,
[INFO] [stdout]    |     ^^^^^^^^^^^^^^
[INFO] [stdout] 
[INFO] [stdout] 
[INFO] [stdout] warning: unused import: `Plugin`
[INFO] [stdout]  --> src/runner.rs:6:21
[INFO] [stdout]   |
[INFO] [stdout] 6 | use bevy_app::{App, Plugin};
[INFO] [stdout]   |                     ^^^^^^
[INFO] [stdout] 
[INFO] [stdout] 
[INFO] [stdout] warning: unused import: `iter::Sum`
[INFO] [stdout]  --> src/meta.rs:4:5
[INFO] [stdout]   |
[INFO] [stdout] 4 |     iter::Sum,
[INFO] [stdout]   |     ^^^^^^^^^
[INFO] [stdout] 
[INFO] [stdout] 
[INFO] [stdout] warning: unused variable: `commands`
[INFO] [stdout]    --> src/lib.rs:140:27
[INFO] [stdout]     |
[INFO] [stdout] 140 | fn check_dependencies(mut commands: Commands) {}
[INFO] [stdout]     |                           ^^^^^^^^ help: if this is intentional, prefix it with an underscore: `_commands`
[INFO] [stdout]     |
[INFO] [stdout]     = note: `#[warn(unused_variables)]` on by default
[INFO] [stdout] 
[INFO] [stdout] 
[INFO] [stdout] warning: variable does not need to be mutable
[INFO] [stdout]    --> src/lib.rs:140:23
[INFO] [stdout]     |
[INFO] [stdout] 140 | fn check_dependencies(mut commands: Commands) {}
[INFO] [stdout]     |                       ----^^^^^^^^
[INFO] [stdout]     |                       |
[INFO] [stdout]     |                       help: remove this `mut`
[INFO] [stdout]     |
[INFO] [stdout]     = note: `#[warn(unused_mut)]` on by default
[INFO] [stdout] 
[INFO] [stdout] 
[INFO] [stdout] warning: variants `Ready` and `Done` are never constructed
[INFO] [stdout]    --> src/lib.rs:136:5
[INFO] [stdout]     |
[INFO] [stdout] 133 | enum JobStatus {
[INFO] [stdout]     |      --------- variants in this enum
[INFO] [stdout] ...
[INFO] [stdout] 136 |     Ready,
[INFO] [stdout]     |     ^^^^^
[INFO] [stdout] 137 |     Done,
[INFO] [stdout]     |     ^^^^
[INFO] [stdout]     |
[INFO] [stdout]     = note: `JobStatus` has derived impls for the traits `Debug` and `Clone`, but these are intentionally ignored during dead code analysis
[INFO] [stdout]     = note: `#[warn(dead_code)]` on by default
[INFO] [stdout] 
[INFO] [stdout] 
[INFO] [stdout] warning: function `check_dependencies` is never used
[INFO] [stdout]    --> src/lib.rs:140:4
[INFO] [stdout]     |
[INFO] [stdout] 140 | fn check_dependencies(mut commands: Commands) {}
[INFO] [stdout]     |    ^^^^^^^^^^^^^^^^^^
[INFO] [stdout] 
[INFO] [stdout] 
[INFO] [stdout] warning: methods `priority` and `is_critical` are never used
[INFO] [stdout]   --> src/meta.rs:60:12
[INFO] [stdout]    |
[INFO] [stdout] 59 | impl ComputedPriority {
[INFO] [stdout]    | --------------------- methods in this implementation
[INFO] [stdout] 60 |     pub fn priority(&self) -> Priority {
[INFO] [stdout]    |            ^^^^^^^^
[INFO] [stdout] ...
[INFO] [stdout] 64 |     pub fn is_critical(&self) -> bool {
[INFO] [stdout]    |            ^^^^^^^^^^^
[INFO] [stdout] 
[INFO] [stdout] 
[INFO] [stdout] warning: field `0` is never read
[INFO] [stdout]   --> src/runner.rs:26:23
[INFO] [stdout]    |
[INFO] [stdout] 26 | pub struct DynamicJob(ErasedJobFn);
[INFO] [stdout]    |            ---------- ^^^^^^^^^^^
[INFO] [stdout]    |            |
[INFO] [stdout]    |            field in this struct
[INFO] [stdout]    |
[INFO] [stdout]    = help: consider removing this field
[INFO] [stdout]    = note: `DynamicJob` has a derived impl for the trait `Clone`, but this is intentionally ignored during dead code analysis
[INFO] [stdout] 
[INFO] [stdout] 
[INFO] [stdout] warning: method `run` is never used
[INFO] [stdout]   --> src/runner.rs:29:8
[INFO] [stdout]    |
[INFO] [stdout] 28 | impl DynamicJob {
[INFO] [stdout]    | --------------- method in this implementation
[INFO] [stdout] 29 |     fn run(
[INFO] [stdout]    |        ^^^
[INFO] [stdout] 
[INFO] [stdout] 
[INFO] [stdout] warning: struct `CompletedJobs` is never constructed
[INFO] [stdout]    --> src/runner.rs:116:8
[INFO] [stdout]     |
[INFO] [stdout] 116 | struct CompletedJobs(Vec<(Entity, Result<(), JobError>)>);
[INFO] [stdout]     |        ^^^^^^^^^^^^^
[INFO] [stdout] 
[INFO] [stdout] 
[INFO] [stdout] warning: function `run_jobs` is never used
[INFO] [stdout]    --> src/runner.rs:118:4
[INFO] [stdout]     |
[INFO] [stdout] 118 | fn run_jobs(
[INFO] [stdout]     |    ^^^^^^^^
[INFO] [stdout] 
[INFO] [stdout] 
[INFO] [stderr]     Finished `dev` profile [unoptimized + debuginfo] target(s) in 4m 56s
[INFO] running `Command { std: "docker" "inspect" "083edb96677b75ec48a375f26b8917e1cbc3cc16f94fab9407bddd3334f073aa", kill_on_drop: false }`
[INFO] running `Command { std: "docker" "rm" "-f" "083edb96677b75ec48a375f26b8917e1cbc3cc16f94fab9407bddd3334f073aa", kill_on_drop: false }`
[INFO] [stdout] 083edb96677b75ec48a375f26b8917e1cbc3cc16f94fab9407bddd3334f073aa
[INFO] running `Command { std: "docker" "create" "-v" "/var/lib/crater-agent-workspace/builds/worker-3-tc1/target:/opt/rustwide/target:rw,Z" "-v" "/var/lib/crater-agent-workspace/builds/worker-3-tc1/source:/opt/rustwide/workdir:ro,Z" "-v" "/var/lib/crater-agent-workspace/cargo-home:/opt/rustwide/cargo-home:ro,Z" "-v" "/var/lib/crater-agent-workspace/rustup-home:/opt/rustwide/rustup-home:ro,Z" "-e" "SOURCE_DIR=/opt/rustwide/workdir" "-e" "CARGO_TARGET_DIR=/opt/rustwide/target" "-e" "CARGO_INCREMENTAL=0" "-e" "RUST_BACKTRACE=full" "-e" "RUSTFLAGS=--cap-lints=warn" "-e" "RUSTDOCFLAGS=--cap-lints=warn" "-e" "CARGO_HOME=/opt/rustwide/cargo-home" "-e" "RUSTUP_HOME=/opt/rustwide/rustup-home" "-w" "/opt/rustwide/workdir" "-m" "1610612736" "--user" "0:0" "--network" "none" "ghcr.io/rust-lang/crates-build-env/linux@sha256:f3a9d4ad9d972b27faf3965f35b62e55ba32bbce8f20bc8fe909558a86702fde" "/opt/rustwide/cargo-home/bin/cargo" "+1.83.0" "test" "--frozen" "--no-run" "--message-format=json", kill_on_drop: false }`
[INFO] [stdout] 37a0cdd0d726df80b14ce282fe7222f42d2f8adaa59a9a82bd0e62c29a1db37d
[INFO] running `Command { std: "docker" "start" "-a" "37a0cdd0d726df80b14ce282fe7222f42d2f8adaa59a9a82bd0e62c29a1db37d", kill_on_drop: false }`
[INFO] [stdout] warning: unused import: `Mut`
[INFO] [stdout]   --> src/meta.rs:12:28
[INFO] [stdout]    |
[INFO] [stdout] 12 |     world::{DeferredWorld, Mut},
[INFO] [stdout]    |                            ^^^
[INFO] [stdout]    |
[INFO] [stdout]    = note: `#[warn(unused_imports)]` on by default
[INFO] [stdout] 
[INFO] [stdout] 
[INFO] [stdout] warning: unused import: `App`
[INFO] [stdout]  --> src/runner.rs:6:16
[INFO] [stdout]   |
[INFO] [stdout] 6 | use bevy_app::{App, Plugin};
[INFO] [stdout]   |                ^^^
[INFO] [stdout] 
[INFO] [stdout] 
[INFO] [stdout] warning: unused import: `EntityHashMap`
[INFO] [stdout]   --> src/runner.rs:10:22
[INFO] [stdout]    |
[INFO] [stdout] 10 |     entity::{Entity, EntityHashMap},
[INFO] [stdout]    |                      ^^^^^^^^^^^^^
[INFO] [stdout] 
[INFO] [stdout] 
[INFO] [stdout] warning: unused import: `PostUpdate`
[INFO] [stdout]   --> src/lib.rs:14:29
[INFO] [stdout]    |
[INFO] [stdout] 14 | use bevy_app::{App, Plugin, PostUpdate};
[INFO] [stdout]    |                             ^^^^^^^^^^
[INFO] [stdout] 
[INFO] [stdout] 
[INFO] [stdout] warning: unused import: `entity::Entity`
[INFO] [stdout]   --> src/lib.rs:17:5
[INFO] [stdout]    |
[INFO] [stdout] 17 |     entity::Entity,
[INFO] [stdout]    |     ^^^^^^^^^^^^^^
[INFO] [stdout] 
[INFO] [stdout] 
[INFO] [stdout] warning: unused import: `Plugin`
[INFO] [stdout]  --> src/runner.rs:6:21
[INFO] [stdout]   |
[INFO] [stdout] 6 | use bevy_app::{App, Plugin};
[INFO] [stdout]   |                     ^^^^^^
[INFO] [stdout] 
[INFO] [stdout] 
[INFO] [stdout] warning: unused import: `iter::Sum`
[INFO] [stdout]  --> src/meta.rs:4:5
[INFO] [stdout]   |
[INFO] [stdout] 4 |     iter::Sum,
[INFO] [stdout]   |     ^^^^^^^^^
[INFO] [stdout] 
[INFO] [stdout] 
[INFO] [stdout] warning: unused variable: `commands`
[INFO] [stdout]    --> src/lib.rs:140:27
[INFO] [stdout]     |
[INFO] [stdout] 140 | fn check_dependencies(mut commands: Commands) {}
[INFO] [stdout]     |                           ^^^^^^^^ help: if this is intentional, prefix it with an underscore: `_commands`
[INFO] [stdout]     |
[INFO] [stdout]     = note: `#[warn(unused_variables)]` on by default
[INFO] [stdout] 
[INFO] [stdout] 
[INFO] [stdout] warning: variable does not need to be mutable
[INFO] [stdout]    --> src/lib.rs:140:23
[INFO] [stdout]     |
[INFO] [stdout] 140 | fn check_dependencies(mut commands: Commands) {}
[INFO] [stdout]     |                       ----^^^^^^^^
[INFO] [stdout]     |                       |
[INFO] [stdout]     |                       help: remove this `mut`
[INFO] [stdout]     |
[INFO] [stdout]     = note: `#[warn(unused_mut)]` on by default
[INFO] [stdout] 
[INFO] [stdout] 
[INFO] [stdout] warning: variants `Ready` and `Done` are never constructed
[INFO] [stdout]    --> src/lib.rs:136:5
[INFO] [stdout]     |
[INFO] [stdout] 133 | enum JobStatus {
[INFO] [stdout]     |      --------- variants in this enum
[INFO] [stdout] ...
[INFO] [stdout] 136 |     Ready,
[INFO] [stdout]     |     ^^^^^
[INFO] [stdout] 137 |     Done,
[INFO] [stdout]     |     ^^^^
[INFO] [stdout]     |
[INFO] [stdout]     = note: `JobStatus` has derived impls for the traits `Debug` and `Clone`, but these are intentionally ignored during dead code analysis
[INFO] [stdout]     = note: `#[warn(dead_code)]` on by default
[INFO] [stdout] 
[INFO] [stdout] 
[INFO] [stdout] warning: function `check_dependencies` is never used
[INFO] [stdout]    --> src/lib.rs:140:4
[INFO] [stdout]     |
[INFO] [stdout] 140 | fn check_dependencies(mut commands: Commands) {}
[INFO] [stdout]     |    ^^^^^^^^^^^^^^^^^^
[INFO] [stdout] 
[INFO] [stdout] 
[INFO] [stdout] warning: methods `priority` and `is_critical` are never used
[INFO] [stdout]   --> src/meta.rs:60:12
[INFO] [stdout]    |
[INFO] [stdout] 59 | impl ComputedPriority {
[INFO] [stdout]    | --------------------- methods in this implementation
[INFO] [stdout] 60 |     pub fn priority(&self) -> Priority {
[INFO] [stdout]    |            ^^^^^^^^
[INFO] [stdout] ...
[INFO] [stdout] 64 |     pub fn is_critical(&self) -> bool {
[INFO] [stdout]    |            ^^^^^^^^^^^
[INFO] [stdout] 
[INFO] [stdout] 
[INFO] [stderr]    Compiling gigs v0.1.0 (/opt/rustwide/workdir)
[INFO] [stdout] warning: field `0` is never read
[INFO] [stdout]   --> src/runner.rs:26:23
[INFO] [stdout]    |
[INFO] [stdout] 26 | pub struct DynamicJob(ErasedJobFn);
[INFO] [stdout]    |            ---------- ^^^^^^^^^^^
[INFO] [stdout]    |            |
[INFO] [stdout]    |            field in this struct
[INFO] [stdout]    |
[INFO] [stdout]    = help: consider removing this field
[INFO] [stdout]    = note: `DynamicJob` has a derived impl for the trait `Clone`, but this is intentionally ignored during dead code analysis
[INFO] [stdout] 
[INFO] [stdout] 
[INFO] [stdout] warning: method `run` is never used
[INFO] [stdout]   --> src/runner.rs:29:8
[INFO] [stdout]    |
[INFO] [stdout] 28 | impl DynamicJob {
[INFO] [stdout]    | --------------- method in this implementation
[INFO] [stdout] 29 |     fn run(
[INFO] [stdout]    |        ^^^
[INFO] [stdout] 
[INFO] [stdout] 
[INFO] [stdout] warning: struct `CompletedJobs` is never constructed
[INFO] [stdout]    --> src/runner.rs:116:8
[INFO] [stdout]     |
[INFO] [stdout] 116 | struct CompletedJobs(Vec<(Entity, Result<(), JobError>)>);
[INFO] [stdout]     |        ^^^^^^^^^^^^^
[INFO] [stdout] 
[INFO] [stdout] 
[INFO] [stdout] warning: function `run_jobs` is never used
[INFO] [stdout]    --> src/runner.rs:118:4
[INFO] [stdout]     |
[INFO] [stdout] 118 | fn run_jobs(
[INFO] [stdout]     |    ^^^^^^^^
[INFO] [stdout] 
[INFO] [stdout] 
[INFO] [stdout] warning: unused import: `iter::Sum`
[INFO] [stdout]  --> src/meta.rs:4:5
[INFO] [stdout]   |
[INFO] [stdout] 4 |     iter::Sum,
[INFO] [stdout]   |     ^^^^^^^^^
[INFO] [stdout]   |
[INFO] [stdout]   = note: `#[warn(unused_imports)]` on by default
[INFO] [stdout] 
[INFO] [stdout] 
[INFO] [stdout] warning: unused import: `Mut`
[INFO] [stdout]   --> src/meta.rs:12:28
[INFO] [stdout]    |
[INFO] [stdout] 12 |     world::{DeferredWorld, Mut},
[INFO] [stdout]    |                            ^^^
[INFO] [stdout] 
[INFO] [stdout] 
[INFO] [stdout] warning: unused import: `JobPriority`
[INFO] [stdout]    --> src/meta.rs:149:17
[INFO] [stdout]     |
[INFO] [stdout] 149 |     use super::{JobPriority, Priority};
[INFO] [stdout]     |                 ^^^^^^^^^^^
[INFO] [stdout] 
[INFO] [stdout] 
[INFO] [stdout] warning: unused import: `App`
[INFO] [stdout]  --> src/runner.rs:6:16
[INFO] [stdout]   |
[INFO] [stdout] 6 | use bevy_app::{App, Plugin};
[INFO] [stdout]   |                ^^^
[INFO] [stdout] 
[INFO] [stdout] 
[INFO] [stdout] warning: unused import: `EntityHashMap`
[INFO] [stdout]   --> src/runner.rs:10:22
[INFO] [stdout]    |
[INFO] [stdout] 10 |     entity::{Entity, EntityHashMap},
[INFO] [stdout]    |                      ^^^^^^^^^^^^^
[INFO] [stdout] 
[INFO] [stdout] 
[INFO] [stdout] warning: unused import: `PostUpdate`
[INFO] [stdout]   --> src/lib.rs:14:29
[INFO] [stdout]    |
[INFO] [stdout] 14 | use bevy_app::{App, Plugin, PostUpdate};
[INFO] [stdout]    |                             ^^^^^^^^^^
[INFO] [stdout] 
[INFO] [stdout] 
[INFO] [stdout] warning: unused import: `entity::Entity`
[INFO] [stdout]   --> src/lib.rs:17:5
[INFO] [stdout]    |
[INFO] [stdout] 17 |     entity::Entity,
[INFO] [stdout]    |     ^^^^^^^^^^^^^^
[INFO] [stdout] 
[INFO] [stdout] 
[INFO] [stdout] warning: unused import: `Plugin`
[INFO] [stdout]  --> src/runner.rs:6:21
[INFO] [stdout]   |
[INFO] [stdout] 6 | use bevy_app::{App, Plugin};
[INFO] [stdout]   |                     ^^^^^^
[INFO] [stdout] 
[INFO] [stdout] 
[INFO] [stdout] warning: unused variable: `world`
[INFO] [stdout]    --> src/meta.rs:200:17
[INFO] [stdout]     |
[INFO] [stdout] 200 |         let mut world = World::new();
[INFO] [stdout]     |                 ^^^^^ help: if this is intentional, prefix it with an underscore: `_world`
[INFO] [stdout]     |
[INFO] [stdout]     = note: `#[warn(unused_variables)]` on by default
[INFO] [stdout] 
[INFO] [stdout] 
[INFO] [stdout] warning: variable does not need to be mutable
[INFO] [stdout]    --> src/meta.rs:200:13
[INFO] [stdout]     |
[INFO] [stdout] 200 |         let mut world = World::new();
[INFO] [stdout]     |             ----^^^^^
[INFO] [stdout]     |             |
[INFO] [stdout]     |             help: remove this `mut`
[INFO] [stdout]     |
[INFO] [stdout]     = note: `#[warn(unused_mut)]` on by default
[INFO] [stdout] 
[INFO] [stdout] 
[INFO] [stdout] warning: unused variable: `commands`
[INFO] [stdout]    --> src/lib.rs:140:27
[INFO] [stdout]     |
[INFO] [stdout] 140 | fn check_dependencies(mut commands: Commands) {}
[INFO] [stdout]     |                           ^^^^^^^^ help: if this is intentional, prefix it with an underscore: `_commands`
[INFO] [stdout] 
[INFO] [stdout] 
[INFO] [stdout] warning: variable does not need to be mutable
[INFO] [stdout]    --> src/lib.rs:140:23
[INFO] [stdout]     |
[INFO] [stdout] 140 | fn check_dependencies(mut commands: Commands) {}
[INFO] [stdout]     |                       ----^^^^^^^^
[INFO] [stdout]     |                       |
[INFO] [stdout]     |                       help: remove this `mut`
[INFO] [stdout] 
[INFO] [stdout] 
[INFO] [stdout] warning: variants `Ready` and `Done` are never constructed
[INFO] [stdout]    --> src/lib.rs:136:5
[INFO] [stdout]     |
[INFO] [stdout] 133 | enum JobStatus {
[INFO] [stdout]     |      --------- variants in this enum
[INFO] [stdout] ...
[INFO] [stdout] 136 |     Ready,
[INFO] [stdout]     |     ^^^^^
[INFO] [stdout] 137 |     Done,
[INFO] [stdout]     |     ^^^^
[INFO] [stdout]     |
[INFO] [stdout]     = note: `JobStatus` has derived impls for the traits `Debug` and `Clone`, but these are intentionally ignored during dead code analysis
[INFO] [stdout]     = note: `#[warn(dead_code)]` on by default
[INFO] [stdout] 
[INFO] [stdout] 
[INFO] [stdout] warning: function `check_dependencies` is never used
[INFO] [stdout]    --> src/lib.rs:140:4
[INFO] [stdout]     |
[INFO] [stdout] 140 | fn check_dependencies(mut commands: Commands) {}
[INFO] [stdout]     |    ^^^^^^^^^^^^^^^^^^
[INFO] [stdout] 
[INFO] [stdout] 
[INFO] [stdout] warning: methods `priority` and `is_critical` are never used
[INFO] [stdout]   --> src/meta.rs:60:12
[INFO] [stdout]    |
[INFO] [stdout] 59 | impl ComputedPriority {
[INFO] [stdout]    | --------------------- methods in this implementation
[INFO] [stdout] 60 |     pub fn priority(&self) -> Priority {
[INFO] [stdout]    |            ^^^^^^^^
[INFO] [stdout] ...
[INFO] [stdout] 64 |     pub fn is_critical(&self) -> bool {
[INFO] [stdout]    |            ^^^^^^^^^^^
[INFO] [stdout] 
[INFO] [stdout] 
[INFO] [stdout] warning: field `0` is never read
[INFO] [stdout]   --> src/runner.rs:26:23
[INFO] [stdout]    |
[INFO] [stdout] 26 | pub struct DynamicJob(ErasedJobFn);
[INFO] [stdout]    |            ---------- ^^^^^^^^^^^
[INFO] [stdout]    |            |
[INFO] [stdout]    |            field in this struct
[INFO] [stdout]    |
[INFO] [stdout]    = help: consider removing this field
[INFO] [stdout]    = note: `DynamicJob` has a derived impl for the trait `Clone`, but this is intentionally ignored during dead code analysis
[INFO] [stdout] 
[INFO] [stdout] 
[INFO] [stdout] warning: method `run` is never used
[INFO] [stdout]   --> src/runner.rs:29:8
[INFO] [stdout]    |
[INFO] [stdout] 28 | impl DynamicJob {
[INFO] [stdout]    | --------------- method in this implementation
[INFO] [stdout] 29 |     fn run(
[INFO] [stdout]    |        ^^^
[INFO] [stdout] 
[INFO] [stdout] 
[INFO] [stdout] warning: struct `CompletedJobs` is never constructed
[INFO] [stdout]    --> src/runner.rs:116:8
[INFO] [stdout]     |
[INFO] [stdout] 116 | struct CompletedJobs(Vec<(Entity, Result<(), JobError>)>);
[INFO] [stdout]     |        ^^^^^^^^^^^^^
[INFO] [stdout] 
[INFO] [stdout] 
[INFO] [stdout] warning: function `run_jobs` is never used
[INFO] [stdout]    --> src/runner.rs:118:4
[INFO] [stdout]     |
[INFO] [stdout] 118 | fn run_jobs(
[INFO] [stdout]     |    ^^^^^^^^
[INFO] [stdout] 
[INFO] [stdout] 
[INFO] [stderr]     Finished `test` profile [unoptimized + debuginfo] target(s) in 26.51s
[INFO] running `Command { std: "docker" "inspect" "37a0cdd0d726df80b14ce282fe7222f42d2f8adaa59a9a82bd0e62c29a1db37d", kill_on_drop: false }`
[INFO] running `Command { std: "docker" "rm" "-f" "37a0cdd0d726df80b14ce282fe7222f42d2f8adaa59a9a82bd0e62c29a1db37d", kill_on_drop: false }`
[INFO] [stdout] 37a0cdd0d726df80b14ce282fe7222f42d2f8adaa59a9a82bd0e62c29a1db37d
[INFO] running `Command { std: "docker" "create" "-v" "/var/lib/crater-agent-workspace/builds/worker-3-tc1/target:/opt/rustwide/target:rw,Z" "-v" "/var/lib/crater-agent-workspace/builds/worker-3-tc1/source:/opt/rustwide/workdir:ro,Z" "-v" "/var/lib/crater-agent-workspace/cargo-home:/opt/rustwide/cargo-home:ro,Z" "-v" "/var/lib/crater-agent-workspace/rustup-home:/opt/rustwide/rustup-home:ro,Z" "-e" "SOURCE_DIR=/opt/rustwide/workdir" "-e" "CARGO_TARGET_DIR=/opt/rustwide/target" "-e" "CARGO_INCREMENTAL=0" "-e" "RUST_BACKTRACE=full" "-e" "RUSTFLAGS=--cap-lints=warn" "-e" "RUSTDOCFLAGS=--cap-lints=warn" "-e" "CARGO_HOME=/opt/rustwide/cargo-home" "-e" "RUSTUP_HOME=/opt/rustwide/rustup-home" "-w" "/opt/rustwide/workdir" "-m" "1610612736" "--user" "0:0" "--network" "none" "ghcr.io/rust-lang/crates-build-env/linux@sha256:f3a9d4ad9d972b27faf3965f35b62e55ba32bbce8f20bc8fe909558a86702fde" "/opt/rustwide/cargo-home/bin/cargo" "+1.83.0" "test" "--frozen", kill_on_drop: false }`
[INFO] [stdout] c7b91caa304c831ab0c1854321cc83fd92ad4ba3da122eecccd8cd58ac4b82c3
[INFO] running `Command { std: "docker" "start" "-a" "c7b91caa304c831ab0c1854321cc83fd92ad4ba3da122eecccd8cd58ac4b82c3", kill_on_drop: false }`
[INFO] [stderr] warning: unused import: `Mut`
[INFO] [stderr]   --> src/meta.rs:12:28
[INFO] [stderr]    |
[INFO] [stderr] 12 |     world::{DeferredWorld, Mut},
[INFO] [stderr]    |                            ^^^
[INFO] [stderr]    |
[INFO] [stderr]    = note: `#[warn(unused_imports)]` on by default
[INFO] [stderr] 
[INFO] [stderr] warning: unused import: `App`
[INFO] [stderr]  --> src/runner.rs:6:16
[INFO] [stderr]   |
[INFO] [stderr] 6 | use bevy_app::{App, Plugin};
[INFO] [stderr]   |                ^^^
[INFO] [stderr] 
[INFO] [stderr] warning: unused import: `EntityHashMap`
[INFO] [stderr]   --> src/runner.rs:10:22
[INFO] [stderr]    |
[INFO] [stderr] 10 |     entity::{Entity, EntityHashMap},
[INFO] [stderr]    |                      ^^^^^^^^^^^^^
[INFO] [stderr] 
[INFO] [stderr] warning: unused import: `PostUpdate`
[INFO] [stderr]   --> src/lib.rs:14:29
[INFO] [stderr]    |
[INFO] [stderr] 14 | use bevy_app::{App, Plugin, PostUpdate};
[INFO] [stderr]    |                             ^^^^^^^^^^
[INFO] [stderr] 
[INFO] [stderr] warning: unused import: `entity::Entity`
[INFO] [stderr]   --> src/lib.rs:17:5
[INFO] [stderr]    |
[INFO] [stderr] 17 |     entity::Entity,
[INFO] [stderr]    |     ^^^^^^^^^^^^^^
[INFO] [stderr] 
[INFO] [stderr] warning: unused import: `Plugin`
[INFO] [stderr]  --> src/runner.rs:6:21
[INFO] [stderr]   |
[INFO] [stderr] 6 | use bevy_app::{App, Plugin};
[INFO] [stderr]   |                     ^^^^^^
[INFO] [stderr] 
[INFO] [stderr] warning: unused import: `iter::Sum`
[INFO] [stderr]  --> src/meta.rs:4:5
[INFO] [stderr]   |
[INFO] [stderr] 4 |     iter::Sum,
[INFO] [stderr]   |     ^^^^^^^^^
[INFO] [stderr] 
[INFO] [stderr] warning: unused variable: `commands`
[INFO] [stderr]    --> src/lib.rs:140:27
[INFO] [stderr]     |
[INFO] [stderr] 140 | fn check_dependencies(mut commands: Commands) {}
[INFO] [stderr]     |                           ^^^^^^^^ help: if this is intentional, prefix it with an underscore: `_commands`
[INFO] [stderr]     |
[INFO] [stderr]     = note: `#[warn(unused_variables)]` on by default
[INFO] [stderr] 
[INFO] [stderr] warning: variable does not need to be mutable
[INFO] [stderr]    --> src/lib.rs:140:23
[INFO] [stderr]     |
[INFO] [stderr] 140 | fn check_dependencies(mut commands: Commands) {}
[INFO] [stderr]     |                       ----^^^^^^^^
[INFO] [stderr]     |                       |
[INFO] [stderr]     |                       help: remove this `mut`
[INFO] [stderr]     |
[INFO] [stderr]     = note: `#[warn(unused_mut)]` on by default
[INFO] [stderr] 
[INFO] [stderr] warning: variants `Ready` and `Done` are never constructed
[INFO] [stderr]    --> src/lib.rs:136:5
[INFO] [stderr]     |
[INFO] [stderr] 133 | enum JobStatus {
[INFO] [stderr]     |      --------- variants in this enum
[INFO] [stderr] ...
[INFO] [stderr] 136 |     Ready,
[INFO] [stderr]     |     ^^^^^
[INFO] [stderr] 137 |     Done,
[INFO] [stderr]     |     ^^^^
[INFO] [stderr]     |
[INFO] [stderr]     = note: `JobStatus` has derived impls for the traits `Debug` and `Clone`, but these are intentionally ignored during dead code analysis
[INFO] [stderr]     = note: `#[warn(dead_code)]` on by default
[INFO] [stderr] 
[INFO] [stderr] warning: function `check_dependencies` is never used
[INFO] [stderr]    --> src/lib.rs:140:4
[INFO] [stderr]     |
[INFO] [stderr] 140 | fn check_dependencies(mut commands: Commands) {}
[INFO] [stderr]     |    ^^^^^^^^^^^^^^^^^^
[INFO] [stderr] 
[INFO] [stderr] warning: methods `priority` and `is_critical` are never used
[INFO] [stderr]   --> src/meta.rs:60:12
[INFO] [stderr]    |
[INFO] [stderr] 59 | impl ComputedPriority {
[INFO] [stderr]    | --------------------- methods in this implementation
[INFO] [stderr] 60 |     pub fn priority(&self) -> Priority {
[INFO] [stderr]    |            ^^^^^^^^
[INFO] [stderr] ...
[INFO] [stderr] 64 |     pub fn is_critical(&self) -> bool {
[INFO] [stderr]    |            ^^^^^^^^^^^
[INFO] [stderr] 
[INFO] [stderr] warning: field `0` is never read
[INFO] [stderr]   --> src/runner.rs:26:23
[INFO] [stderr]    |
[INFO] [stderr] 26 | pub struct DynamicJob(ErasedJobFn);
[INFO] [stderr]    |            ---------- ^^^^^^^^^^^
[INFO] [stderr]    |            |
[INFO] [stderr]    |            field in this struct
[INFO] [stderr]    |
[INFO] [stderr]    = help: consider removing this field
[INFO] [stderr]    = note: `DynamicJob` has a derived impl for the trait `Clone`, but this is intentionally ignored during dead code analysis
[INFO] [stderr] 
[INFO] [stderr] warning: method `run` is never used
[INFO] [stderr]   --> src/runner.rs:29:8
[INFO] [stderr]    |
[INFO] [stderr] 28 | impl DynamicJob {
[INFO] [stderr]    | --------------- method in this implementation
[INFO] [stderr] 29 |     fn run(
[INFO] [stderr]    |        ^^^
[INFO] [stderr] 
[INFO] [stderr] warning: struct `CompletedJobs` is never constructed
[INFO] [stderr]    --> src/runner.rs:116:8
[INFO] [stderr]     |
[INFO] [stderr] 116 | struct CompletedJobs(Vec<(Entity, Result<(), JobError>)>);
[INFO] [stderr]     |        ^^^^^^^^^^^^^
[INFO] [stderr] 
[INFO] [stderr] warning: function `run_jobs` is never used
[INFO] [stderr]    --> src/runner.rs:118:4
[INFO] [stderr]     |
[INFO] [stderr] 118 | fn run_jobs(
[INFO] [stderr]     |    ^^^^^^^^
[INFO] [stderr] 
[INFO] [stderr] warning: unused import: `iter::Sum`
[INFO] [stderr]  --> src/meta.rs:4:5
[INFO] [stderr]   |
[INFO] [stderr] 4 |     iter::Sum,
[INFO] [stderr]   |     ^^^^^^^^^
[INFO] [stderr]   |
[INFO] [stderr]   = note: `#[warn(unused_imports)]` on by default
[INFO] [stderr] 
[INFO] [stderr] warning: unused import: `Mut`
[INFO] [stderr]   --> src/meta.rs:12:28
[INFO] [stderr]    |
[INFO] [stderr] 12 |     world::{DeferredWorld, Mut},
[INFO] [stderr]    |                            ^^^
[INFO] [stderr] 
[INFO] [stderr] warning: unused import: `JobPriority`
[INFO] [stderr]    --> src/meta.rs:149:17
[INFO] [stderr]     |
[INFO] [stderr] 149 |     use super::{JobPriority, Priority};
[INFO] [stderr]     |                 ^^^^^^^^^^^
[INFO] [stderr] 
[INFO] [stderr] warning: unused variable: `world`
[INFO] [stderr]    --> src/meta.rs:200:17
[INFO] [stderr]     |
[INFO] [stderr] 200 |         let mut world = World::new();
[INFO] [stderr]     |                 ^^^^^ help: if this is intentional, prefix it with an underscore: `_world`
[INFO] [stderr]     |
[INFO] [stderr]     = note: `#[warn(unused_variables)]` on by default
[INFO] [stderr] 
[INFO] [stderr] warning: variable does not need to be mutable
[INFO] [stderr]    --> src/meta.rs:200:13
[INFO] [stderr]     |
[INFO] [stderr] 200 |         let mut world = World::new();
[INFO] [stderr]     |             ----^^^^^
[INFO] [stderr]     |             |
[INFO] [stderr]     |             help: remove this `mut`
[INFO] [stderr]     |
[INFO] [stderr]     = note: `#[warn(unused_mut)]` on by default
[INFO] [stderr] 
[INFO] [stderr] warning: unused variable: `commands`
[INFO] [stderr]    --> src/lib.rs:140:27
[INFO] [stderr]     |
[INFO] [stderr] 140 | fn check_dependencies(mut commands: Commands) {}
[INFO] [stderr]     |                           ^^^^^^^^ help: if this is intentional, prefix it with an underscore: `_commands`
[INFO] [stderr] 
[INFO] [stderr] warning: variable does not need to be mutable
[INFO] [stderr]    --> src/lib.rs:140:23
[INFO] [stderr]     |
[INFO] [stderr] 140 | fn check_dependencies(mut commands: Commands) {}
[INFO] [stderr]     |                       ----^^^^^^^^
[INFO] [stderr]     |                       |
[INFO] [stderr]     |                       help: remove this `mut`
[INFO] [stderr] 
[INFO] [stderr] warning: `gigs` (lib) generated 16 warnings (run `cargo fix --lib -p gigs` to apply 6 suggestions)
[INFO] [stderr] warning: `gigs` (lib test) generated 19 warnings (12 duplicates) (run `cargo fix --lib -p gigs --tests` to apply 5 suggestions)
[INFO] [stderr]     Finished `test` profile [unoptimized + debuginfo] target(s) in 0.86s
[INFO] [stderr]      Running unittests src/lib.rs (/opt/rustwide/target/debug/deps/gigs-e2110fce74e91cae)
[INFO] [stdout] 
[INFO] [stdout] running 5 tests
[INFO] [stdout] test meta::test::priority_sum_critical_left ... ok
[INFO] [stdout] test meta::test::priority_sum_critical_right ... ok
[INFO] [stdout] test meta::test::priority_sum_ones ... ok
[INFO] [stdout] test meta::test::priority_sum ... ok
[INFO] [stdout] test meta::test::propagate_priority_simple ... FAILED
[INFO] [stdout] 
[INFO] [stdout] failures:
[INFO] [stdout] 
[INFO] [stdout] ---- meta::test::propagate_priority_simple stdout ----
[INFO] [stdout] thread 'meta::test::propagate_priority_simple' panicked at src/meta.rs:202:9:
[INFO] [stdout] not yet implemented
[INFO] [stdout] stack backtrace:
[INFO] [stdout]    0:     0x625d6d58914a - std::backtrace_rs::backtrace::libunwind::trace::h5a5b8284f2d0c266
[INFO] [stdout]                                at /rustc/90b35a6239c3d8bdabc530a6a0816f7ff89a0aaf/library/std/src/../../backtrace/src/backtrace/libunwind.rs:116:5
[INFO] [stdout]    1:     0x625d6d58914a - std::backtrace_rs::backtrace::trace_unsynchronized::h76d4f1c9b0b875e3
[INFO] [stdout]                                at /rustc/90b35a6239c3d8bdabc530a6a0816f7ff89a0aaf/library/std/src/../../backtrace/src/backtrace/mod.rs:66:5
[INFO] [stdout]    2:     0x625d6d58914a - std::sys::backtrace::_print_fmt::hc4546b8364a537c6
[INFO] [stdout]                                at /rustc/90b35a6239c3d8bdabc530a6a0816f7ff89a0aaf/library/std/src/sys/backtrace.rs:66:9
[INFO] [stdout]    3:     0x625d6d58914a - <std::sys::backtrace::BacktraceLock::print::DisplayBacktrace as core::fmt::Display>::fmt::h5b6bd5631a6d1f6b
[INFO] [stdout]                                at /rustc/90b35a6239c3d8bdabc530a6a0816f7ff89a0aaf/library/std/src/sys/backtrace.rs:39:26
[INFO] [stdout]    4:     0x625d6d5ae503 - core::fmt::rt::Argument::fmt::h270f6602a2b96f62
[INFO] [stdout]                                at /rustc/90b35a6239c3d8bdabc530a6a0816f7ff89a0aaf/library/core/src/fmt/rt.rs:177:76
[INFO] [stdout]    5:     0x625d6d5ae503 - core::fmt::write::h7550c97b06c86515
[INFO] [stdout]                                at /rustc/90b35a6239c3d8bdabc530a6a0816f7ff89a0aaf/library/core/src/fmt/mod.rs:1186:21
[INFO] [stdout]    6:     0x625d6d586303 - std::io::Write::write_fmt::h509ff860e5956e5e
[INFO] [stdout]                                at /rustc/90b35a6239c3d8bdabc530a6a0816f7ff89a0aaf/library/std/src/io/mod.rs:1839:15
[INFO] [stdout]    7:     0x625d6d588f92 - std::sys::backtrace::BacktraceLock::print::h2395ccd2c84ba3aa
[INFO] [stdout]                                at /rustc/90b35a6239c3d8bdabc530a6a0816f7ff89a0aaf/library/std/src/sys/backtrace.rs:42:9
[INFO] [stdout]    8:     0x625d6d58a5aa - std::panicking::default_hook::{{closure}}::he19d4c7230e07961
[INFO] [stdout]                                at /rustc/90b35a6239c3d8bdabc530a6a0816f7ff89a0aaf/library/std/src/panicking.rs:268:22
[INFO] [stdout]    9:     0x625d6d58a3b4 - std::panicking::default_hook::hf614597d3c67bbdb
[INFO] [stdout]                                at /rustc/90b35a6239c3d8bdabc530a6a0816f7ff89a0aaf/library/std/src/panicking.rs:292:9
[INFO] [stdout]   10:     0x625d6d5265f9 - <alloc::boxed::Box<F,A> as core::ops::function::Fn<Args>>::call::h39b51ce4599c23d1
[INFO] [stdout]                                at /rustc/90b35a6239c3d8bdabc530a6a0816f7ff89a0aaf/library/alloc/src/boxed.rs:2468:9
[INFO] [stdout]   11:     0x625d6d5265f9 - test::test_main::{{closure}}::he977ae839a582784
[INFO] [stdout]                                at /rustc/90b35a6239c3d8bdabc530a6a0816f7ff89a0aaf/library/test/src/lib.rs:133:21
[INFO] [stdout]   12:     0x625d6d58ac48 - <alloc::boxed::Box<F,A> as core::ops::function::Fn<Args>>::call::h9455091b6b06f9fb
[INFO] [stdout]                                at /rustc/90b35a6239c3d8bdabc530a6a0816f7ff89a0aaf/library/alloc/src/boxed.rs:2468:9
[INFO] [stdout]   13:     0x625d6d58ac48 - std::panicking::rust_panic_with_hook::h8942133a8b252070
[INFO] [stdout]                                at /rustc/90b35a6239c3d8bdabc530a6a0816f7ff89a0aaf/library/std/src/panicking.rs:809:13
[INFO] [stdout]   14:     0x625d6d58a9d6 - std::panicking::begin_panic_handler::{{closure}}::hb5f5963570096b29
[INFO] [stdout]                                at /rustc/90b35a6239c3d8bdabc530a6a0816f7ff89a0aaf/library/std/src/panicking.rs:667:13
[INFO] [stdout]   15:     0x625d6d589629 - std::sys::backtrace::__rust_end_short_backtrace::h6208cedc1922feda
[INFO] [stdout]                                at /rustc/90b35a6239c3d8bdabc530a6a0816f7ff89a0aaf/library/std/src/sys/backtrace.rs:170:18
[INFO] [stdout]   16:     0x625d6d58a69c - rust_begin_unwind
[INFO] [stdout]                                at /rustc/90b35a6239c3d8bdabc530a6a0816f7ff89a0aaf/library/std/src/panicking.rs:665:5
[INFO] [stdout]   17:     0x625d6d4e9a60 - core::panicking::panic_fmt::h0c3082644d1bf418
[INFO] [stdout]                                at /rustc/90b35a6239c3d8bdabc530a6a0816f7ff89a0aaf/library/core/src/panicking.rs:74:14
[INFO] [stdout]   18:     0x625d6d4e9aec - core::panicking::panic::h957f98c65a3b3074
[INFO] [stdout]                                at /rustc/90b35a6239c3d8bdabc530a6a0816f7ff89a0aaf/library/core/src/panicking.rs:148:5
[INFO] [stdout]   19:     0x625d6d4ee2ab - gigs::meta::test::propagate_priority_simple::h9a295b1f28730cb1
[INFO] [stdout]                                at /opt/rustwide/workdir/src/meta.rs:202:9
[INFO] [stdout]   20:     0x625d6d4ee267 - gigs::meta::test::propagate_priority_simple::{{closure}}::h7480d47d2918ca20
[INFO] [stdout]                                at /opt/rustwide/workdir/src/meta.rs:199:35
[INFO] [stdout]   21:     0x625d6d4eb956 - core::ops::function::FnOnce::call_once::hf3db458ea8d5e7b2
[INFO] [stdout]                                at /rustc/90b35a6239c3d8bdabc530a6a0816f7ff89a0aaf/library/core/src/ops/function.rs:250:5
[INFO] [stdout]   22:     0x625d6d52afbb - core::ops::function::FnOnce::call_once::h109cf8051a59b34e
[INFO] [stdout]                                at /rustc/90b35a6239c3d8bdabc530a6a0816f7ff89a0aaf/library/core/src/ops/function.rs:250:5
[INFO] [stdout]   23:     0x625d6d52afbb - test::__rust_begin_short_backtrace::hf4fff89d377446ba
[INFO] [stdout]                                at /rustc/90b35a6239c3d8bdabc530a6a0816f7ff89a0aaf/library/test/src/lib.rs:621:18
[INFO] [stdout]   24:     0x625d6d52a7f7 - test::run_test_in_process::{{closure}}::h0e39181dd7ee5a43
[INFO] [stdout]                                at /rustc/90b35a6239c3d8bdabc530a6a0816f7ff89a0aaf/library/test/src/lib.rs:644:60
[INFO] [stdout]   25:     0x625d6d52a7f7 - <core::panic::unwind_safe::AssertUnwindSafe<F> as core::ops::function::FnOnce<()>>::call_once::hc5a66a30f0bdfd1f
[INFO] [stdout]                                at /rustc/90b35a6239c3d8bdabc530a6a0816f7ff89a0aaf/library/core/src/panic/unwind_safe.rs:272:9
[INFO] [stdout]   26:     0x625d6d52a7f7 - std::panicking::try::do_call::h873b7cf639554a5e
[INFO] [stdout]                                at /rustc/90b35a6239c3d8bdabc530a6a0816f7ff89a0aaf/library/std/src/panicking.rs:557:40
[INFO] [stdout]   27:     0x625d6d52a7f7 - std::panicking::try::hdb19862fad9c8bd1
[INFO] [stdout]                                at /rustc/90b35a6239c3d8bdabc530a6a0816f7ff89a0aaf/library/std/src/panicking.rs:520:19
[INFO] [stdout]   28:     0x625d6d52a7f7 - std::panic::catch_unwind::h281fe732d236d260
[INFO] [stdout]                                at /rustc/90b35a6239c3d8bdabc530a6a0816f7ff89a0aaf/library/std/src/panic.rs:358:14
[INFO] [stdout]   29:     0x625d6d52a7f7 - test::run_test_in_process::h949b6df8457ed338
[INFO] [stdout]                                at /rustc/90b35a6239c3d8bdabc530a6a0816f7ff89a0aaf/library/test/src/lib.rs:644:27
[INFO] [stdout]   30:     0x625d6d52a7f7 - test::run_test::{{closure}}::h52c556a6d4740e10
[INFO] [stdout]                                at /rustc/90b35a6239c3d8bdabc530a6a0816f7ff89a0aaf/library/test/src/lib.rs:565:43
[INFO] [stdout]   31:     0x625d6d4efad4 - test::run_test::{{closure}}::h4237f6381c45ccb9
[INFO] [stdout]                                at /rustc/90b35a6239c3d8bdabc530a6a0816f7ff89a0aaf/library/test/src/lib.rs:595:41
[INFO] [stdout]   32:     0x625d6d4efad4 - std::sys::backtrace::__rust_begin_short_backtrace::h505c97a579eca628
[INFO] [stdout]                                at /rustc/90b35a6239c3d8bdabc530a6a0816f7ff89a0aaf/library/std/src/sys/backtrace.rs:154:18
[INFO] [stdout]   33:     0x625d6d4f319e - std::thread::Builder::spawn_unchecked_::{{closure}}::{{closure}}::h9e86b2e2bc107ea3
[INFO] [stdout]                                at /rustc/90b35a6239c3d8bdabc530a6a0816f7ff89a0aaf/library/std/src/thread/mod.rs:538:17
[INFO] [stdout]   34:     0x625d6d4f319e - <core::panic::unwind_safe::AssertUnwindSafe<F> as core::ops::function::FnOnce<()>>::call_once::h8b06ddb275ff4a25
[INFO] [stdout]                                at /rustc/90b35a6239c3d8bdabc530a6a0816f7ff89a0aaf/library/core/src/panic/unwind_safe.rs:272:9
[INFO] [stdout]   35:     0x625d6d4f319e - std::panicking::try::do_call::hb26ecd7cd9a9355d
[INFO] [stdout]                                at /rustc/90b35a6239c3d8bdabc530a6a0816f7ff89a0aaf/library/std/src/panicking.rs:557:40
[INFO] [stdout]   36:     0x625d6d4f319e - std::panicking::try::h8ddeca9d705f9069
[INFO] [stdout]                                at /rustc/90b35a6239c3d8bdabc530a6a0816f7ff89a0aaf/library/std/src/panicking.rs:520:19
[INFO] [stdout]   37:     0x625d6d4f319e - std::panic::catch_unwind::h49e1c33078844c46
[INFO] [stdout]                                at /rustc/90b35a6239c3d8bdabc530a6a0816f7ff89a0aaf/library/std/src/panic.rs:358:14
[INFO] [stdout]   38:     0x625d6d4f319e - std::thread::Builder::spawn_unchecked_::{{closure}}::h6073db6ff56ad35d
[INFO] [stdout]                                at /rustc/90b35a6239c3d8bdabc530a6a0816f7ff89a0aaf/library/std/src/thread/mod.rs:537:30
[INFO] [stdout]   39:     0x625d6d4f319e - core::ops::function::FnOnce::call_once{{vtable.shim}}::h2c5a5f3779c774f1
[INFO] [stdout]                                at /rustc/90b35a6239c3d8bdabc530a6a0816f7ff89a0aaf/library/core/src/ops/function.rs:250:5
[INFO] [stdout]   40:     0x625d6d58ea9b - <alloc::boxed::Box<F,A> as core::ops::function::FnOnce<Args>>::call_once::hf75717d9f28faebf
[INFO] [stdout]                                at /rustc/90b35a6239c3d8bdabc530a6a0816f7ff89a0aaf/library/alloc/src/boxed.rs:2454:9
[INFO] [stdout]   41:     0x625d6d58ea9b - <alloc::boxed::Box<F,A> as core::ops::function::FnOnce<Args>>::call_once::h7bd883a5f3c5f3c1
[INFO] [stdout]                                at /rustc/90b35a6239c3d8bdabc530a6a0816f7ff89a0aaf/library/alloc/src/boxed.rs:2454:9
[INFO] [stdout]   42:     0x625d6d58ea9b - std::sys::pal::unix::thread::Thread::new::thread_start::hcc78f3943333fa94
[INFO] [stdout]                                at /rustc/90b35a6239c3d8bdabc530a6a0816f7ff89a0aaf/library/std/src/sys/pal/unix/thread.rs:105:17
[INFO] [stdout]   43:     0x7b04a971eac3 - <unknown>
[INFO] [stdout]   44:     0x7b04a97afa04 - clone
[INFO] [stdout]   45:                0x0 - <unknown>
[INFO] [stdout] 
[INFO] [stdout] 
[INFO] [stdout] failures:
[INFO] [stdout]     meta::test::propagate_priority_simple
[INFO] [stdout] 
[INFO] [stdout] test result: FAILED. 4 passed; 1 failed; 0 ignored; 0 measured; 0 filtered out; finished in 0.26s
[INFO] [stdout] 
[INFO] [stderr] error: test failed, to rerun pass `--lib`
[INFO] running `Command { std: "docker" "inspect" "c7b91caa304c831ab0c1854321cc83fd92ad4ba3da122eecccd8cd58ac4b82c3", kill_on_drop: false }`
[INFO] running `Command { std: "docker" "rm" "-f" "c7b91caa304c831ab0c1854321cc83fd92ad4ba3da122eecccd8cd58ac4b82c3", kill_on_drop: false }`
[INFO] [stdout] c7b91caa304c831ab0c1854321cc83fd92ad4ba3da122eecccd8cd58ac4b82c3
