[INFO] cloning repository https://github.com/e2fletcher/mini-api
[INFO] running `Command { std: "git" "-c" "credential.helper=" "-c" "credential.helper=/workspace/cargo-home/bin/git-credential-null" "clone" "--bare" "https://github.com/e2fletcher/mini-api" "/workspace/cache/git-repos/https%3A%2F%2Fgithub.com%2Fe2fletcher%2Fmini-api", kill_on_drop: false }`
[INFO] [stderr] Cloning into bare repository '/workspace/cache/git-repos/https%3A%2F%2Fgithub.com%2Fe2fletcher%2Fmini-api'...
[INFO] running `Command { std: "git" "rev-parse" "HEAD", kill_on_drop: false }`
[INFO] [stdout] be738351623c646b8505fc980ae2f70bab0c76ed
[INFO] testing e2fletcher/mini-api against beta-2024-12-08 for beta-1.84.0-4-retry
[INFO] running `Command { std: "git" "clone" "/workspace/cache/git-repos/https%3A%2F%2Fgithub.com%2Fe2fletcher%2Fmini-api" "/workspace/builds/worker-1-tc2/source", kill_on_drop: false }`
[INFO] [stderr] Cloning into '/workspace/builds/worker-1-tc2/source'...
[INFO] [stderr] done.
[INFO] validating manifest of git repo https://github.com/e2fletcher/mini-api on toolchain beta-2024-12-08
[INFO] running `Command { std: CARGO_HOME="/workspace/cargo-home" RUSTUP_HOME="/workspace/rustup-home" "/workspace/cargo-home/bin/cargo" "+beta-2024-12-08" "metadata" "--manifest-path" "Cargo.toml" "--no-deps", kill_on_drop: false }`
[INFO] started tweaking git repo https://github.com/e2fletcher/mini-api
[INFO] finished tweaking git repo https://github.com/e2fletcher/mini-api
[INFO] tweaked toml for git repo https://github.com/e2fletcher/mini-api written to /workspace/builds/worker-1-tc2/source/Cargo.toml
[INFO] crate git repo https://github.com/e2fletcher/mini-api already has a lockfile, it will not be regenerated
[INFO] running `Command { std: CARGO_HOME="/workspace/cargo-home" RUSTUP_HOME="/workspace/rustup-home" "/workspace/cargo-home/bin/cargo" "+beta-2024-12-08" "fetch" "--manifest-path" "Cargo.toml", kill_on_drop: false }`
[INFO] running `Command { std: "docker" "create" "-v" "/var/lib/crater-agent-workspace/builds/worker-1-tc2/target:/opt/rustwide/target:rw,Z" "-v" "/var/lib/crater-agent-workspace/builds/worker-1-tc2/source:/opt/rustwide/workdir:ro,Z" "-v" "/var/lib/crater-agent-workspace/cargo-home:/opt/rustwide/cargo-home:ro,Z" "-v" "/var/lib/crater-agent-workspace/rustup-home:/opt/rustwide/rustup-home:ro,Z" "-e" "SOURCE_DIR=/opt/rustwide/workdir" "-e" "CARGO_TARGET_DIR=/opt/rustwide/target" "-e" "CARGO_HOME=/opt/rustwide/cargo-home" "-e" "RUSTUP_HOME=/opt/rustwide/rustup-home" "-w" "/opt/rustwide/workdir" "-m" "1610612736" "--user" "0:0" "--network" "none" "ghcr.io/rust-lang/crates-build-env/linux@sha256:f3a9d4ad9d972b27faf3965f35b62e55ba32bbce8f20bc8fe909558a86702fde" "/opt/rustwide/cargo-home/bin/cargo" "+beta-2024-12-08" "metadata" "--no-deps" "--format-version=1", kill_on_drop: false }`
[INFO] [stdout] 8a7e9eea1509944449dac478be454177c2b2640a378feb70c0313068f550ad17
[INFO] running `Command { std: "docker" "start" "-a" "8a7e9eea1509944449dac478be454177c2b2640a378feb70c0313068f550ad17", kill_on_drop: false }`
[INFO] running `Command { std: "docker" "inspect" "8a7e9eea1509944449dac478be454177c2b2640a378feb70c0313068f550ad17", kill_on_drop: false }`
[INFO] running `Command { std: "docker" "rm" "-f" "8a7e9eea1509944449dac478be454177c2b2640a378feb70c0313068f550ad17", kill_on_drop: false }`
[INFO] [stdout] 8a7e9eea1509944449dac478be454177c2b2640a378feb70c0313068f550ad17
[INFO] running `Command { std: "docker" "create" "-v" "/var/lib/crater-agent-workspace/builds/worker-1-tc2/target:/opt/rustwide/target:rw,Z" "-v" "/var/lib/crater-agent-workspace/builds/worker-1-tc2/source:/opt/rustwide/workdir:ro,Z" "-v" "/var/lib/crater-agent-workspace/cargo-home:/opt/rustwide/cargo-home:ro,Z" "-v" "/var/lib/crater-agent-workspace/rustup-home:/opt/rustwide/rustup-home:ro,Z" "-e" "SOURCE_DIR=/opt/rustwide/workdir" "-e" "CARGO_TARGET_DIR=/opt/rustwide/target" "-e" "CARGO_INCREMENTAL=0" "-e" "RUST_BACKTRACE=full" "-e" "RUSTFLAGS=--cap-lints=warn" "-e" "RUSTDOCFLAGS=--cap-lints=warn" "-e" "CARGO_HOME=/opt/rustwide/cargo-home" "-e" "RUSTUP_HOME=/opt/rustwide/rustup-home" "-w" "/opt/rustwide/workdir" "-m" "1610612736" "--user" "0:0" "--network" "none" "ghcr.io/rust-lang/crates-build-env/linux@sha256:f3a9d4ad9d972b27faf3965f35b62e55ba32bbce8f20bc8fe909558a86702fde" "/opt/rustwide/cargo-home/bin/cargo" "+beta-2024-12-08" "build" "--frozen" "--message-format=json", kill_on_drop: false }`
[INFO] [stdout] 13dd37bee09846a2e34011d960316db7080e242a8d986eb36f9b981217743cf7
[INFO] running `Command { std: "docker" "start" "-a" "13dd37bee09846a2e34011d960316db7080e242a8d986eb36f9b981217743cf7", kill_on_drop: false }`
[INFO] [stderr]    Compiling proc-macro2 v1.0.63
[INFO] [stderr]    Compiling quote v1.0.29
[INFO] [stderr]    Compiling unicode-ident v1.0.9
[INFO] [stderr]    Compiling cfg-if v1.0.0
[INFO] [stderr]    Compiling libc v0.2.147
[INFO] [stderr]    Compiling autocfg v1.1.0
[INFO] [stderr]    Compiling pin-project-lite v0.2.9
[INFO] [stderr]    Compiling bytes v1.4.0
[INFO] [stderr]    Compiling version_check v0.9.4
[INFO] [stderr]    Compiling once_cell v1.18.0
[INFO] [stderr]    Compiling typenum v1.16.0
[INFO] [stderr]    Compiling futures-core v0.3.28
[INFO] [stderr]    Compiling parking_lot_core v0.9.8
[INFO] [stderr]    Compiling log v0.4.19
[INFO] [stderr]    Compiling smallvec v1.10.0
[INFO] [stderr]    Compiling itoa v1.0.6
[INFO] [stderr]    Compiling futures-task v0.3.28
[INFO] [stderr]    Compiling scopeguard v1.1.0
[INFO] [stderr]    Compiling tracing-core v0.1.31
[INFO] [stderr]    Compiling futures-sink v0.3.28
[INFO] [stderr]    Compiling pin-utils v0.1.0
[INFO] [stderr]    Compiling serde v1.0.164
[INFO] [stderr]    Compiling futures-util v0.3.28
[INFO] [stderr]    Compiling rustversion v1.0.12
[INFO] [stderr]    Compiling subtle v2.5.0
[INFO] [stderr]    Compiling memchr v2.5.0
[INFO] [stderr]    Compiling async-trait v0.1.70
[INFO] [stderr]    Compiling tinyvec_macros v0.1.1
[INFO] [stderr]    Compiling tinyvec v1.6.0
[INFO] [stderr]    Compiling ppv-lite86 v0.2.17
[INFO] [stderr]    Compiling generic-array v0.14.7
[INFO] [stderr]    Compiling futures-channel v0.3.28
[INFO] [stderr]    Compiling lock_api v0.4.10
[INFO] [stderr]    Compiling slab v0.4.8
[INFO] [stderr]    Compiling tokio v1.29.1
[INFO] [stderr]    Compiling fnv v1.0.7
[INFO] [stderr]    Compiling http v0.2.9
[INFO] [stderr]    Compiling percent-encoding v2.3.0
[INFO] [stderr]    Compiling unicode-bidi v0.3.13
[INFO] [stderr]    Compiling byteorder v1.4.3
[INFO] [stderr]    Compiling tower-service v0.3.2
[INFO] [stderr]    Compiling cpufeatures v0.2.9
[INFO] [stderr]    Compiling fallible-iterator v0.2.0
[INFO] [stderr]    Compiling httparse v1.8.0
[INFO] [stderr]    Compiling tower-layer v0.3.2
[INFO] [stderr]    Compiling base64 v0.21.2
[INFO] [stderr]    Compiling pq-sys v0.4.8
[INFO] [stderr]    Compiling siphasher v0.3.10
[INFO] [stderr]    Compiling bitflags v2.3.3
[INFO] [stderr]    Compiling serde_json v1.0.99
[INFO] [stderr]    Compiling regex-syntax v0.6.29
[INFO] [stderr]    Compiling lazy_static v1.4.0
[INFO] [stderr]    Compiling syn v2.0.23
[INFO] [stderr]    Compiling phf_shared v0.11.2
[INFO] [stderr]    Compiling try-lock v0.2.4
[INFO] [stderr]    Compiling ryu v1.0.13
[INFO] [stderr]    Compiling want v0.3.1
[INFO] [stderr]    Compiling form_urlencoded v1.2.0
[INFO] [stderr]    Compiling http-body v0.4.5
[INFO] [stderr]    Compiling getrandom v0.2.10
[INFO] [stderr]    Compiling mio v0.8.8
[INFO] [stderr]    Compiling socket2 v0.4.9
[INFO] [stderr]    Compiling num_cpus v1.15.0
[INFO] [stderr]    Compiling parking_lot v0.12.1
[INFO] [stderr]    Compiling signal-hook-registry v1.4.1
[INFO] [stderr]    Compiling rand_core v0.6.4
[INFO] [stderr]    Compiling unicode-normalization v0.1.22
[INFO] [stderr]    Compiling axum-core v0.3.4
[INFO] [stderr]    Compiling rand_chacha v0.3.1
[INFO] [stderr]    Compiling axum v0.6.18
[INFO] [stderr]    Compiling socket2 v0.5.3
[INFO] [stderr]    Compiling phf v0.11.2
[INFO] [stderr]    Compiling overload v0.1.1
[INFO] [stderr]    Compiling retain_mut v0.1.9
[INFO] [stderr]    Compiling httpdate v1.0.2
[INFO] [stderr]    Compiling deadpool-runtime v0.1.2
[INFO] [stderr]    Compiling rand v0.8.5
[INFO] [stderr]    Compiling mime v0.3.17
[INFO] [stderr]    Compiling regex-syntax v0.7.2
[INFO] [stderr]    Compiling nu-ansi-term v0.46.0
[INFO] [stderr]    Compiling sharded-slab v0.1.4
[INFO] [stderr]    Compiling tracing-log v0.1.3
[INFO] [stderr]    Compiling scoped-futures v0.1.3
[INFO] [stderr]    Compiling thread_local v1.1.7
[INFO] [stderr]    Compiling http-range-header v0.3.0
[INFO] [stderr]    Compiling bitflags v1.3.2
[INFO] [stderr]    Compiling sync_wrapper v0.1.2
[INFO] [stderr]    Compiling matchit v0.7.0
[INFO] [stderr]    Compiling stringprep v0.1.2
[INFO] [stderr]    Compiling crypto-common v0.1.6
[INFO] [stderr]    Compiling block-buffer v0.10.4
[INFO] [stderr]    Compiling digest v0.10.7
[INFO] [stderr]    Compiling hmac v0.12.1
[INFO] [stderr]    Compiling sha2 v0.10.7
[INFO] [stderr]    Compiling md-5 v0.10.5
[INFO] [stderr]    Compiling regex-automata v0.1.10
[INFO] [stderr]    Compiling postgres-protocol v0.6.5
[INFO] [stderr]    Compiling regex v1.8.4
[INFO] [stderr]    Compiling postgres-types v0.2.5
[INFO] [stderr]    Compiling matchers v0.1.0
[INFO] [stderr]    Compiling diesel_table_macro_syntax v0.1.0
[INFO] [stderr]    Compiling tracing-attributes v0.1.26
[INFO] [stderr]    Compiling tokio-macros v2.1.0
[INFO] [stderr]    Compiling futures-macro v0.3.28
[INFO] [stderr]    Compiling serde_derive v1.0.164
[INFO] [stderr]    Compiling pin-project-internal v1.1.1
[INFO] [stderr]    Compiling diesel_derives v2.1.0
[INFO] [stderr] rustc-LLVM ERROR: IO failure on output stream: No space left on device
[INFO] [stderr] error: could not compile `diesel_derives` (lib)
[INFO] [stderr] 
[INFO] [stderr] Caused by:
[INFO] [stderr]   No space left on device (os error 28)
[INFO] [stderr] 
[INFO] [stderr] Caused by:
[INFO] [stderr]   failed to parse process output: `/opt/rustwide/rustup-home/toolchains/beta-2024-12-08-x86_64-unknown-linux-gnu/bin/rustc --crate-name diesel_derives --edition=2021 /opt/rustwide/cargo-home/registry/src/index.crates.io-6f17d22bba15001f/diesel_derives-2.1.0/src/lib.rs --error-format=json --json=diagnostic-rendered-ansi,artifacts,future-incompat --crate-type proc-macro --emit=dep-info,link -C prefer-dynamic -C embed-bitcode=no --cfg 'feature="32-column-tables"' --cfg 'feature="default"' --cfg 'feature="postgres"' --cfg 'feature="with-deprecated"' --check-cfg 'cfg(docsrs)' --check-cfg 'cfg(feature, values("128-column-tables", "32-column-tables", "64-column-tables", "default", "mysql", "nightly", "postgres", "r2d2", "sqlite", "with-deprecated", "without-deprecated"))' -C metadata=538d174cb4e37b8b -C extra-filename=-538d174cb4e37b8b --out-dir /opt/rustwide/target/debug/deps -L dependency=/opt/rustwide/target/debug/deps --extern diesel_table_macro_syntax=/opt/rustwide/target/debug/deps/libdiesel_table_macro_syntax-00f67cc930269bd3.rlib --extern proc_macro2=/opt/rustwide/target/debug/deps/libproc_macro2-55dea62389d1ad0b.rlib --extern quote=/opt/rustwide/target/debug/deps/libquote-e955f0860ce33823.rlib --extern syn=/opt/rustwide/target/debug/deps/libsyn-674742eda6779015.rlib --extern proc_macro --cap-lints allow --cap-lints=warn` (exit status: 101)
[INFO] [stderr] warning: build failed, waiting for other jobs to finish...
[INFO] [stdout] error: linking with `cc` failed: exit status: 1
[INFO] [stdout]   |
[INFO] [stdout]   = note: LC_ALL="C" PATH="/opt/rustwide/rustup-home/toolchains/beta-2024-12-08-x86_64-unknown-linux-gnu/lib/rustlib/x86_64-unknown-linux-gnu/bin:/opt/rustwide/cargo-home/bin:/usr/local/sbin:/usr/local/bin:/usr/sbin:/usr/bin:/sbin:/bin" VSLANG="1033" "cc" "-Wl,--version-script=/tmp/rustcM1tvmb/list" "-Wl,--no-undefined-version" "-m64" "/tmp/rustcM1tvmb/symbols.o" "/opt/rustwide/target/debug/deps/tracing_attributes-737deb4eec86056b.tracing_attributes.a5a20e2a2777b75c-cgu.00.rcgu.o" "/opt/rustwide/target/debug/deps/tracing_attributes-737deb4eec86056b.tracing_attributes.a5a20e2a2777b75c-cgu.01.rcgu.o" "/opt/rustwide/target/debug/deps/tracing_attributes-737deb4eec86056b.tracing_attributes.a5a20e2a2777b75c-cgu.02.rcgu.o" "/opt/rustwide/target/debug/deps/tracing_attributes-737deb4eec86056b.tracing_attributes.a5a20e2a2777b75c-cgu.03.rcgu.o" "/opt/rustwide/target/debug/deps/tracing_attributes-737deb4eec86056b.tracing_attributes.a5a20e2a2777b75c-cgu.04.rcgu.o" "/opt/rustwide/target/debug/deps/tracing_attributes-737deb4eec86056b.tracing_attributes.a5a20e2a2777b75c-cgu.05.rcgu.o" "/opt/rustwide/target/debug/deps/tracing_attributes-737deb4eec86056b.tracing_attributes.a5a20e2a2777b75c-cgu.06.rcgu.o" "/opt/rustwide/target/debug/deps/tracing_attributes-737deb4eec86056b.tracing_attributes.a5a20e2a2777b75c-cgu.07.rcgu.o" "/opt/rustwide/target/debug/deps/tracing_attributes-737deb4eec86056b.tracing_attributes.a5a20e2a2777b75c-cgu.08.rcgu.o" "/opt/rustwide/target/debug/deps/tracing_attributes-737deb4eec86056b.tracing_attributes.a5a20e2a2777b75c-cgu.09.rcgu.o" "/opt/rustwide/target/debug/deps/tracing_attributes-737deb4eec86056b.tracing_attributes.a5a20e2a2777b75c-cgu.10.rcgu.o" "/opt/rustwide/target/debug/deps/tracing_attributes-737deb4eec86056b.tracing_attributes.a5a20e2a2777b75c-cgu.11.rcgu.o" "/opt/rustwide/target/debug/deps/tracing_attributes-737deb4eec86056b.tracing_attributes.a5a20e2a2777b75c-cgu.12.rcgu.o" "/opt/rustwide/target/debug/deps/tracing_attributes-737deb4eec86056b.tracing_attributes.a5a20e2a2777b75c-cgu.13.rcgu.o" "/opt/rustwide/target/debug/deps/tracing_attributes-737deb4eec86056b.tracing_attributes.a5a20e2a2777b75c-cgu.14.rcgu.o" "/opt/rustwide/target/debug/deps/tracing_attributes-737deb4eec86056b.tracing_attributes.a5a20e2a2777b75c-cgu.15.rcgu.o" "/opt/rustwide/target/debug/deps/tracing_attributes-737deb4eec86056b.asgc0z6vueypub8cayu5p36i5.rcgu.rmeta" "/opt/rustwide/target/debug/deps/tracing_attributes-737deb4eec86056b.am1606u1b1g3tp3v21mizmlov.rcgu.o" "-Wl,--as-needed" "-Wl,-Bstatic" "/opt/rustwide/target/debug/deps/libsyn-674742eda6779015.rlib" "/opt/rustwide/target/debug/deps/libquote-e955f0860ce33823.rlib" "/opt/rustwide/target/debug/deps/libproc_macro2-55dea62389d1ad0b.rlib" "/opt/rustwide/target/debug/deps/libunicode_ident-b22311444b05bcd3.rlib" "/opt/rustwide/rustup-home/toolchains/beta-2024-12-08-x86_64-unknown-linux-gnu/lib/rustlib/x86_64-unknown-linux-gnu/lib/libproc_macro-bcafc4e6921040d1.rlib" "/opt/rustwide/rustup-home/toolchains/beta-2024-12-08-x86_64-unknown-linux-gnu/lib/rustlib/x86_64-unknown-linux-gnu/lib/libstd-02dc84f49135b6b8.rlib" "/opt/rustwide/rustup-home/toolchains/beta-2024-12-08-x86_64-unknown-linux-gnu/lib/rustlib/x86_64-unknown-linux-gnu/lib/libpanic_unwind-a8f45b397fae3f81.rlib" "/opt/rustwide/rustup-home/toolchains/beta-2024-12-08-x86_64-unknown-linux-gnu/lib/rustlib/x86_64-unknown-linux-gnu/lib/libobject-089607133c180609.rlib" "/opt/rustwide/rustup-home/toolchains/beta-2024-12-08-x86_64-unknown-linux-gnu/lib/rustlib/x86_64-unknown-linux-gnu/lib/libmemchr-fc89f091bcd86cbb.rlib" "/opt/rustwide/rustup-home/toolchains/beta-2024-12-08-x86_64-unknown-linux-gnu/lib/rustlib/x86_64-unknown-linux-gnu/lib/libaddr2line-5a60949f01c7340c.rlib" "/opt/rustwide/rustup-home/toolchains/beta-2024-12-08-x86_64-unknown-linux-gnu/lib/rustlib/x86_64-unknown-linux-gnu/lib/libgimli-d29e6a55ca253c8c.rlib" "/opt/rustwide/rustup-home/toolchains/beta-2024-12-08-x86_64-unknown-linux-gnu/lib/rustlib/x86_64-unknown-linux-gnu/lib/librustc_demangle-273c078d5f65de7a.rlib" "/opt/rustwide/rustup-home/toolchains/beta-2024-12-08-x86_64-unknown-linux-gnu/lib/rustlib/x86_64-unknown-linux-gnu/lib/libstd_detect-413c950ffbdd4454.rlib" "/opt/rustwide/rustup-home/toolchains/beta-2024-12-08-x86_64-unknown-linux-gnu/lib/rustlib/x86_64-unknown-linux-gnu/lib/libhashbrown-1853c0976a1d88a6.rlib" "/opt/rustwide/rustup-home/toolchains/beta-2024-12-08-x86_64-unknown-linux-gnu/lib/rustlib/x86_64-unknown-linux-gnu/lib/librustc_std_workspace_alloc-ccb3384ddacb0f9e.rlib" "/opt/rustwide/rustup-home/toolchains/beta-2024-12-08-x86_64-unknown-linux-gnu/lib/rustlib/x86_64-unknown-linux-gnu/lib/libminiz_oxide-0b901dfb0ca849e0.rlib" "/opt/rustwide/rustup-home/toolchains/beta-2024-12-08-x86_64-unknown-linux-gnu/lib/rustlib/x86_64-unknown-linux-gnu/lib/libadler-eebeb8d7c64543ad.rlib" "/opt/rustwide/rustup-home/toolchains/beta-2024-12-08-x86_64-unknown-linux-gnu/lib/rustlib/x86_64-unknown-linux-gnu/lib/libunwind-4723ef81d6079867.rlib" "/opt/rustwide/rustup-home/toolchains/beta-2024-12-08-x86_64-unknown-linux-gnu/lib/rustlib/x86_64-unknown-linux-gnu/lib/libcfg_if-54442f8b422f5a54.rlib" "/opt/rustwide/rustup-home/toolchains/beta-2024-12-08-x86_64-unknown-linux-gnu/lib/rustlib/x86_64-unknown-linux-gnu/lib/liblibc-e0bbe034b5282553.rlib" "/opt/rustwide/rustup-home/toolchains/beta-2024-12-08-x86_64-unknown-linux-gnu/lib/rustlib/x86_64-unknown-linux-gnu/lib/liballoc-d0febb68c1c37b90.rlib" "/opt/rustwide/rustup-home/toolchains/beta-2024-12-08-x86_64-unknown-linux-gnu/lib/rustlib/x86_64-unknown-linux-gnu/lib/librustc_std_workspace_core-4cf833632aafa84c.rlib" "/opt/rustwide/rustup-home/toolchains/beta-2024-12-08-x86_64-unknown-linux-gnu/lib/rustlib/x86_64-unknown-linux-gnu/lib/libcore-65c2c6d2d6ae570b.rlib" "/opt/rustwide/rustup-home/toolchains/beta-2024-12-08-x86_64-unknown-linux-gnu/lib/rustlib/x86_64-unknown-linux-gnu/lib/libcompiler_builtins-97929cee0dcfe424.rlib" "-Wl,-Bdynamic" "-lgcc_s" "-lutil" "-lrt" "-lpthread" "-lm" "-ldl" "-lc" "-Wl,--eh-frame-hdr" "-Wl,-z,noexecstack" "-L" "/opt/rustwide/rustup-home/toolchains/beta-2024-12-08-x86_64-unknown-linux-gnu/lib/rustlib/x86_64-unknown-linux-gnu/lib" "-o" "/opt/rustwide/target/debug/deps/libtracing_attributes-737deb4eec86056b.so" "-Wl,--gc-sections" "-shared" "-Wl,-z,relro,-z,now" "-nodefaultlibs"
[INFO] [stdout]   = note: /usr/bin/ld: final link failed: No space left on device
[INFO] [stdout]           collect2: error: ld returned 1 exit status
[INFO] [stdout]           
[INFO] [stdout] 
[INFO] [stdout] 
[INFO] [stderr] error: could not compile `tracing-attributes` (lib) due to 1 previous error
[INFO] [stdout] error: couldn't create a temp dir: No space left on device (os error 28) at path "/opt/rustwide/target/debug/deps/rmetanF2MA5"
[INFO] [stdout] 
[INFO] [stdout] 
[INFO] [stdout] error: linking with `cc` failed: exit status: 1
[INFO] [stdout]   |
[INFO] [stdout]   = note: LC_ALL="C" PATH="/opt/rustwide/rustup-home/toolchains/beta-2024-12-08-x86_64-unknown-linux-gnu/lib/rustlib/x86_64-unknown-linux-gnu/bin:/opt/rustwide/cargo-home/bin:/usr/local/sbin:/usr/local/bin:/usr/sbin:/usr/bin:/sbin:/bin" VSLANG="1033" "cc" "-Wl,--version-script=/tmp/rustcMBhbTR/list" "-Wl,--no-undefined-version" "-m64" "/tmp/rustcMBhbTR/symbols.o" "/opt/rustwide/target/debug/deps/serde_derive-496a5d56a5d6ef8e.serde_derive.16635b8afc7f0cab-cgu.00.rcgu.o" "/opt/rustwide/target/debug/deps/serde_derive-496a5d56a5d6ef8e.serde_derive.16635b8afc7f0cab-cgu.01.rcgu.o" "/opt/rustwide/target/debug/deps/serde_derive-496a5d56a5d6ef8e.serde_derive.16635b8afc7f0cab-cgu.02.rcgu.o" "/opt/rustwide/target/debug/deps/serde_derive-496a5d56a5d6ef8e.serde_derive.16635b8afc7f0cab-cgu.03.rcgu.o" "/opt/rustwide/target/debug/deps/serde_derive-496a5d56a5d6ef8e.serde_derive.16635b8afc7f0cab-cgu.04.rcgu.o" "/opt/rustwide/target/debug/deps/serde_derive-496a5d56a5d6ef8e.serde_derive.16635b8afc7f0cab-cgu.05.rcgu.o" "/opt/rustwide/target/debug/deps/serde_derive-496a5d56a5d6ef8e.serde_derive.16635b8afc7f0cab-cgu.06.rcgu.o" "/opt/rustwide/target/debug/deps/serde_derive-496a5d56a5d6ef8e.serde_derive.16635b8afc7f0cab-cgu.07.rcgu.o" "/opt/rustwide/target/debug/deps/serde_derive-496a5d56a5d6ef8e.serde_derive.16635b8afc7f0cab-cgu.08.rcgu.o" "/opt/rustwide/target/debug/deps/serde_derive-496a5d56a5d6ef8e.serde_derive.16635b8afc7f0cab-cgu.09.rcgu.o" "/opt/rustwide/target/debug/deps/serde_derive-496a5d56a5d6ef8e.serde_derive.16635b8afc7f0cab-cgu.10.rcgu.o" "/opt/rustwide/target/debug/deps/serde_derive-496a5d56a5d6ef8e.serde_derive.16635b8afc7f0cab-cgu.11.rcgu.o" "/opt/rustwide/target/debug/deps/serde_derive-496a5d56a5d6ef8e.serde_derive.16635b8afc7f0cab-cgu.12.rcgu.o" "/opt/rustwide/target/debug/deps/serde_derive-496a5d56a5d6ef8e.serde_derive.16635b8afc7f0cab-cgu.13.rcgu.o" "/opt/rustwide/target/debug/deps/serde_derive-496a5d56a5d6ef8e.serde_derive.16635b8afc7f0cab-cgu.14.rcgu.o" "/opt/rustwide/target/debug/deps/serde_derive-496a5d56a5d6ef8e.serde_derive.16635b8afc7f0cab-cgu.15.rcgu.o" "/opt/rustwide/target/debug/deps/serde_derive-496a5d56a5d6ef8e.97x24ze6v5cwxbr5zarugok6u.rcgu.rmeta" "/opt/rustwide/target/debug/deps/serde_derive-496a5d56a5d6ef8e.bfhgcufuowng6tq2s9t51d7f9.rcgu.o" "-Wl,--as-needed" "-Wl,-Bstatic" "/opt/rustwide/target/debug/deps/libsyn-674742eda6779015.rlib" "/opt/rustwide/target/debug/deps/libquote-e955f0860ce33823.rlib" "/opt/rustwide/target/debug/deps/libproc_macro2-55dea62389d1ad0b.rlib" "/opt/rustwide/target/debug/deps/libunicode_ident-b22311444b05bcd3.rlib" "/opt/rustwide/rustup-home/toolchains/beta-2024-12-08-x86_64-unknown-linux-gnu/lib/rustlib/x86_64-unknown-linux-gnu/lib/libproc_macro-bcafc4e6921040d1.rlib" "/opt/rustwide/rustup-home/toolchains/beta-2024-12-08-x86_64-unknown-linux-gnu/lib/rustlib/x86_64-unknown-linux-gnu/lib/libstd-02dc84f49135b6b8.rlib" "/opt/rustwide/rustup-home/toolchains/beta-2024-12-08-x86_64-unknown-linux-gnu/lib/rustlib/x86_64-unknown-linux-gnu/lib/libpanic_unwind-a8f45b397fae3f81.rlib" "/opt/rustwide/rustup-home/toolchains/beta-2024-12-08-x86_64-unknown-linux-gnu/lib/rustlib/x86_64-unknown-linux-gnu/lib/libobject-089607133c180609.rlib" "/opt/rustwide/rustup-home/toolchains/beta-2024-12-08-x86_64-unknown-linux-gnu/lib/rustlib/x86_64-unknown-linux-gnu/lib/libmemchr-fc89f091bcd86cbb.rlib" "/opt/rustwide/rustup-home/toolchains/beta-2024-12-08-x86_64-unknown-linux-gnu/lib/rustlib/x86_64-unknown-linux-gnu/lib/libaddr2line-5a60949f01c7340c.rlib" "/opt/rustwide/rustup-home/toolchains/beta-2024-12-08-x86_64-unknown-linux-gnu/lib/rustlib/x86_64-unknown-linux-gnu/lib/libgimli-d29e6a55ca253c8c.rlib" "/opt/rustwide/rustup-home/toolchains/beta-2024-12-08-x86_64-unknown-linux-gnu/lib/rustlib/x86_64-unknown-linux-gnu/lib/librustc_demangle-273c078d5f65de7a.rlib" "/opt/rustwide/rustup-home/toolchains/beta-2024-12-08-x86_64-unknown-linux-gnu/lib/rustlib/x86_64-unknown-linux-gnu/lib/libstd_detect-413c950ffbdd4454.rlib" "/opt/rustwide/rustup-home/toolchains/beta-2024-12-08-x86_64-unknown-linux-gnu/lib/rustlib/x86_64-unknown-linux-gnu/lib/libhashbrown-1853c0976a1d88a6.rlib" "/opt/rustwide/rustup-home/toolchains/beta-2024-12-08-x86_64-unknown-linux-gnu/lib/rustlib/x86_64-unknown-linux-gnu/lib/librustc_std_workspace_alloc-ccb3384ddacb0f9e.rlib" "/opt/rustwide/rustup-home/toolchains/beta-2024-12-08-x86_64-unknown-linux-gnu/lib/rustlib/x86_64-unknown-linux-gnu/lib/libminiz_oxide-0b901dfb0ca849e0.rlib" "/opt/rustwide/rustup-home/toolchains/beta-2024-12-08-x86_64-unknown-linux-gnu/lib/rustlib/x86_64-unknown-linux-gnu/lib/libadler-eebeb8d7c64543ad.rlib" "/opt/rustwide/rustup-home/toolchains/beta-2024-12-08-x86_64-unknown-linux-gnu/lib/rustlib/x86_64-unknown-linux-gnu/lib/libunwind-4723ef81d6079867.rlib" "/opt/rustwide/rustup-home/toolchains/beta-2024-12-08-x86_64-unknown-linux-gnu/lib/rustlib/x86_64-unknown-linux-gnu/lib/libcfg_if-54442f8b422f5a54.rlib" "/opt/rustwide/rustup-home/toolchains/beta-2024-12-08-x86_64-unknown-linux-gnu/lib/rustlib/x86_64-unknown-linux-gnu/lib/liblibc-e0bbe034b5282553.rlib" "/opt/rustwide/rustup-home/toolchains/beta-2024-12-08-x86_64-unknown-linux-gnu/lib/rustlib/x86_64-unknown-linux-gnu/lib/liballoc-d0febb68c1c37b90.rlib" "/opt/rustwide/rustup-home/toolchains/beta-2024-12-08-x86_64-unknown-linux-gnu/lib/rustlib/x86_64-unknown-linux-gnu/lib/librustc_std_workspace_core-4cf833632aafa84c.rlib" "/opt/rustwide/rustup-home/toolchains/beta-2024-12-08-x86_64-unknown-linux-gnu/lib/rustlib/x86_64-unknown-linux-gnu/lib/libcore-65c2c6d2d6ae570b.rlib" "/opt/rustwide/rustup-home/toolchains/beta-2024-12-08-x86_64-unknown-linux-gnu/lib/rustlib/x86_64-unknown-linux-gnu/lib/libcompiler_builtins-97929cee0dcfe424.rlib" "-Wl,-Bdynamic" "-lgcc_s" "-lutil" "-lrt" "-lpthread" "-lm" "-ldl" "-lc" "-Wl,--eh-frame-hdr" "-Wl,-z,noexecstack" "-L" "/opt/rustwide/rustup-home/toolchains/beta-2024-12-08-x86_64-unknown-linux-gnu/lib/rustlib/x86_64-unknown-linux-gnu/lib" "-o" "/opt/rustwide/target/debug/deps/libserde_derive-496a5d56a5d6ef8e.so" "-Wl,--gc-sections" "-shared" "-Wl,-z,relro,-z,now" "-nodefaultlibs"
[INFO] [stdout]   = note: /usr/bin/ld: final link failed: No space left on device
[INFO] [stdout]           collect2: error: ld returned 1 exit status
[INFO] [stdout]           
[INFO] [stdout] 
[INFO] [stdout] 
[INFO] [stdout] error: linking with `cc` failed: exit status: 1
[INFO] [stdout]   |
[INFO] [stdout]   = note: LC_ALL="C" PATH="/opt/rustwide/rustup-home/toolchains/beta-2024-12-08-x86_64-unknown-linux-gnu/lib/rustlib/x86_64-unknown-linux-gnu/bin:/opt/rustwide/cargo-home/bin:/usr/local/sbin:/usr/local/bin:/usr/sbin:/usr/bin:/sbin:/bin" VSLANG="1033" "cc" "-Wl,--version-script=/tmp/rustcqSYBrX/list" "-Wl,--no-undefined-version" "-m64" "/tmp/rustcqSYBrX/symbols.o" "/opt/rustwide/target/debug/deps/async_trait-8aa6db36dce0d32f.async_trait.75dbe5ece8d7d5c1-cgu.00.rcgu.o" "/opt/rustwide/target/debug/deps/async_trait-8aa6db36dce0d32f.async_trait.75dbe5ece8d7d5c1-cgu.01.rcgu.o" "/opt/rustwide/target/debug/deps/async_trait-8aa6db36dce0d32f.async_trait.75dbe5ece8d7d5c1-cgu.02.rcgu.o" "/opt/rustwide/target/debug/deps/async_trait-8aa6db36dce0d32f.async_trait.75dbe5ece8d7d5c1-cgu.03.rcgu.o" "/opt/rustwide/target/debug/deps/async_trait-8aa6db36dce0d32f.async_trait.75dbe5ece8d7d5c1-cgu.04.rcgu.o" "/opt/rustwide/target/debug/deps/async_trait-8aa6db36dce0d32f.async_trait.75dbe5ece8d7d5c1-cgu.05.rcgu.o" "/opt/rustwide/target/debug/deps/async_trait-8aa6db36dce0d32f.async_trait.75dbe5ece8d7d5c1-cgu.06.rcgu.o" "/opt/rustwide/target/debug/deps/async_trait-8aa6db36dce0d32f.async_trait.75dbe5ece8d7d5c1-cgu.07.rcgu.o" "/opt/rustwide/target/debug/deps/async_trait-8aa6db36dce0d32f.async_trait.75dbe5ece8d7d5c1-cgu.08.rcgu.o" "/opt/rustwide/target/debug/deps/async_trait-8aa6db36dce0d32f.async_trait.75dbe5ece8d7d5c1-cgu.09.rcgu.o" "/opt/rustwide/target/debug/deps/async_trait-8aa6db36dce0d32f.2f092356mb7khb6er1o5nhbm3.rcgu.rmeta" "/opt/rustwide/target/debug/deps/async_trait-8aa6db36dce0d32f.e112223n3u6m0b392qwtvqeo2.rcgu.o" "-Wl,--as-needed" "-Wl,-Bstatic" "/opt/rustwide/target/debug/deps/libsyn-674742eda6779015.rlib" "/opt/rustwide/target/debug/deps/libquote-e955f0860ce33823.rlib" "/opt/rustwide/target/debug/deps/libproc_macro2-55dea62389d1ad0b.rlib" "/opt/rustwide/target/debug/deps/libunicode_ident-b22311444b05bcd3.rlib" "/opt/rustwide/rustup-home/toolchains/beta-2024-12-08-x86_64-unknown-linux-gnu/lib/rustlib/x86_64-unknown-linux-gnu/lib/libproc_macro-bcafc4e6921040d1.rlib" "/opt/rustwide/rustup-home/toolchains/beta-2024-12-08-x86_64-unknown-linux-gnu/lib/rustlib/x86_64-unknown-linux-gnu/lib/libstd-02dc84f49135b6b8.rlib" "/opt/rustwide/rustup-home/toolchains/beta-2024-12-08-x86_64-unknown-linux-gnu/lib/rustlib/x86_64-unknown-linux-gnu/lib/libpanic_unwind-a8f45b397fae3f81.rlib" "/opt/rustwide/rustup-home/toolchains/beta-2024-12-08-x86_64-unknown-linux-gnu/lib/rustlib/x86_64-unknown-linux-gnu/lib/libobject-089607133c180609.rlib" "/opt/rustwide/rustup-home/toolchains/beta-2024-12-08-x86_64-unknown-linux-gnu/lib/rustlib/x86_64-unknown-linux-gnu/lib/libmemchr-fc89f091bcd86cbb.rlib" "/opt/rustwide/rustup-home/toolchains/beta-2024-12-08-x86_64-unknown-linux-gnu/lib/rustlib/x86_64-unknown-linux-gnu/lib/libaddr2line-5a60949f01c7340c.rlib" "/opt/rustwide/rustup-home/toolchains/beta-2024-12-08-x86_64-unknown-linux-gnu/lib/rustlib/x86_64-unknown-linux-gnu/lib/libgimli-d29e6a55ca253c8c.rlib" "/opt/rustwide/rustup-home/toolchains/beta-2024-12-08-x86_64-unknown-linux-gnu/lib/rustlib/x86_64-unknown-linux-gnu/lib/librustc_demangle-273c078d5f65de7a.rlib" "/opt/rustwide/rustup-home/toolchains/beta-2024-12-08-x86_64-unknown-linux-gnu/lib/rustlib/x86_64-unknown-linux-gnu/lib/libstd_detect-413c950ffbdd4454.rlib" "/opt/rustwide/rustup-home/toolchains/beta-2024-12-08-x86_64-unknown-linux-gnu/lib/rustlib/x86_64-unknown-linux-gnu/lib/libhashbrown-1853c0976a1d88a6.rlib" "/opt/rustwide/rustup-home/toolchains/beta-2024-12-08-x86_64-unknown-linux-gnu/lib/rustlib/x86_64-unknown-linux-gnu/lib/librustc_std_workspace_alloc-ccb3384ddacb0f9e.rlib" "/opt/rustwide/rustup-home/toolchains/beta-2024-12-08-x86_64-unknown-linux-gnu/lib/rustlib/x86_64-unknown-linux-gnu/lib/libminiz_oxide-0b901dfb0ca849e0.rlib" "/opt/rustwide/rustup-home/toolchains/beta-2024-12-08-x86_64-unknown-linux-gnu/lib/rustlib/x86_64-unknown-linux-gnu/lib/libadler-eebeb8d7c64543ad.rlib" "/opt/rustwide/rustup-home/toolchains/beta-2024-12-08-x86_64-unknown-linux-gnu/lib/rustlib/x86_64-unknown-linux-gnu/lib/libunwind-4723ef81d6079867.rlib" "/opt/rustwide/rustup-home/toolchains/beta-2024-12-08-x86_64-unknown-linux-gnu/lib/rustlib/x86_64-unknown-linux-gnu/lib/libcfg_if-54442f8b422f5a54.rlib" "/opt/rustwide/rustup-home/toolchains/beta-2024-12-08-x86_64-unknown-linux-gnu/lib/rustlib/x86_64-unknown-linux-gnu/lib/liblibc-e0bbe034b5282553.rlib" "/opt/rustwide/rustup-home/toolchains/beta-2024-12-08-x86_64-unknown-linux-gnu/lib/rustlib/x86_64-unknown-linux-gnu/lib/liballoc-d0febb68c1c37b90.rlib" "/opt/rustwide/rustup-home/toolchains/beta-2024-12-08-x86_64-unknown-linux-gnu/lib/rustlib/x86_64-unknown-linux-gnu/lib/librustc_std_workspace_core-4cf833632aafa84c.rlib" "/opt/rustwide/rustup-home/toolchains/beta-2024-12-08-x86_64-unknown-linux-gnu/lib/rustlib/x86_64-unknown-linux-gnu/lib/libcore-65c2c6d2d6ae570b.rlib" "/opt/rustwide/rustup-home/toolchains/beta-2024-12-08-x86_64-unknown-linux-gnu/lib/rustlib/x86_64-unknown-linux-gnu/lib/libcompiler_builtins-97929cee0dcfe424.rlib" "-Wl,-Bdynamic" "-lgcc_s" "-lutil" "-lrt" "-lpthread" "-lm" "-ldl" "-lc" "-Wl,--eh-frame-hdr" "-Wl,-z,noexecstack" "-L" "/opt/rustwide/rustup-home/toolchains/beta-2024-12-08-x86_64-unknown-linux-gnu/lib/rustlib/x86_64-unknown-linux-gnu/lib" "-o" "/opt/rustwide/target/debug/deps/libasync_trait-8aa6db36dce0d32f.so" "-Wl,--gc-sections" "-shared" "-Wl,-z,relro,-z,now" "-nodefaultlibs"
[INFO] [stdout]   = note: /usr/bin/ld: final link failed: No space left on device
[INFO] [stdout]           collect2: error: ld returned 1 exit status
[INFO] [stdout]           
[INFO] [stdout] 
[INFO] [stdout] 
[INFO] [stdout] error: linking with `cc` failed: exit status: 1
[INFO] [stdout]   |
[INFO] [stdout]   = note: LC_ALL="C" PATH="/opt/rustwide/rustup-home/toolchains/beta-2024-12-08-x86_64-unknown-linux-gnu/lib/rustlib/x86_64-unknown-linux-gnu/bin:/opt/rustwide/cargo-home/bin:/usr/local/sbin:/usr/local/bin:/usr/sbin:/usr/bin:/sbin:/bin" VSLANG="1033" "cc" "-Wl,--version-script=/tmp/rustcIDbckO/list" "-Wl,--no-undefined-version" "-m64" "/tmp/rustcIDbckO/symbols.o" "/opt/rustwide/target/debug/deps/pin_project_internal-ea6de4ab60a84206.pin_project_internal.8c8d897cd5eed13c-cgu.00.rcgu.o" "/opt/rustwide/target/debug/deps/pin_project_internal-ea6de4ab60a84206.pin_project_internal.8c8d897cd5eed13c-cgu.01.rcgu.o" "/opt/rustwide/target/debug/deps/pin_project_internal-ea6de4ab60a84206.pin_project_internal.8c8d897cd5eed13c-cgu.02.rcgu.o" "/opt/rustwide/target/debug/deps/pin_project_internal-ea6de4ab60a84206.pin_project_internal.8c8d897cd5eed13c-cgu.03.rcgu.o" "/opt/rustwide/target/debug/deps/pin_project_internal-ea6de4ab60a84206.pin_project_internal.8c8d897cd5eed13c-cgu.04.rcgu.o" "/opt/rustwide/target/debug/deps/pin_project_internal-ea6de4ab60a84206.pin_project_internal.8c8d897cd5eed13c-cgu.05.rcgu.o" "/opt/rustwide/target/debug/deps/pin_project_internal-ea6de4ab60a84206.pin_project_internal.8c8d897cd5eed13c-cgu.06.rcgu.o" "/opt/rustwide/target/debug/deps/pin_project_internal-ea6de4ab60a84206.pin_project_internal.8c8d897cd5eed13c-cgu.07.rcgu.o" "/opt/rustwide/target/debug/deps/pin_project_internal-ea6de4ab60a84206.pin_project_internal.8c8d897cd5eed13c-cgu.08.rcgu.o" "/opt/rustwide/target/debug/deps/pin_project_internal-ea6de4ab60a84206.pin_project_internal.8c8d897cd5eed13c-cgu.09.rcgu.o" "/opt/rustwide/target/debug/deps/pin_project_internal-ea6de4ab60a84206.pin_project_internal.8c8d897cd5eed13c-cgu.10.rcgu.o" "/opt/rustwide/target/debug/deps/pin_project_internal-ea6de4ab60a84206.7mmccvqgud4cmcsv9v7kgo2s0.rcgu.rmeta" "/opt/rustwide/target/debug/deps/pin_project_internal-ea6de4ab60a84206.a3fs8go8v8mpbqzm1rxy8qalp.rcgu.o" "-Wl,--as-needed" "-Wl,-Bstatic" "/opt/rustwide/target/debug/deps/libsyn-674742eda6779015.rlib" "/opt/rustwide/target/debug/deps/libquote-e955f0860ce33823.rlib" "/opt/rustwide/target/debug/deps/libproc_macro2-55dea62389d1ad0b.rlib" "/opt/rustwide/target/debug/deps/libunicode_ident-b22311444b05bcd3.rlib" "/opt/rustwide/rustup-home/toolchains/beta-2024-12-08-x86_64-unknown-linux-gnu/lib/rustlib/x86_64-unknown-linux-gnu/lib/libproc_macro-bcafc4e6921040d1.rlib" "/opt/rustwide/rustup-home/toolchains/beta-2024-12-08-x86_64-unknown-linux-gnu/lib/rustlib/x86_64-unknown-linux-gnu/lib/libstd-02dc84f49135b6b8.rlib" "/opt/rustwide/rustup-home/toolchains/beta-2024-12-08-x86_64-unknown-linux-gnu/lib/rustlib/x86_64-unknown-linux-gnu/lib/libpanic_unwind-a8f45b397fae3f81.rlib" "/opt/rustwide/rustup-home/toolchains/beta-2024-12-08-x86_64-unknown-linux-gnu/lib/rustlib/x86_64-unknown-linux-gnu/lib/libobject-089607133c180609.rlib" "/opt/rustwide/rustup-home/toolchains/beta-2024-12-08-x86_64-unknown-linux-gnu/lib/rustlib/x86_64-unknown-linux-gnu/lib/libmemchr-fc89f091bcd86cbb.rlib" "/opt/rustwide/rustup-home/toolchains/beta-2024-12-08-x86_64-unknown-linux-gnu/lib/rustlib/x86_64-unknown-linux-gnu/lib/libaddr2line-5a60949f01c7340c.rlib" "/opt/rustwide/rustup-home/toolchains/beta-2024-12-08-x86_64-unknown-linux-gnu/lib/rustlib/x86_64-unknown-linux-gnu/lib/libgimli-d29e6a55ca253c8c.rlib" "/opt/rustwide/rustup-home/toolchains/beta-2024-12-08-x86_64-unknown-linux-gnu/lib/rustlib/x86_64-unknown-linux-gnu/lib/librustc_demangle-273c078d5f65de7a.rlib" "/opt/rustwide/rustup-home/toolchains/beta-2024-12-08-x86_64-unknown-linux-gnu/lib/rustlib/x86_64-unknown-linux-gnu/lib/libstd_detect-413c950ffbdd4454.rlib" "/opt/rustwide/rustup-home/toolchains/beta-2024-12-08-x86_64-unknown-linux-gnu/lib/rustlib/x86_64-unknown-linux-gnu/lib/libhashbrown-1853c0976a1d88a6.rlib" "/opt/rustwide/rustup-home/toolchains/beta-2024-12-08-x86_64-unknown-linux-gnu/lib/rustlib/x86_64-unknown-linux-gnu/lib/librustc_std_workspace_alloc-ccb3384ddacb0f9e.rlib" "/opt/rustwide/rustup-home/toolchains/beta-2024-12-08-x86_64-unknown-linux-gnu/lib/rustlib/x86_64-unknown-linux-gnu/lib/libminiz_oxide-0b901dfb0ca849e0.rlib" "/opt/rustwide/rustup-home/toolchains/beta-2024-12-08-x86_64-unknown-linux-gnu/lib/rustlib/x86_64-unknown-linux-gnu/lib/libadler-eebeb8d7c64543ad.rlib" "/opt/rustwide/rustup-home/toolchains/beta-2024-12-08-x86_64-unknown-linux-gnu/lib/rustlib/x86_64-unknown-linux-gnu/lib/libunwind-4723ef81d6079867.rlib" "/opt/rustwide/rustup-home/toolchains/beta-2024-12-08-x86_64-unknown-linux-gnu/lib/rustlib/x86_64-unknown-linux-gnu/lib/libcfg_if-54442f8b422f5a54.rlib" "/opt/rustwide/rustup-home/toolchains/beta-2024-12-08-x86_64-unknown-linux-gnu/lib/rustlib/x86_64-unknown-linux-gnu/lib/liblibc-e0bbe034b5282553.rlib" "/opt/rustwide/rustup-home/toolchains/beta-2024-12-08-x86_64-unknown-linux-gnu/lib/rustlib/x86_64-unknown-linux-gnu/lib/liballoc-d0febb68c1c37b90.rlib" "/opt/rustwide/rustup-home/toolchains/beta-2024-12-08-x86_64-unknown-linux-gnu/lib/rustlib/x86_64-unknown-linux-gnu/lib/librustc_std_workspace_core-4cf833632aafa84c.rlib" "/opt/rustwide/rustup-home/toolchains/beta-2024-12-08-x86_64-unknown-linux-gnu/lib/rustlib/x86_64-unknown-linux-gnu/lib/libcore-65c2c6d2d6ae570b.rlib" "/opt/rustwide/rustup-home/toolchains/beta-2024-12-08-x86_64-unknown-linux-gnu/lib/rustlib/x86_64-unknown-linux-gnu/lib/libcompiler_builtins-97929cee0dcfe424.rlib" "-Wl,-Bdynamic" "-lgcc_s" "-lutil" "-lrt" "-lpthread" "-lm" "-ldl" "-lc" "-Wl,--eh-frame-hdr" "-Wl,-z,noexecstack" "-L" "/opt/rustwide/rustup-home/toolchains/beta-2024-12-08-x86_64-unknown-linux-gnu/lib/rustlib/x86_64-unknown-linux-gnu/lib" "-o" "/opt/rustwide/target/debug/deps/libpin_project_internal-ea6de4ab60a84206.so" "-Wl,--gc-sections" "-shared" "-Wl,-z,relro,-z,now" "-nodefaultlibs"
[INFO] [stdout]   = note: /usr/bin/ld: final link failed: No space left on device
[INFO] [stdout]           collect2: error: ld returned 1 exit status
[INFO] [stdout]           
[INFO] [stdout] 
[INFO] [stdout] 
[INFO] [stderr] error: could not compile `async-trait` (lib) due to 1 previous error
[INFO] [stderr] error: could not compile `futures-util` (lib) due to 1 previous error
[INFO] [stderr] error: could not compile `pin-project-internal` (lib) due to 1 previous error
[INFO] [stderr] error: could not compile `serde_derive` (lib) due to 1 previous error
[INFO] [stdout] error: couldn't create a temp dir: No space left on device (os error 28) at path "/opt/rustwide/target/debug/deps/rmetaj9vcG7"
[INFO] [stdout] 
[INFO] [stdout] 
[INFO] [stderr] error: could not compile `tokio` (lib) due to 1 previous error
[INFO] running `Command { std: "docker" "inspect" "13dd37bee09846a2e34011d960316db7080e242a8d986eb36f9b981217743cf7", kill_on_drop: false }`
[INFO] running `Command { std: "docker" "rm" "-f" "13dd37bee09846a2e34011d960316db7080e242a8d986eb36f9b981217743cf7", kill_on_drop: false }`
[INFO] [stdout] 13dd37bee09846a2e34011d960316db7080e242a8d986eb36f9b981217743cf7
