[INFO] cloning repository https://github.com/drogue-iot/drogue-event-source
[INFO] running `Command { std: "git" "-c" "credential.helper=" "-c" "credential.helper=/workspace/cargo-home/bin/git-credential-null" "clone" "--bare" "https://github.com/drogue-iot/drogue-event-source" "/workspace/cache/git-repos/https%3A%2F%2Fgithub.com%2Fdrogue-iot%2Fdrogue-event-source", kill_on_drop: false }`
[INFO] [stderr] Cloning into bare repository '/workspace/cache/git-repos/https%3A%2F%2Fgithub.com%2Fdrogue-iot%2Fdrogue-event-source'...
[INFO] running `Command { std: "git" "rev-parse" "HEAD", kill_on_drop: false }`
[INFO] [stdout] 4b1d72c8606256a985845b88ff09ee08d7fc236d
[INFO] testing drogue-iot/drogue-event-source against beta-2024-12-08 for beta-1.84.0-4-retry
[INFO] running `Command { std: "git" "clone" "/workspace/cache/git-repos/https%3A%2F%2Fgithub.com%2Fdrogue-iot%2Fdrogue-event-source" "/workspace/builds/worker-2-tc2/source", kill_on_drop: false }`
[INFO] [stderr] Cloning into '/workspace/builds/worker-2-tc2/source'...
[INFO] [stderr] done.
[INFO] validating manifest of git repo https://github.com/drogue-iot/drogue-event-source on toolchain beta-2024-12-08
[INFO] running `Command { std: CARGO_HOME="/workspace/cargo-home" RUSTUP_HOME="/workspace/rustup-home" "/workspace/cargo-home/bin/cargo" "+beta-2024-12-08" "metadata" "--manifest-path" "Cargo.toml" "--no-deps", kill_on_drop: false }`
[INFO] started tweaking git repo https://github.com/drogue-iot/drogue-event-source
[INFO] finished tweaking git repo https://github.com/drogue-iot/drogue-event-source
[INFO] tweaked toml for git repo https://github.com/drogue-iot/drogue-event-source written to /workspace/builds/worker-2-tc2/source/Cargo.toml
[INFO] crate git repo https://github.com/drogue-iot/drogue-event-source already has a lockfile, it will not be regenerated
[INFO] running `Command { std: CARGO_HOME="/workspace/cargo-home" RUSTUP_HOME="/workspace/rustup-home" "/workspace/cargo-home/bin/cargo" "+beta-2024-12-08" "fetch" "--manifest-path" "Cargo.toml", kill_on_drop: false }`
[INFO] running `Command { std: "docker" "create" "-v" "/var/lib/crater-agent-workspace/builds/worker-2-tc2/target:/opt/rustwide/target:rw,Z" "-v" "/var/lib/crater-agent-workspace/builds/worker-2-tc2/source:/opt/rustwide/workdir:ro,Z" "-v" "/var/lib/crater-agent-workspace/cargo-home:/opt/rustwide/cargo-home:ro,Z" "-v" "/var/lib/crater-agent-workspace/rustup-home:/opt/rustwide/rustup-home:ro,Z" "-e" "SOURCE_DIR=/opt/rustwide/workdir" "-e" "CARGO_TARGET_DIR=/opt/rustwide/target" "-e" "CARGO_HOME=/opt/rustwide/cargo-home" "-e" "RUSTUP_HOME=/opt/rustwide/rustup-home" "-w" "/opt/rustwide/workdir" "-m" "1610612736" "--user" "0:0" "--network" "none" "ghcr.io/rust-lang/crates-build-env/linux@sha256:f3a9d4ad9d972b27faf3965f35b62e55ba32bbce8f20bc8fe909558a86702fde" "/opt/rustwide/cargo-home/bin/cargo" "+beta-2024-12-08" "metadata" "--no-deps" "--format-version=1", kill_on_drop: false }`
[INFO] [stdout] 98ba929fee827ca698ee219a2e7116d6210d414c391311c967ad3c96a3318f45
[INFO] running `Command { std: "docker" "start" "-a" "98ba929fee827ca698ee219a2e7116d6210d414c391311c967ad3c96a3318f45", kill_on_drop: false }`
[INFO] running `Command { std: "docker" "inspect" "98ba929fee827ca698ee219a2e7116d6210d414c391311c967ad3c96a3318f45", kill_on_drop: false }`
[INFO] running `Command { std: "docker" "rm" "-f" "98ba929fee827ca698ee219a2e7116d6210d414c391311c967ad3c96a3318f45", kill_on_drop: false }`
[INFO] [stdout] 98ba929fee827ca698ee219a2e7116d6210d414c391311c967ad3c96a3318f45
[INFO] running `Command { std: "docker" "create" "-v" "/var/lib/crater-agent-workspace/builds/worker-2-tc2/target:/opt/rustwide/target:rw,Z" "-v" "/var/lib/crater-agent-workspace/builds/worker-2-tc2/source:/opt/rustwide/workdir:ro,Z" "-v" "/var/lib/crater-agent-workspace/cargo-home:/opt/rustwide/cargo-home:ro,Z" "-v" "/var/lib/crater-agent-workspace/rustup-home:/opt/rustwide/rustup-home:ro,Z" "-e" "SOURCE_DIR=/opt/rustwide/workdir" "-e" "CARGO_TARGET_DIR=/opt/rustwide/target" "-e" "CARGO_INCREMENTAL=0" "-e" "RUST_BACKTRACE=full" "-e" "RUSTFLAGS=--cap-lints=warn" "-e" "RUSTDOCFLAGS=--cap-lints=warn" "-e" "CARGO_HOME=/opt/rustwide/cargo-home" "-e" "RUSTUP_HOME=/opt/rustwide/rustup-home" "-w" "/opt/rustwide/workdir" "-m" "1610612736" "--user" "0:0" "--network" "none" "ghcr.io/rust-lang/crates-build-env/linux@sha256:f3a9d4ad9d972b27faf3965f35b62e55ba32bbce8f20bc8fe909558a86702fde" "/opt/rustwide/cargo-home/bin/cargo" "+beta-2024-12-08" "build" "--frozen" "--message-format=json", kill_on_drop: false }`
[INFO] [stdout] 871cf3fb9e3e4c99faed14431da0a37c4da861285f82863fb213bbb7e41fdfa2
[INFO] running `Command { std: "docker" "start" "-a" "871cf3fb9e3e4c99faed14431da0a37c4da861285f82863fb213bbb7e41fdfa2", kill_on_drop: false }`
[INFO] [stderr]    Compiling proc-macro2 v1.0.40
[INFO] [stderr]    Compiling quote v1.0.20
[INFO] [stderr]    Compiling unicode-ident v1.0.1
[INFO] [stderr]    Compiling syn v1.0.98
[INFO] [stderr]    Compiling libc v0.2.126
[INFO] [stderr]    Compiling autocfg v1.1.0
[INFO] [stderr]    Compiling cfg-if v1.0.0
[INFO] [stderr]    Compiling cc v1.0.73
[INFO] [stderr]    Compiling once_cell v1.13.0
[INFO] [stderr]    Compiling pkg-config v0.3.25
[INFO] [stderr]    Compiling memchr v2.5.0
[INFO] [stderr]    Compiling log v0.4.17
[INFO] [stderr]    Compiling serde_derive v1.0.138
[INFO] [stderr]    Compiling serde v1.0.138
[INFO] [stderr]    Compiling pin-project-lite v0.2.9
[INFO] [stderr]    Compiling parking_lot_core v0.9.3
[INFO] [stderr]    Compiling fnv v1.0.7
[INFO] [stderr]    Compiling bytes v1.1.0
[INFO] [stderr]    Compiling futures-core v0.3.21
[INFO] [stderr]    Compiling itoa v1.0.2
[INFO] [stderr]    Compiling smallvec v1.9.0
[INFO] [stderr]    Compiling scopeguard v1.1.0
[INFO] [stderr]    Compiling futures-channel v0.3.21
[INFO] [stderr]    Compiling futures-task v0.3.21
[INFO] [stderr]    Compiling futures-sink v0.3.21
[INFO] [stderr]    Compiling futures-util v0.3.21
[INFO] [stderr]    Compiling version_check v0.9.4
[INFO] [stderr]    Compiling typenum v1.15.0
[INFO] [stderr]    Compiling lock_api v0.4.7
[INFO] [stderr]    Compiling pin-utils v0.1.0
[INFO] [stderr]    Compiling slab v0.4.6
[INFO] [stderr]    Compiling futures-io v0.3.21
[INFO] [stderr]    Compiling bitflags v1.3.2
[INFO] [stderr]    Compiling foreign-types-shared v0.1.1
[INFO] [stderr]    Compiling httparse v1.7.1
[INFO] [stderr]    Compiling spin v0.5.2
[INFO] [stderr]    Compiling untrusted v0.7.1
[INFO] [stderr]    Compiling openssl v0.10.40
[INFO] [stderr]    Compiling foreign-types v0.3.2
[INFO] [stderr]    Compiling indexmap v1.9.1
[INFO] [stderr]    Compiling http v0.2.8
[INFO] [stderr]    Compiling tracing-core v0.1.28
[INFO] [stderr]    Compiling ppv-lite86 v0.2.16
[INFO] [stderr]    Compiling tinyvec_macros v0.1.0
[INFO] [stderr]    Compiling native-tls v0.2.10
[INFO] [stderr]    Compiling generic-array v0.14.5
[INFO] [stderr]    Compiling matches v0.1.9
[INFO] [stderr]    Compiling tinyvec v1.6.0
[INFO] [stderr]    Compiling openssl-probe v0.1.5
[INFO] [stderr]    Compiling percent-encoding v2.1.0
[INFO] [stderr]    Compiling hashbrown v0.12.1
[INFO] [stderr]    Compiling base64 v0.13.0
[INFO] [stderr]    Compiling serde_json v1.0.82
[INFO] [stderr]    Compiling num_cpus v1.13.1
[INFO] [stderr]    Compiling mio v0.8.4
[INFO] [stderr]    Compiling socket2 v0.4.4
[INFO] [stderr]    Compiling signal-hook-registry v1.4.0
[INFO] [stderr]    Compiling getrandom v0.2.7
[INFO] [stderr]    Compiling tracing v0.1.35
[INFO] [stderr]    Compiling rand_core v0.6.3
[INFO] [stderr]    Compiling parking_lot v0.12.1
[INFO] [stderr]    Compiling os_pipe v0.9.2
[INFO] [stderr]    Compiling openssl-sys v0.9.74
[INFO] [stderr]    Compiling ring v0.16.20
[INFO] [stderr]    Compiling shared_child v0.3.5
[INFO] [stderr]    Compiling form_urlencoded v1.0.1
[INFO] [stderr]    Compiling rand_chacha v0.3.1
[INFO] [stderr]    Compiling duct v0.13.5
[INFO] [stderr]    Compiling ryu v1.0.10
[INFO] [stderr]    Compiling unicode-normalization v0.1.21
[INFO] [stderr]    Compiling rand v0.8.5
[INFO] [stderr]    Compiling rustls v0.20.6
[INFO] [stderr]    Compiling try-lock v0.2.3
[INFO] [stderr]    Compiling unicode-bidi v0.3.8
[INFO] [stderr]    Compiling want v0.3.0
[INFO] [stderr]    Compiling libz-sys v1.1.8
[INFO] [stderr]    Compiling http-body v0.4.5
[INFO] [stderr]    Compiling num-traits v0.2.15
[INFO] [stderr]    Compiling tower-service v0.3.2
[INFO] [stderr]    Compiling httpdate v1.0.2
[INFO] [stderr]    Compiling ucd-trie v0.1.4
[INFO] [stderr]    Compiling cmake v0.1.48
[INFO] [stderr]    Compiling num-integer v0.1.45
[INFO] [stderr]    Compiling cpufeatures v0.2.2
[INFO] [stderr]    Compiling strsim v0.10.0
[INFO] [stderr]    Compiling pest v2.1.3
[INFO] [stderr]    Compiling maplit v1.0.2
[INFO] [stderr]    Compiling encoding_rs v0.8.31
[INFO] [stderr]    Compiling ident_case v1.0.1
[INFO] [stderr]    Compiling sasl2-sys v0.1.20+2.1.28
[INFO] [stderr]    Compiling idna v0.2.3
[INFO] [stderr]    Compiling lazy_static v1.4.0
[INFO] [stderr]    Compiling doc-comment v0.3.3
[INFO] [stderr]    Compiling ahash v0.4.7
[INFO] [stderr]    Compiling async-trait v0.1.56
[INFO] [stderr]    Compiling rdkafka-sys v4.2.0+1.8.2
[INFO] [stderr]    Compiling dlv-list v0.2.3
[INFO] [stderr]    Compiling rustls-pemfile v1.0.0
[INFO] [stderr]    Compiling hashbrown v0.9.1
[INFO] [stderr]    Compiling time v0.1.44
[INFO] [stderr]    Compiling mime v0.3.16
[INFO] [stderr]    Compiling opaque-debug v0.3.0
[INFO] [stderr]    Compiling block-buffer v0.10.2
[INFO] [stderr]    Compiling digest v0.9.0
[INFO] [stderr]    Compiling block-buffer v0.9.0
[INFO] [stderr]    Compiling crypto-common v0.1.4
[INFO] [stderr]    Compiling ipnet v2.5.0
[INFO] [stderr]    Compiling sha-1 v0.9.8
[INFO] [stderr]    Compiling digest v0.10.3
[INFO] [stderr]    Compiling aho-corasick v0.7.18
[INFO] [stderr]    Compiling minimal-lexical v0.2.1
[INFO] [stderr]    Compiling pest_meta v2.1.3
[INFO] [stderr]    Compiling ordered-multimap v0.3.1
[INFO] [stderr]    Compiling utf-8 v0.7.6
[INFO] [stderr]    Compiling byteorder v1.4.3
[INFO] [stderr]    Compiling match_cfg v0.1.0
[INFO] [stderr]    Compiling humantime v2.1.0
[INFO] [stderr]    Compiling linked-hash-map v0.5.6
[INFO] [stderr]    Compiling anyhow v1.0.58
[INFO] [stderr]    Compiling regex-syntax v0.6.27
[INFO] [stderr]    Compiling rust-ini v0.17.0
[INFO] [stderr]    Compiling nom v7.1.1
[INFO] [stderr]    Compiling hostname v0.3.1
[INFO] [stderr]    Compiling yaml-rust v0.4.5
[INFO] [stderr]    Compiling sha2 v0.10.2
[INFO] [stderr]    Compiling uuid v0.8.2
[INFO] [stderr]    Compiling atty v0.2.14
[INFO] [stderr]    Compiling pathdiff v0.2.1
[INFO] [stderr]    Compiling base64 v0.12.3
[INFO] [stderr]    Compiling termcolor v1.1.3
[INFO] [stderr]    Compiling dotenv v0.15.0
[INFO] [stderr]    Compiling toml v0.5.9
[INFO] [stderr]    Compiling regex v1.6.0
[INFO] [stderr]    Compiling darling_core v0.13.4
[INFO] [stderr]    Compiling pest_generator v2.1.3
[INFO] [stderr]    Compiling webpki v0.22.0
[INFO] [stderr]    Compiling sct v0.7.0
[INFO] [stderr]    Compiling env_logger v0.9.0
[INFO] [stderr]    Compiling webpki-roots v0.22.3
[INFO] [stderr]    Compiling tokio-macros v1.8.0
[INFO] [stderr]    Compiling futures-macro v0.3.21
[INFO] [stderr]    Compiling thiserror-impl v1.0.31
[INFO] [stderr]    Compiling openssl-macros v0.1.0
[INFO] [stderr]    Compiling pest_derive v2.1.0
[INFO] [stderr]    Compiling snafu-derive v0.6.10
[INFO] [stderr]    Compiling pin-project-internal v1.0.11
[INFO] [stderr]    Compiling delegate-attr v0.2.9
[INFO] [stderr]    Compiling tokio v1.19.2
[INFO] [stderr]    Compiling darling_macro v0.13.4
[INFO] [stderr]    Compiling snafu v0.6.10
[INFO] [stderr]    Compiling pin-project v1.0.11
[INFO] [stderr]    Compiling thiserror v1.0.31
[INFO] [stderr]    Compiling proc-macro-crate v1.1.3
[INFO] [stderr]    Compiling darling v0.13.4
[INFO] [stderr]    Compiling num_enum_derive v0.5.7
[INFO] [stderr]    Compiling serde_with_macros v1.5.2
[INFO] [stdout] error: failed to write /tmp/rustcg0uSg5/lib.rmeta: No space left on device (os error 28)
[INFO] [stdout] 
[INFO] [stdout] 
[INFO] [stdout] error: failed to write to `/opt/rustwide/target/debug/deps/rmetaCOVYU7/lib.rmeta`: No space left on device (os error 28)
[INFO] [stdout] 
[INFO] [stdout] 
[INFO] [stderr] error: could not compile `openssl` (lib) due to 1 previous error
[INFO] [stderr] warning: build failed, waiting for other jobs to finish...
[INFO] [stderr] error: could not compile `futures-util` (lib) due to 1 previous error
[INFO] [stderr] error: failed to run custom build command for `rdkafka-sys v4.2.0+1.8.2`
[INFO] [stderr] note: To improve backtraces for build dependencies, set the CARGO_PROFILE_DEV_BUILD_OVERRIDE_DEBUG=true environment variable to enable debug information generation.
[INFO] [stderr] 
[INFO] [stderr] Caused by:
[INFO] [stderr]   process didn't exit successfully: `/opt/rustwide/target/debug/build/rdkafka-sys-1ccfaab58c6d68a3/build-script-build` (exit status: 101)
[INFO] [stderr]   --- stdout
[INFO] [stderr]   Configuring and compiling librdkafka
[INFO] [stderr]   CMAKE_TOOLCHAIN_FILE_x86_64-unknown-linux-gnu = None
[INFO] [stderr]   CMAKE_TOOLCHAIN_FILE_x86_64_unknown_linux_gnu = None
[INFO] [stderr]   HOST_CMAKE_TOOLCHAIN_FILE = None
[INFO] [stderr]   CMAKE_TOOLCHAIN_FILE = None
[INFO] [stderr]   CMAKE_GENERATOR_x86_64-unknown-linux-gnu = None
[INFO] [stderr]   CMAKE_GENERATOR_x86_64_unknown_linux_gnu = None
[INFO] [stderr]   HOST_CMAKE_GENERATOR = None
[INFO] [stderr]   CMAKE_GENERATOR = None
[INFO] [stderr]   CMAKE_PREFIX_PATH_x86_64-unknown-linux-gnu = None
[INFO] [stderr]   CMAKE_PREFIX_PATH_x86_64_unknown_linux_gnu = None
[INFO] [stderr]   HOST_CMAKE_PREFIX_PATH = None
[INFO] [stderr]   CMAKE_PREFIX_PATH = None
[INFO] [stderr]   CMAKE_x86_64-unknown-linux-gnu = None
[INFO] [stderr]   CMAKE_x86_64_unknown_linux_gnu = None
[INFO] [stderr]   HOST_CMAKE = None
[INFO] [stderr]   CMAKE = None
[INFO] [stderr]   running: cd "/opt/rustwide/target/debug/build/rdkafka-sys-d299e74d48125b6b/out/build" && CMAKE_PREFIX_PATH="" "cmake" "/opt/rustwide/cargo-home/registry/src/index.crates.io-6f17d22bba15001f/rdkafka-sys-4.2.0+1.8.2/librdkafka" "-DRDKAFKA_BUILD_STATIC=1" "-DRDKAFKA_BUILD_TESTS=0" "-DRDKAFKA_BUILD_EXAMPLES=0" "-DCMAKE_INSTALL_LIBDIR=lib" "-DWITH_ZLIB=1" "-DWITH_SSL=1" "-DWITH_SASL=1" "-DWITH_ZSTD=0" "-DENABLE_LZ4_EXT=0" "-DCMAKE_INSTALL_PREFIX=/opt/rustwide/target/debug/build/rdkafka-sys-d299e74d48125b6b/out" "-DCMAKE_C_FLAGS= -ffunction-sections -fdata-sections -fPIC -m64" "-DCMAKE_C_COMPILER=/usr/bin/cc" "-DCMAKE_CXX_FLAGS= -ffunction-sections -fdata-sections -fPIC -m64" "-DCMAKE_CXX_COMPILER=/usr/bin/c++" "-DCMAKE_ASM_FLAGS= -ffunction-sections -fdata-sections -fPIC -m64" "-DCMAKE_ASM_COMPILER=/usr/bin/cc" "-DCMAKE_BUILD_TYPE=Debug"
[INFO] [stderr]   -- The C compiler identification is GNU 11.4.0
[INFO] [stderr]   -- The CXX compiler identification is GNU 11.4.0
[INFO] [stderr]   -- Detecting C compiler ABI info
[INFO] [stderr]   -- Detecting C compiler ABI info - done
[INFO] [stderr]   -- Check for working C compiler: /usr/bin/cc - skipped
[INFO] [stderr]   -- Detecting C compile features
[INFO] [stderr]   -- Detecting C compile features - done
[INFO] [stderr]   -- Detecting CXX compiler ABI info
[INFO] [stderr]   -- Detecting CXX compiler ABI info - done
[INFO] [stderr]   -- Check for working CXX compiler: /usr/bin/c++ - skipped
[INFO] [stderr]   -- Detecting CXX compile features
[INFO] [stderr]   -- Detecting CXX compile features - done
[INFO] [stderr]   -- Looking for pow in m
[INFO] [stderr]   -- Looking for pow in m - found
[INFO] [stderr]   -- Found Zstd: /usr/lib/x86_64-linux-gnu/libzstd.so
[INFO] [stderr]   -- Checking for module 'libsasl2'
[INFO] [stderr]   --   Found libsasl2, version 2.1.27
[INFO] [stderr]   -- Found ZLIB: /usr/lib/x86_64-linux-gnu/libz.so (found version "1.2.11") 
[INFO] [stderr]   -- Found OpenSSL: /usr/lib/x86_64-linux-gnu/libcrypto.so (found version "3.0.2")  
[INFO] [stderr]   -- Looking for pthread.h
[INFO] [stderr]   -- Looking for pthread.h - found
[INFO] [stderr]   -- Performing Test CMAKE_HAVE_LIBC_PTHREAD
[INFO] [stderr]   -- Performing Test CMAKE_HAVE_LIBC_PTHREAD - Success
[INFO] [stderr]   -- Found Threads: TRUE  
[INFO] [stderr]   -- Configuring done
[INFO] [stderr]   -- Generating done
[INFO] [stderr]   -- Build files have been written to: /opt/rustwide/target/debug/build/rdkafka-sys-d299e74d48125b6b/out/build
[INFO] [stderr]   running: cd "/opt/rustwide/target/debug/build/rdkafka-sys-d299e74d48125b6b/out/build" && MAKEFLAGS="-j --jobserver-fds=8,9 --jobserver-auth=8,9" "cmake" "--build" "." "--target" "install" "--config" "Debug" "--parallel" "16"
[INFO] [stderr]   [  1%] Building C object src/CMakeFiles/rdkafka.dir/crc32c.c.o
[INFO] [stderr]   [  2%] Building C object src/CMakeFiles/rdkafka.dir/rdaddr.c.o
[INFO] [stderr]   [  3%] Building C object src/CMakeFiles/rdkafka.dir/rdavl.c.o
[INFO] [stderr]   [  5%] Building C object src/CMakeFiles/rdkafka.dir/rdkafka.c.o
[INFO] [stderr]   [  5%] Building C object src/CMakeFiles/rdkafka.dir/rdcrc32.c.o
[INFO] [stderr]   [  6%] Building C object src/CMakeFiles/rdkafka.dir/rdbuf.c.o
[INFO] [stderr]   [  7%] Building C object src/CMakeFiles/rdkafka.dir/rdkafka_assignor.c.o
[INFO] [stderr]   [ 10%] Building C object src/CMakeFiles/rdkafka.dir/rdkafka_conf.c.o
[INFO] [stderr]   [  9%] Building C object src/CMakeFiles/rdkafka.dir/rdfnv1a.c.o
[INFO] [stderr]   [ 11%] Building C object src/CMakeFiles/rdkafka.dir/rdkafka_broker.c.o
[INFO] [stderr]   [ 12%] Building C object src/CMakeFiles/rdkafka.dir/rdkafka_buf.c.o
[INFO] [stderr]   [ 13%] Building C object src/CMakeFiles/rdkafka.dir/rdkafka_event.c.o
[INFO] [stderr]   [ 14%] Building C object src/CMakeFiles/rdkafka.dir/rdkafka_cgrp.c.o
[INFO] [stderr]   [ 15%] Building C object src/CMakeFiles/rdkafka.dir/rdkafka_feature.c.o
[INFO] [stderr]   [ 17%] Building C object src/CMakeFiles/rdkafka.dir/rdkafka_metadata.c.o
[INFO] [stderr]   [ 18%] Building C object src/CMakeFiles/rdkafka.dir/rdkafka_lz4.c.o
[INFO] [stderr]   [ 19%] Building C object src/CMakeFiles/rdkafka.dir/rdkafka_metadata_cache.c.o
[INFO] [stderr]   [ 20%] Building C object src/CMakeFiles/rdkafka.dir/rdkafka_msg.c.o
[INFO] [stderr]   [ 21%] Building C object src/CMakeFiles/rdkafka.dir/rdkafka_msgset_reader.c.o
[INFO] [stderr]   [ 22%] Building C object src/CMakeFiles/rdkafka.dir/rdkafka_msgset_writer.c.o
[INFO] [stderr]   [ 23%] Building C object src/CMakeFiles/rdkafka.dir/rdkafka_offset.c.o
[INFO] [stderr]   [ 25%] Building C object src/CMakeFiles/rdkafka.dir/rdkafka_op.c.o
[INFO] [stderr]   [ 26%] Building C object src/CMakeFiles/rdkafka.dir/rdkafka_partition.c.o
[INFO] [stderr]   [ 27%] Building C object src/CMakeFiles/rdkafka.dir/rdkafka_pattern.c.o
[INFO] [stderr]   [ 28%] Building C object src/CMakeFiles/rdkafka.dir/rdkafka_queue.c.o
[INFO] [stderr]   [ 29%] Building C object src/CMakeFiles/rdkafka.dir/rdkafka_range_assignor.c.o
[INFO] [stderr]   [ 30%] Building C object src/CMakeFiles/rdkafka.dir/rdkafka_request.c.o
[INFO] [stderr]   [ 31%] Building C object src/CMakeFiles/rdkafka.dir/rdkafka_sasl.c.o
[INFO] [stderr]   [ 32%] Building C object src/CMakeFiles/rdkafka.dir/rdkafka_roundrobin_assignor.c.o
[INFO] [stderr]   [ 34%] Building C object src/CMakeFiles/rdkafka.dir/rdkafka_sasl_plain.c.o
[INFO] [stderr]   [ 35%] Building C object src/CMakeFiles/rdkafka.dir/rdkafka_subscription.c.o
[INFO] [stderr]   [ 36%] Building C object src/CMakeFiles/rdkafka.dir/rdkafka_sticky_assignor.c.o
[INFO] [stderr]   [ 37%] Building C object src/CMakeFiles/rdkafka.dir/rdkafka_assignment.c.o
[INFO] [stderr]   [ 39%] Building C object src/CMakeFiles/rdkafka.dir/rdkafka_timer.c.o
[INFO] [stderr]   [ 39%] Building C object src/CMakeFiles/rdkafka.dir/rdkafka_topic.c.o
[INFO] [stderr]   [ 40%] Building C object src/CMakeFiles/rdkafka.dir/rdkafka_transport.c.o
[INFO] [stderr]   [ 42%] Building C object src/CMakeFiles/rdkafka.dir/rdkafka_interceptor.c.o
[INFO] [stderr]   [ 43%] Building C object src/CMakeFiles/rdkafka.dir/rdkafka_header.c.o
[INFO] [stderr]   [ 44%] Building C object src/CMakeFiles/rdkafka.dir/rdkafka_admin.c.o
[INFO] [stderr]   [ 45%] Building C object src/CMakeFiles/rdkafka.dir/rdkafka_idempotence.c.o
[INFO] [stderr]   [ 46%] Building C object src/CMakeFiles/rdkafka.dir/rdkafka_aux.c.o
[INFO] [stderr]   [ 47%] Building C object src/CMakeFiles/rdkafka.dir/rdkafka_txnmgr.c.o
[INFO] [stderr]   [ 50%] Building C object src/CMakeFiles/rdkafka.dir/rdkafka_background.c.o
[INFO] [stderr]   [ 50%] Building C object src/CMakeFiles/rdkafka.dir/rdkafka_cert.c.o
[INFO] [stderr]   [ 51%] Building C object src/CMakeFiles/rdkafka.dir/rdkafka_coord.c.o
[INFO] [stderr]   [ 52%] Building C object src/CMakeFiles/rdkafka.dir/rdkafka_mock.c.o
[INFO] [stderr]   [ 53%] Building C object src/CMakeFiles/rdkafka.dir/rdkafka_error.c.o
[INFO] [stderr]   [ 54%] Building C object src/CMakeFiles/rdkafka.dir/rdkafka_mock_handlers.c.o
[INFO] [stderr]   [ 55%] Building C object src/CMakeFiles/rdkafka.dir/rdkafka_mock_cgrp.c.o
[INFO] [stderr]   [ 56%] Building C object src/CMakeFiles/rdkafka.dir/rdlist.c.o
[INFO] [stderr]   [ 57%] Building C object src/CMakeFiles/rdkafka.dir/rdmurmur2.c.o
[INFO] [stderr]   [ 59%] Building C object src/CMakeFiles/rdkafka.dir/rdlog.c.o
[INFO] [stderr]   [ 60%] Building C object src/CMakeFiles/rdkafka.dir/rdports.c.o
[INFO] [stderr]   [ 61%] Building C object src/CMakeFiles/rdkafka.dir/rdrand.c.o
[INFO] [stderr]   [ 62%] Building C object src/CMakeFiles/rdkafka.dir/rdregex.c.o
[INFO] [stderr]   [ 63%] Building C object src/CMakeFiles/rdkafka.dir/rdunittest.c.o
[INFO] [stderr]   [ 64%] Building C object src/CMakeFiles/rdkafka.dir/rdstring.c.o
[INFO] [stderr]   [ 65%] Building C object src/CMakeFiles/rdkafka.dir/rdvarint.c.o
[INFO] [stderr]   [ 67%] Building C object src/CMakeFiles/rdkafka.dir/rdmap.c.o
[INFO] [stderr]   [ 68%] Building C object src/CMakeFiles/rdkafka.dir/tinycthread.c.o
[INFO] [stderr]   [ 69%] Building C object src/CMakeFiles/rdkafka.dir/snappy.c.o
[INFO] [stderr]   [ 70%] Building C object src/CMakeFiles/rdkafka.dir/rdkafka_ssl.c.o
[INFO] [stderr]   [ 71%] Building C object src/CMakeFiles/rdkafka.dir/tinycthread_extra.c.o
[INFO] [stderr]   [ 72%] Building C object src/CMakeFiles/rdkafka.dir/rdxxhash.c.o
[INFO] [stderr]   [ 73%] Building C object src/CMakeFiles/rdkafka.dir/rdhdrhistogram.c.o
[INFO] [stderr]   [ 75%] Building C object src/CMakeFiles/rdkafka.dir/rddl.c.o
[INFO] [stderr]   [ 76%] Building C object src/CMakeFiles/rdkafka.dir/rdkafka_plugin.c.o
[INFO] [stderr]   [ 77%] Building C object src/CMakeFiles/rdkafka.dir/rdkafka_sasl_cyrus.c.o
[INFO] [stderr]   [ 78%] Building C object src/CMakeFiles/rdkafka.dir/rdkafka_sasl_scram.c.o
[INFO] [stderr]   [ 79%] Building C object src/CMakeFiles/rdkafka.dir/rdkafka_sasl_oauthbearer.c.o
[INFO] [stderr]   [ 80%] Building C object src/CMakeFiles/rdkafka.dir/rdgz.c.o
[INFO] [stderr]   [ 81%] Building C object src/CMakeFiles/rdkafka.dir/lz4.c.o
[INFO] [stderr]   [ 82%] Building C object src/CMakeFiles/rdkafka.dir/lz4frame.c.o
[INFO] [stderr]   [ 84%] Building C object src/CMakeFiles/rdkafka.dir/lz4hc.c.o
[INFO] [stderr]   [ 85%] Linking C static library librdkafka.a
[INFO] [stderr]   [ 85%] Built target rdkafka
[INFO] [stderr]   [ 86%] Building CXX object src-cpp/CMakeFiles/rdkafka++.dir/KafkaConsumerImpl.cpp.o
[INFO] [stderr]   [ 87%] Building CXX object src-cpp/CMakeFiles/rdkafka++.dir/HeadersImpl.cpp.o
[INFO] [stderr]   [ 88%] Building CXX object src-cpp/CMakeFiles/rdkafka++.dir/ConsumerImpl.cpp.o
[INFO] [stderr]   [ 89%] Building CXX object src-cpp/CMakeFiles/rdkafka++.dir/ProducerImpl.cpp.o
[INFO] [stderr]   [ 90%] Building CXX object src-cpp/CMakeFiles/rdkafka++.dir/ConfImpl.cpp.o
[INFO] [stderr]   [ 92%] Building CXX object src-cpp/CMakeFiles/rdkafka++.dir/MessageImpl.cpp.o
[INFO] [stderr]   [ 93%] Building CXX object src-cpp/CMakeFiles/rdkafka++.dir/MetadataImpl.cpp.o
[INFO] [stderr]   [ 94%] Building CXX object src-cpp/CMakeFiles/rdkafka++.dir/HandleImpl.cpp.o
[INFO] [stderr]   [ 95%] Building CXX object src-cpp/CMakeFiles/rdkafka++.dir/TopicImpl.cpp.o
[INFO] [stderr]   [ 96%] Building CXX object src-cpp/CMakeFiles/rdkafka++.dir/QueueImpl.cpp.o
[INFO] [stderr]   [ 97%] Building CXX object src-cpp/CMakeFiles/rdkafka++.dir/TopicPartitionImpl.cpp.o
[INFO] [stderr]   [ 98%] Building CXX object src-cpp/CMakeFiles/rdkafka++.dir/RdKafka.cpp.o
[INFO] [stderr]   [100%] Linking CXX static library librdkafka++.a
[INFO] [stderr] 
[INFO] [stderr]   --- stderr
[INFO] [stderr]   Building and linking librdkafka statically
[INFO] [stderr]   CMake Warning:
[INFO] [stderr]     Manually-specified variables were not used by the project:
[INFO] [stderr] 
[INFO] [stderr]       CMAKE_ASM_COMPILER
[INFO] [stderr]       CMAKE_ASM_FLAGS
[INFO] [stderr] 
[INFO] [stderr] 
[INFO] [stderr]   gmake: warning: -j16 forced in submake: resetting jobserver mode.
[INFO] [stderr]   /opt/rustwide/cargo-home/registry/src/index.crates.io-6f17d22bba15001f/rdkafka-sys-4.2.0+1.8.2/librdkafka/src/rdkafka_cert.c: In function 'rd_kafka_print_ssl_errors':
[INFO] [stderr]   /opt/rustwide/cargo-home/registry/src/index.crates.io-6f17d22bba15001f/rdkafka-sys-4.2.0+1.8.2/librdkafka/src/rdkafka_cert.c:113:9: warning: 'ERR_get_error_line_data' is deprecated: Since OpenSSL 3.0 [-Wdeprecated-declarations]
[INFO] [stderr]     113 |         while ((l = ERR_get_error_line_data(&file, &line,
[INFO] [stderr]         |         ^~~~~
[INFO] [stderr]   In file included from /usr/include/openssl/engine.h:31,
[INFO] [stderr]                    from /opt/rustwide/cargo-home/registry/src/index.crates.io-6f17d22bba15001f/rdkafka-sys-4.2.0+1.8.2/librdkafka/src/rdkafka_conf.h:36,
[INFO] [stderr]                    from /opt/rustwide/cargo-home/registry/src/index.crates.io-6f17d22bba15001f/rdkafka-sys-4.2.0+1.8.2/librdkafka/src/rdkafka_int.h:90,
[INFO] [stderr]                    from /opt/rustwide/cargo-home/registry/src/index.crates.io-6f17d22bba15001f/rdkafka-sys-4.2.0+1.8.2/librdkafka/src/rdkafka_cert.c:35:
[INFO] [stderr]   /usr/include/openssl/err.h:413:15: note: declared here
[INFO] [stderr]     413 | unsigned long ERR_get_error_line_data(const char **file, int *line,
[INFO] [stderr]         |               ^~~~~~~~~~~~~~~~~~~~~~~
[INFO] [stderr]   /opt/rustwide/cargo-home/registry/src/index.crates.io-6f17d22bba15001f/rdkafka-sys-4.2.0+1.8.2/librdkafka/src/rdkafka_cert.c:124:24: warning: 'ERR_func_error_string' is deprecated: Since OpenSSL 3.0 [-Wdeprecated-declarations]
[INFO] [stderr]     124 |                        ERR_func_error_string(l),
[INFO] [stderr]         |                        ^~~~~~~~~~~~~~~~~~~~~
[INFO] [stderr]   In file included from /usr/include/openssl/engine.h:31,
[INFO] [stderr]                    from /opt/rustwide/cargo-home/registry/src/index.crates.io-6f17d22bba15001f/rdkafka-sys-4.2.0+1.8.2/librdkafka/src/rdkafka_conf.h:36,
[INFO] [stderr]                    from /opt/rustwide/cargo-home/registry/src/index.crates.io-6f17d22bba15001f/rdkafka-sys-4.2.0+1.8.2/librdkafka/src/rdkafka_int.h:90,
[INFO] [stderr]                    from /opt/rustwide/cargo-home/registry/src/index.crates.io-6f17d22bba15001f/rdkafka-sys-4.2.0+1.8.2/librdkafka/src/rdkafka_cert.c:35:
[INFO] [stderr]   /usr/include/openssl/err.h:447:35: note: declared here
[INFO] [stderr]     447 | OSSL_DEPRECATEDIN_3_0 const char *ERR_func_error_string(unsigned long e);
[INFO] [stderr]         |                                   ^~~~~~~~~~~~~~~~~~~~~
[INFO] [stderr]   /opt/rustwide/cargo-home/registry/src/index.crates.io-6f17d22bba15001f/rdkafka-sys-4.2.0+1.8.2/librdkafka/src/rdkafka_ssl.c: In function 'rd_kafka_ssl_last_error_str':
[INFO] [stderr]   /opt/rustwide/cargo-home/registry/src/index.crates.io-6f17d22bba15001f/rdkafka-sys-4.2.0+1.8.2/librdkafka/src/rdkafka_ssl.c:108:9: warning: 'ERR_peek_last_error_line_data' is deprecated: Since OpenSSL 3.0 [-Wdeprecated-declarations]
[INFO] [stderr]     108 |         l = ERR_peek_last_error_line_data(&file, &line,
[INFO] [stderr]         |         ^
[INFO] [stderr]   In file included from /usr/include/openssl/engine.h:31,
[INFO] [stderr]                    from /opt/rustwide/cargo-home/registry/src/index.crates.io-6f17d22bba15001f/rdkafka-sys-4.2.0+1.8.2/librdkafka/src/rdkafka_conf.h:36,
[INFO] [stderr]                    from /opt/rustwide/cargo-home/registry/src/index.crates.io-6f17d22bba15001f/rdkafka-sys-4.2.0+1.8.2/librdkafka/src/rdkafka_int.h:90,
[INFO] [stderr]                    from /opt/rustwide/cargo-home/registry/src/index.crates.io-6f17d22bba15001f/rdkafka-sys-4.2.0+1.8.2/librdkafka/src/rdkafka_ssl.c:35:
[INFO] [stderr]   /usr/include/openssl/err.h:437:15: note: declared here
[INFO] [stderr]     437 | unsigned long ERR_peek_last_error_line_data(const char **file, int *line,
[INFO] [stderr]         |               ^~~~~~~~~~~~~~~~~~~~~~~~~~~~~
[INFO] [stderr]   /opt/rustwide/cargo-home/registry/src/index.crates.io-6f17d22bba15001f/rdkafka-sys-4.2.0+1.8.2/librdkafka/src/rdkafka_ssl.c:113:9: warning: 'ERR_func_error_string' is deprecated: Since OpenSSL 3.0 [-Wdeprecated-declarations]
[INFO] [stderr]     113 |         rd_snprintf(errstr, sizeof(errstr),
[INFO] [stderr]         |         ^~~~~~~~~~~
[INFO] [stderr]   In file included from /usr/include/openssl/engine.h:31,
[INFO] [stderr]                    from /opt/rustwide/cargo-home/registry/src/index.crates.io-6f17d22bba15001f/rdkafka-sys-4.2.0+1.8.2/librdkafka/src/rdkafka_conf.h:36,
[INFO] [stderr]                    from /opt/rustwide/cargo-home/registry/src/index.crates.io-6f17d22bba15001f/rdkafka-sys-4.2.0+1.8.2/librdkafka/src/rdkafka_int.h:90,
[INFO] [stderr]                    from /opt/rustwide/cargo-home/registry/src/index.crates.io-6f17d22bba15001f/rdkafka-sys-4.2.0+1.8.2/librdkafka/src/rdkafka_ssl.c:35:
[INFO] [stderr]   /usr/include/openssl/err.h:447:35: note: declared here
[INFO] [stderr]     447 | OSSL_DEPRECATEDIN_3_0 const char *ERR_func_error_string(unsigned long e);
[INFO] [stderr]         |                                   ^~~~~~~~~~~~~~~~~~~~~
[INFO] [stderr]   /opt/rustwide/cargo-home/registry/src/index.crates.io-6f17d22bba15001f/rdkafka-sys-4.2.0+1.8.2/librdkafka/src/rdkafka_ssl.c: In function 'rd_kafka_ssl_error':
[INFO] [stderr]   /opt/rustwide/cargo-home/registry/src/index.crates.io-6f17d22bba15001f/rdkafka-sys-4.2.0+1.8.2/librdkafka/src/rdkafka_ssl.c:144:9: warning: 'ERR_get_error_line_data' is deprecated: Since OpenSSL 3.0 [-Wdeprecated-declarations]
[INFO] [stderr]     144 |         while ((l = ERR_get_error_line_data(&file, &line,
[INFO] [stderr]         |         ^~~~~
[INFO] [stderr]   In file included from /usr/include/openssl/engine.h:31,
[INFO] [stderr]                    from /opt/rustwide/cargo-home/registry/src/index.crates.io-6f17d22bba15001f/rdkafka-sys-4.2.0+1.8.2/librdkafka/src/rdkafka_conf.h:36,
[INFO] [stderr]                    from /opt/rustwide/cargo-home/registry/src/index.crates.io-6f17d22bba15001f/rdkafka-sys-4.2.0+1.8.2/librdkafka/src/rdkafka_int.h:90,
[INFO] [stderr]                    from /opt/rustwide/cargo-home/registry/src/index.crates.io-6f17d22bba15001f/rdkafka-sys-4.2.0+1.8.2/librdkafka/src/rdkafka_ssl.c:35:
[INFO] [stderr]   /usr/include/openssl/err.h:413:15: note: declared here
[INFO] [stderr]     413 | unsigned long ERR_get_error_line_data(const char **file, int *line,
[INFO] [stderr]         |               ^~~~~~~~~~~~~~~~~~~~~~~
[INFO] [stderr]   /opt/rustwide/cargo-home/registry/src/index.crates.io-6f17d22bba15001f/rdkafka-sys-4.2.0+1.8.2/librdkafka/src/rdkafka_ssl.c: In function 'rd_kafka_ssl_set_certs':
[INFO] [stderr]   /opt/rustwide/cargo-home/registry/src/index.crates.io-6f17d22bba15001f/rdkafka-sys-4.2.0+1.8.2/librdkafka/src/rdkafka_ssl.c:1348:17: warning: 'ENGINE_load_ssl_client_cert' is deprecated: Since OpenSSL 3.0 [-Wdeprecated-declarations]
[INFO] [stderr]    1348 |                 r = ENGINE_load_ssl_client_cert(
[INFO] [stderr]         |                 ^
[INFO] [stderr]   In file included from /opt/rustwide/cargo-home/registry/src/index.crates.io-6f17d22bba15001f/rdkafka-sys-4.2.0+1.8.2/librdkafka/src/rdkafka_conf.h:36,
[INFO] [stderr]                    from /opt/rustwide/cargo-home/registry/src/index.crates.io-6f17d22bba15001f/rdkafka-sys-4.2.0+1.8.2/librdkafka/src/rdkafka_int.h:90,
[INFO] [stderr]                    from /opt/rustwide/cargo-home/registry/src/index.crates.io-6f17d22bba15001f/rdkafka-sys-4.2.0+1.8.2/librdkafka/src/rdkafka_ssl.c:35:
[INFO] [stderr]   /usr/include/openssl/engine.h:644:5: note: declared here
[INFO] [stderr]     644 | int ENGINE_load_ssl_client_cert(ENGINE *e, SSL *s, STACK_OF(X509_NAME) *ca_dn,
[INFO] [stderr]         |     ^~~~~~~~~~~~~~~~~~~~~~~~~~~
[INFO] [stderr]   /opt/rustwide/cargo-home/registry/src/index.crates.io-6f17d22bba15001f/rdkafka-sys-4.2.0+1.8.2/librdkafka/src/rdkafka_ssl.c: In function 'rd_kafka_ssl_ctx_term':
[INFO] [stderr]   /opt/rustwide/cargo-home/registry/src/index.crates.io-6f17d22bba15001f/rdkafka-sys-4.2.0+1.8.2/librdkafka/src/rdkafka_ssl.c:1421:9: warning: 'ENGINE_free' is deprecated: Since OpenSSL 3.0 [-Wdeprecated-declarations]
[INFO] [stderr]    1421 |         RD_IF_FREE(rk->rk_conf.ssl.engine, ENGINE_free);
[INFO] [stderr]         |         ^~~~~~~~~~
[INFO] [stderr]   In file included from /opt/rustwide/cargo-home/registry/src/index.crates.io-6f17d22bba15001f/rdkafka-sys-4.2.0+1.8.2/librdkafka/src/rdkafka_conf.h:36,
[INFO] [stderr]                    from /opt/rustwide/cargo-home/registry/src/index.crates.io-6f17d22bba15001f/rdkafka-sys-4.2.0+1.8.2/librdkafka/src/rdkafka_int.h:90,
[INFO] [stderr]                    from /opt/rustwide/cargo-home/registry/src/index.crates.io-6f17d22bba15001f/rdkafka-sys-4.2.0+1.8.2/librdkafka/src/rdkafka_ssl.c:35:
[INFO] [stderr]   /usr/include/openssl/engine.h:493:27: note: declared here
[INFO] [stderr]     493 | OSSL_DEPRECATEDIN_3_0 int ENGINE_free(ENGINE *e);
[INFO] [stderr]         |                           ^~~~~~~~~~~
[INFO] [stderr]   /opt/rustwide/cargo-home/registry/src/index.crates.io-6f17d22bba15001f/rdkafka-sys-4.2.0+1.8.2/librdkafka/src/rdkafka_ssl.c: In function 'rd_kafka_ssl_ctx_init_engine':
[INFO] [stderr]   /opt/rustwide/cargo-home/registry/src/index.crates.io-6f17d22bba15001f/rdkafka-sys-4.2.0+1.8.2/librdkafka/src/rdkafka_ssl.c:1442:9: warning: 'ENGINE_by_id' is deprecated: Since OpenSSL 3.0 [-Wdeprecated-declarations]
[INFO] [stderr]    1442 |         engine = ENGINE_by_id(rk->rk_conf.ssl.engine_id);
[INFO] [stderr]         |         ^~~~~~
[INFO] [stderr]   In file included from /opt/rustwide/cargo-home/registry/src/index.crates.io-6f17d22bba15001f/rdkafka-sys-4.2.0+1.8.2/librdkafka/src/rdkafka_conf.h:36,
[INFO] [stderr]                    from /opt/rustwide/cargo-home/registry/src/index.crates.io-6f17d22bba15001f/rdkafka-sys-4.2.0+1.8.2/librdkafka/src/rdkafka_int.h:90,
[INFO] [stderr]                    from /opt/rustwide/cargo-home/registry/src/index.crates.io-6f17d22bba15001f/rdkafka-sys-4.2.0+1.8.2/librdkafka/src/rdkafka_ssl.c:35:
[INFO] [stderr]   /usr/include/openssl/engine.h:336:31: note: declared here
[INFO] [stderr]     336 | OSSL_DEPRECATEDIN_3_0 ENGINE *ENGINE_by_id(const char *id);
[INFO] [stderr]         |                               ^~~~~~~~~~~~
[INFO] [stderr]   /opt/rustwide/cargo-home/registry/src/index.crates.io-6f17d22bba15001f/rdkafka-sys-4.2.0+1.8.2/librdkafka/src/rdkafka_ssl.c:1444:17: warning: 'ENGINE_by_id' is deprecated: Since OpenSSL 3.0 [-Wdeprecated-declarations]
[INFO] [stderr]    1444 |                 engine = ENGINE_by_id("dynamic");
[INFO] [stderr]         |                 ^~~~~~
[INFO] [stderr]   In file included from /opt/rustwide/cargo-home/registry/src/index.crates.io-6f17d22bba15001f/rdkafka-sys-4.2.0+1.8.2/librdkafka/src/rdkafka_conf.h:36,
[INFO] [stderr]                    from /opt/rustwide/cargo-home/registry/src/index.crates.io-6f17d22bba15001f/rdkafka-sys-4.2.0+1.8.2/librdkafka/src/rdkafka_int.h:90,
[INFO] [stderr]                    from /opt/rustwide/cargo-home/registry/src/index.crates.io-6f17d22bba15001f/rdkafka-sys-4.2.0+1.8.2/librdkafka/src/rdkafka_ssl.c:35:
[INFO] [stderr]   /usr/include/openssl/engine.h:336:31: note: declared here
[INFO] [stderr]     336 | OSSL_DEPRECATEDIN_3_0 ENGINE *ENGINE_by_id(const char *id);
[INFO] [stderr]         |                               ^~~~~~~~~~~~
[INFO] [stderr]   /opt/rustwide/cargo-home/registry/src/index.crates.io-6f17d22bba15001f/rdkafka-sys-4.2.0+1.8.2/librdkafka/src/rdkafka_ssl.c:1453:9: warning: 'ENGINE_ctrl_cmd_string' is deprecated: Since OpenSSL 3.0 [-Wdeprecated-declarations]
[INFO] [stderr]    1453 |         if (!ENGINE_ctrl_cmd_string(engine, "SO_PATH",
[INFO] [stderr]         |         ^~
[INFO] [stderr]   In file included from /opt/rustwide/cargo-home/registry/src/index.crates.io-6f17d22bba15001f/rdkafka-sys-4.2.0+1.8.2/librdkafka/src/rdkafka_conf.h:36,
[INFO] [stderr]                    from /opt/rustwide/cargo-home/registry/src/index.crates.io-6f17d22bba15001f/rdkafka-sys-4.2.0+1.8.2/librdkafka/src/rdkafka_int.h:90,
[INFO] [stderr]                    from /opt/rustwide/cargo-home/registry/src/index.crates.io-6f17d22bba15001f/rdkafka-sys-4.2.0+1.8.2/librdkafka/src/rdkafka_ssl.c:35:
[INFO] [stderr]   /usr/include/openssl/engine.h:479:5: note: declared here
[INFO] [stderr]     479 | int ENGINE_ctrl_cmd_string(ENGINE *e, const char *cmd_name, const char *arg,
[INFO] [stderr]         |     ^~~~~~~~~~~~~~~~~~~~~~
[INFO] [stderr]   /opt/rustwide/cargo-home/registry/src/index.crates.io-6f17d22bba15001f/rdkafka-sys-4.2.0+1.8.2/librdkafka/src/rdkafka_ssl.c:1456:17: warning: 'ENGINE_free' is deprecated: Since OpenSSL 3.0 [-Wdeprecated-declarations]
[INFO] [stderr]    1456 |                 ENGINE_free(engine);
[INFO] [stderr]         |                 ^~~~~~~~~~~
[INFO] [stderr]   In file included from /opt/rustwide/cargo-home/registry/src/index.crates.io-6f17d22bba15001f/rdkafka-sys-4.2.0+1.8.2/librdkafka/src/rdkafka_conf.h:36,
[INFO] [stderr]                    from /opt/rustwide/cargo-home/registry/src/index.crates.io-6f17d22bba15001f/rdkafka-sys-4.2.0+1.8.2/librdkafka/src/rdkafka_int.h:90,
[INFO] [stderr]                    from /opt/rustwide/cargo-home/registry/src/index.crates.io-6f17d22bba15001f/rdkafka-sys-4.2.0+1.8.2/librdkafka/src/rdkafka_ssl.c:35:
[INFO] [stderr]   /usr/include/openssl/engine.h:493:27: note: declared here
[INFO] [stderr]     493 | OSSL_DEPRECATEDIN_3_0 int ENGINE_free(ENGINE *e);
[INFO] [stderr]         |                           ^~~~~~~~~~~
[INFO] [stderr]   /opt/rustwide/cargo-home/registry/src/index.crates.io-6f17d22bba15001f/rdkafka-sys-4.2.0+1.8.2/librdkafka/src/rdkafka_ssl.c:1463:9: warning: 'ENGINE_ctrl_cmd_string' is deprecated: Since OpenSSL 3.0 [-Wdeprecated-declarations]
[INFO] [stderr]    1463 |         if (!ENGINE_ctrl_cmd_string(engine, "LIST_ADD",
[INFO] [stderr]         |         ^~
[INFO] [stderr]   In file included from /opt/rustwide/cargo-home/registry/src/index.crates.io-6f17d22bba15001f/rdkafka-sys-4.2.0+1.8.2/librdkafka/src/rdkafka_conf.h:36,
[INFO] [stderr]                    from /opt/rustwide/cargo-home/registry/src/index.crates.io-6f17d22bba15001f/rdkafka-sys-4.2.0+1.8.2/librdkafka/src/rdkafka_int.h:90,
[INFO] [stderr]                    from /opt/rustwide/cargo-home/registry/src/index.crates.io-6f17d22bba15001f/rdkafka-sys-4.2.0+1.8.2/librdkafka/src/rdkafka_ssl.c:35:
[INFO] [stderr]   /usr/include/openssl/engine.h:479:5: note: declared here
[INFO] [stderr]     479 | int ENGINE_ctrl_cmd_string(ENGINE *e, const char *cmd_name, const char *arg,
[INFO] [stderr]         |     ^~~~~~~~~~~~~~~~~~~~~~
[INFO] [stderr]   /opt/rustwide/cargo-home/registry/src/index.crates.io-6f17d22bba15001f/rdkafka-sys-4.2.0+1.8.2/librdkafka/src/rdkafka_ssl.c:1465:17: warning: 'ENGINE_free' is deprecated: Since OpenSSL 3.0 [-Wdeprecated-declarations]
[INFO] [stderr]    1465 |                 ENGINE_free(engine);
[INFO] [stderr]         |                 ^~~~~~~~~~~
[INFO] [stderr]   In file included from /opt/rustwide/cargo-home/registry/src/index.crates.io-6f17d22bba15001f/rdkafka-sys-4.2.0+1.8.2/librdkafka/src/rdkafka_conf.h:36,
[INFO] [stderr]                    from /opt/rustwide/cargo-home/registry/src/index.crates.io-6f17d22bba15001f/rdkafka-sys-4.2.0+1.8.2/librdkafka/src/rdkafka_int.h:90,
[INFO] [stderr]                    from /opt/rustwide/cargo-home/registry/src/index.crates.io-6f17d22bba15001f/rdkafka-sys-4.2.0+1.8.2/librdkafka/src/rdkafka_ssl.c:35:
[INFO] [stderr]   /usr/include/openssl/engine.h:493:27: note: declared here
[INFO] [stderr]     493 | OSSL_DEPRECATEDIN_3_0 int ENGINE_free(ENGINE *e);
[INFO] [stderr]         |                           ^~~~~~~~~~~
[INFO] [stderr]   /opt/rustwide/cargo-home/registry/src/index.crates.io-6f17d22bba15001f/rdkafka-sys-4.2.0+1.8.2/librdkafka/src/rdkafka_ssl.c:1472:9: warning: 'ENGINE_ctrl_cmd_string' is deprecated: Since OpenSSL 3.0 [-Wdeprecated-declarations]
[INFO] [stderr]    1472 |         if (!ENGINE_ctrl_cmd_string(engine, "LOAD", NULL, 0)) {
[INFO] [stderr]         |         ^~
[INFO] [stderr]   In file included from /opt/rustwide/cargo-home/registry/src/index.crates.io-6f17d22bba15001f/rdkafka-sys-4.2.0+1.8.2/librdkafka/src/rdkafka_conf.h:36,
[INFO] [stderr]                    from /opt/rustwide/cargo-home/registry/src/index.crates.io-6f17d22bba15001f/rdkafka-sys-4.2.0+1.8.2/librdkafka/src/rdkafka_int.h:90,
[INFO] [stderr]                    from /opt/rustwide/cargo-home/registry/src/index.crates.io-6f17d22bba15001f/rdkafka-sys-4.2.0+1.8.2/librdkafka/src/rdkafka_ssl.c:35:
[INFO] [stderr]   /usr/include/openssl/engine.h:479:5: note: declared here
[INFO] [stderr]     479 | int ENGINE_ctrl_cmd_string(ENGINE *e, const char *cmd_name, const char *arg,
[INFO] [stderr]         |     ^~~~~~~~~~~~~~~~~~~~~~
[INFO] [stderr]   /opt/rustwide/cargo-home/registry/src/index.crates.io-6f17d22bba15001f/rdkafka-sys-4.2.0+1.8.2/librdkafka/src/rdkafka_ssl.c:1473:17: warning: 'ENGINE_free' is deprecated: Since OpenSSL 3.0 [-Wdeprecated-declarations]
[INFO] [stderr]    1473 |                 ENGINE_free(engine);
[INFO] [stderr]         |                 ^~~~~~~~~~~
[INFO] [stderr]   In file included from /opt/rustwide/cargo-home/registry/src/index.crates.io-6f17d22bba15001f/rdkafka-sys-4.2.0+1.8.2/librdkafka/src/rdkafka_conf.h:36,
[INFO] [stderr]                    from /opt/rustwide/cargo-home/registry/src/index.crates.io-6f17d22bba15001f/rdkafka-sys-4.2.0+1.8.2/librdkafka/src/rdkafka_int.h:90,
[INFO] [stderr]                    from /opt/rustwide/cargo-home/registry/src/index.crates.io-6f17d22bba15001f/rdkafka-sys-4.2.0+1.8.2/librdkafka/src/rdkafka_ssl.c:35:
[INFO] [stderr]   /usr/include/openssl/engine.h:493:27: note: declared here
[INFO] [stderr]     493 | OSSL_DEPRECATEDIN_3_0 int ENGINE_free(ENGINE *e);
[INFO] [stderr]         |                           ^~~~~~~~~~~
[INFO] [stderr]   /opt/rustwide/cargo-home/registry/src/index.crates.io-6f17d22bba15001f/rdkafka-sys-4.2.0+1.8.2/librdkafka/src/rdkafka_ssl.c:1480:9: warning: 'ENGINE_init' is deprecated: Since OpenSSL 3.0 [-Wdeprecated-declarations]
[INFO] [stderr]    1480 |         if (!ENGINE_init(engine)) {
[INFO] [stderr]         |         ^~
[INFO] [stderr]   In file included from /opt/rustwide/cargo-home/registry/src/index.crates.io-6f17d22bba15001f/rdkafka-sys-4.2.0+1.8.2/librdkafka/src/rdkafka_conf.h:36,
[INFO] [stderr]                    from /opt/rustwide/cargo-home/registry/src/index.crates.io-6f17d22bba15001f/rdkafka-sys-4.2.0+1.8.2/librdkafka/src/rdkafka_int.h:90,
[INFO] [stderr]                    from /opt/rustwide/cargo-home/registry/src/index.crates.io-6f17d22bba15001f/rdkafka-sys-4.2.0+1.8.2/librdkafka/src/rdkafka_ssl.c:35:
[INFO] [stderr]   /usr/include/openssl/engine.h:620:27: note: declared here
[INFO] [stderr]     620 | OSSL_DEPRECATEDIN_3_0 int ENGINE_init(ENGINE *e);
[INFO] [stderr]         |                           ^~~~~~~~~~~
[INFO] [stderr]   /opt/rustwide/cargo-home/registry/src/index.crates.io-6f17d22bba15001f/rdkafka-sys-4.2.0+1.8.2/librdkafka/src/rdkafka_ssl.c:1481:17: warning: 'ENGINE_free' is deprecated: Since OpenSSL 3.0 [-Wdeprecated-declarations]
[INFO] [stderr]    1481 |                 ENGINE_free(engine);
[INFO] [stderr]         |                 ^~~~~~~~~~~
[INFO] [stderr]   In file included from /opt/rustwide/cargo-home/registry/src/index.crates.io-6f17d22bba15001f/rdkafka-sys-4.2.0+1.8.2/librdkafka/src/rdkafka_conf.h:36,
[INFO] [stderr]                    from /opt/rustwide/cargo-home/registry/src/index.crates.io-6f17d22bba15001f/rdkafka-sys-4.2.0+1.8.2/librdkafka/src/rdkafka_int.h:90,
[INFO] [stderr]                    from /opt/rustwide/cargo-home/registry/src/index.crates.io-6f17d22bba15001f/rdkafka-sys-4.2.0+1.8.2/librdkafka/src/rdkafka_ssl.c:35:
[INFO] [stderr]   /usr/include/openssl/engine.h:493:27: note: declared here
[INFO] [stderr]     493 | OSSL_DEPRECATEDIN_3_0 int ENGINE_free(ENGINE *e);
[INFO] [stderr]         |                           ^~~~~~~~~~~
[INFO] [stderr]   /opt/rustwide/cargo-home/registry/src/index.crates.io-6f17d22bba15001f/rdkafka-sys-4.2.0+1.8.2/librdkafka/src/rdkafka_ssl.c: In function 'rd_kafka_ssl_ctx_init':
[INFO] [stderr]   /opt/rustwide/cargo-home/registry/src/index.crates.io-6f17d22bba15001f/rdkafka-sys-4.2.0+1.8.2/librdkafka/src/rdkafka_ssl.c:1627:9: warning: 'ENGINE_free' is deprecated: Since OpenSSL 3.0 [-Wdeprecated-declarations]
[INFO] [stderr]    1627 |         RD_IF_FREE(rk->rk_conf.ssl.engine, ENGINE_free);
[INFO] [stderr]         |         ^~~~~~~~~~
[INFO] [stderr]   In file included from /opt/rustwide/cargo-home/registry/src/index.crates.io-6f17d22bba15001f/rdkafka-sys-4.2.0+1.8.2/librdkafka/src/rdkafka_conf.h:36,
[INFO] [stderr]                    from /opt/rustwide/cargo-home/registry/src/index.crates.io-6f17d22bba15001f/rdkafka-sys-4.2.0+1.8.2/librdkafka/src/rdkafka_int.h:90,
[INFO] [stderr]                    from /opt/rustwide/cargo-home/registry/src/index.crates.io-6f17d22bba15001f/rdkafka-sys-4.2.0+1.8.2/librdkafka/src/rdkafka_ssl.c:35:
[INFO] [stderr]   /usr/include/openssl/engine.h:493:27: note: declared here
[INFO] [stderr]     493 | OSSL_DEPRECATEDIN_3_0 int ENGINE_free(ENGINE *e);
[INFO] [stderr]         |                           ^~~~~~~~~~~
[INFO] [stderr]   /usr/bin/ar: unable to copy file 'librdkafka++.a'; reason: Success
[INFO] [stderr]   gmake[2]: *** [src-cpp/CMakeFiles/rdkafka++.dir/build.make:274: src-cpp/librdkafka++.a] Error 1
[INFO] [stderr]   gmake[2]: *** Deleting file 'src-cpp/librdkafka++.a'
[INFO] [stderr]   gmake[1]: *** [CMakeFiles/Makefile2:142: src-cpp/CMakeFiles/rdkafka++.dir/all] Error 2
[INFO] [stderr]   gmake: *** [Makefile:136: all] Error 2
[INFO] [stderr]   thread 'main' panicked at /opt/rustwide/cargo-home/registry/src/index.crates.io-6f17d22bba15001f/cmake-0.1.48/src/lib.rs:975:5:
[INFO] [stderr] 
[INFO] [stderr]   command did not execute successfully, got: exit status: 2
[INFO] [stderr] 
[INFO] [stderr]   build script failed, must exit now
[INFO] [stderr]   stack backtrace:
[INFO] [stderr]      0:     0x6280101bce0a - std::backtrace_rs::backtrace::libunwind::trace::h8810477743020387
[INFO] [stderr]                                  at /rustc/202008a1b8de96d2e5b6bc02d379db03a877d34d/library/std/src/../../backtrace/src/backtrace/libunwind.rs:116:5
[INFO] [stderr]      1:     0x6280101bce0a - std::backtrace_rs::backtrace::trace_unsynchronized::h3aa55355dd6c54a6
[INFO] [stderr]                                  at /rustc/202008a1b8de96d2e5b6bc02d379db03a877d34d/library/std/src/../../backtrace/src/backtrace/mod.rs:66:5
[INFO] [stderr]      2:     0x6280101bce0a - std::sys::backtrace::_print_fmt::h8588b0f62410823f
[INFO] [stderr]                                  at /rustc/202008a1b8de96d2e5b6bc02d379db03a877d34d/library/std/src/sys/backtrace.rs:66:9
[INFO] [stderr]      3:     0x6280101bce0a - <std::sys::backtrace::BacktraceLock::print::DisplayBacktrace as core::fmt::Display>::fmt::h98c26ac25ffe89bb
[INFO] [stderr]                                  at /rustc/202008a1b8de96d2e5b6bc02d379db03a877d34d/library/std/src/sys/backtrace.rs:39:26
[INFO] [stderr]      4:     0x6280101dffb3 - core::fmt::rt::Argument::fmt::hf95377f4aebd453b
[INFO] [stderr]                                  at /rustc/202008a1b8de96d2e5b6bc02d379db03a877d34d/library/core/src/fmt/rt.rs:177:76
[INFO] [stderr]      5:     0x6280101dffb3 - core::fmt::write::h0dd5f6e2238c7982
[INFO] [stderr]                                  at /rustc/202008a1b8de96d2e5b6bc02d379db03a877d34d/library/core/src/fmt/mod.rs:1189:21
[INFO] [stderr]      6:     0x6280101b9bb3 - std::io::Write::write_fmt::hc00bff0a88e08857
[INFO] [stderr]                                  at /rustc/202008a1b8de96d2e5b6bc02d379db03a877d34d/library/std/src/io/mod.rs:1884:15
[INFO] [stderr]      7:     0x6280101bcc52 - std::sys::backtrace::BacktraceLock::print::h5c19c1c038ee186d
[INFO] [stderr]                                  at /rustc/202008a1b8de96d2e5b6bc02d379db03a877d34d/library/std/src/sys/backtrace.rs:42:9
[INFO] [stderr]      8:     0x6280101bde4c - std::panicking::default_hook::{{closure}}::h77172f079a1fcb13
[INFO] [stderr]                                  at /rustc/202008a1b8de96d2e5b6bc02d379db03a877d34d/library/std/src/panicking.rs:268:22
[INFO] [stderr]      9:     0x6280101bdc92 - std::panicking::default_hook::he5f8e3b203ccddba
[INFO] [stderr]                                  at /rustc/202008a1b8de96d2e5b6bc02d379db03a877d34d/library/std/src/panicking.rs:295:9
[INFO] [stderr]     10:     0x6280101be427 - std::panicking::rust_panic_with_hook::h53863d4e9018df39
[INFO] [stderr]                                  at /rustc/202008a1b8de96d2e5b6bc02d379db03a877d34d/library/std/src/panicking.rs:801:13
[INFO] [stderr]     11:     0x6280101be2ba - std::panicking::begin_panic_handler::{{closure}}::h67280e6fa0757873
[INFO] [stderr]                                  at /rustc/202008a1b8de96d2e5b6bc02d379db03a877d34d/library/std/src/panicking.rs:674:13
[INFO] [stderr]     12:     0x6280101bd2e9 - std::sys::backtrace::__rust_end_short_backtrace::h1dac3f54d6fbbeb2
[INFO] [stderr]                                  at /rustc/202008a1b8de96d2e5b6bc02d379db03a877d34d/library/std/src/sys/backtrace.rs:170:18
[INFO] [stderr]     13:     0x6280101bdf4c - rust_begin_unwind
[INFO] [stderr]                                  at /rustc/202008a1b8de96d2e5b6bc02d379db03a877d34d/library/std/src/panicking.rs:665:5
[INFO] [stderr]     14:     0x628010121640 - core::panicking::panic_fmt::h6792bd1b2bf01041
[INFO] [stderr]                                  at /rustc/202008a1b8de96d2e5b6bc02d379db03a877d34d/library/core/src/panicking.rs:76:14
[INFO] [stderr]     15:     0x628010133932 - cmake::fail::h70a088dd049a3ef9
[INFO] [stderr]     16:     0x628010133069 - cmake::run::h053b36a51c3b8603
[INFO] [stderr]     17:     0x62801013024f - cmake::Config::build::h580baa762ff78c24
[INFO] [stderr]     18:     0x628010125fff - build_script_build::build_librdkafka::hb79a99f9d51acd7e
[INFO] [stderr]     19:     0x628010124ecc - build_script_build::main::hee51ef222d0397e7
[INFO] [stderr]     20:     0x6280101227f3 - core::ops::function::FnOnce::call_once::h46946779e542b125
[INFO] [stderr]     21:     0x6280101222d6 - std::sys::backtrace::__rust_begin_short_backtrace::h2c67aeb818072154
[INFO] [stderr]     22:     0x628010121f19 - std::rt::lang_start::{{closure}}::h67de7dbc580b27b0
[INFO] [stderr]     23:     0x6280101b5877 - core::ops::function::impls::<impl core::ops::function::FnOnce<A> for &F>::call_once::hba2470d01d3f5e41
[INFO] [stderr]                                  at /rustc/202008a1b8de96d2e5b6bc02d379db03a877d34d/library/core/src/ops/function.rs:284:13
[INFO] [stderr]     24:     0x6280101b5877 - std::panicking::try::do_call::hc063fb73159aab72
[INFO] [stderr]                                  at /rustc/202008a1b8de96d2e5b6bc02d379db03a877d34d/library/std/src/panicking.rs:557:40
[INFO] [stderr]     25:     0x6280101b5877 - std::panicking::try::h2767c6d245d3a3bb
[INFO] [stderr]                                  at /rustc/202008a1b8de96d2e5b6bc02d379db03a877d34d/library/std/src/panicking.rs:520:19
[INFO] [stderr]     26:     0x6280101b5877 - std::panic::catch_unwind::h061c6ef75790da63
[INFO] [stderr]                                  at /rustc/202008a1b8de96d2e5b6bc02d379db03a877d34d/library/std/src/panic.rs:358:14
[INFO] [stderr]     27:     0x6280101b5877 - std::rt::lang_start_internal::{{closure}}::h5c5e35b11a4b8c4e
[INFO] [stderr]                                  at /rustc/202008a1b8de96d2e5b6bc02d379db03a877d34d/library/std/src/rt.rs:174:48
[INFO] [stderr]     28:     0x6280101b5877 - std::panicking::try::do_call::h705e99690a8109cc
[INFO] [stderr]                                  at /rustc/202008a1b8de96d2e5b6bc02d379db03a877d34d/library/std/src/panicking.rs:557:40
[INFO] [stderr]     29:     0x6280101b5877 - std::panicking::try::he5f4452754ed9a34
[INFO] [stderr]                                  at /rustc/202008a1b8de96d2e5b6bc02d379db03a877d34d/library/std/src/panicking.rs:520:19
[INFO] [stderr]     30:     0x6280101b5877 - std::panic::catch_unwind::h5db61b3bcbe883e5
[INFO] [stderr]                                  at /rustc/202008a1b8de96d2e5b6bc02d379db03a877d34d/library/std/src/panic.rs:358:14
[INFO] [stderr]     31:     0x6280101b5877 - std::rt::lang_start_internal::h81da9b59bab665c6
[INFO] [stderr]                                  at /rustc/202008a1b8de96d2e5b6bc02d379db03a877d34d/library/std/src/rt.rs:174:20
[INFO] [stderr]     32:     0x628010121ef7 - std::rt::lang_start::h753a4982661b1fd2
[INFO] [stderr]     33:     0x628010126175 - main
[INFO] [stderr]     34:     0x7f43b6f28d90 - <unknown>
[INFO] [stderr]     35:     0x7f43b6f28e40 - __libc_start_main
[INFO] [stderr]     36:     0x628010121cb5 - _start
[INFO] [stderr]     37:                0x0 - <unknown>
[INFO] [stdout] error: linking with `cc` failed: exit status: 1
[INFO] [stdout]   |
[INFO] [stdout]   = note: LC_ALL="C" PATH="/opt/rustwide/rustup-home/toolchains/beta-2024-12-08-x86_64-unknown-linux-gnu/lib/rustlib/x86_64-unknown-linux-gnu/bin:/opt/rustwide/cargo-home/bin:/usr/local/sbin:/usr/local/bin:/usr/sbin:/usr/bin:/sbin:/bin" VSLANG="1033" "cc" "-Wl,--version-script=/tmp/rustcOSBngV/list" "-Wl,--no-undefined-version" "-m64" "/tmp/rustcOSBngV/symbols.o" "/opt/rustwide/target/debug/deps/num_enum_derive-198f1b32da30b157.num_enum_derive.a10f3d360e53f0a0-cgu.0.rcgu.o" "/opt/rustwide/target/debug/deps/num_enum_derive-198f1b32da30b157.num_enum_derive.a10f3d360e53f0a0-cgu.1.rcgu.o" "/opt/rustwide/target/debug/deps/num_enum_derive-198f1b32da30b157.num_enum_derive.a10f3d360e53f0a0-cgu.2.rcgu.o" "/opt/rustwide/target/debug/deps/num_enum_derive-198f1b32da30b157.num_enum_derive.a10f3d360e53f0a0-cgu.3.rcgu.o" "/opt/rustwide/target/debug/deps/num_enum_derive-198f1b32da30b157.num_enum_derive.a10f3d360e53f0a0-cgu.4.rcgu.o" "/opt/rustwide/target/debug/deps/num_enum_derive-198f1b32da30b157.num_enum_derive.a10f3d360e53f0a0-cgu.5.rcgu.o" "/opt/rustwide/target/debug/deps/num_enum_derive-198f1b32da30b157.num_enum_derive.a10f3d360e53f0a0-cgu.6.rcgu.o" "/opt/rustwide/target/debug/deps/num_enum_derive-198f1b32da30b157.13iuixpszp48nk9f3saib8lpb.rcgu.rmeta" "/opt/rustwide/target/debug/deps/num_enum_derive-198f1b32da30b157.cbetq8zilb7pi5n0gvzzvjf8e.rcgu.o" "-Wl,--as-needed" "-Wl,-Bstatic" "/opt/rustwide/target/debug/deps/libproc_macro_crate-6cd8c16158f997db.rlib" "/opt/rustwide/target/debug/deps/libthiserror-54f54a9d82e36953.rlib" "/opt/rustwide/target/debug/deps/libtoml-547205a388eade1c.rlib" "/opt/rustwide/target/debug/deps/libserde-bb596b89ac44ccd0.rlib" "/opt/rustwide/target/debug/deps/libsyn-612d8f4fc4159b13.rlib" "/opt/rustwide/target/debug/deps/libquote-2656d60bbd8931a5.rlib" "/opt/rustwide/target/debug/deps/libproc_macro2-0c46b911bb1f710b.rlib" "/opt/rustwide/target/debug/deps/libunicode_ident-20d72242bc0a3307.rlib" "/opt/rustwide/rustup-home/toolchains/beta-2024-12-08-x86_64-unknown-linux-gnu/lib/rustlib/x86_64-unknown-linux-gnu/lib/libproc_macro-bcafc4e6921040d1.rlib" "/opt/rustwide/rustup-home/toolchains/beta-2024-12-08-x86_64-unknown-linux-gnu/lib/rustlib/x86_64-unknown-linux-gnu/lib/libstd-02dc84f49135b6b8.rlib" "/opt/rustwide/rustup-home/toolchains/beta-2024-12-08-x86_64-unknown-linux-gnu/lib/rustlib/x86_64-unknown-linux-gnu/lib/libpanic_unwind-a8f45b397fae3f81.rlib" "/opt/rustwide/rustup-home/toolchains/beta-2024-12-08-x86_64-unknown-linux-gnu/lib/rustlib/x86_64-unknown-linux-gnu/lib/libobject-089607133c180609.rlib" "/opt/rustwide/rustup-home/toolchains/beta-2024-12-08-x86_64-unknown-linux-gnu/lib/rustlib/x86_64-unknown-linux-gnu/lib/libmemchr-fc89f091bcd86cbb.rlib" "/opt/rustwide/rustup-home/toolchains/beta-2024-12-08-x86_64-unknown-linux-gnu/lib/rustlib/x86_64-unknown-linux-gnu/lib/libaddr2line-5a60949f01c7340c.rlib" "/opt/rustwide/rustup-home/toolchains/beta-2024-12-08-x86_64-unknown-linux-gnu/lib/rustlib/x86_64-unknown-linux-gnu/lib/libgimli-d29e6a55ca253c8c.rlib" "/opt/rustwide/rustup-home/toolchains/beta-2024-12-08-x86_64-unknown-linux-gnu/lib/rustlib/x86_64-unknown-linux-gnu/lib/librustc_demangle-273c078d5f65de7a.rlib" "/opt/rustwide/rustup-home/toolchains/beta-2024-12-08-x86_64-unknown-linux-gnu/lib/rustlib/x86_64-unknown-linux-gnu/lib/libstd_detect-413c950ffbdd4454.rlib" "/opt/rustwide/rustup-home/toolchains/beta-2024-12-08-x86_64-unknown-linux-gnu/lib/rustlib/x86_64-unknown-linux-gnu/lib/libhashbrown-1853c0976a1d88a6.rlib" "/opt/rustwide/rustup-home/toolchains/beta-2024-12-08-x86_64-unknown-linux-gnu/lib/rustlib/x86_64-unknown-linux-gnu/lib/librustc_std_workspace_alloc-ccb3384ddacb0f9e.rlib" "/opt/rustwide/rustup-home/toolchains/beta-2024-12-08-x86_64-unknown-linux-gnu/lib/rustlib/x86_64-unknown-linux-gnu/lib/libminiz_oxide-0b901dfb0ca849e0.rlib" "/opt/rustwide/rustup-home/toolchains/beta-2024-12-08-x86_64-unknown-linux-gnu/lib/rustlib/x86_64-unknown-linux-gnu/lib/libadler-eebeb8d7c64543ad.rlib" "/opt/rustwide/rustup-home/toolchains/beta-2024-12-08-x86_64-unknown-linux-gnu/lib/rustlib/x86_64-unknown-linux-gnu/lib/libunwind-4723ef81d6079867.rlib" "/opt/rustwide/rustup-home/toolchains/beta-2024-12-08-x86_64-unknown-linux-gnu/lib/rustlib/x86_64-unknown-linux-gnu/lib/libcfg_if-54442f8b422f5a54.rlib" "/opt/rustwide/rustup-home/toolchains/beta-2024-12-08-x86_64-unknown-linux-gnu/lib/rustlib/x86_64-unknown-linux-gnu/lib/liblibc-e0bbe034b5282553.rlib" "/opt/rustwide/rustup-home/toolchains/beta-2024-12-08-x86_64-unknown-linux-gnu/lib/rustlib/x86_64-unknown-linux-gnu/lib/liballoc-d0febb68c1c37b90.rlib" "/opt/rustwide/rustup-home/toolchains/beta-2024-12-08-x86_64-unknown-linux-gnu/lib/rustlib/x86_64-unknown-linux-gnu/lib/librustc_std_workspace_core-4cf833632aafa84c.rlib" "/opt/rustwide/rustup-home/toolchains/beta-2024-12-08-x86_64-unknown-linux-gnu/lib/rustlib/x86_64-unknown-linux-gnu/lib/libcore-65c2c6d2d6ae570b.rlib" "/opt/rustwide/rustup-home/toolchains/beta-2024-12-08-x86_64-unknown-linux-gnu/lib/rustlib/x86_64-unknown-linux-gnu/lib/libcompiler_builtins-97929cee0dcfe424.rlib" "-Wl,-Bdynamic" "-lgcc_s" "-lutil" "-lrt" "-lpthread" "-lm" "-ldl" "-lc" "-Wl,--eh-frame-hdr" "-Wl,-z,noexecstack" "-L" "/opt/rustwide/rustup-home/toolchains/beta-2024-12-08-x86_64-unknown-linux-gnu/lib/rustlib/x86_64-unknown-linux-gnu/lib" "-o" "/opt/rustwide/target/debug/deps/libnum_enum_derive-198f1b32da30b157.so" "-Wl,--gc-sections" "-shared" "-Wl,-z,relro,-z,now" "-nodefaultlibs"
[INFO] [stdout]   = note: /usr/bin/ld: final link failed: No space left on device
[INFO] [stdout]           collect2: error: ld returned 1 exit status
[INFO] [stdout]           
[INFO] [stdout] 
[INFO] [stdout] 
[INFO] [stderr] error: could not compile `num_enum_derive` (lib) due to 1 previous error
[INFO] running `Command { std: "docker" "inspect" "871cf3fb9e3e4c99faed14431da0a37c4da861285f82863fb213bbb7e41fdfa2", kill_on_drop: false }`
[INFO] running `Command { std: "docker" "rm" "-f" "871cf3fb9e3e4c99faed14431da0a37c4da861285f82863fb213bbb7e41fdfa2", kill_on_drop: false }`
[INFO] [stdout] 871cf3fb9e3e4c99faed14431da0a37c4da861285f82863fb213bbb7e41fdfa2
