[INFO] cloning repository https://github.com/dfrg/swash
[INFO] running `Command { std: "git" "-c" "credential.helper=" "-c" "credential.helper=/workspace/cargo-home/bin/git-credential-null" "clone" "--bare" "https://github.com/dfrg/swash" "/workspace/cache/git-repos/https%3A%2F%2Fgithub.com%2Fdfrg%2Fswash", kill_on_drop: false }`
[INFO] [stderr] Cloning into bare repository '/workspace/cache/git-repos/https%3A%2F%2Fgithub.com%2Fdfrg%2Fswash'...
[INFO] running `Command { std: "git" "rev-parse" "HEAD", kill_on_drop: false }`
[INFO] [stdout] 1c5b29d807ed00a10ef5acc0c645d9154de13810
[INFO] testing dfrg/swash against beta-2024-12-08 for beta-1.84.0-4-retry
[INFO] running `Command { std: "git" "clone" "/workspace/cache/git-repos/https%3A%2F%2Fgithub.com%2Fdfrg%2Fswash" "/workspace/builds/worker-3-tc2/source", kill_on_drop: false }`
[INFO] [stderr] Cloning into '/workspace/builds/worker-3-tc2/source'...
[INFO] [stderr] done.
[INFO] validating manifest of git repo https://github.com/dfrg/swash on toolchain beta-2024-12-08
[INFO] running `Command { std: CARGO_HOME="/workspace/cargo-home" RUSTUP_HOME="/workspace/rustup-home" "/workspace/cargo-home/bin/cargo" "+beta-2024-12-08" "metadata" "--manifest-path" "Cargo.toml" "--no-deps", kill_on_drop: false }`
[INFO] started tweaking git repo https://github.com/dfrg/swash
[INFO] finished tweaking git repo https://github.com/dfrg/swash
[INFO] tweaked toml for git repo https://github.com/dfrg/swash written to /workspace/builds/worker-3-tc2/source/Cargo.toml
[INFO] running `Command { std: CARGO_HOME="/workspace/cargo-home" RUSTUP_HOME="/workspace/rustup-home" "/workspace/cargo-home/bin/cargo" "+beta-2024-12-08" "generate-lockfile" "--manifest-path" "Cargo.toml", kill_on_drop: false }`
[INFO] [stderr]     Updating crates.io index
[INFO] [stderr]      Locking 13 packages to latest compatible versions
[INFO] [stderr]       Adding skrifa v0.25.0 (available: v0.26.2)
[INFO] running `Command { std: CARGO_HOME="/workspace/cargo-home" RUSTUP_HOME="/workspace/rustup-home" "/workspace/cargo-home/bin/cargo" "+beta-2024-12-08" "fetch" "--manifest-path" "Cargo.toml", kill_on_drop: false }`
[INFO] running `Command { std: "docker" "create" "-v" "/var/lib/crater-agent-workspace/builds/worker-3-tc2/target:/opt/rustwide/target:rw,Z" "-v" "/var/lib/crater-agent-workspace/builds/worker-3-tc2/source:/opt/rustwide/workdir:ro,Z" "-v" "/var/lib/crater-agent-workspace/cargo-home:/opt/rustwide/cargo-home:ro,Z" "-v" "/var/lib/crater-agent-workspace/rustup-home:/opt/rustwide/rustup-home:ro,Z" "-e" "SOURCE_DIR=/opt/rustwide/workdir" "-e" "CARGO_TARGET_DIR=/opt/rustwide/target" "-e" "CARGO_HOME=/opt/rustwide/cargo-home" "-e" "RUSTUP_HOME=/opt/rustwide/rustup-home" "-w" "/opt/rustwide/workdir" "-m" "1610612736" "--user" "0:0" "--network" "none" "ghcr.io/rust-lang/crates-build-env/linux@sha256:f3a9d4ad9d972b27faf3965f35b62e55ba32bbce8f20bc8fe909558a86702fde" "/opt/rustwide/cargo-home/bin/cargo" "+beta-2024-12-08" "metadata" "--no-deps" "--format-version=1", kill_on_drop: false }`
[INFO] [stdout] 31d981da5ee7da98de2de4f410c2054c97b15aa361263a376499415ec5ab64e6
[INFO] running `Command { std: "docker" "start" "-a" "31d981da5ee7da98de2de4f410c2054c97b15aa361263a376499415ec5ab64e6", kill_on_drop: false }`
[INFO] running `Command { std: "docker" "inspect" "31d981da5ee7da98de2de4f410c2054c97b15aa361263a376499415ec5ab64e6", kill_on_drop: false }`
[INFO] running `Command { std: "docker" "rm" "-f" "31d981da5ee7da98de2de4f410c2054c97b15aa361263a376499415ec5ab64e6", kill_on_drop: false }`
[INFO] [stdout] 31d981da5ee7da98de2de4f410c2054c97b15aa361263a376499415ec5ab64e6
[INFO] running `Command { std: "docker" "create" "-v" "/var/lib/crater-agent-workspace/builds/worker-3-tc2/target:/opt/rustwide/target:rw,Z" "-v" "/var/lib/crater-agent-workspace/builds/worker-3-tc2/source:/opt/rustwide/workdir:ro,Z" "-v" "/var/lib/crater-agent-workspace/cargo-home:/opt/rustwide/cargo-home:ro,Z" "-v" "/var/lib/crater-agent-workspace/rustup-home:/opt/rustwide/rustup-home:ro,Z" "-e" "SOURCE_DIR=/opt/rustwide/workdir" "-e" "CARGO_TARGET_DIR=/opt/rustwide/target" "-e" "CARGO_INCREMENTAL=0" "-e" "RUST_BACKTRACE=full" "-e" "RUSTFLAGS=--cap-lints=warn" "-e" "RUSTDOCFLAGS=--cap-lints=warn" "-e" "CARGO_HOME=/opt/rustwide/cargo-home" "-e" "RUSTUP_HOME=/opt/rustwide/rustup-home" "-w" "/opt/rustwide/workdir" "-m" "1610612736" "--user" "0:0" "--network" "none" "ghcr.io/rust-lang/crates-build-env/linux@sha256:f3a9d4ad9d972b27faf3965f35b62e55ba32bbce8f20bc8fe909558a86702fde" "/opt/rustwide/cargo-home/bin/cargo" "+beta-2024-12-08" "build" "--frozen" "--message-format=json", kill_on_drop: false }`
[INFO] [stdout] cb051d47c5493bb78023e9fb8667feb78323f8c8fdeab3d5450eff68aebe1249
[INFO] running `Command { std: "docker" "start" "-a" "cb051d47c5493bb78023e9fb8667feb78323f8c8fdeab3d5450eff68aebe1249", kill_on_drop: false }`
[INFO] [stderr]    Compiling proc-macro2 v1.0.92
[INFO] [stderr]    Compiling unicode-ident v1.0.14
[INFO] [stderr]    Compiling yazi v0.2.0
[INFO] [stderr]    Compiling zeno v0.3.1
[INFO] [stderr]    Compiling quote v1.0.37
[INFO] [stderr]    Compiling syn v2.0.90
[INFO] [stderr]    Compiling bytemuck_derive v1.8.0
[INFO] [stderr]    Compiling bytemuck v1.20.0
[INFO] [stderr]    Compiling font-types v0.8.2
[INFO] [stderr]    Compiling read-fonts v0.24.0
[INFO] [stderr]    Compiling skrifa v0.25.0
[INFO] [stderr]    Compiling swash v0.1.19 (/opt/rustwide/workdir)
[INFO] [stdout] warning: fields `id` and `advance` are never read
[INFO] [stdout]    --> src/strike.rs:329:9
[INFO] [stdout]     |
[INFO] [stdout] 327 | pub struct Bitmap<'a> {
[INFO] [stdout]     |            ------ fields in this struct
[INFO] [stdout] 328 |     pub format: BitmapFormat,
[INFO] [stdout] 329 |     pub id: u16,
[INFO] [stdout]     |         ^^
[INFO] [stdout] ...
[INFO] [stdout] 335 |     pub advance: u32,
[INFO] [stdout]     |         ^^^^^^^
[INFO] [stdout]     |
[INFO] [stdout]     = note: `Bitmap` has a derived impl for the trait `Clone`, but this is intentionally ignored during dead code analysis
[INFO] [stdout]     = note: `#[warn(dead_code)]` on by default
[INFO] [stdout] 
[INFO] [stdout] 
[INFO] [stdout] warning: fields `indices` and `ids` are never read
[INFO] [stdout]   --> src/shape/buffer.rs:77:9
[INFO] [stdout]    |
[INFO] [stdout] 65 | pub struct Buffer {
[INFO] [stdout]    |            ------ fields in this struct
[INFO] [stdout] ...
[INFO] [stdout] 77 |     pub indices: Vec<usize>,
[INFO] [stdout]    |         ^^^^^^^
[INFO] [stdout] 78 |     pub ids: Vec<u16>,
[INFO] [stdout]    |         ^^^
[INFO] [stdout]    |
[INFO] [stdout]    = note: `Buffer` has a derived impl for the trait `Clone`, but this is intentionally ignored during dead code analysis
[INFO] [stdout] 
[INFO] [stdout] 
[INFO] [stdout] warning: fields `ltag`, `lang`, and `use_aat` are never read
[INFO] [stdout]   --> src/shape/engine.rs:19:9
[INFO] [stdout]    |
[INFO] [stdout] 13 | pub struct Engine<'a> {
[INFO] [stdout]    |            ------ fields in this struct
[INFO] [stdout] ...
[INFO] [stdout] 19 |     pub ltag: u32,
[INFO] [stdout]    |         ^^^^
[INFO] [stdout] ...
[INFO] [stdout] 26 |     pub lang: Option<Language>,
[INFO] [stdout]    |         ^^^^
[INFO] [stdout] ...
[INFO] [stdout] 31 |     pub use_aat: bool,
[INFO] [stdout]    |         ^^^^^^^
[INFO] [stdout] 
[INFO] [stdout] 
[INFO] [stderr]     Finished `dev` profile [unoptimized + debuginfo] target(s) in 23.49s
[INFO] running `Command { std: "docker" "inspect" "cb051d47c5493bb78023e9fb8667feb78323f8c8fdeab3d5450eff68aebe1249", kill_on_drop: false }`
[INFO] running `Command { std: "docker" "rm" "-f" "cb051d47c5493bb78023e9fb8667feb78323f8c8fdeab3d5450eff68aebe1249", kill_on_drop: false }`
[INFO] [stdout] cb051d47c5493bb78023e9fb8667feb78323f8c8fdeab3d5450eff68aebe1249
[INFO] running `Command { std: "docker" "create" "-v" "/var/lib/crater-agent-workspace/builds/worker-3-tc2/target:/opt/rustwide/target:rw,Z" "-v" "/var/lib/crater-agent-workspace/builds/worker-3-tc2/source:/opt/rustwide/workdir:ro,Z" "-v" "/var/lib/crater-agent-workspace/cargo-home:/opt/rustwide/cargo-home:ro,Z" "-v" "/var/lib/crater-agent-workspace/rustup-home:/opt/rustwide/rustup-home:ro,Z" "-e" "SOURCE_DIR=/opt/rustwide/workdir" "-e" "CARGO_TARGET_DIR=/opt/rustwide/target" "-e" "CARGO_INCREMENTAL=0" "-e" "RUST_BACKTRACE=full" "-e" "RUSTFLAGS=--cap-lints=warn" "-e" "RUSTDOCFLAGS=--cap-lints=warn" "-e" "CARGO_HOME=/opt/rustwide/cargo-home" "-e" "RUSTUP_HOME=/opt/rustwide/rustup-home" "-w" "/opt/rustwide/workdir" "-m" "1610612736" "--user" "0:0" "--network" "none" "ghcr.io/rust-lang/crates-build-env/linux@sha256:f3a9d4ad9d972b27faf3965f35b62e55ba32bbce8f20bc8fe909558a86702fde" "/opt/rustwide/cargo-home/bin/cargo" "+beta-2024-12-08" "test" "--frozen" "--no-run" "--message-format=json", kill_on_drop: false }`
[INFO] [stdout] 78df0d3b54063fd93ad0e68403d86e653c0b2c46c144703fe5e785b633b61d74
[INFO] running `Command { std: "docker" "start" "-a" "78df0d3b54063fd93ad0e68403d86e653c0b2c46c144703fe5e785b633b61d74", kill_on_drop: false }`
[INFO] [stderr]    Compiling swash v0.1.19 (/opt/rustwide/workdir)
[INFO] [stdout] warning: fields `id` and `advance` are never read
[INFO] [stdout]    --> src/strike.rs:329:9
[INFO] [stdout]     |
[INFO] [stdout] 327 | pub struct Bitmap<'a> {
[INFO] [stdout]     |            ------ fields in this struct
[INFO] [stdout] 328 |     pub format: BitmapFormat,
[INFO] [stdout] 329 |     pub id: u16,
[INFO] [stdout]     |         ^^
[INFO] [stdout] ...
[INFO] [stdout] 335 |     pub advance: u32,
[INFO] [stdout]     |         ^^^^^^^
[INFO] [stdout]     |
[INFO] [stdout]     = note: `Bitmap` has a derived impl for the trait `Clone`, but this is intentionally ignored during dead code analysis
[INFO] [stdout]     = note: `#[warn(dead_code)]` on by default
[INFO] [stdout] 
[INFO] [stdout] 
[INFO] [stdout] warning: fields `indices` and `ids` are never read
[INFO] [stdout]   --> src/shape/buffer.rs:77:9
[INFO] [stdout]    |
[INFO] [stdout] 65 | pub struct Buffer {
[INFO] [stdout]    |            ------ fields in this struct
[INFO] [stdout] ...
[INFO] [stdout] 77 |     pub indices: Vec<usize>,
[INFO] [stdout]    |         ^^^^^^^
[INFO] [stdout] 78 |     pub ids: Vec<u16>,
[INFO] [stdout]    |         ^^^
[INFO] [stdout]    |
[INFO] [stdout]    = note: `Buffer` has a derived impl for the trait `Clone`, but this is intentionally ignored during dead code analysis
[INFO] [stdout] 
[INFO] [stdout] 
[INFO] [stdout] warning: fields `ltag`, `lang`, and `use_aat` are never read
[INFO] [stdout]   --> src/shape/engine.rs:19:9
[INFO] [stdout]    |
[INFO] [stdout] 13 | pub struct Engine<'a> {
[INFO] [stdout]    |            ------ fields in this struct
[INFO] [stdout] ...
[INFO] [stdout] 19 |     pub ltag: u32,
[INFO] [stdout]    |         ^^^^
[INFO] [stdout] ...
[INFO] [stdout] 26 |     pub lang: Option<Language>,
[INFO] [stdout]    |         ^^^^
[INFO] [stdout] ...
[INFO] [stdout] 31 |     pub use_aat: bool,
[INFO] [stdout]    |         ^^^^^^^
[INFO] [stdout] 
[INFO] [stdout] 
[INFO] [stdout] warning: fields `id` and `advance` are never read
[INFO] [stdout]    --> src/strike.rs:329:9
[INFO] [stdout]     |
[INFO] [stdout] 327 | pub struct Bitmap<'a> {
[INFO] [stdout]     |            ------ fields in this struct
[INFO] [stdout] 328 |     pub format: BitmapFormat,
[INFO] [stdout] 329 |     pub id: u16,
[INFO] [stdout]     |         ^^
[INFO] [stdout] ...
[INFO] [stdout] 335 |     pub advance: u32,
[INFO] [stdout]     |         ^^^^^^^
[INFO] [stdout]     |
[INFO] [stdout]     = note: `Bitmap` has a derived impl for the trait `Clone`, but this is intentionally ignored during dead code analysis
[INFO] [stdout]     = note: `#[warn(dead_code)]` on by default
[INFO] [stdout] 
[INFO] [stdout] 
[INFO] [stdout] warning: fields `indices` and `ids` are never read
[INFO] [stdout]   --> src/shape/buffer.rs:77:9
[INFO] [stdout]    |
[INFO] [stdout] 65 | pub struct Buffer {
[INFO] [stdout]    |            ------ fields in this struct
[INFO] [stdout] ...
[INFO] [stdout] 77 |     pub indices: Vec<usize>,
[INFO] [stdout]    |         ^^^^^^^
[INFO] [stdout] 78 |     pub ids: Vec<u16>,
[INFO] [stdout]    |         ^^^
[INFO] [stdout]    |
[INFO] [stdout]    = note: `Buffer` has a derived impl for the trait `Clone`, but this is intentionally ignored during dead code analysis
[INFO] [stdout] 
[INFO] [stdout] 
[INFO] [stdout] warning: fields `ltag`, `lang`, and `use_aat` are never read
[INFO] [stdout]   --> src/shape/engine.rs:19:9
[INFO] [stdout]    |
[INFO] [stdout] 13 | pub struct Engine<'a> {
[INFO] [stdout]    |            ------ fields in this struct
[INFO] [stdout] ...
[INFO] [stdout] 19 |     pub ltag: u32,
[INFO] [stdout]    |         ^^^^
[INFO] [stdout] ...
[INFO] [stdout] 26 |     pub lang: Option<Language>,
[INFO] [stdout]    |         ^^^^
[INFO] [stdout] ...
[INFO] [stdout] 31 |     pub use_aat: bool,
[INFO] [stdout]    |         ^^^^^^^
[INFO] [stdout] 
[INFO] [stdout] 
[INFO] [stderr]     Finished `test` profile [unoptimized + debuginfo] target(s) in 3.53s
[INFO] running `Command { std: "docker" "inspect" "78df0d3b54063fd93ad0e68403d86e653c0b2c46c144703fe5e785b633b61d74", kill_on_drop: false }`
[INFO] running `Command { std: "docker" "rm" "-f" "78df0d3b54063fd93ad0e68403d86e653c0b2c46c144703fe5e785b633b61d74", kill_on_drop: false }`
[INFO] [stdout] 78df0d3b54063fd93ad0e68403d86e653c0b2c46c144703fe5e785b633b61d74
[INFO] running `Command { std: "docker" "create" "-v" "/var/lib/crater-agent-workspace/builds/worker-3-tc2/target:/opt/rustwide/target:rw,Z" "-v" "/var/lib/crater-agent-workspace/builds/worker-3-tc2/source:/opt/rustwide/workdir:ro,Z" "-v" "/var/lib/crater-agent-workspace/cargo-home:/opt/rustwide/cargo-home:ro,Z" "-v" "/var/lib/crater-agent-workspace/rustup-home:/opt/rustwide/rustup-home:ro,Z" "-e" "SOURCE_DIR=/opt/rustwide/workdir" "-e" "CARGO_TARGET_DIR=/opt/rustwide/target" "-e" "CARGO_INCREMENTAL=0" "-e" "RUST_BACKTRACE=full" "-e" "RUSTFLAGS=--cap-lints=warn" "-e" "RUSTDOCFLAGS=--cap-lints=warn" "-e" "CARGO_HOME=/opt/rustwide/cargo-home" "-e" "RUSTUP_HOME=/opt/rustwide/rustup-home" "-w" "/opt/rustwide/workdir" "-m" "1610612736" "--user" "0:0" "--network" "none" "ghcr.io/rust-lang/crates-build-env/linux@sha256:f3a9d4ad9d972b27faf3965f35b62e55ba32bbce8f20bc8fe909558a86702fde" "/opt/rustwide/cargo-home/bin/cargo" "+beta-2024-12-08" "test" "--frozen", kill_on_drop: false }`
[INFO] [stdout] f0f7e9ecb465ee16a63ab2e01ab90f97b5486749e3437545da337edae3dde2f3
[INFO] running `Command { std: "docker" "start" "-a" "f0f7e9ecb465ee16a63ab2e01ab90f97b5486749e3437545da337edae3dde2f3", kill_on_drop: false }`
[INFO] [stderr] warning: fields `id` and `advance` are never read
[INFO] [stderr]    --> src/strike.rs:329:9
[INFO] [stderr]     |
[INFO] [stderr] 327 | pub struct Bitmap<'a> {
[INFO] [stderr]     |            ------ fields in this struct
[INFO] [stderr] 328 |     pub format: BitmapFormat,
[INFO] [stderr] 329 |     pub id: u16,
[INFO] [stderr]     |         ^^
[INFO] [stderr] ...
[INFO] [stderr] 335 |     pub advance: u32,
[INFO] [stderr]     |         ^^^^^^^
[INFO] [stderr]     |
[INFO] [stderr]     = note: `Bitmap` has a derived impl for the trait `Clone`, but this is intentionally ignored during dead code analysis
[INFO] [stderr]     = note: `#[warn(dead_code)]` on by default
[INFO] [stderr] 
[INFO] [stderr] warning: fields `indices` and `ids` are never read
[INFO] [stderr]   --> src/shape/buffer.rs:77:9
[INFO] [stderr]    |
[INFO] [stderr] 65 | pub struct Buffer {
[INFO] [stderr]    |            ------ fields in this struct
[INFO] [stderr] ...
[INFO] [stderr] 77 |     pub indices: Vec<usize>,
[INFO] [stderr]    |         ^^^^^^^
[INFO] [stderr] 78 |     pub ids: Vec<u16>,
[INFO] [stderr]    |         ^^^
[INFO] [stderr]    |
[INFO] [stderr]    = note: `Buffer` has a derived impl for the trait `Clone`, but this is intentionally ignored during dead code analysis
[INFO] [stderr] 
[INFO] [stderr] warning: fields `ltag`, `lang`, and `use_aat` are never read
[INFO] [stderr]   --> src/shape/engine.rs:19:9
[INFO] [stderr]    |
[INFO] [stderr] 13 | pub struct Engine<'a> {
[INFO] [stderr]    |            ------ fields in this struct
[INFO] [stderr] ...
[INFO] [stderr] 19 |     pub ltag: u32,
[INFO] [stderr]    |         ^^^^
[INFO] [stderr] ...
[INFO] [stderr] 26 |     pub lang: Option<Language>,
[INFO] [stderr]    |         ^^^^
[INFO] [stderr] ...
[INFO] [stderr] 31 |     pub use_aat: bool,
[INFO] [stderr]    |         ^^^^^^^
[INFO] [stderr] 
[INFO] [stderr] warning: `swash` (lib) generated 3 warnings
[INFO] [stderr] warning: `swash` (lib test) generated 3 warnings (3 duplicates)
[INFO] [stderr]     Finished `test` profile [unoptimized + debuginfo] target(s) in 0.03s
[INFO] [stderr]      Running unittests src/lib.rs (/opt/rustwide/target/debug/deps/swash-e0eba677940bba4e)
[INFO] [stdout] 
[INFO] [stdout] running 0 tests
[INFO] [stdout] 
[INFO] [stdout] test result: ok. 0 passed; 0 failed; 0 ignored; 0 measured; 0 filtered out; finished in 0.00s
[INFO] [stdout] 
[INFO] [stderr]    Doc-tests swash
[INFO] [stdout] 
[INFO] [stdout] running 17 tests
[INFO] [stdout] test src/shape/mod.rs - shape (line 195) ... ok
[INFO] [stdout] test src/font.rs - font::FontRef (line 103) ... ok
[INFO] [stdout] test src/font.rs - font::FontRef (line 77) ... ok
[INFO] [stdout] test src/scale/mod.rs - scale (line 176) ... ok
[INFO] [stdout] test src/scale/mod.rs - scale (line 116) ... FAILED
[INFO] [stdout] test src/scale/mod.rs - scale (line 155) ... ok
[INFO] [stdout] test src/shape/mod.rs - shape (line 169) ... ok
[INFO] [stdout] test src/shape/mod.rs - shape (line 115) ... ok
[INFO] [stdout] test src/shape/mod.rs - shape (line 28) ... ok
[INFO] [stdout] test src/shape/mod.rs - shape (line 84) ... ok
[INFO] [stdout] test src/shape/mod.rs - shape (line 65) ... ok
[INFO] [stdout] test src/scale/mod.rs - scale (line 85) ... ok
[INFO] [stdout] test src/scale/mod.rs - scale (line 27) ... ok
[INFO] [stdout] test src/scale/mod.rs - scale (line 127) ... ok
[INFO] [stdout] test src/shape/mod.rs - shape (line 44) ... ok
[INFO] [stdout] test src/scale/mod.rs - scale (line 74) ... ok
[INFO] [stdout] test src/scale/mod.rs - scale (line 42) ... ok
[INFO] [stdout] 
[INFO] [stdout] failures:
[INFO] [stdout] 
[INFO] [stdout] ---- src/scale/mod.rs - scale (line 116) stdout ----
[INFO] [stdout] error: linking with `cc` failed: exit status: 1
[INFO] [stdout]   |
[INFO] [stdout]   = note: LC_ALL="C" PATH="/opt/rustwide/rustup-home/toolchains/beta-2024-12-08-x86_64-unknown-linux-gnu/lib/rustlib/x86_64-unknown-linux-gnu/bin:/opt/rustwide/cargo-home/bin:/usr/local/sbin:/usr/local/bin:/usr/sbin:/usr/bin:/sbin:/bin" VSLANG="1033" "cc" "-m64" "/tmp/rustcrbHXyd/symbols.o" "/tmp/rustdoctestYgQC5A/rust_out.rust_out.9242fac72db2cd11-cgu.0.rcgu.o" "/tmp/rustdoctestYgQC5A/rust_out.2hl2tb9xdtge7mguxzn2q1kvi.rcgu.o" "-Wl,--as-needed" "-Wl,-Bstatic" "/opt/rustwide/target/debug/deps/libswash-8693edd23543f799.rlib" "/opt/rustwide/target/debug/deps/libyazi-e571058115c114a7.rlib" "/opt/rustwide/target/debug/deps/libskrifa-9759e38835496ee3.rlib" "/opt/rustwide/target/debug/deps/libread_fonts-d649eec360e4e550.rlib" "/opt/rustwide/target/debug/deps/libfont_types-7b0ee1a3a32718e1.rlib" "/opt/rustwide/target/debug/deps/libbytemuck-bfa36eebc699eae2.rlib" "/opt/rustwide/target/debug/deps/libzeno-3aa4e4c26311469b.rlib" "/opt/rustwide/rustup-home/toolchains/beta-2024-12-08-x86_64-unknown-linux-gnu/lib/rustlib/x86_64-unknown-linux-gnu/lib/libstd-02dc84f49135b6b8.rlib" "/opt/rustwide/rustup-home/toolchains/beta-2024-12-08-x86_64-unknown-linux-gnu/lib/rustlib/x86_64-unknown-linux-gnu/lib/libpanic_unwind-a8f45b397fae3f81.rlib" "/opt/rustwide/rustup-home/toolchains/beta-2024-12-08-x86_64-unknown-linux-gnu/lib/rustlib/x86_64-unknown-linux-gnu/lib/libobject-089607133c180609.rlib" "/opt/rustwide/rustup-home/toolchains/beta-2024-12-08-x86_64-unknown-linux-gnu/lib/rustlib/x86_64-unknown-linux-gnu/lib/libmemchr-fc89f091bcd86cbb.rlib" "/opt/rustwide/rustup-home/toolchains/beta-2024-12-08-x86_64-unknown-linux-gnu/lib/rustlib/x86_64-unknown-linux-gnu/lib/libaddr2line-5a60949f01c7340c.rlib" "/opt/rustwide/rustup-home/toolchains/beta-2024-12-08-x86_64-unknown-linux-gnu/lib/rustlib/x86_64-unknown-linux-gnu/lib/libgimli-d29e6a55ca253c8c.rlib" "/opt/rustwide/rustup-home/toolchains/beta-2024-12-08-x86_64-unknown-linux-gnu/lib/rustlib/x86_64-unknown-linux-gnu/lib/librustc_demangle-273c078d5f65de7a.rlib" "/opt/rustwide/rustup-home/toolchains/beta-2024-12-08-x86_64-unknown-linux-gnu/lib/rustlib/x86_64-unknown-linux-gnu/lib/libstd_detect-413c950ffbdd4454.rlib" "/opt/rustwide/rustup-home/toolchains/beta-2024-12-08-x86_64-unknown-linux-gnu/lib/rustlib/x86_64-unknown-linux-gnu/lib/libhashbrown-1853c0976a1d88a6.rlib" "/opt/rustwide/rustup-home/toolchains/beta-2024-12-08-x86_64-unknown-linux-gnu/lib/rustlib/x86_64-unknown-linux-gnu/lib/librustc_std_workspace_alloc-ccb3384ddacb0f9e.rlib" "/opt/rustwide/rustup-home/toolchains/beta-2024-12-08-x86_64-unknown-linux-gnu/lib/rustlib/x86_64-unknown-linux-gnu/lib/libminiz_oxide-0b901dfb0ca849e0.rlib" "/opt/rustwide/rustup-home/toolchains/beta-2024-12-08-x86_64-unknown-linux-gnu/lib/rustlib/x86_64-unknown-linux-gnu/lib/libadler-eebeb8d7c64543ad.rlib" "/opt/rustwide/rustup-home/toolchains/beta-2024-12-08-x86_64-unknown-linux-gnu/lib/rustlib/x86_64-unknown-linux-gnu/lib/libunwind-4723ef81d6079867.rlib" "/opt/rustwide/rustup-home/toolchains/beta-2024-12-08-x86_64-unknown-linux-gnu/lib/rustlib/x86_64-unknown-linux-gnu/lib/libcfg_if-54442f8b422f5a54.rlib" "/opt/rustwide/rustup-home/toolchains/beta-2024-12-08-x86_64-unknown-linux-gnu/lib/rustlib/x86_64-unknown-linux-gnu/lib/liblibc-e0bbe034b5282553.rlib" "/opt/rustwide/rustup-home/toolchains/beta-2024-12-08-x86_64-unknown-linux-gnu/lib/rustlib/x86_64-unknown-linux-gnu/lib/liballoc-d0febb68c1c37b90.rlib" "/opt/rustwide/rustup-home/toolchains/beta-2024-12-08-x86_64-unknown-linux-gnu/lib/rustlib/x86_64-unknown-linux-gnu/lib/librustc_std_workspace_core-4cf833632aafa84c.rlib" "/opt/rustwide/rustup-home/toolchains/beta-2024-12-08-x86_64-unknown-linux-gnu/lib/rustlib/x86_64-unknown-linux-gnu/lib/libcore-65c2c6d2d6ae570b.rlib" "/opt/rustwide/rustup-home/toolchains/beta-2024-12-08-x86_64-unknown-linux-gnu/lib/rustlib/x86_64-unknown-linux-gnu/lib/libcompiler_builtins-97929cee0dcfe424.rlib" "-Wl,-Bdynamic" "-lgcc_s" "-lutil" "-lrt" "-lpthread" "-lm" "-ldl" "-lc" "-Wl,--eh-frame-hdr" "-Wl,-z,noexecstack" "-L" "/opt/rustwide/rustup-home/toolchains/beta-2024-12-08-x86_64-unknown-linux-gnu/lib/rustlib/x86_64-unknown-linux-gnu/lib" "-o" "/tmp/rustdoctestYgQC5A/rust_out" "-Wl,--gc-sections" "-pie" "-Wl,-z,relro,-z,now" "-nodefaultlibs"
[INFO] [stdout]   = note: collect2: fatal error: ld terminated with signal 9 [Killed]
[INFO] [stdout]           compilation terminated.
[INFO] [stdout]           
[INFO] [stdout] 
[INFO] [stdout] error: aborting due to 1 previous error
[INFO] [stdout] 
[INFO] [stdout] Couldn't compile the test.
[INFO] [stdout] 
[INFO] [stdout] failures:
[INFO] [stdout]     src/scale/mod.rs - scale (line 116)
[INFO] [stdout] 
[INFO] [stdout] test result: FAILED. 16 passed; 1 failed; 0 ignored; 0 measured; 0 filtered out; finished in 6.76s
[INFO] [stdout] 
[INFO] [stderr] error: doctest failed, to rerun pass `--doc`
[INFO] running `Command { std: "docker" "inspect" "f0f7e9ecb465ee16a63ab2e01ab90f97b5486749e3437545da337edae3dde2f3", kill_on_drop: false }`
[INFO] running `Command { std: "docker" "rm" "-f" "f0f7e9ecb465ee16a63ab2e01ab90f97b5486749e3437545da337edae3dde2f3", kill_on_drop: false }`
[INFO] [stdout] f0f7e9ecb465ee16a63ab2e01ab90f97b5486749e3437545da337edae3dde2f3
