[INFO] cloning repository https://github.com/defalt-91/rustify_backend
[INFO] running `Command { std: "git" "-c" "credential.helper=" "-c" "credential.helper=/workspace/cargo-home/bin/git-credential-null" "clone" "--bare" "https://github.com/defalt-91/rustify_backend" "/workspace/cache/git-repos/https%3A%2F%2Fgithub.com%2Fdefalt-91%2Frustify_backend", kill_on_drop: false }`
[INFO] [stderr] Cloning into bare repository '/workspace/cache/git-repos/https%3A%2F%2Fgithub.com%2Fdefalt-91%2Frustify_backend'...
[INFO] running `Command { std: "git" "rev-parse" "HEAD", kill_on_drop: false }`
[INFO] [stdout] 26be41eb392e3b982595ce38a110b8eb5f0f1842
[INFO] testing defalt-91/rustify_backend against 1.83.0 for beta-1.84.0-4-retry
[INFO] running `Command { std: "git" "clone" "/workspace/cache/git-repos/https%3A%2F%2Fgithub.com%2Fdefalt-91%2Frustify_backend" "/workspace/builds/worker-7-tc1/source", kill_on_drop: false }`
[INFO] [stderr] Cloning into '/workspace/builds/worker-7-tc1/source'...
[INFO] [stderr] done.
[INFO] validating manifest of git repo https://github.com/defalt-91/rustify_backend on toolchain 1.83.0
[INFO] running `Command { std: CARGO_HOME="/workspace/cargo-home" RUSTUP_HOME="/workspace/rustup-home" "/workspace/cargo-home/bin/cargo" "+1.83.0" "metadata" "--manifest-path" "Cargo.toml" "--no-deps", kill_on_drop: false }`
[INFO] started tweaking git repo https://github.com/defalt-91/rustify_backend
[INFO] finished tweaking git repo https://github.com/defalt-91/rustify_backend
[INFO] tweaked toml for git repo https://github.com/defalt-91/rustify_backend written to /workspace/builds/worker-7-tc1/source/Cargo.toml
[INFO] crate git repo https://github.com/defalt-91/rustify_backend already has a lockfile, it will not be regenerated
[INFO] running `Command { std: CARGO_HOME="/workspace/cargo-home" RUSTUP_HOME="/workspace/rustup-home" "/workspace/cargo-home/bin/cargo" "+1.83.0" "fetch" "--manifest-path" "Cargo.toml", kill_on_drop: false }`
[INFO] [stderr]     Blocking waiting for file lock on package cache
[INFO] [stderr]     Updating crates.io index
[INFO] [stderr]     Blocking waiting for file lock on package cache
[INFO] [stderr]  Downloading crates ...
[INFO] [stderr]   Downloaded migrations_macros v2.2.0
[INFO] [stderr]   Downloaded diesel_migrations v2.2.0
[INFO] [stderr]   Downloaded migrations_internals v2.2.0
[INFO] [stderr]   Downloaded tower-cookies v0.10.0
[INFO] [stderr]   Downloaded dsl_auto_type v0.1.0
[INFO] [stderr]   Downloaded deadpool-diesel v0.6.1
[INFO] [stderr]   Downloaded pq-sys v0.6.0
[INFO] [stderr]   Downloaded diesel_derives v2.2.0
[INFO] [stderr]   Downloaded diesel v2.2.0
[INFO] running `Command { std: "docker" "create" "-v" "/var/lib/crater-agent-workspace/builds/worker-7-tc1/target:/opt/rustwide/target:rw,Z" "-v" "/var/lib/crater-agent-workspace/builds/worker-7-tc1/source:/opt/rustwide/workdir:ro,Z" "-v" "/var/lib/crater-agent-workspace/cargo-home:/opt/rustwide/cargo-home:ro,Z" "-v" "/var/lib/crater-agent-workspace/rustup-home:/opt/rustwide/rustup-home:ro,Z" "-e" "SOURCE_DIR=/opt/rustwide/workdir" "-e" "CARGO_TARGET_DIR=/opt/rustwide/target" "-e" "CARGO_HOME=/opt/rustwide/cargo-home" "-e" "RUSTUP_HOME=/opt/rustwide/rustup-home" "-w" "/opt/rustwide/workdir" "-m" "1610612736" "--user" "0:0" "--network" "none" "ghcr.io/rust-lang/crates-build-env/linux@sha256:f3a9d4ad9d972b27faf3965f35b62e55ba32bbce8f20bc8fe909558a86702fde" "/opt/rustwide/cargo-home/bin/cargo" "+1.83.0" "metadata" "--no-deps" "--format-version=1", kill_on_drop: false }`
[INFO] [stdout] 2133b0e822f7c0de21162340c2b364987d37314e55325c1a2e76de7583d2aefb
[INFO] running `Command { std: "docker" "start" "-a" "2133b0e822f7c0de21162340c2b364987d37314e55325c1a2e76de7583d2aefb", kill_on_drop: false }`
[INFO] running `Command { std: "docker" "inspect" "2133b0e822f7c0de21162340c2b364987d37314e55325c1a2e76de7583d2aefb", kill_on_drop: false }`
[INFO] running `Command { std: "docker" "rm" "-f" "2133b0e822f7c0de21162340c2b364987d37314e55325c1a2e76de7583d2aefb", kill_on_drop: false }`
[INFO] [stdout] 2133b0e822f7c0de21162340c2b364987d37314e55325c1a2e76de7583d2aefb
[INFO] running `Command { std: "docker" "create" "-v" "/var/lib/crater-agent-workspace/builds/worker-7-tc1/target:/opt/rustwide/target:rw,Z" "-v" "/var/lib/crater-agent-workspace/builds/worker-7-tc1/source:/opt/rustwide/workdir:ro,Z" "-v" "/var/lib/crater-agent-workspace/cargo-home:/opt/rustwide/cargo-home:ro,Z" "-v" "/var/lib/crater-agent-workspace/rustup-home:/opt/rustwide/rustup-home:ro,Z" "-e" "SOURCE_DIR=/opt/rustwide/workdir" "-e" "CARGO_TARGET_DIR=/opt/rustwide/target" "-e" "CARGO_INCREMENTAL=0" "-e" "RUST_BACKTRACE=full" "-e" "RUSTFLAGS=--cap-lints=warn" "-e" "RUSTDOCFLAGS=--cap-lints=warn" "-e" "CARGO_HOME=/opt/rustwide/cargo-home" "-e" "RUSTUP_HOME=/opt/rustwide/rustup-home" "-w" "/opt/rustwide/workdir" "-m" "1610612736" "--user" "0:0" "--network" "none" "ghcr.io/rust-lang/crates-build-env/linux@sha256:f3a9d4ad9d972b27faf3965f35b62e55ba32bbce8f20bc8fe909558a86702fde" "/opt/rustwide/cargo-home/bin/cargo" "+1.83.0" "build" "--frozen" "--message-format=json", kill_on_drop: false }`
[INFO] [stdout] 321178895a7be72084e1e110992c4db84a149c9e97678b40c888a708b6757f43
[INFO] running `Command { std: "docker" "start" "-a" "321178895a7be72084e1e110992c4db84a149c9e97678b40c888a708b6757f43", kill_on_drop: false }`
[INFO] [stderr]    Compiling proc-macro2 v1.0.85
[INFO] [stderr]    Compiling unicode-ident v1.0.12
[INFO] [stderr]    Compiling libc v0.2.155
[INFO] [stderr]    Compiling autocfg v1.3.0
[INFO] [stderr]    Compiling cfg-if v1.0.0
[INFO] [stderr]    Compiling serde v1.0.203
[INFO] [stderr]    Compiling version_check v0.9.4
[INFO] [stderr]    Compiling itoa v1.0.11
[INFO] [stderr]    Compiling pin-project-lite v0.2.14
[INFO] [stderr]    Compiling bytes v1.6.0
[INFO] [stderr]    Compiling parking_lot_core v0.9.10
[INFO] [stderr]    Compiling smallvec v1.13.2
[INFO] [stderr]    Compiling once_cell v1.19.0
[INFO] [stderr]    Compiling scopeguard v1.2.0
[INFO] [stderr]    Compiling futures-core v0.3.30
[INFO] [stderr]    Compiling log v0.4.21
[INFO] [stderr]    Compiling fnv v1.0.7
[INFO] [stderr]    Compiling lock_api v0.4.12
[INFO] [stderr]    Compiling slab v0.4.9
[INFO] [stderr]    Compiling tracing-core v0.1.32
[INFO] [stderr]    Compiling cc v1.0.98
[INFO] [stderr]    Compiling http v1.1.0
[INFO] [stderr]    Compiling equivalent v1.0.1
[INFO] [stderr]    Compiling hashbrown v0.14.5
[INFO] [stderr]    Compiling quote v1.0.36
[INFO] [stderr]    Compiling syn v2.0.66
[INFO] [stderr]    Compiling signal-hook-registry v1.4.2
[INFO] [stderr]    Compiling num_cpus v1.16.0
[INFO] [stderr]    Compiling parking_lot v0.12.3
[INFO] [stderr]    Compiling socket2 v0.5.7
[INFO] [stderr]    Compiling mio v0.8.11
[INFO] [stderr]    Compiling indexmap v2.2.6
[INFO] [stderr]    Compiling pin-utils v0.1.0
[INFO] [stderr]    Compiling futures-task v0.3.30
[INFO] [stderr]    Compiling http-body v1.0.0
[INFO] [stderr]    Compiling getrandom v0.2.15
[INFO] [stderr]    Compiling num-traits v0.2.19
[INFO] [stderr]    Compiling percent-encoding v2.3.1
[INFO] [stderr]    Compiling rustversion v1.0.17
[INFO] [stderr]    Compiling vcpkg v0.2.15
[INFO] [stderr]    Compiling pkg-config v0.3.30
[INFO] [stderr]    Compiling ryu v1.0.18
[INFO] [stderr]    Compiling futures-sink v0.3.30
[INFO] [stderr]    Compiling serde_json v1.0.117
[INFO] [stderr]    Compiling httparse v1.8.0
[INFO] [stderr]    Compiling tower-layer v0.3.2
[INFO] [stderr]    Compiling tower-service v0.3.2
[INFO] [stderr]    Compiling bitflags v2.5.0
[INFO] [stderr]    Compiling unicase v2.7.0
[INFO] [stderr]    Compiling typenum v1.17.0
[INFO] [stderr]    Compiling strsim v0.11.1
[INFO] [stderr]    Compiling openssl-sys v0.9.102
[INFO] [stderr]    Compiling ident_case v1.0.1
[INFO] [stderr]    Compiling mime v0.3.17
[INFO] [stderr]    Compiling http-body-util v0.1.1
[INFO] [stderr]    Compiling generic-array v0.14.7
[INFO] [stderr]    Compiling atomic-waker v1.1.2
[INFO] [stderr]    Compiling try-lock v0.2.5
[INFO] [stderr]    Compiling time-core v0.1.2
[INFO] [stderr]    Compiling powerfmt v0.2.0
[INFO] [stderr]    Compiling num-conv v0.1.0
[INFO] [stderr]    Compiling httpdate v1.0.3
[INFO] [stderr]    Compiling want v0.3.1
[INFO] [stderr]    Compiling time-macros v0.2.18
[INFO] [stderr]    Compiling deranged v0.3.11
[INFO] [stderr]    Compiling form_urlencoded v1.2.1
[INFO] [stderr]    Compiling rand_core v0.6.4
[INFO] [stderr]    Compiling futures-channel v0.3.30
[INFO] [stderr]    Compiling foreign-types-shared v0.1.1
[INFO] [stderr]    Compiling darling_core v0.20.9
[INFO] [stderr]    Compiling openssl v0.10.64
[INFO] [stderr]    Compiling ppv-lite86 v0.2.17
[INFO] [stderr]    Compiling foreign-types v0.3.2
[INFO] [stderr]    Compiling rand_chacha v0.3.1
[INFO] [stderr]    Compiling axum-core v0.4.3
[INFO] [stderr]    Compiling base64 v0.22.1
[INFO] [stderr]    Compiling byteorder v1.5.0
[INFO] [stderr]    Compiling pq-sys v0.6.0
[INFO] [stderr]    Compiling tinyvec_macros v0.1.1
[INFO] [stderr]    Compiling native-tls v0.2.12
[INFO] [stderr]    Compiling sync_wrapper v0.1.2
[INFO] [stderr]    Compiling either v1.12.0
[INFO] [stderr]    Compiling time v0.3.36
[INFO] [stderr]    Compiling winnow v0.6.11
[INFO] [stderr]    Compiling spin v0.9.8
[INFO] [stderr]    Compiling heck v0.5.0
[INFO] [stderr]    Compiling tinyvec v1.6.0
[INFO] [stderr]    Compiling rand v0.8.5
[INFO] [stderr]    Compiling diesel_table_macro_syntax v0.2.0
[INFO] [stderr]    Compiling multer v3.1.0
[INFO] [stderr]    Compiling cookie v0.18.1
[INFO] [stderr]    Compiling encoding_rs v0.8.34
[INFO] [stderr]    Compiling serde_derive v1.0.203
[INFO] [stderr]    Compiling tokio-macros v2.3.0
[INFO] [stderr]    Compiling tracing-attributes v0.1.27
[INFO] [stderr]    Compiling futures-macro v0.3.30
[INFO] [stderr]    Compiling pin-project-internal v1.1.5
[INFO] [stderr]    Compiling tokio v1.38.0
[INFO] [stderr]    Compiling darling_macro v0.20.9
[INFO] [stderr]    Compiling darling v0.20.9
[INFO] [stderr]    Compiling openssl-macros v0.1.1
[INFO] [stderr]    Compiling futures-util v0.3.30
[INFO] [stderr]    Compiling tracing v0.1.40
[INFO] [stderr]    Compiling pin-project v1.1.5
[INFO] [stderr]    Compiling dsl_auto_type v0.1.0
[INFO] [stderr]    Compiling async-trait v0.1.80
[INFO] [stderr]    Compiling iana-time-zone v0.1.60
[INFO] [stderr]    Compiling thiserror v1.0.61
[INFO] [stderr]    Compiling openssl-probe v0.1.5
[INFO] [stderr]    Compiling diesel_derives v2.2.0
[INFO] [stderr]    Compiling tokio-util v0.7.11
[INFO] [stderr]    Compiling h2 v0.4.5
[INFO] [stderr]    Compiling tower v0.4.13
[INFO] [stderr]    Compiling toml_datetime v0.6.6
[INFO] [stderr]    Compiling serde_spanned v0.6.6
[INFO] [stderr]    Compiling toml_edit v0.22.14
[INFO] [stderr]    Compiling serde_urlencoded v0.7.1
[INFO] [stderr]    Compiling chrono v0.4.38
[INFO] [stderr]    Compiling toml v0.8.14
[INFO] [stderr]    Compiling uuid v1.8.0
[INFO] [stderr]    Compiling deadpool-runtime v0.1.4
[INFO] [stderr]    Compiling unicode-normalization v0.1.23
[INFO] [stderr]    Compiling thiserror-impl v1.0.61
[INFO] [stderr]    Compiling mime_guess v2.0.4
[INFO] [stderr]    Compiling hyper v1.3.1
[INFO] [stderr]    Compiling crypto-common v0.1.6
[INFO] [stderr]    Compiling inout v0.1.3
[INFO] [stderr]    Compiling num-integer v0.1.46
[INFO] [stderr]    Compiling axum v0.7.5
[INFO] [stderr]    Compiling ring v0.17.8
[INFO] [stderr]    Compiling memchr v2.7.2
[INFO] [stderr]    Compiling regex-syntax v0.8.3
[INFO] [stderr]    Compiling regex-syntax v0.6.29
[INFO] [stderr]    Compiling hyper-util v0.1.5
[INFO] [stderr]    Compiling unicode-bidi v0.3.15
[INFO] [stderr]    Compiling idna v0.5.0
[INFO] [stderr]    Compiling regex-automata v0.1.10
[INFO] [stderr]    Compiling regex-automata v0.4.6
[INFO] [stderr]    Compiling num-bigint v0.4.5
[INFO] [stderr]    Compiling cipher v0.4.4
[INFO] [stderr]    Compiling diesel v2.2.0
[INFO] [stderr]    Compiling tokio-native-tls v0.3.1
[INFO] [stderr]    Compiling migrations_internals v2.2.0
[INFO] [stderr]    Compiling serde_path_to_error v0.1.16
[INFO] [stderr]    Compiling rustls-pki-types v1.7.0
[INFO] [stderr]    Compiling untrusted v0.9.0
[INFO] [stderr]    Compiling lazy_static v1.4.0
[INFO] [stderr]    Compiling overload v0.1.1
[INFO] [stderr]    Compiling sync_wrapper v1.0.1
[INFO] [stderr]    Compiling matchit v0.7.3
[INFO] [stderr]    Compiling nu-ansi-term v0.46.0
[INFO] [stderr]    Compiling sharded-slab v0.1.7
[INFO] [stderr]    Compiling rustls-pemfile v2.1.2
[INFO] [stderr]    Compiling migrations_macros v2.2.0
[INFO] [stderr]    Compiling hyper-tls v0.6.0
[INFO] [stderr]    Compiling simple_asn1 v0.6.2
[INFO] [stderr]    Compiling blowfish v0.9.1
[INFO] [stderr]    Compiling regex v1.10.4
[INFO] [stderr]    Compiling matchers v0.1.0
[INFO] [stderr]    Compiling url v2.5.0
[INFO] [stderr]    Compiling deadpool-sync v0.1.4
[INFO] [stderr]    Compiling deadpool v0.12.1
[INFO] [stderr]    Compiling serde_html_form v0.2.6
[INFO] [stderr]    Compiling pem v3.0.4
[INFO] [stderr]    Compiling tracing-log v0.2.0
[INFO] [stderr]    Compiling thread_local v1.1.8
[INFO] [stderr]    Compiling base64 v0.21.7
[INFO] [stderr]    Compiling zeroize v1.8.1
[INFO] [stderr]    Compiling heck v0.4.1
[INFO] [stderr]    Compiling subtle v2.5.0
[INFO] [stderr]    Compiling http-range-header v0.4.0
[INFO] [stderr]    Compiling ipnet v2.9.0
[INFO] [stderr]    Compiling tower-http v0.5.2
[INFO] [stderr]    Compiling bcrypt v0.15.1
[INFO] [stderr]    Compiling axum-extra v0.9.3
[INFO] [stderr]    Compiling reqwest v0.12.4
[INFO] [stderr]    Compiling axum-macros v0.4.1
[INFO] [stderr]    Compiling jsonwebtoken v9.3.0
[INFO] [stderr]    Compiling tracing-subscriber v0.3.18
[INFO] [stderr]    Compiling tower-cookies v0.10.0
[INFO] [stderr]    Compiling dotenv v0.15.0
[INFO] [stderr]    Compiling deadpool-diesel v0.6.1
[INFO] [stderr]    Compiling diesel_migrations v2.2.0
[INFO] [stderr]    Compiling rustify_backend v0.1.0 (/opt/rustwide/workdir)
[INFO] [stdout] warning: unused import: `crate::errors::internal_error`
[INFO] [stdout]  --> src/core/db.rs:3:5
[INFO] [stdout]   |
[INFO] [stdout] 3 | use crate::errors::internal_error;
[INFO] [stdout]   |     ^^^^^^^^^^^^^^^^^^^^^^^^^^^^^
[INFO] [stdout]   |
[INFO] [stdout]   = note: `#[warn(unused_imports)]` on by default
[INFO] [stdout] 
[INFO] [stdout] 
[INFO] [stdout] warning: unused import: `std::ops::Add`
[INFO] [stdout]  --> src/handlers/auth/login.rs:1:5
[INFO] [stdout]   |
[INFO] [stdout] 1 | use std::ops::Add;
[INFO] [stdout]   |     ^^^^^^^^^^^^^
[INFO] [stdout] 
[INFO] [stdout] 
[INFO] [stdout] warning: field `log_level` is never read
[INFO] [stdout]   --> src/core/config.rs:15:5
[INFO] [stdout]    |
[INFO] [stdout] 12 | struct ServerConfig {
[INFO] [stdout]    |        ------------ field in this struct
[INFO] [stdout] ...
[INFO] [stdout] 15 |     log_level: String,
[INFO] [stdout]    |     ^^^^^^^^^
[INFO] [stdout]    |
[INFO] [stdout]    = note: `ServerConfig` has a derived impl for the trait `Debug`, but this is intentionally ignored during dead code analysis
[INFO] [stdout]    = note: `#[warn(dead_code)]` on by default
[INFO] [stdout] 
[INFO] [stdout] 
[INFO] [stdout] warning: method `log_level` is never used
[INFO] [stdout]   --> src/core/config.rs:64:12
[INFO] [stdout]    |
[INFO] [stdout] 42 | impl Config {
[INFO] [stdout]    | ----------- method in this implementation
[INFO] [stdout] ...
[INFO] [stdout] 64 |     pub fn log_level(&self) -> &str {
[INFO] [stdout]    |            ^^^^^^^^^
[INFO] [stdout] 
[INFO] [stdout] 
[INFO] [stdout] warning: associated function `new` is never used
[INFO] [stdout]   --> src/domain/models/peer.rs:82:12
[INFO] [stdout]    |
[INFO] [stdout] 81 | impl PeerCreate {
[INFO] [stdout]    | --------------- associated function in this implementation
[INFO] [stdout] 82 |     pub fn new(name: String, allowed_ips: String, persistent_keepalive: Option<u16>) -> Self {
[INFO] [stdout]    |            ^^^
[INFO] [stdout] 
[INFO] [stdout] 
[INFO] [stdout] warning: associated function `create_bearer` is never used
[INFO] [stdout]   --> src/handlers/auth/mod.rs:27:12
[INFO] [stdout]    |
[INFO] [stdout] 26 | impl SingInSuccess {
[INFO] [stdout]    | ------------------ associated function in this implementation
[INFO] [stdout] 27 |     pub fn create_bearer(token_str: String) -> Self {
[INFO] [stdout]    |            ^^^^^^^^^^^^^
[INFO] [stdout] 
[INFO] [stdout] 
[INFO] [stdout] warning: field `0` is never read
[INFO] [stdout]   --> src/utils/custom_extractors/agent_extractor.rs:14:29
[INFO] [stdout]    |
[INFO] [stdout] 14 | pub struct ExtractUserAgent(pub HeaderValue);
[INFO] [stdout]    |            ---------------- ^^^^^^^^^^^^^^^
[INFO] [stdout]    |            |
[INFO] [stdout]    |            field in this struct
[INFO] [stdout]    |
[INFO] [stdout]    = help: consider removing this field
[INFO] [stdout] 
[INFO] [stdout] 
[INFO] [stderr]     Finished `dev` profile [optimized + debuginfo] target(s) in 7m 16s
[INFO] running `Command { std: "docker" "inspect" "321178895a7be72084e1e110992c4db84a149c9e97678b40c888a708b6757f43", kill_on_drop: false }`
[INFO] running `Command { std: "docker" "rm" "-f" "321178895a7be72084e1e110992c4db84a149c9e97678b40c888a708b6757f43", kill_on_drop: false }`
[INFO] [stdout] 321178895a7be72084e1e110992c4db84a149c9e97678b40c888a708b6757f43
[INFO] running `Command { std: "docker" "create" "-v" "/var/lib/crater-agent-workspace/builds/worker-7-tc1/target:/opt/rustwide/target:rw,Z" "-v" "/var/lib/crater-agent-workspace/builds/worker-7-tc1/source:/opt/rustwide/workdir:ro,Z" "-v" "/var/lib/crater-agent-workspace/cargo-home:/opt/rustwide/cargo-home:ro,Z" "-v" "/var/lib/crater-agent-workspace/rustup-home:/opt/rustwide/rustup-home:ro,Z" "-e" "SOURCE_DIR=/opt/rustwide/workdir" "-e" "CARGO_TARGET_DIR=/opt/rustwide/target" "-e" "CARGO_INCREMENTAL=0" "-e" "RUST_BACKTRACE=full" "-e" "RUSTFLAGS=--cap-lints=warn" "-e" "RUSTDOCFLAGS=--cap-lints=warn" "-e" "CARGO_HOME=/opt/rustwide/cargo-home" "-e" "RUSTUP_HOME=/opt/rustwide/rustup-home" "-w" "/opt/rustwide/workdir" "-m" "1610612736" "--user" "0:0" "--network" "none" "ghcr.io/rust-lang/crates-build-env/linux@sha256:f3a9d4ad9d972b27faf3965f35b62e55ba32bbce8f20bc8fe909558a86702fde" "/opt/rustwide/cargo-home/bin/cargo" "+1.83.0" "test" "--frozen" "--no-run" "--message-format=json", kill_on_drop: false }`
[INFO] [stdout] 941667ccd5d36f9182e602d9185c26d2119742fdbd424cd8147e24de7e30eee5
[INFO] running `Command { std: "docker" "start" "-a" "941667ccd5d36f9182e602d9185c26d2119742fdbd424cd8147e24de7e30eee5", kill_on_drop: false }`
[INFO] [stdout] warning: unused import: `crate::errors::internal_error`
[INFO] [stdout]  --> src/core/db.rs:3:5
[INFO] [stdout]   |
[INFO] [stdout] 3 | use crate::errors::internal_error;
[INFO] [stdout]   |     ^^^^^^^^^^^^^^^^^^^^^^^^^^^^^
[INFO] [stdout]   |
[INFO] [stdout]   = note: `#[warn(unused_imports)]` on by default
[INFO] [stdout] 
[INFO] [stdout] 
[INFO] [stdout] warning: unused import: `std::ops::Add`
[INFO] [stdout]  --> src/handlers/auth/login.rs:1:5
[INFO] [stdout]   |
[INFO] [stdout] 1 | use std::ops::Add;
[INFO] [stdout]   |     ^^^^^^^^^^^^^
[INFO] [stdout] 
[INFO] [stdout] 
[INFO] [stdout] warning: field `log_level` is never read
[INFO] [stdout]   --> src/core/config.rs:15:5
[INFO] [stdout]    |
[INFO] [stdout] 12 | struct ServerConfig {
[INFO] [stdout]    |        ------------ field in this struct
[INFO] [stdout] ...
[INFO] [stdout] 15 |     log_level: String,
[INFO] [stdout]    |     ^^^^^^^^^
[INFO] [stdout]    |
[INFO] [stdout]    = note: `ServerConfig` has a derived impl for the trait `Debug`, but this is intentionally ignored during dead code analysis
[INFO] [stdout]    = note: `#[warn(dead_code)]` on by default
[INFO] [stdout] 
[INFO] [stdout] 
[INFO] [stdout] warning: method `log_level` is never used
[INFO] [stdout]   --> src/core/config.rs:64:12
[INFO] [stdout]    |
[INFO] [stdout] 42 | impl Config {
[INFO] [stdout]    | ----------- method in this implementation
[INFO] [stdout] ...
[INFO] [stdout] 64 |     pub fn log_level(&self) -> &str {
[INFO] [stdout]    |            ^^^^^^^^^
[INFO] [stdout] 
[INFO] [stdout] 
[INFO] [stdout] warning: associated function `new` is never used
[INFO] [stdout]   --> src/domain/models/peer.rs:82:12
[INFO] [stdout]    |
[INFO] [stdout] 81 | impl PeerCreate {
[INFO] [stdout]    | --------------- associated function in this implementation
[INFO] [stdout] 82 |     pub fn new(name: String, allowed_ips: String, persistent_keepalive: Option<u16>) -> Self {
[INFO] [stdout]    |            ^^^
[INFO] [stdout] 
[INFO] [stdout] 
[INFO] [stdout] warning: associated function `create_bearer` is never used
[INFO] [stdout]   --> src/handlers/auth/mod.rs:27:12
[INFO] [stdout]    |
[INFO] [stdout] 26 | impl SingInSuccess {
[INFO] [stdout]    | ------------------ associated function in this implementation
[INFO] [stdout] 27 |     pub fn create_bearer(token_str: String) -> Self {
[INFO] [stdout]    |            ^^^^^^^^^^^^^
[INFO] [stdout] 
[INFO] [stdout] 
[INFO] [stderr]    Compiling rustify_backend v0.1.0 (/opt/rustwide/workdir)
[INFO] [stdout] warning: field `0` is never read
[INFO] [stdout]   --> src/utils/custom_extractors/agent_extractor.rs:14:29
[INFO] [stdout]    |
[INFO] [stdout] 14 | pub struct ExtractUserAgent(pub HeaderValue);
[INFO] [stdout]    |            ---------------- ^^^^^^^^^^^^^^^
[INFO] [stdout]    |            |
[INFO] [stdout]    |            field in this struct
[INFO] [stdout]    |
[INFO] [stdout]    = help: consider removing this field
[INFO] [stdout] 
[INFO] [stdout] 
[INFO] [stdout] warning: unused import: `crate::errors::internal_error`
[INFO] [stdout]  --> src/core/db.rs:3:5
[INFO] [stdout]   |
[INFO] [stdout] 3 | use crate::errors::internal_error;
[INFO] [stdout]   |     ^^^^^^^^^^^^^^^^^^^^^^^^^^^^^
[INFO] [stdout]   |
[INFO] [stdout]   = note: `#[warn(unused_imports)]` on by default
[INFO] [stdout] 
[INFO] [stdout] 
[INFO] [stdout] warning: unused import: `std::ops::Add`
[INFO] [stdout]  --> src/handlers/auth/login.rs:1:5
[INFO] [stdout]   |
[INFO] [stdout] 1 | use std::ops::Add;
[INFO] [stdout]   |     ^^^^^^^^^^^^^
[INFO] [stdout] 
[INFO] [stdout] 
[INFO] [stdout] warning: field `log_level` is never read
[INFO] [stdout]   --> src/core/config.rs:15:5
[INFO] [stdout]    |
[INFO] [stdout] 12 | struct ServerConfig {
[INFO] [stdout]    |        ------------ field in this struct
[INFO] [stdout] ...
[INFO] [stdout] 15 |     log_level: String,
[INFO] [stdout]    |     ^^^^^^^^^
[INFO] [stdout]    |
[INFO] [stdout]    = note: `ServerConfig` has a derived impl for the trait `Debug`, but this is intentionally ignored during dead code analysis
[INFO] [stdout]    = note: `#[warn(dead_code)]` on by default
[INFO] [stdout] 
[INFO] [stdout] 
[INFO] [stdout] warning: method `log_level` is never used
[INFO] [stdout]   --> src/core/config.rs:64:12
[INFO] [stdout]    |
[INFO] [stdout] 42 | impl Config {
[INFO] [stdout]    | ----------- method in this implementation
[INFO] [stdout] ...
[INFO] [stdout] 64 |     pub fn log_level(&self) -> &str {
[INFO] [stdout]    |            ^^^^^^^^^
[INFO] [stdout] 
[INFO] [stdout] 
[INFO] [stdout] warning: associated function `new` is never used
[INFO] [stdout]   --> src/domain/models/peer.rs:82:12
[INFO] [stdout]    |
[INFO] [stdout] 81 | impl PeerCreate {
[INFO] [stdout]    | --------------- associated function in this implementation
[INFO] [stdout] 82 |     pub fn new(name: String, allowed_ips: String, persistent_keepalive: Option<u16>) -> Self {
[INFO] [stdout]    |            ^^^
[INFO] [stdout] 
[INFO] [stdout] 
[INFO] [stdout] warning: associated function `create_bearer` is never used
[INFO] [stdout]   --> src/handlers/auth/mod.rs:27:12
[INFO] [stdout]    |
[INFO] [stdout] 26 | impl SingInSuccess {
[INFO] [stdout]    | ------------------ associated function in this implementation
[INFO] [stdout] 27 |     pub fn create_bearer(token_str: String) -> Self {
[INFO] [stdout]    |            ^^^^^^^^^^^^^
[INFO] [stdout] 
[INFO] [stdout] 
[INFO] [stdout] warning: field `0` is never read
[INFO] [stdout]   --> src/utils/custom_extractors/agent_extractor.rs:14:29
[INFO] [stdout]    |
[INFO] [stdout] 14 | pub struct ExtractUserAgent(pub HeaderValue);
[INFO] [stdout]    |            ---------------- ^^^^^^^^^^^^^^^
[INFO] [stdout]    |            |
[INFO] [stdout]    |            field in this struct
[INFO] [stdout]    |
[INFO] [stdout]    = help: consider removing this field
[INFO] [stdout] 
[INFO] [stdout] 
[INFO] [stderr]     Finished `test` profile [optimized + debuginfo] target(s) in 14.88s
[INFO] running `Command { std: "docker" "inspect" "941667ccd5d36f9182e602d9185c26d2119742fdbd424cd8147e24de7e30eee5", kill_on_drop: false }`
[INFO] running `Command { std: "docker" "rm" "-f" "941667ccd5d36f9182e602d9185c26d2119742fdbd424cd8147e24de7e30eee5", kill_on_drop: false }`
[INFO] [stdout] 941667ccd5d36f9182e602d9185c26d2119742fdbd424cd8147e24de7e30eee5
[INFO] running `Command { std: "docker" "create" "-v" "/var/lib/crater-agent-workspace/builds/worker-7-tc1/target:/opt/rustwide/target:rw,Z" "-v" "/var/lib/crater-agent-workspace/builds/worker-7-tc1/source:/opt/rustwide/workdir:ro,Z" "-v" "/var/lib/crater-agent-workspace/cargo-home:/opt/rustwide/cargo-home:ro,Z" "-v" "/var/lib/crater-agent-workspace/rustup-home:/opt/rustwide/rustup-home:ro,Z" "-e" "SOURCE_DIR=/opt/rustwide/workdir" "-e" "CARGO_TARGET_DIR=/opt/rustwide/target" "-e" "CARGO_INCREMENTAL=0" "-e" "RUST_BACKTRACE=full" "-e" "RUSTFLAGS=--cap-lints=warn" "-e" "RUSTDOCFLAGS=--cap-lints=warn" "-e" "CARGO_HOME=/opt/rustwide/cargo-home" "-e" "RUSTUP_HOME=/opt/rustwide/rustup-home" "-w" "/opt/rustwide/workdir" "-m" "1610612736" "--user" "0:0" "--network" "none" "ghcr.io/rust-lang/crates-build-env/linux@sha256:f3a9d4ad9d972b27faf3965f35b62e55ba32bbce8f20bc8fe909558a86702fde" "/opt/rustwide/cargo-home/bin/cargo" "+1.83.0" "test" "--frozen", kill_on_drop: false }`
[INFO] [stdout] 9509f7ad5ed694a5ee1e4e5a56d48ed8cc1f802ad62127820149cab085fd07ac
[INFO] running `Command { std: "docker" "start" "-a" "9509f7ad5ed694a5ee1e4e5a56d48ed8cc1f802ad62127820149cab085fd07ac", kill_on_drop: false }`
[INFO] [stderr] warning: unused import: `crate::errors::internal_error`
[INFO] [stderr]  --> src/core/db.rs:3:5
[INFO] [stderr]   |
[INFO] [stderr] 3 | use crate::errors::internal_error;
[INFO] [stderr]   |     ^^^^^^^^^^^^^^^^^^^^^^^^^^^^^
[INFO] [stderr]   |
[INFO] [stderr]   = note: `#[warn(unused_imports)]` on by default
[INFO] [stderr] 
[INFO] [stderr] warning: unused import: `std::ops::Add`
[INFO] [stderr]  --> src/handlers/auth/login.rs:1:5
[INFO] [stderr]   |
[INFO] [stderr] 1 | use std::ops::Add;
[INFO] [stderr]   |     ^^^^^^^^^^^^^
[INFO] [stderr] 
[INFO] [stderr] warning: field `log_level` is never read
[INFO] [stderr]   --> src/core/config.rs:15:5
[INFO] [stderr]    |
[INFO] [stderr] 12 | struct ServerConfig {
[INFO] [stderr]    |        ------------ field in this struct
[INFO] [stderr] ...
[INFO] [stderr] 15 |     log_level: String,
[INFO] [stderr]    |     ^^^^^^^^^
[INFO] [stderr]    |
[INFO] [stderr]    = note: `ServerConfig` has a derived impl for the trait `Debug`, but this is intentionally ignored during dead code analysis
[INFO] [stderr]    = note: `#[warn(dead_code)]` on by default
[INFO] [stderr] 
[INFO] [stderr] warning: method `log_level` is never used
[INFO] [stderr]   --> src/core/config.rs:64:12
[INFO] [stderr]    |
[INFO] [stderr] 42 | impl Config {
[INFO] [stderr]    | ----------- method in this implementation
[INFO] [stderr] ...
[INFO] [stderr] 64 |     pub fn log_level(&self) -> &str {
[INFO] [stderr]    |            ^^^^^^^^^
[INFO] [stderr] 
[INFO] [stderr] warning: associated function `new` is never used
[INFO] [stderr]   --> src/domain/models/peer.rs:82:12
[INFO] [stderr]    |
[INFO] [stderr] 81 | impl PeerCreate {
[INFO] [stderr]    | --------------- associated function in this implementation
[INFO] [stderr] 82 |     pub fn new(name: String, allowed_ips: String, persistent_keepalive: Option<u16>) -> Self {
[INFO] [stderr]    |            ^^^
[INFO] [stderr] 
[INFO] [stderr] warning: associated function `create_bearer` is never used
[INFO] [stderr]   --> src/handlers/auth/mod.rs:27:12
[INFO] [stderr]    |
[INFO] [stderr] 26 | impl SingInSuccess {
[INFO] [stderr]    | ------------------ associated function in this implementation
[INFO] [stderr] 27 |     pub fn create_bearer(token_str: String) -> Self {
[INFO] [stderr]    |            ^^^^^^^^^^^^^
[INFO] [stderr] 
[INFO] [stderr] warning: field `0` is never read
[INFO] [stderr]   --> src/utils/custom_extractors/agent_extractor.rs:14:29
[INFO] [stderr]    |
[INFO] [stderr] 14 | pub struct ExtractUserAgent(pub HeaderValue);
[INFO] [stderr]    |            ---------------- ^^^^^^^^^^^^^^^
[INFO] [stderr]    |            |
[INFO] [stderr]    |            field in this struct
[INFO] [stderr]    |
[INFO] [stderr]    = help: consider removing this field
[INFO] [stderr] 
[INFO] [stderr] warning: `rustify_backend` (bin "rustify_backend" test) generated 7 warnings (run `cargo fix --bin "rustify_backend" --tests` to apply 1 suggestion)
[INFO] [stderr] warning: `rustify_backend` (bin "rustify_backend") generated 7 warnings (7 duplicates)
[INFO] [stderr]     Finished `test` profile [optimized + debuginfo] target(s) in 0.31s
[INFO] [stderr]      Running unittests src/main.rs (/opt/rustwide/target/debug/deps/rustify_backend-47b1cb8aeffe63b4)
[INFO] [stdout] 
[INFO] [stdout] running 5 tests
[INFO] [stdout] test utils::middlewares::mw_ctx::tests::jwt_sign_and_verify_with_chrono ... ok
[INFO] [stdout] test errors::tests::display_description ... ok
[INFO] [stderr] error: test failed, to rerun pass `--bin rustify_backend`
[INFO] [stdout] test utils::middlewares::mw_ctx::tests::jwt_sign_expired ... FAILED
[INFO] [stdout] test utils::middlewares::mw_ctx::tests::jwt_verify_expired_fail ... FAILED
[INFO] [stdout] test utils::middlewares::mw_ctx::tests::jwt_verify_expired_ignore ... FAILED
[INFO] [stdout] 
[INFO] [stdout] failures:
[INFO] [stdout] 
[INFO] [stdout] ---- utils::middlewares::mw_ctx::tests::jwt_sign_expired stdout ----
[INFO] [stdout] thread 'utils::middlewares::mw_ctx::tests::jwt_sign_expired' panicked at src/utils/middlewares/mw_ctx.rs:111:9:
[INFO] [stdout] assertion `left == right` failed
[INFO] [stdout]   left: "eyJ0eXAiOiJKV1QiLCJhbGciOiJIUzI1NiJ9.eyJzdWIiOiI1ZDRiNDYxOC02ZmRkLTQ1MTUtOTRkYi1mM2RlOGNhMWQ3NWQiLCJuYW1lIjoic29tZW9uZSIsImV4cCI6MSwiaWF0IjoxNzM0MTgwODQyfQ.pz9Mc2f8tmocMZzMk-AuU4d10hJ97_i6F_33o6BIq48"
[INFO] [stdout]  right: "eyJ0eXAiOiJKV1QiLCJhbGciOiJIUzI1NiJ9.eyJleHAiOjEsImlhdCI6MTcxODM2ODk4OSwiYXV0aCI6InNvbWVvbmUifQ.csXx-tPNZqdrDscUAy4l0dChp5FMqFdEfMexUD2Br_s"
[INFO] [stdout] stack backtrace:
[INFO] [stdout]    0:     0x624fe262de0a - std::backtrace_rs::backtrace::libunwind::trace::h5a5b8284f2d0c266
[INFO] [stdout]                                at /rustc/90b35a6239c3d8bdabc530a6a0816f7ff89a0aaf/library/std/src/../../backtrace/src/backtrace/libunwind.rs:116:5
[INFO] [stdout]    1:     0x624fe262de0a - std::backtrace_rs::backtrace::trace_unsynchronized::h76d4f1c9b0b875e3
[INFO] [stdout]                                at /rustc/90b35a6239c3d8bdabc530a6a0816f7ff89a0aaf/library/std/src/../../backtrace/src/backtrace/mod.rs:66:5
[INFO] [stdout]    2:     0x624fe262de0a - std::sys::backtrace::_print_fmt::hc4546b8364a537c6
[INFO] [stdout]                                at /rustc/90b35a6239c3d8bdabc530a6a0816f7ff89a0aaf/library/std/src/sys/backtrace.rs:66:9
[INFO] [stdout]    3:     0x624fe262de0a - <std::sys::backtrace::BacktraceLock::print::DisplayBacktrace as core::fmt::Display>::fmt::h5b6bd5631a6d1f6b
[INFO] [stdout]                                at /rustc/90b35a6239c3d8bdabc530a6a0816f7ff89a0aaf/library/std/src/sys/backtrace.rs:39:26
[INFO] [stdout]    4:     0x624fe26530b3 - core::fmt::rt::Argument::fmt::h270f6602a2b96f62
[INFO] [stdout]                                at /rustc/90b35a6239c3d8bdabc530a6a0816f7ff89a0aaf/library/core/src/fmt/rt.rs:177:76
[INFO] [stdout]    5:     0x624fe26530b3 - core::fmt::write::h7550c97b06c86515
[INFO] [stdout]                                at /rustc/90b35a6239c3d8bdabc530a6a0816f7ff89a0aaf/library/core/src/fmt/mod.rs:1186:21
[INFO] [stdout]    6:     0x624fe262afd3 - std::io::Write::write_fmt::h509ff860e5956e5e
[INFO] [stdout]                                at /rustc/90b35a6239c3d8bdabc530a6a0816f7ff89a0aaf/library/std/src/io/mod.rs:1839:15
[INFO] [stdout]    7:     0x624fe262dc52 - std::sys::backtrace::BacktraceLock::print::h2395ccd2c84ba3aa
[INFO] [stdout]                                at /rustc/90b35a6239c3d8bdabc530a6a0816f7ff89a0aaf/library/std/src/sys/backtrace.rs:42:9
[INFO] [stdout]    8:     0x624fe262f26a - std::panicking::default_hook::{{closure}}::he19d4c7230e07961
[INFO] [stdout]                                at /rustc/90b35a6239c3d8bdabc530a6a0816f7ff89a0aaf/library/std/src/panicking.rs:268:22
[INFO] [stdout]    9:     0x624fe262f074 - std::panicking::default_hook::hf614597d3c67bbdb
[INFO] [stdout]                                at /rustc/90b35a6239c3d8bdabc530a6a0816f7ff89a0aaf/library/std/src/panicking.rs:292:9
[INFO] [stdout]   10:     0x624fe2597269 - <alloc::boxed::Box<F,A> as core::ops::function::Fn<Args>>::call::h39b51ce4599c23d1
[INFO] [stdout]                                at /rustc/90b35a6239c3d8bdabc530a6a0816f7ff89a0aaf/library/alloc/src/boxed.rs:2468:9
[INFO] [stdout]   11:     0x624fe2597269 - test::test_main::{{closure}}::he977ae839a582784
[INFO] [stdout]                                at /rustc/90b35a6239c3d8bdabc530a6a0816f7ff89a0aaf/library/test/src/lib.rs:133:21
[INFO] [stdout]   12:     0x624fe262f908 - <alloc::boxed::Box<F,A> as core::ops::function::Fn<Args>>::call::h9455091b6b06f9fb
[INFO] [stdout]                                at /rustc/90b35a6239c3d8bdabc530a6a0816f7ff89a0aaf/library/alloc/src/boxed.rs:2468:9
[INFO] [stdout]   13:     0x624fe262f908 - std::panicking::rust_panic_with_hook::h8942133a8b252070
[INFO] [stdout]                                at /rustc/90b35a6239c3d8bdabc530a6a0816f7ff89a0aaf/library/std/src/panicking.rs:809:13
[INFO] [stdout]   14:     0x624fe262f6ca - std::panicking::begin_panic_handler::{{closure}}::hb5f5963570096b29
[INFO] [stdout]                                at /rustc/90b35a6239c3d8bdabc530a6a0816f7ff89a0aaf/library/std/src/panicking.rs:674:13
[INFO] [stdout]   15:     0x624fe262e2e9 - std::sys::backtrace::__rust_end_short_backtrace::h6208cedc1922feda
[INFO] [stdout]                                at /rustc/90b35a6239c3d8bdabc530a6a0816f7ff89a0aaf/library/std/src/sys/backtrace.rs:170:18
[INFO] [stdout]   16:     0x624fe262f35c - rust_begin_unwind
[INFO] [stdout]                                at /rustc/90b35a6239c3d8bdabc530a6a0816f7ff89a0aaf/library/std/src/panicking.rs:665:5
[INFO] [stdout]   17:     0x624fe254b730 - core::panicking::panic_fmt::h0c3082644d1bf418
[INFO] [stdout]                                at /rustc/90b35a6239c3d8bdabc530a6a0816f7ff89a0aaf/library/core/src/panicking.rs:74:14
[INFO] [stdout]   18:     0x624fe254bafb - core::panicking::assert_failed_inner::h2ddf1fcc067fa858
[INFO] [stdout]   19:     0x624fe2546125 - core::panicking::assert_failed::h039d2a4a145c1d22
[INFO] [stdout]                                at /rustc/90b35a6239c3d8bdabc530a6a0816f7ff89a0aaf/library/core/src/panicking.rs:367:5
[INFO] [stdout]   20:     0x624fe255e356 - rustify_backend::utils::middlewares::mw_ctx::tests::jwt_sign_expired::h1032a55c9059d7a5
[INFO] [stdout]                                at /opt/rustwide/workdir/src/utils/middlewares/mw_ctx.rs:111:9
[INFO] [stdout]   21:     0x624fe25586d9 - rustify_backend::utils::middlewares::mw_ctx::tests::jwt_sign_expired::{{closure}}::h417b2fdfe7a18167
[INFO] [stdout]                                at /opt/rustwide/workdir/src/utils/middlewares/mw_ctx.rs:98:26
[INFO] [stdout]   22:     0x624fe25586d9 - core::ops::function::FnOnce::call_once::hbe6497ff2bd5c044
[INFO] [stdout]                                at /rustc/90b35a6239c3d8bdabc530a6a0816f7ff89a0aaf/library/core/src/ops/function.rs:250:5
[INFO] [stdout]   23:     0x624fe259bc2b - core::ops::function::FnOnce::call_once::h109cf8051a59b34e
[INFO] [stdout]                                at /rustc/90b35a6239c3d8bdabc530a6a0816f7ff89a0aaf/library/core/src/ops/function.rs:250:5
[INFO] [stdout]   24:     0x624fe259bc2b - test::__rust_begin_short_backtrace::hf4fff89d377446ba
[INFO] [stdout]                                at /rustc/90b35a6239c3d8bdabc530a6a0816f7ff89a0aaf/library/test/src/lib.rs:621:18
[INFO] [stdout]   25:     0x624fe259b467 - test::run_test_in_process::{{closure}}::h0e39181dd7ee5a43
[INFO] [stdout]                                at /rustc/90b35a6239c3d8bdabc530a6a0816f7ff89a0aaf/library/test/src/lib.rs:644:60
[INFO] [stdout]   26:     0x624fe259b467 - <core::panic::unwind_safe::AssertUnwindSafe<F> as core::ops::function::FnOnce<()>>::call_once::hc5a66a30f0bdfd1f
[INFO] [stdout]                                at /rustc/90b35a6239c3d8bdabc530a6a0816f7ff89a0aaf/library/core/src/panic/unwind_safe.rs:272:9
[INFO] [stdout]   27:     0x624fe259b467 - std::panicking::try::do_call::h873b7cf639554a5e
[INFO] [stdout]                                at /rustc/90b35a6239c3d8bdabc530a6a0816f7ff89a0aaf/library/std/src/panicking.rs:557:40
[INFO] [stdout]   28:     0x624fe259b467 - std::panicking::try::hdb19862fad9c8bd1
[INFO] [stdout]                                at /rustc/90b35a6239c3d8bdabc530a6a0816f7ff89a0aaf/library/std/src/panicking.rs:520:19
[INFO] [stdout]   29:     0x624fe259b467 - std::panic::catch_unwind::h281fe732d236d260
[INFO] [stdout]                                at /rustc/90b35a6239c3d8bdabc530a6a0816f7ff89a0aaf/library/std/src/panic.rs:358:14
[INFO] [stdout]   30:     0x624fe259b467 - test::run_test_in_process::h949b6df8457ed338
[INFO] [stdout]                                at /rustc/90b35a6239c3d8bdabc530a6a0816f7ff89a0aaf/library/test/src/lib.rs:644:27
[INFO] [stdout]   31:     0x624fe259b467 - test::run_test::{{closure}}::h52c556a6d4740e10
[INFO] [stdout]                                at /rustc/90b35a6239c3d8bdabc530a6a0816f7ff89a0aaf/library/test/src/lib.rs:565:43
[INFO] [stdout]   32:     0x624fe2560744 - test::run_test::{{closure}}::h4237f6381c45ccb9
[INFO] [stdout]                                at /rustc/90b35a6239c3d8bdabc530a6a0816f7ff89a0aaf/library/test/src/lib.rs:595:41
[INFO] [stdout]   33:     0x624fe2560744 - std::sys::backtrace::__rust_begin_short_backtrace::h505c97a579eca628
[INFO] [stdout]                                at /rustc/90b35a6239c3d8bdabc530a6a0816f7ff89a0aaf/library/std/src/sys/backtrace.rs:154:18
[INFO] [stdout]   34:     0x624fe2563e0e - std::thread::Builder::spawn_unchecked_::{{closure}}::{{closure}}::h9e86b2e2bc107ea3
[INFO] [stdout]                                at /rustc/90b35a6239c3d8bdabc530a6a0816f7ff89a0aaf/library/std/src/thread/mod.rs:538:17
[INFO] [stdout]   35:     0x624fe2563e0e - <core::panic::unwind_safe::AssertUnwindSafe<F> as core::ops::function::FnOnce<()>>::call_once::h8b06ddb275ff4a25
[INFO] [stdout]                                at /rustc/90b35a6239c3d8bdabc530a6a0816f7ff89a0aaf/library/core/src/panic/unwind_safe.rs:272:9
[INFO] [stdout]   36:     0x624fe2563e0e - std::panicking::try::do_call::hb26ecd7cd9a9355d
[INFO] [stdout]                                at /rustc/90b35a6239c3d8bdabc530a6a0816f7ff89a0aaf/library/std/src/panicking.rs:557:40
[INFO] [stdout]   37:     0x624fe2563e0e - std::panicking::try::h8ddeca9d705f9069
[INFO] [stdout]                                at /rustc/90b35a6239c3d8bdabc530a6a0816f7ff89a0aaf/library/std/src/panicking.rs:520:19
[INFO] [stdout]   38:     0x624fe2563e0e - std::panic::catch_unwind::h49e1c33078844c46
[INFO] [stdout]                                at /rustc/90b35a6239c3d8bdabc530a6a0816f7ff89a0aaf/library/std/src/panic.rs:358:14
[INFO] [stdout]   39:     0x624fe2563e0e - std::thread::Builder::spawn_unchecked_::{{closure}}::h6073db6ff56ad35d
[INFO] [stdout]                                at /rustc/90b35a6239c3d8bdabc530a6a0816f7ff89a0aaf/library/std/src/thread/mod.rs:537:30
[INFO] [stdout]   40:     0x624fe2563e0e - core::ops::function::FnOnce::call_once{{vtable.shim}}::h2c5a5f3779c774f1
[INFO] [stdout]                                at /rustc/90b35a6239c3d8bdabc530a6a0816f7ff89a0aaf/library/core/src/ops/function.rs:250:5
[INFO] [stdout]   41:     0x624fe263365b - <alloc::boxed::Box<F,A> as core::ops::function::FnOnce<Args>>::call_once::hf75717d9f28faebf
[INFO] [stdout]                                at /rustc/90b35a6239c3d8bdabc530a6a0816f7ff89a0aaf/library/alloc/src/boxed.rs:2454:9
[INFO] [stdout]   42:     0x624fe263365b - <alloc::boxed::Box<F,A> as core::ops::function::FnOnce<Args>>::call_once::h7bd883a5f3c5f3c1
[INFO] [stdout]                                at /rustc/90b35a6239c3d8bdabc530a6a0816f7ff89a0aaf/library/alloc/src/boxed.rs:2454:9
[INFO] [stdout]   43:     0x624fe263365b - std::sys::pal::unix::thread::Thread::new::thread_start::hcc78f3943333fa94
[INFO] [stdout]                                at /rustc/90b35a6239c3d8bdabc530a6a0816f7ff89a0aaf/library/std/src/sys/pal/unix/thread.rs:105:17
[INFO] [stdout]   44:     0x7dc42e706ac3 - <unknown>
[INFO] [stdout]   45:     0x7dc42e797a04 - clone
[INFO] [stdout]   46:                0x0 - <unknown>
[INFO] [stdout] 
[INFO] [stdout] ---- utils::middlewares::mw_ctx::tests::jwt_verify_expired_fail stdout ----
[INFO] [stdout] thread 'utils::middlewares::mw_ctx::tests::jwt_verify_expired_fail' panicked at src/utils/middlewares/mw_ctx.rs:136:9:
[INFO] [stdout] assertion `left == right` failed
[INFO] [stdout]   left: Some(Json(Error("missing field `sub`", line: 1, column: 43)))
[INFO] [stdout]  right: Some(ExpiredSignature)
[INFO] [stdout] stack backtrace:
[INFO] [stdout]    0:     0x624fe262de0a - std::backtrace_rs::backtrace::libunwind::trace::h5a5b8284f2d0c266
[INFO] [stdout]                                at /rustc/90b35a6239c3d8bdabc530a6a0816f7ff89a0aaf/library/std/src/../../backtrace/src/backtrace/libunwind.rs:116:5
[INFO] [stdout]    1:     0x624fe262de0a - std::backtrace_rs::backtrace::trace_unsynchronized::h76d4f1c9b0b875e3
[INFO] [stdout]                                at /rustc/90b35a6239c3d8bdabc530a6a0816f7ff89a0aaf/library/std/src/../../backtrace/src/backtrace/mod.rs:66:5
[INFO] [stdout]    2:     0x624fe262de0a - std::sys::backtrace::_print_fmt::hc4546b8364a537c6
[INFO] [stdout]                                at /rustc/90b35a6239c3d8bdabc530a6a0816f7ff89a0aaf/library/std/src/sys/backtrace.rs:66:9
[INFO] [stdout]    3:     0x624fe262de0a - <std::sys::backtrace::BacktraceLock::print::DisplayBacktrace as core::fmt::Display>::fmt::h5b6bd5631a6d1f6b
[INFO] [stdout]                                at /rustc/90b35a6239c3d8bdabc530a6a0816f7ff89a0aaf/library/std/src/sys/backtrace.rs:39:26
[INFO] [stdout]    4:     0x624fe26530b3 - core::fmt::rt::Argument::fmt::h270f6602a2b96f62
[INFO] [stdout]                                at /rustc/90b35a6239c3d8bdabc530a6a0816f7ff89a0aaf/library/core/src/fmt/rt.rs:177:76
[INFO] [stdout]    5:     0x624fe26530b3 - core::fmt::write::h7550c97b06c86515
[INFO] [stdout]                                at /rustc/90b35a6239c3d8bdabc530a6a0816f7ff89a0aaf/library/core/src/fmt/mod.rs:1186:21
[INFO] [stdout]    6:     0x624fe262afd3 - std::io::Write::write_fmt::h509ff860e5956e5e
[INFO] [stdout]                                at /rustc/90b35a6239c3d8bdabc530a6a0816f7ff89a0aaf/library/std/src/io/mod.rs:1839:15
[INFO] [stdout]    7:     0x624fe262dc52 - std::sys::backtrace::BacktraceLock::print::h2395ccd2c84ba3aa
[INFO] [stdout]                                at /rustc/90b35a6239c3d8bdabc530a6a0816f7ff89a0aaf/library/std/src/sys/backtrace.rs:42:9
[INFO] [stdout]    8:     0x624fe262f26a - std::panicking::default_hook::{{closure}}::he19d4c7230e07961
[INFO] [stdout]                                at /rustc/90b35a6239c3d8bdabc530a6a0816f7ff89a0aaf/library/std/src/panicking.rs:268:22
[INFO] [stdout]    9:     0x624fe262f074 - std::panicking::default_hook::hf614597d3c67bbdb
[INFO] [stdout]                                at /rustc/90b35a6239c3d8bdabc530a6a0816f7ff89a0aaf/library/std/src/panicking.rs:292:9
[INFO] [stdout]   10:     0x624fe2597269 - <alloc::boxed::Box<F,A> as core::ops::function::Fn<Args>>::call::h39b51ce4599c23d1
[INFO] [stdout]                                at /rustc/90b35a6239c3d8bdabc530a6a0816f7ff89a0aaf/library/alloc/src/boxed.rs:2468:9
[INFO] [stdout]   11:     0x624fe2597269 - test::test_main::{{closure}}::he977ae839a582784
[INFO] [stdout]                                at /rustc/90b35a6239c3d8bdabc530a6a0816f7ff89a0aaf/library/test/src/lib.rs:133:21
[INFO] [stdout]   12:     0x624fe262f908 - <alloc::boxed::Box<F,A> as core::ops::function::Fn<Args>>::call::h9455091b6b06f9fb
[INFO] [stdout]                                at /rustc/90b35a6239c3d8bdabc530a6a0816f7ff89a0aaf/library/alloc/src/boxed.rs:2468:9
[INFO] [stdout]   13:     0x624fe262f908 - std::panicking::rust_panic_with_hook::h8942133a8b252070
[INFO] [stdout]                                at /rustc/90b35a6239c3d8bdabc530a6a0816f7ff89a0aaf/library/std/src/panicking.rs:809:13
[INFO] [stdout]   14:     0x624fe262f6ca - std::panicking::begin_panic_handler::{{closure}}::hb5f5963570096b29
[INFO] [stdout]                                at /rustc/90b35a6239c3d8bdabc530a6a0816f7ff89a0aaf/library/std/src/panicking.rs:674:13
[INFO] [stdout]   15:     0x624fe262e2e9 - std::sys::backtrace::__rust_end_short_backtrace::h6208cedc1922feda
[INFO] [stdout]                                at /rustc/90b35a6239c3d8bdabc530a6a0816f7ff89a0aaf/library/std/src/sys/backtrace.rs:170:18
[INFO] [stdout]   16:     0x624fe262f35c - rust_begin_unwind
[INFO] [stdout]                                at /rustc/90b35a6239c3d8bdabc530a6a0816f7ff89a0aaf/library/std/src/panicking.rs:665:5
[INFO] [stdout]   17:     0x624fe254b730 - core::panicking::panic_fmt::h0c3082644d1bf418
[INFO] [stdout]                                at /rustc/90b35a6239c3d8bdabc530a6a0816f7ff89a0aaf/library/core/src/panicking.rs:74:14
[INFO] [stdout]   18:     0x624fe254bafb - core::panicking::assert_failed_inner::h2ddf1fcc067fa858
[INFO] [stdout]   19:     0x624fe2546153 - core::panicking::assert_failed::h2146180a0013ce4f
[INFO] [stdout]                                at /rustc/90b35a6239c3d8bdabc530a6a0816f7ff89a0aaf/library/core/src/panicking.rs:367:5
[INFO] [stdout]   20:     0x624fe255e79f - rustify_backend::utils::middlewares::mw_ctx::tests::jwt_verify_expired_fail::h19d7fe5668463fcd
[INFO] [stdout]                                at /opt/rustwide/workdir/src/utils/middlewares/mw_ctx.rs:136:9
[INFO] [stdout]   21:     0x624fe25586b9 - rustify_backend::utils::middlewares::mw_ctx::tests::jwt_verify_expired_fail::{{closure}}::hf5911d7a436ba6b1
[INFO] [stdout]                                at /opt/rustwide/workdir/src/utils/middlewares/mw_ctx.rs:128:33
[INFO] [stdout]   22:     0x624fe25586b9 - core::ops::function::FnOnce::call_once::h5fcc3d8fa9e68489
[INFO] [stdout]                                at /rustc/90b35a6239c3d8bdabc530a6a0816f7ff89a0aaf/library/core/src/ops/function.rs:250:5
[INFO] [stdout]   23:     0x624fe259bc2b - core::ops::function::FnOnce::call_once::h109cf8051a59b34e
[INFO] [stdout]                                at /rustc/90b35a6239c3d8bdabc530a6a0816f7ff89a0aaf/library/core/src/ops/function.rs:250:5
[INFO] [stdout]   24:     0x624fe259bc2b - test::__rust_begin_short_backtrace::hf4fff89d377446ba
[INFO] [stdout]                                at /rustc/90b35a6239c3d8bdabc530a6a0816f7ff89a0aaf/library/test/src/lib.rs:621:18
[INFO] [stdout]   25:     0x624fe259b467 - test::run_test_in_process::{{closure}}::h0e39181dd7ee5a43
[INFO] [stdout]                                at /rustc/90b35a6239c3d8bdabc530a6a0816f7ff89a0aaf/library/test/src/lib.rs:644:60
[INFO] [stdout]   26:     0x624fe259b467 - <core::panic::unwind_safe::AssertUnwindSafe<F> as core::ops::function::FnOnce<()>>::call_once::hc5a66a30f0bdfd1f
[INFO] [stdout]                                at /rustc/90b35a6239c3d8bdabc530a6a0816f7ff89a0aaf/library/core/src/panic/unwind_safe.rs:272:9
[INFO] [stdout]   27:     0x624fe259b467 - std::panicking::try::do_call::h873b7cf639554a5e
[INFO] [stdout]                                at /rustc/90b35a6239c3d8bdabc530a6a0816f7ff89a0aaf/library/std/src/panicking.rs:557:40
[INFO] [stdout]   28:     0x624fe259b467 - std::panicking::try::hdb19862fad9c8bd1
[INFO] [stdout]                                at /rustc/90b35a6239c3d8bdabc530a6a0816f7ff89a0aaf/library/std/src/panicking.rs:520:19
[INFO] [stdout]   29:     0x624fe259b467 - std::panic::catch_unwind::h281fe732d236d260
[INFO] [stdout]                                at /rustc/90b35a6239c3d8bdabc530a6a0816f7ff89a0aaf/library/std/src/panic.rs:358:14
[INFO] [stdout]   30:     0x624fe259b467 - test::run_test_in_process::h949b6df8457ed338
[INFO] [stdout]                                at /rustc/90b35a6239c3d8bdabc530a6a0816f7ff89a0aaf/library/test/src/lib.rs:644:27
[INFO] [stdout]   31:     0x624fe259b467 - test::run_test::{{closure}}::h52c556a6d4740e10
[INFO] [stdout]                                at /rustc/90b35a6239c3d8bdabc530a6a0816f7ff89a0aaf/library/test/src/lib.rs:565:43
[INFO] [stdout]   32:     0x624fe2560744 - test::run_test::{{closure}}::h4237f6381c45ccb9
[INFO] [stdout]                                at /rustc/90b35a6239c3d8bdabc530a6a0816f7ff89a0aaf/library/test/src/lib.rs:595:41
[INFO] [stdout]   33:     0x624fe2560744 - std::sys::backtrace::__rust_begin_short_backtrace::h505c97a579eca628
[INFO] [stdout]                                at /rustc/90b35a6239c3d8bdabc530a6a0816f7ff89a0aaf/library/std/src/sys/backtrace.rs:154:18
[INFO] [stdout]   34:     0x624fe2563e0e - std::thread::Builder::spawn_unchecked_::{{closure}}::{{closure}}::h9e86b2e2bc107ea3
[INFO] [stdout]                                at /rustc/90b35a6239c3d8bdabc530a6a0816f7ff89a0aaf/library/std/src/thread/mod.rs:538:17
[INFO] [stdout]   35:     0x624fe2563e0e - <core::panic::unwind_safe::AssertUnwindSafe<F> as core::ops::function::FnOnce<()>>::call_once::h8b06ddb275ff4a25
[INFO] [stdout]                                at /rustc/90b35a6239c3d8bdabc530a6a0816f7ff89a0aaf/library/core/src/panic/unwind_safe.rs:272:9
[INFO] [stdout]   36:     0x624fe2563e0e - std::panicking::try::do_call::hb26ecd7cd9a9355d
[INFO] [stdout]                                at /rustc/90b35a6239c3d8bdabc530a6a0816f7ff89a0aaf/library/std/src/panicking.rs:557:40
[INFO] [stdout]   37:     0x624fe2563e0e - std::panicking::try::h8ddeca9d705f9069
[INFO] [stdout]                                at /rustc/90b35a6239c3d8bdabc530a6a0816f7ff89a0aaf/library/std/src/panicking.rs:520:19
[INFO] [stdout]   38:     0x624fe2563e0e - std::panic::catch_unwind::h49e1c33078844c46
[INFO] [stdout]                                at /rustc/90b35a6239c3d8bdabc530a6a0816f7ff89a0aaf/library/std/src/panic.rs:358:14
[INFO] [stdout]   39:     0x624fe2563e0e - std::thread::Builder::spawn_unchecked_::{{closure}}::h6073db6ff56ad35d
[INFO] [stdout]                                at /rustc/90b35a6239c3d8bdabc530a6a0816f7ff89a0aaf/library/std/src/thread/mod.rs:537:30
[INFO] [stdout]   40:     0x624fe2563e0e - core::ops::function::FnOnce::call_once{{vtable.shim}}::h2c5a5f3779c774f1
[INFO] [stdout]                                at /rustc/90b35a6239c3d8bdabc530a6a0816f7ff89a0aaf/library/core/src/ops/function.rs:250:5
[INFO] [stdout]   41:     0x624fe263365b - <alloc::boxed::Box<F,A> as core::ops::function::FnOnce<Args>>::call_once::hf75717d9f28faebf
[INFO] [stdout]                                at /rustc/90b35a6239c3d8bdabc530a6a0816f7ff89a0aaf/library/alloc/src/boxed.rs:2454:9
[INFO] [stdout]   42:     0x624fe263365b - <alloc::boxed::Box<F,A> as core::ops::function::FnOnce<Args>>::call_once::h7bd883a5f3c5f3c1
[INFO] [stdout]                                at /rustc/90b35a6239c3d8bdabc530a6a0816f7ff89a0aaf/library/alloc/src/boxed.rs:2454:9
[INFO] [stdout]   43:     0x624fe263365b - std::sys::pal::unix::thread::Thread::new::thread_start::hcc78f3943333fa94
[INFO] [stdout]                                at /rustc/90b35a6239c3d8bdabc530a6a0816f7ff89a0aaf/library/std/src/sys/pal/unix/thread.rs:105:17
[INFO] [stdout]   44:     0x7dc42e706ac3 - <unknown>
[INFO] [stdout]   45:     0x7dc42e797a04 - clone
[INFO] [stdout]   46:                0x0 - <unknown>
[INFO] [stdout] 
[INFO] [stdout] ---- utils::middlewares::mw_ctx::tests::jwt_verify_expired_ignore stdout ----
[INFO] [stdout] thread 'utils::middlewares::mw_ctx::tests::jwt_verify_expired_ignore' panicked at src/utils/middlewares/mw_ctx.rs:123:10:
[INFO] [stdout] called `Result::unwrap()` on an `Err` value: Error(Json(Error("missing field `sub`", line: 1, column: 43)))
[INFO] [stdout] stack backtrace:
[INFO] [stdout]    0:     0x624fe262de0a - std::backtrace_rs::backtrace::libunwind::trace::h5a5b8284f2d0c266
[INFO] [stdout]                                at /rustc/90b35a6239c3d8bdabc530a6a0816f7ff89a0aaf/library/std/src/../../backtrace/src/backtrace/libunwind.rs:116:5
[INFO] [stdout]    1:     0x624fe262de0a - std::backtrace_rs::backtrace::trace_unsynchronized::h76d4f1c9b0b875e3
[INFO] [stdout]                                at /rustc/90b35a6239c3d8bdabc530a6a0816f7ff89a0aaf/library/std/src/../../backtrace/src/backtrace/mod.rs:66:5
[INFO] [stdout]    2:     0x624fe262de0a - std::sys::backtrace::_print_fmt::hc4546b8364a537c6
[INFO] [stdout]                                at /rustc/90b35a6239c3d8bdabc530a6a0816f7ff89a0aaf/library/std/src/sys/backtrace.rs:66:9
[INFO] [stdout]    3:     0x624fe262de0a - <std::sys::backtrace::BacktraceLock::print::DisplayBacktrace as core::fmt::Display>::fmt::h5b6bd5631a6d1f6b
[INFO] [stdout]                                at /rustc/90b35a6239c3d8bdabc530a6a0816f7ff89a0aaf/library/std/src/sys/backtrace.rs:39:26
[INFO] [stdout]    4:     0x624fe26530b3 - core::fmt::rt::Argument::fmt::h270f6602a2b96f62
[INFO] [stdout]                                at /rustc/90b35a6239c3d8bdabc530a6a0816f7ff89a0aaf/library/core/src/fmt/rt.rs:177:76
[INFO] [stdout]    5:     0x624fe26530b3 - core::fmt::write::h7550c97b06c86515
[INFO] [stdout]                                at /rustc/90b35a6239c3d8bdabc530a6a0816f7ff89a0aaf/library/core/src/fmt/mod.rs:1186:21
[INFO] [stdout]    6:     0x624fe262afd3 - std::io::Write::write_fmt::h509ff860e5956e5e
[INFO] [stdout]                                at /rustc/90b35a6239c3d8bdabc530a6a0816f7ff89a0aaf/library/std/src/io/mod.rs:1839:15
[INFO] [stdout]    7:     0x624fe262dc52 - std::sys::backtrace::BacktraceLock::print::h2395ccd2c84ba3aa
[INFO] [stdout]                                at /rustc/90b35a6239c3d8bdabc530a6a0816f7ff89a0aaf/library/std/src/sys/backtrace.rs:42:9
[INFO] [stdout]    8:     0x624fe262f26a - std::panicking::default_hook::{{closure}}::he19d4c7230e07961
[INFO] [stdout]                                at /rustc/90b35a6239c3d8bdabc530a6a0816f7ff89a0aaf/library/std/src/panicking.rs:268:22
[INFO] [stdout]    9:     0x624fe262f074 - std::panicking::default_hook::hf614597d3c67bbdb
[INFO] [stdout]                                at /rustc/90b35a6239c3d8bdabc530a6a0816f7ff89a0aaf/library/std/src/panicking.rs:292:9
[INFO] [stdout]   10:     0x624fe2597269 - <alloc::boxed::Box<F,A> as core::ops::function::Fn<Args>>::call::h39b51ce4599c23d1
[INFO] [stdout]                                at /rustc/90b35a6239c3d8bdabc530a6a0816f7ff89a0aaf/library/alloc/src/boxed.rs:2468:9
[INFO] [stdout]   11:     0x624fe2597269 - test::test_main::{{closure}}::he977ae839a582784
[INFO] [stdout]                                at /rustc/90b35a6239c3d8bdabc530a6a0816f7ff89a0aaf/library/test/src/lib.rs:133:21
[INFO] [stdout]   12:     0x624fe262f908 - <alloc::boxed::Box<F,A> as core::ops::function::Fn<Args>>::call::h9455091b6b06f9fb
[INFO] [stdout]                                at /rustc/90b35a6239c3d8bdabc530a6a0816f7ff89a0aaf/library/alloc/src/boxed.rs:2468:9
[INFO] [stdout]   13:     0x624fe262f908 - std::panicking::rust_panic_with_hook::h8942133a8b252070
[INFO] [stdout]                                at /rustc/90b35a6239c3d8bdabc530a6a0816f7ff89a0aaf/library/std/src/panicking.rs:809:13
[INFO] [stdout]   14:     0x624fe262f6ca - std::panicking::begin_panic_handler::{{closure}}::hb5f5963570096b29
[INFO] [stdout]                                at /rustc/90b35a6239c3d8bdabc530a6a0816f7ff89a0aaf/library/std/src/panicking.rs:674:13
[INFO] [stdout]   15:     0x624fe262e2e9 - std::sys::backtrace::__rust_end_short_backtrace::h6208cedc1922feda
[INFO] [stdout]                                at /rustc/90b35a6239c3d8bdabc530a6a0816f7ff89a0aaf/library/std/src/sys/backtrace.rs:170:18
[INFO] [stdout]   16:     0x624fe262f35c - rust_begin_unwind
[INFO] [stdout]                                at /rustc/90b35a6239c3d8bdabc530a6a0816f7ff89a0aaf/library/std/src/panicking.rs:665:5
[INFO] [stdout]   17:     0x624fe254b730 - core::panicking::panic_fmt::h0c3082644d1bf418
[INFO] [stdout]                                at /rustc/90b35a6239c3d8bdabc530a6a0816f7ff89a0aaf/library/core/src/panicking.rs:74:14
[INFO] [stdout]   18:     0x624fe254bb76 - core::result::unwrap_failed::hd20b4aa073bda1e2
[INFO] [stdout]                                at /rustc/90b35a6239c3d8bdabc530a6a0816f7ff89a0aaf/library/core/src/result.rs:1700:5
[INFO] [stdout]   19:     0x624fe255e622 - core::result::Result<T,E>::unwrap::hd5aa7c1649c2a2e0
[INFO] [stdout]                                at /rustc/90b35a6239c3d8bdabc530a6a0816f7ff89a0aaf/library/core/src/result.rs:1104:23
[INFO] [stdout]   20:     0x624fe255e622 - rustify_backend::utils::middlewares::mw_ctx::tests::jwt_verify_expired_ignore::h503183d20af765ae
[INFO] [stdout]                                at /opt/rustwide/workdir/src/utils/middlewares/mw_ctx.rs:118:21
[INFO] [stdout]   21:     0x624fe2558659 - rustify_backend::utils::middlewares::mw_ctx::tests::jwt_verify_expired_ignore::{{closure}}::h31f23ef222021a7f
[INFO] [stdout]                                at /opt/rustwide/workdir/src/utils/middlewares/mw_ctx.rs:115:35
[INFO] [stdout]   22:     0x624fe2558659 - core::ops::function::FnOnce::call_once::h2254a8c343253611
[INFO] [stdout]                                at /rustc/90b35a6239c3d8bdabc530a6a0816f7ff89a0aaf/library/core/src/ops/function.rs:250:5
[INFO] [stdout]   23:     0x624fe259bc2b - core::ops::function::FnOnce::call_once::h109cf8051a59b34e
[INFO] [stdout]                                at /rustc/90b35a6239c3d8bdabc530a6a0816f7ff89a0aaf/library/core/src/ops/function.rs:250:5
[INFO] [stdout]   24:     0x624fe259bc2b - test::__rust_begin_short_backtrace::hf4fff89d377446ba
[INFO] [stdout]                                at /rustc/90b35a6239c3d8bdabc530a6a0816f7ff89a0aaf/library/test/src/lib.rs:621:18
[INFO] [stdout]   25:     0x624fe259b467 - test::run_test_in_process::{{closure}}::h0e39181dd7ee5a43
[INFO] [stdout]                                at /rustc/90b35a6239c3d8bdabc530a6a0816f7ff89a0aaf/library/test/src/lib.rs:644:60
[INFO] [stdout]   26:     0x624fe259b467 - <core::panic::unwind_safe::AssertUnwindSafe<F> as core::ops::function::FnOnce<()>>::call_once::hc5a66a30f0bdfd1f
[INFO] [stdout]                                at /rustc/90b35a6239c3d8bdabc530a6a0816f7ff89a0aaf/library/core/src/panic/unwind_safe.rs:272:9
[INFO] [stdout]   27:     0x624fe259b467 - std::panicking::try::do_call::h873b7cf639554a5e
[INFO] [stdout]                                at /rustc/90b35a6239c3d8bdabc530a6a0816f7ff89a0aaf/library/std/src/panicking.rs:557:40
[INFO] [stdout]   28:     0x624fe259b467 - std::panicking::try::hdb19862fad9c8bd1
[INFO] [stdout]                                at /rustc/90b35a6239c3d8bdabc530a6a0816f7ff89a0aaf/library/std/src/panicking.rs:520:19
[INFO] [stdout]   29:     0x624fe259b467 - std::panic::catch_unwind::h281fe732d236d260
[INFO] [stdout]                                at /rustc/90b35a6239c3d8bdabc530a6a0816f7ff89a0aaf/library/std/src/panic.rs:358:14
[INFO] [stdout]   30:     0x624fe259b467 - test::run_test_in_process::h949b6df8457ed338
[INFO] [stdout]                                at /rustc/90b35a6239c3d8bdabc530a6a0816f7ff89a0aaf/library/test/src/lib.rs:644:27
[INFO] [stdout]   31:     0x624fe259b467 - test::run_test::{{closure}}::h52c556a6d4740e10
[INFO] [stdout]                                at /rustc/90b35a6239c3d8bdabc530a6a0816f7ff89a0aaf/library/test/src/lib.rs:565:43
[INFO] [stdout]   32:     0x624fe2560744 - test::run_test::{{closure}}::h4237f6381c45ccb9
[INFO] [stdout]                                at /rustc/90b35a6239c3d8bdabc530a6a0816f7ff89a0aaf/library/test/src/lib.rs:595:41
[INFO] [stdout]   33:     0x624fe2560744 - std::sys::backtrace::__rust_begin_short_backtrace::h505c97a579eca628
[INFO] [stdout]                                at /rustc/90b35a6239c3d8bdabc530a6a0816f7ff89a0aaf/library/std/src/sys/backtrace.rs:154:18
[INFO] [stdout]   34:     0x624fe2563e0e - std::thread::Builder::spawn_unchecked_::{{closure}}::{{closure}}::h9e86b2e2bc107ea3
[INFO] [stdout]                                at /rustc/90b35a6239c3d8bdabc530a6a0816f7ff89a0aaf/library/std/src/thread/mod.rs:538:17
[INFO] [stdout]   35:     0x624fe2563e0e - <core::panic::unwind_safe::AssertUnwindSafe<F> as core::ops::function::FnOnce<()>>::call_once::h8b06ddb275ff4a25
[INFO] [stdout]                                at /rustc/90b35a6239c3d8bdabc530a6a0816f7ff89a0aaf/library/core/src/panic/unwind_safe.rs:272:9
[INFO] [stdout]   36:     0x624fe2563e0e - std::panicking::try::do_call::hb26ecd7cd9a9355d
[INFO] [stdout]                                at /rustc/90b35a6239c3d8bdabc530a6a0816f7ff89a0aaf/library/std/src/panicking.rs:557:40
[INFO] [stdout]   37:     0x624fe2563e0e - std::panicking::try::h8ddeca9d705f9069
[INFO] [stdout]                                at /rustc/90b35a6239c3d8bdabc530a6a0816f7ff89a0aaf/library/std/src/panicking.rs:520:19
[INFO] [stdout]   38:     0x624fe2563e0e - std::panic::catch_unwind::h49e1c33078844c46
[INFO] [stdout]                                at /rustc/90b35a6239c3d8bdabc530a6a0816f7ff89a0aaf/library/std/src/panic.rs:358:14
[INFO] [stdout]   39:     0x624fe2563e0e - std::thread::Builder::spawn_unchecked_::{{closure}}::h6073db6ff56ad35d
[INFO] [stdout]                                at /rustc/90b35a6239c3d8bdabc530a6a0816f7ff89a0aaf/library/std/src/thread/mod.rs:537:30
[INFO] [stdout]   40:     0x624fe2563e0e - core::ops::function::FnOnce::call_once{{vtable.shim}}::h2c5a5f3779c774f1
[INFO] [stdout]                                at /rustc/90b35a6239c3d8bdabc530a6a0816f7ff89a0aaf/library/core/src/ops/function.rs:250:5
[INFO] [stdout]   41:     0x624fe263365b - <alloc::boxed::Box<F,A> as core::ops::function::FnOnce<Args>>::call_once::hf75717d9f28faebf
[INFO] [stdout]                                at /rustc/90b35a6239c3d8bdabc530a6a0816f7ff89a0aaf/library/alloc/src/boxed.rs:2454:9
[INFO] [stdout]   42:     0x624fe263365b - <alloc::boxed::Box<F,A> as core::ops::function::FnOnce<Args>>::call_once::h7bd883a5f3c5f3c1
[INFO] [stdout]                                at /rustc/90b35a6239c3d8bdabc530a6a0816f7ff89a0aaf/library/alloc/src/boxed.rs:2454:9
[INFO] [stdout]   43:     0x624fe263365b - std::sys::pal::unix::thread::Thread::new::thread_start::hcc78f3943333fa94
[INFO] [stdout]                                at /rustc/90b35a6239c3d8bdabc530a6a0816f7ff89a0aaf/library/std/src/sys/pal/unix/thread.rs:105:17
[INFO] [stdout]   44:     0x7dc42e706ac3 - <unknown>
[INFO] [stdout]   45:     0x7dc42e797a04 - clone
[INFO] [stdout]   46:                0x0 - <unknown>
[INFO] [stdout] 
[INFO] [stdout] 
[INFO] [stdout] failures:
[INFO] [stdout]     utils::middlewares::mw_ctx::tests::jwt_sign_expired
[INFO] [stdout]     utils::middlewares::mw_ctx::tests::jwt_verify_expired_fail
[INFO] [stdout]     utils::middlewares::mw_ctx::tests::jwt_verify_expired_ignore
[INFO] [stdout] 
[INFO] [stdout] test result: FAILED. 2 passed; 3 failed; 0 ignored; 0 measured; 0 filtered out; finished in 0.14s
[INFO] [stdout] 
[INFO] running `Command { std: "docker" "inspect" "9509f7ad5ed694a5ee1e4e5a56d48ed8cc1f802ad62127820149cab085fd07ac", kill_on_drop: false }`
[INFO] running `Command { std: "docker" "rm" "-f" "9509f7ad5ed694a5ee1e4e5a56d48ed8cc1f802ad62127820149cab085fd07ac", kill_on_drop: false }`
[INFO] [stdout] 9509f7ad5ed694a5ee1e4e5a56d48ed8cc1f802ad62127820149cab085fd07ac
