[INFO] cloning repository https://github.com/calendar-team/calendar-backend
[INFO] running `Command { std: "git" "-c" "credential.helper=" "-c" "credential.helper=/workspace/cargo-home/bin/git-credential-null" "clone" "--bare" "https://github.com/calendar-team/calendar-backend" "/workspace/cache/git-repos/https%3A%2F%2Fgithub.com%2Fcalendar-team%2Fcalendar-backend", kill_on_drop: false }`
[INFO] [stderr] Cloning into bare repository '/workspace/cache/git-repos/https%3A%2F%2Fgithub.com%2Fcalendar-team%2Fcalendar-backend'...
[INFO] running `Command { std: "git" "rev-parse" "HEAD", kill_on_drop: false }`
[INFO] [stdout] aab15f9edfedd822180b4c1f0597d4ccd52a5e6a
[INFO] testing calendar-team/calendar-backend against 1.83.0 for beta-1.84.0-4-retry
[INFO] running `Command { std: "git" "clone" "/workspace/cache/git-repos/https%3A%2F%2Fgithub.com%2Fcalendar-team%2Fcalendar-backend" "/workspace/builds/worker-1-tc1/source", kill_on_drop: false }`
[INFO] [stderr] Cloning into '/workspace/builds/worker-1-tc1/source'...
[INFO] [stderr] done.
[INFO] validating manifest of git repo https://github.com/calendar-team/calendar-backend on toolchain 1.83.0
[INFO] running `Command { std: CARGO_HOME="/workspace/cargo-home" RUSTUP_HOME="/workspace/rustup-home" "/workspace/cargo-home/bin/cargo" "+1.83.0" "metadata" "--manifest-path" "Cargo.toml" "--no-deps", kill_on_drop: false }`
[INFO] started tweaking git repo https://github.com/calendar-team/calendar-backend
[INFO] finished tweaking git repo https://github.com/calendar-team/calendar-backend
[INFO] tweaked toml for git repo https://github.com/calendar-team/calendar-backend written to /workspace/builds/worker-1-tc1/source/Cargo.toml
[INFO] crate git repo https://github.com/calendar-team/calendar-backend already has a lockfile, it will not be regenerated
[INFO] running `Command { std: CARGO_HOME="/workspace/cargo-home" RUSTUP_HOME="/workspace/rustup-home" "/workspace/cargo-home/bin/cargo" "+1.83.0" "fetch" "--manifest-path" "Cargo.toml", kill_on_drop: false }`
[INFO] [stderr]  Downloading crates ...
[INFO] [stderr]   Downloaded serial_test_derive v3.2.0
[INFO] [stderr]   Downloaded serial_test v3.2.0
[INFO] [stderr]   Downloaded sdd v2.1.0
[INFO] [stderr]   Downloaded scc v2.1.6
[INFO] running `Command { std: "docker" "create" "-v" "/var/lib/crater-agent-workspace/builds/worker-1-tc1/target:/opt/rustwide/target:rw,Z" "-v" "/var/lib/crater-agent-workspace/builds/worker-1-tc1/source:/opt/rustwide/workdir:ro,Z" "-v" "/var/lib/crater-agent-workspace/cargo-home:/opt/rustwide/cargo-home:ro,Z" "-v" "/var/lib/crater-agent-workspace/rustup-home:/opt/rustwide/rustup-home:ro,Z" "-e" "SOURCE_DIR=/opt/rustwide/workdir" "-e" "CARGO_TARGET_DIR=/opt/rustwide/target" "-e" "CARGO_HOME=/opt/rustwide/cargo-home" "-e" "RUSTUP_HOME=/opt/rustwide/rustup-home" "-w" "/opt/rustwide/workdir" "-m" "1610612736" "--user" "0:0" "--network" "none" "ghcr.io/rust-lang/crates-build-env/linux@sha256:f3a9d4ad9d972b27faf3965f35b62e55ba32bbce8f20bc8fe909558a86702fde" "/opt/rustwide/cargo-home/bin/cargo" "+1.83.0" "metadata" "--no-deps" "--format-version=1", kill_on_drop: false }`
[INFO] [stdout] d8e0cb25b2e17f861daa8adf030163122780ac5e8941492d3fda4d3c09513ff4
[INFO] running `Command { std: "docker" "start" "-a" "d8e0cb25b2e17f861daa8adf030163122780ac5e8941492d3fda4d3c09513ff4", kill_on_drop: false }`
[INFO] running `Command { std: "docker" "inspect" "d8e0cb25b2e17f861daa8adf030163122780ac5e8941492d3fda4d3c09513ff4", kill_on_drop: false }`
[INFO] running `Command { std: "docker" "rm" "-f" "d8e0cb25b2e17f861daa8adf030163122780ac5e8941492d3fda4d3c09513ff4", kill_on_drop: false }`
[INFO] [stdout] d8e0cb25b2e17f861daa8adf030163122780ac5e8941492d3fda4d3c09513ff4
[INFO] running `Command { std: "docker" "create" "-v" "/var/lib/crater-agent-workspace/builds/worker-1-tc1/target:/opt/rustwide/target:rw,Z" "-v" "/var/lib/crater-agent-workspace/builds/worker-1-tc1/source:/opt/rustwide/workdir:ro,Z" "-v" "/var/lib/crater-agent-workspace/cargo-home:/opt/rustwide/cargo-home:ro,Z" "-v" "/var/lib/crater-agent-workspace/rustup-home:/opt/rustwide/rustup-home:ro,Z" "-e" "SOURCE_DIR=/opt/rustwide/workdir" "-e" "CARGO_TARGET_DIR=/opt/rustwide/target" "-e" "CARGO_INCREMENTAL=0" "-e" "RUST_BACKTRACE=full" "-e" "RUSTFLAGS=--cap-lints=warn" "-e" "RUSTDOCFLAGS=--cap-lints=warn" "-e" "CARGO_HOME=/opt/rustwide/cargo-home" "-e" "RUSTUP_HOME=/opt/rustwide/rustup-home" "-w" "/opt/rustwide/workdir" "-m" "1610612736" "--user" "0:0" "--network" "none" "ghcr.io/rust-lang/crates-build-env/linux@sha256:f3a9d4ad9d972b27faf3965f35b62e55ba32bbce8f20bc8fe909558a86702fde" "/opt/rustwide/cargo-home/bin/cargo" "+1.83.0" "build" "--frozen" "--message-format=json", kill_on_drop: false }`
[INFO] [stdout] f5cf3ad4cda469c6eb6522fb3211d45c37fa8c135a76e7b8eeac5fb418181aa5
[INFO] running `Command { std: "docker" "start" "-a" "f5cf3ad4cda469c6eb6522fb3211d45c37fa8c135a76e7b8eeac5fb418181aa5", kill_on_drop: false }`
[INFO] [stderr]    Compiling libc v0.2.155
[INFO] [stderr]    Compiling proc-macro2 v1.0.92
[INFO] [stderr]    Compiling unicode-ident v1.0.12
[INFO] [stderr]    Compiling cfg-if v1.0.0
[INFO] [stderr]    Compiling autocfg v1.3.0
[INFO] [stderr]    Compiling version_check v0.9.5
[INFO] [stderr]    Compiling pin-project-lite v0.2.14
[INFO] [stderr]    Compiling memchr v2.7.4
[INFO] [stderr]    Compiling pkg-config v0.3.30
[INFO] [stderr]    Compiling once_cell v1.19.0
[INFO] [stderr]    Compiling futures-core v0.3.30
[INFO] [stderr]    Compiling bytes v1.6.1
[INFO] [stderr]    Compiling parking_lot_core v0.9.10
[INFO] [stderr]    Compiling itoa v1.0.11
[INFO] [stderr]    Compiling futures-sink v0.3.30
[INFO] [stderr]    Compiling smallvec v1.13.2
[INFO] [stderr]    Compiling log v0.4.22
[INFO] [stderr]    Compiling scopeguard v1.2.0
[INFO] [stderr]    Compiling futures-io v0.3.30
[INFO] [stderr]    Compiling futures-task v0.3.30
[INFO] [stderr]    Compiling futures-channel v0.3.30
[INFO] [stderr]    Compiling pin-utils v0.1.0
[INFO] [stderr]    Compiling fnv v1.0.7
[INFO] [stderr]    Compiling zerocopy v0.7.35
[INFO] [stderr]    Compiling vcpkg v0.2.15
[INFO] [stderr]    Compiling tracing-core v0.1.32
[INFO] [stderr]    Compiling typenum v1.17.0
[INFO] [stderr]    Compiling bitflags v2.6.0
[INFO] [stderr]    Compiling equivalent v1.0.1
[INFO] [stderr]    Compiling serde v1.0.215
[INFO] [stderr]    Compiling siphasher v0.3.11
[INFO] [stderr]    Compiling httparse v1.9.4
[INFO] [stderr]    Compiling ahash v0.8.11
[INFO] [stderr]    Compiling generic-array v0.14.7
[INFO] [stderr]    Compiling subtle v2.6.1
[INFO] [stderr]    Compiling lock_api v0.4.12
[INFO] [stderr]    Compiling slab v0.4.9
[INFO] [stderr]    Compiling num-traits v0.2.19
[INFO] [stderr]    Compiling percent-encoding v2.3.1
[INFO] [stderr]    Compiling http v1.1.0
[INFO] [stderr]    Compiling aho-corasick v1.1.3
[INFO] [stderr]    Compiling regex-syntax v0.8.5
[INFO] [stderr]    Compiling time-core v0.1.2
[INFO] [stderr]    Compiling num-conv v0.1.0
[INFO] [stderr]    Compiling rand_core v0.6.4
[INFO] [stderr]    Compiling base64 v0.22.1
[INFO] [stderr]    Compiling byteorder v1.5.0
[INFO] [stderr]    Compiling tracing v0.1.40
[INFO] [stderr]    Compiling futures-util v0.3.30
[INFO] [stderr]    Compiling paste v1.0.15
[INFO] [stderr]    Compiling tinyvec_macros v0.1.1
[INFO] [stderr]    Compiling quote v1.0.36
[INFO] [stderr]    Compiling powerfmt v0.2.0
[INFO] [stderr]    Compiling tinyvec v1.8.0
[INFO] [stderr]    Compiling rand v0.8.5
[INFO] [stderr]    Compiling jobserver v0.1.32
[INFO] [stderr]    Compiling getrandom v0.2.15
[INFO] [stderr]    Compiling syn v2.0.89
[INFO] [stderr]    Compiling socket2 v0.5.7
[INFO] [stderr]    Compiling mio v1.0.1
[INFO] [stderr]    Compiling cc v1.1.7
[INFO] [stderr]    Compiling parking_lot v0.12.3
[INFO] [stderr]    Compiling signal-hook-registry v1.4.2
[INFO] [stderr]    Compiling hashbrown v0.14.5
[INFO] [stderr]    Compiling deranged v0.3.11
[INFO] [stderr]    Compiling time-macros v0.2.18
[INFO] [stderr]    Compiling phf_shared v0.11.2
[INFO] [stderr]    Compiling zstd-safe v7.2.0
[INFO] [stderr]    Compiling regex-automata v0.4.8
[INFO] [stderr]    Compiling crypto-common v0.1.6
[INFO] [stderr]    Compiling block-buffer v0.10.4
[INFO] [stderr]    Compiling local-waker v0.1.4
[INFO] [stderr]    Compiling serde_json v1.0.133
[INFO] [stderr]    Compiling openssl v0.10.66
[INFO] [stderr]    Compiling digest v0.10.7
[INFO] [stderr]    Compiling indexmap v2.2.6
[INFO] [stderr]    Compiling ryu v1.0.18
[INFO] [stderr]    Compiling foreign-types-shared v0.1.1
[INFO] [stderr]    Compiling alloc-no-stdlib v2.0.4
[INFO] [stderr]    Compiling foreign-types v0.3.2
[INFO] [stderr]    Compiling alloc-stdlib v0.2.2
[INFO] [stderr]    Compiling phf_generator v0.11.2
[INFO] [stderr]    Compiling unicode-normalization v0.1.23
[INFO] [stderr]    Compiling http-body v1.0.1
[INFO] [stderr]    Compiling form_urlencoded v1.2.1
[INFO] [stderr]    Compiling http v0.2.12
[INFO] [stderr]    Compiling adler v1.0.2
[INFO] [stderr]    Compiling native-tls v0.2.12
[INFO] [stderr]    Compiling regex-lite v0.1.6
[INFO] [stderr]    Compiling atomic-waker v1.1.2
[INFO] [stderr]    Compiling try-lock v0.2.5
[INFO] [stderr]    Compiling unicode-bidi v0.3.15
[INFO] [stderr]    Compiling cpufeatures v0.2.12
[INFO] [stderr]    Compiling want v0.3.1
[INFO] [stderr]    Compiling actix-service v2.0.2
[INFO] [stderr]    Compiling miniz_oxide v0.7.4
[INFO] [stderr]    Compiling openssl-sys v0.9.103
[INFO] [stderr]    Compiling zstd-sys v2.0.12+zstd.1.5.6
[INFO] [stderr]    Compiling phf_codegen v0.11.2
[INFO] [stderr]    Compiling brotli-decompressor v4.0.1
[INFO] [stderr]    Compiling bytestring v1.3.1
[INFO] [stderr]    Compiling actix-utils v3.0.1
[INFO] [stderr]    Compiling idna v0.5.0
[INFO] [stderr]    Compiling cookie v0.16.2
[INFO] [stderr]    Compiling encoding_rs v0.8.34
[INFO] [stderr]    Compiling crc32fast v1.4.2
[INFO] [stderr]    Compiling regex v1.11.1
[INFO] [stderr]    Compiling tower-layer v0.3.2
[INFO] [stderr]    Compiling convert_case v0.4.0
[INFO] [stderr]    Compiling thiserror v1.0.69
[INFO] [stderr]    Compiling tower-service v0.3.2
[INFO] [stderr]    Compiling time v0.3.36
[INFO] [stderr]    Compiling mime v0.3.17
[INFO] [stderr]    Compiling openssl-probe v0.1.5
[INFO] [stderr]    Compiling flate2 v1.0.30
[INFO] [stderr]    Compiling brotli v6.0.0
[INFO] [stderr]    Compiling url v2.5.2
[INFO] [stderr]    Compiling ring v0.17.8
[INFO] [stderr]    Compiling libsqlite3-sys v0.30.1
[INFO] [stderr]    Compiling sha1 v0.10.6
[INFO] [stderr]    Compiling local-channel v0.1.5
[INFO] [stderr]    Compiling num-integer v0.1.46
[INFO] [stderr]    Compiling mio v0.8.11
[INFO] [stderr]    Compiling parse-zoneinfo v0.3.1
[INFO] [stderr]    Compiling language-tags v0.3.2
[INFO] [stderr]    Compiling httpdate v1.0.3
[INFO] [stderr]    Compiling utf8parse v0.2.2
[INFO] [stderr]    Compiling anstyle-parse v0.2.5
[INFO] [stderr]    Compiling chrono-tz-build v0.4.0
[INFO] [stderr]    Compiling num-bigint v0.4.6
[INFO] [stderr]    Compiling futures-executor v0.3.30
[INFO] [stderr]    Compiling http-body-util v0.1.2
[INFO] [stderr]    Compiling colorchoice v1.0.2
[INFO] [stderr]    Compiling spin v0.9.8
[INFO] [stderr]    Compiling thiserror v2.0.3
[INFO] [stderr]    Compiling anstyle v1.0.8
[INFO] [stderr]    Compiling iana-time-zone v0.1.60
[INFO] [stderr]    Compiling actix-router v0.5.3
[INFO] [stderr]    Compiling anyhow v1.0.93
[INFO] [stderr]    Compiling chrono-tz v0.10.0
[INFO] [stderr]    Compiling impl-more v0.1.6
[INFO] [stderr]    Compiling is_terminal_polyfill v1.70.1
[INFO] [stderr]    Compiling untrusted v0.9.0
[INFO] [stderr]    Compiling base64ct v1.6.0
[INFO] [stderr]    Compiling rustls-pki-types v1.7.0
[INFO] [stderr]    Compiling anstyle-query v1.1.1
[INFO] [stderr]    Compiling sdd v2.1.0
[INFO] [stderr]    Compiling anstream v0.6.15
[INFO] [stderr]    Compiling chrono v0.4.38
[INFO] [stderr]    Compiling rustls-pemfile v2.1.3
[INFO] [stderr]    Compiling scc v2.1.6
[INFO] [stderr]    Compiling password-hash v0.5.0
[INFO] [stderr]    Compiling phf v0.11.2
[INFO] [stderr]    Compiling futures v0.3.30
[INFO] [stderr]    Compiling env_filter v0.1.2
[INFO] [stderr]    Compiling blake2 v0.10.6
[INFO] [stderr]    Compiling hashlink v0.9.1
[INFO] [stderr]    Compiling pem v3.0.4
[INFO] [stderr]    Compiling sync_wrapper v1.0.1
[INFO] [stderr]    Compiling zeroize v1.8.1
[INFO] [stderr]    Compiling fallible-streaming-iterator v0.1.9
[INFO] [stderr]    Compiling fallible-iterator v0.3.0
[INFO] [stderr]    Compiling humantime v2.1.0
[INFO] [stderr]    Compiling ipnet v2.9.0
[INFO] [stderr]    Compiling base64 v0.21.7
[INFO] [stderr]    Compiling secrecy v0.10.3
[INFO] [stderr]    Compiling env_logger v0.11.5
[INFO] [stderr]    Compiling argon2 v0.5.3
[INFO] [stderr]    Compiling uuid v1.11.0
[INFO] [stderr]    Compiling tokio-macros v2.4.0
[INFO] [stderr]    Compiling serde_derive v1.0.215
[INFO] [stderr]    Compiling zerocopy-derive v0.6.6
[INFO] [stderr]    Compiling openssl-macros v0.1.1
[INFO] [stderr]    Compiling pin-project-internal v1.1.5
[INFO] [stderr]    Compiling derive_more v0.99.18
[INFO] [stderr]    Compiling thiserror-impl v1.0.69
[INFO] [stderr]    Compiling actix-web-codegen v4.3.0
[INFO] [stderr]    Compiling actix-macros v0.2.4
[INFO] [stderr]    Compiling thiserror-impl v2.0.3
[INFO] [stderr]    Compiling serial_test_derive v3.2.0
[INFO] [stderr]    Compiling tokio v1.41.1
[INFO] [stderr]    Compiling zerocopy v0.6.6
[INFO] [stderr]    Compiling ppv-lite86 v0.2.18
[INFO] [stderr]    Compiling serial_test v3.2.0
[INFO] [stderr]    Compiling rand_chacha v0.3.1
[INFO] [stderr]    Compiling pin-project v1.1.5
[INFO] [stderr]    Compiling simple_asn1 v0.6.2
[INFO] [stderr]    Compiling zstd v0.13.2
[INFO] [stderr]    Compiling tokio-util v0.7.11
[INFO] [stderr]    Compiling actix-rt v2.10.0
[INFO] [stderr]    Compiling tower v0.4.13
[INFO] [stderr]    Compiling tokio-native-tls v0.3.1
[INFO] [stderr]    Compiling actix-server v2.4.0
[INFO] [stderr]    Compiling serde_urlencoded v0.7.1
[INFO] [stderr]    Compiling h2 v0.4.5
[INFO] [stderr]    Compiling actix-codec v0.5.2
[INFO] [stderr]    Compiling h2 v0.3.26
[INFO] [stderr]    Compiling jsonwebtoken v9.3.0
[INFO] [stderr]    Compiling rusqlite v0.32.1
[INFO] [stderr]    Compiling hyper v1.4.1
[INFO] [stderr]    Compiling hyper-util v0.1.6
[INFO] [stderr]    Compiling actix-http v3.8.0
[INFO] [stderr]    Compiling hyper-tls v0.6.0
[INFO] [stderr]    Compiling reqwest v0.12.9
[INFO] [stderr]    Compiling actix-web v4.9.0
[INFO] [stderr]    Compiling actix-cors v0.7.0
[INFO] [stderr]    Compiling calendar-backend v0.1.0 (/opt/rustwide/workdir)
[INFO] [stderr]     Finished `dev` profile [unoptimized + debuginfo] target(s) in 1m 52s
[INFO] running `Command { std: "docker" "inspect" "f5cf3ad4cda469c6eb6522fb3211d45c37fa8c135a76e7b8eeac5fb418181aa5", kill_on_drop: false }`
[INFO] running `Command { std: "docker" "rm" "-f" "f5cf3ad4cda469c6eb6522fb3211d45c37fa8c135a76e7b8eeac5fb418181aa5", kill_on_drop: false }`
[INFO] [stdout] f5cf3ad4cda469c6eb6522fb3211d45c37fa8c135a76e7b8eeac5fb418181aa5
[INFO] running `Command { std: "docker" "create" "-v" "/var/lib/crater-agent-workspace/builds/worker-1-tc1/target:/opt/rustwide/target:rw,Z" "-v" "/var/lib/crater-agent-workspace/builds/worker-1-tc1/source:/opt/rustwide/workdir:ro,Z" "-v" "/var/lib/crater-agent-workspace/cargo-home:/opt/rustwide/cargo-home:ro,Z" "-v" "/var/lib/crater-agent-workspace/rustup-home:/opt/rustwide/rustup-home:ro,Z" "-e" "SOURCE_DIR=/opt/rustwide/workdir" "-e" "CARGO_TARGET_DIR=/opt/rustwide/target" "-e" "CARGO_INCREMENTAL=0" "-e" "RUST_BACKTRACE=full" "-e" "RUSTFLAGS=--cap-lints=warn" "-e" "RUSTDOCFLAGS=--cap-lints=warn" "-e" "CARGO_HOME=/opt/rustwide/cargo-home" "-e" "RUSTUP_HOME=/opt/rustwide/rustup-home" "-w" "/opt/rustwide/workdir" "-m" "1610612736" "--user" "0:0" "--network" "none" "ghcr.io/rust-lang/crates-build-env/linux@sha256:f3a9d4ad9d972b27faf3965f35b62e55ba32bbce8f20bc8fe909558a86702fde" "/opt/rustwide/cargo-home/bin/cargo" "+1.83.0" "test" "--frozen" "--no-run" "--message-format=json", kill_on_drop: false }`
[INFO] [stdout] db2bae538564acf1d465034a690074e2dba779f2ca491878d3126cd25d13acca
[INFO] running `Command { std: "docker" "start" "-a" "db2bae538564acf1d465034a690074e2dba779f2ca491878d3126cd25d13acca", kill_on_drop: false }`
[INFO] [stderr]    Compiling calendar-backend v0.1.0 (/opt/rustwide/workdir)
[INFO] [stderr]     Finished `test` profile [unoptimized + debuginfo] target(s) in 10.30s
[INFO] running `Command { std: "docker" "inspect" "db2bae538564acf1d465034a690074e2dba779f2ca491878d3126cd25d13acca", kill_on_drop: false }`
[INFO] running `Command { std: "docker" "rm" "-f" "db2bae538564acf1d465034a690074e2dba779f2ca491878d3126cd25d13acca", kill_on_drop: false }`
[INFO] [stdout] db2bae538564acf1d465034a690074e2dba779f2ca491878d3126cd25d13acca
[INFO] running `Command { std: "docker" "create" "-v" "/var/lib/crater-agent-workspace/builds/worker-1-tc1/target:/opt/rustwide/target:rw,Z" "-v" "/var/lib/crater-agent-workspace/builds/worker-1-tc1/source:/opt/rustwide/workdir:ro,Z" "-v" "/var/lib/crater-agent-workspace/cargo-home:/opt/rustwide/cargo-home:ro,Z" "-v" "/var/lib/crater-agent-workspace/rustup-home:/opt/rustwide/rustup-home:ro,Z" "-e" "SOURCE_DIR=/opt/rustwide/workdir" "-e" "CARGO_TARGET_DIR=/opt/rustwide/target" "-e" "CARGO_INCREMENTAL=0" "-e" "RUST_BACKTRACE=full" "-e" "RUSTFLAGS=--cap-lints=warn" "-e" "RUSTDOCFLAGS=--cap-lints=warn" "-e" "CARGO_HOME=/opt/rustwide/cargo-home" "-e" "RUSTUP_HOME=/opt/rustwide/rustup-home" "-w" "/opt/rustwide/workdir" "-m" "1610612736" "--user" "0:0" "--network" "none" "ghcr.io/rust-lang/crates-build-env/linux@sha256:f3a9d4ad9d972b27faf3965f35b62e55ba32bbce8f20bc8fe909558a86702fde" "/opt/rustwide/cargo-home/bin/cargo" "+1.83.0" "test" "--frozen", kill_on_drop: false }`
[INFO] [stdout] ebf8120776e8ead1c5f0321670efd152849d50c6886c9cf00197d4f59901bb17
[INFO] running `Command { std: "docker" "start" "-a" "ebf8120776e8ead1c5f0321670efd152849d50c6886c9cf00197d4f59901bb17", kill_on_drop: false }`
[INFO] [stderr]     Finished `test` profile [unoptimized + debuginfo] target(s) in 0.23s
[INFO] [stderr]      Running unittests src/lib.rs (/opt/rustwide/target/debug/deps/calendar_backend_lib-a42a697c78176762)
[INFO] [stdout] 
[INFO] [stdout] running 37 tests
[INFO] [stdout] test task::tests::date_after_first_due_has_a_task ... ok
[INFO] [stdout] test task::tests::date_after_first_due_has_no_task ... ok
[INFO] [stdout] test task::tests::date_after_first_due_has_no_task_after_end_for_months_recurrence ... ok
[INFO] [stdout] test task::tests::date_after_first_due_has_no_task_after_end ... ok
[INFO] [stdout] test task::tests::date_after_first_due_has_no_task_for_weeks_recurrence ... ok
[INFO] [stdout] test task::tests::date_after_first_due_has_no_task_for_years_recurrence ... ok
[INFO] [stdout] test task::tests::date_after_first_due_has_no_task_for_years_recurrence_after_end_date ... ok
[INFO] [stdout] test task::tests::date_after_first_due_has_no_task_after_end_for_weeks_recurrence ... ok
[INFO] [stdout] test task::tests::date_after_first_due_has_task_for_years_recurrence ... ok
[INFO] [stdout] test task::tests::date_after_first_due_has_no_task_on_next_week_for_weeks_recurrence ... ok
[INFO] [stdout] test task::tests::date_after_first_due_has_task_for_years_recurrence_on_end_date ... ok
[INFO] [stdout] test task::tests::date_after_first_due_has_task_for_years_recurrence_on_leap_years ... ok
[INFO] [stdout] test task::tests::date_after_first_due_has_task_on_end_for_weeks_recurrence ... ok
[INFO] [stdout] test task::tests::date_after_first_due_has_task_on_last_day_of_february_month_for_months_recurrence ... ok
[INFO] [stdout] test task::tests::date_after_first_due_has_task_on_last_day_of_month_for_months_recurrence ... ok
[INFO] [stdout] test task::tests::date_after_first_due_has_task_on_last_day_of_month_for_years_recurrence_on_non_leap_years ... ok
[INFO] [stdout] test task::tests::date_after_first_due_has_task_when_3days_recurrence ... ok
[INFO] [stdout] test task::tests::date_before_first_due_has_no_task ... ok
[INFO] [stdout] test task::tests::date_before_first_due_has_no_task_for_months_recurrence ... ok
[INFO] [stdout] test task::tests::date_before_first_due_has_no_task_for_weeks_recurrence ... ok
[INFO] [stdout] test task::tests::date_equal_to_first_due_has_a_task ... ok
[INFO] [stdout] test task::tests::date_before_first_due_has_no_task_for_years_recurrence ... ok
[INFO] [stdout] test task::tests::date_equal_to_first_due_has_task_for_years_recurrence ... ok
[INFO] [stdout] test task::tests::date_equal_to_start_date_has_no_task_for_weeks_recurrence ... ok
[INFO] [stdout] test task::tests::date_equal_to_first_due_has_task_for_weeks_recurrence ... ok
[INFO] [stdout] test task::tests::test_daily_recurrence ... ok
[INFO] [stdout] test task::tests::test_every_5_years_on_25_mar_recurrence ... ok
[INFO] [stdout] test task::tests::date_after_first_due_has_task_on_same_week_for_weeks_recurrence ... ok
[INFO] [stdout] test task::tests::date_after_first_due_has_task_on_next_week_for_weeks_recurrence ... ok
[INFO] [stdout] test task::tests::test_once_in_3_months_on_30_and_31_recurrence ... ok
[INFO] [stdout] test task::tests::date_after_first_due_has_task_when_equal_to_end ... ok
[INFO] [stdout] test task::tests::test_monthly_on_31_recurrence ... ok
[INFO] [stdout] test task::tests::test_once_in_3_days_recurrence ... ok
[INFO] [stdout] test task::tests::test_once_in_3_weeks_on_mon_and_tue_recurrence ... ok
[INFO] [stdout] test task::tests::date_in_first_due_has_task_for_months_recurrence ... ok
[INFO] [stdout] test task::tests::test_weekly_on_monday_recurrence ... ok
[INFO] [stdout] test task::tests::test_yearly_on_29_feb_recurrence ... ok
[INFO] [stdout] 
[INFO] [stdout] test result: ok. 37 passed; 0 failed; 0 ignored; 0 measured; 0 filtered out; finished in 0.00s
[INFO] [stdout] 
[INFO] [stderr]      Running unittests src/main.rs (/opt/rustwide/target/debug/deps/calendar_backend-c4fc7dd20bd56a06)
[INFO] [stdout] 
[INFO] [stdout] running 0 tests
[INFO] [stdout] 
[INFO] [stdout] test result: ok. 0 passed; 0 failed; 0 ignored; 0 measured; 0 filtered out; finished in 0.00s
[INFO] [stdout] 
[INFO] [stderr]      Running tests/event.rs (/opt/rustwide/target/debug/deps/event-d5d1857ca64bed41)
[INFO] [stdout] 
[INFO] [stdout] running 15 tests
[INFO] [stderr] [2024-12-14T11:15:33Z INFO  actix_server::builder] starting 16 workers
[INFO] [stderr] [2024-12-14T11:15:33Z INFO  actix_server::builder] starting 16 workers
[INFO] [stderr] [2024-12-14T11:15:33Z INFO  actix_server::builder] starting 16 workers
[INFO] [stderr] [2024-12-14T11:15:33Z INFO  actix_server::builder] starting 16 workers
[INFO] [stderr] [2024-12-14T11:15:33Z INFO  actix_server::builder] starting 16 workers
[INFO] [stderr] [2024-12-14T11:15:33Z INFO  actix_server::builder] starting 16 workers
[INFO] [stderr] [2024-12-14T11:15:33Z INFO  actix_server::builder] starting 16 workers
[INFO] [stderr] [2024-12-14T11:15:33Z INFO  actix_server::builder] starting 16 workers
[INFO] [stderr] [2024-12-14T11:15:33Z INFO  actix_server::builder] starting 16 workers
[INFO] [stderr] [2024-12-14T11:15:33Z INFO  actix_server::builder] starting 16 workers
[INFO] [stderr] [2024-12-14T11:15:33Z INFO  actix_server::builder] starting 16 workers
[INFO] [stderr] [2024-12-14T11:15:33Z INFO  actix_server::builder] starting 16 workers
[INFO] [stderr] [2024-12-14T11:15:33Z INFO  actix_server::builder] starting 16 workers
[INFO] [stderr] [2024-12-14T11:15:33Z INFO  actix_server::builder] starting 16 workers
[INFO] [stderr] [2024-12-14T11:15:33Z INFO  actix_server::server] Tokio runtime found; starting in existing Tokio runtime
[INFO] [stderr] [2024-12-14T11:15:33Z INFO  actix_server::server] Tokio runtime found; starting in existing Tokio runtime
[INFO] [stderr] [2024-12-14T11:15:34Z INFO  actix_server::server] Tokio runtime found; starting in existing Tokio runtime
[INFO] [stderr] [2024-12-14T11:15:34Z INFO  actix_server::server] Tokio runtime found; starting in existing Tokio runtime
[INFO] [stderr] [2024-12-14T11:15:34Z INFO  actix_server::server] Tokio runtime found; starting in existing Tokio runtime
[INFO] [stderr] [2024-12-14T11:15:34Z INFO  actix_server::server] Tokio runtime found; starting in existing Tokio runtime
[INFO] [stderr] [2024-12-14T11:15:34Z INFO  actix_server::server] Tokio runtime found; starting in existing Tokio runtime
[INFO] [stderr] [2024-12-14T11:15:34Z INFO  actix_server::server] Tokio runtime found; starting in existing Tokio runtime
[INFO] [stderr] [2024-12-14T11:15:34Z INFO  actix_server::server] Tokio runtime found; starting in existing Tokio runtime
[INFO] [stderr] [2024-12-14T11:15:34Z INFO  actix_server::server] Tokio runtime found; starting in existing Tokio runtime
[INFO] [stderr] [2024-12-14T11:15:34Z INFO  actix_server::server] Tokio runtime found; starting in existing Tokio runtime
[INFO] [stderr] [2024-12-14T11:15:34Z INFO  actix_server::server] Tokio runtime found; starting in existing Tokio runtime
[INFO] [stderr] [2024-12-14T11:15:34Z INFO  actix_server::server] Tokio runtime found; starting in existing Tokio runtime
[INFO] [stderr] [2024-12-14T11:15:34Z INFO  actix_server::server] Tokio runtime found; starting in existing Tokio runtime
[INFO] [stderr] [2024-12-14T11:15:34Z INFO  calendar_backend_lib] Create new user
[INFO] [stderr] [2024-12-14T11:15:34Z INFO  calendar_backend_lib] Create new user
[INFO] [stderr] [2024-12-14T11:15:34Z INFO  calendar_backend_lib] Create new user
[INFO] [stderr] [2024-12-14T11:15:34Z INFO  calendar_backend_lib] Create new user
[INFO] [stderr] [2024-12-14T11:15:34Z INFO  calendar_backend_lib] Create new user
[INFO] [stderr] [2024-12-14T11:15:34Z INFO  calendar_backend_lib] Create new user
[INFO] [stderr] [2024-12-14T11:15:34Z INFO  calendar_backend_lib] Create new user
[INFO] [stderr] [2024-12-14T11:15:34Z INFO  calendar_backend_lib] Create new user
[INFO] [stderr] [2024-12-14T11:15:34Z INFO  calendar_backend_lib] Create new user
[INFO] [stderr] [2024-12-14T11:15:34Z INFO  calendar_backend_lib] Create new user
[INFO] [stderr] [2024-12-14T11:15:34Z INFO  calendar_backend_lib] Create new user
[INFO] [stderr] [2024-12-14T11:15:34Z INFO  calendar_backend_lib] Create new user
[INFO] [stderr] [2024-12-14T11:15:34Z INFO  calendar_backend_lib] Create new user
[INFO] [stderr] [2024-12-14T11:15:34Z INFO  calendar_backend_lib] Create new user
[INFO] [stderr] [2024-12-14T11:15:35Z INFO  calendar_backend_lib] inserted user
[INFO] [stderr] [2024-12-14T11:15:35Z INFO  actix_web::middleware::logger] 127.0.0.1 "POST /user HTTP/1.1" 201 139 "-" "-" 0.898637
[INFO] [stderr] [2024-12-14T11:15:35Z INFO  calendar_backend_lib] Login user
[INFO] [stderr] [2024-12-14T11:15:35Z INFO  calendar_backend_lib] inserted user
[INFO] [stderr] [2024-12-14T11:15:35Z INFO  actix_web::middleware::logger] 127.0.0.1 "POST /user HTTP/1.1" 201 139 "-" "-" 0.913156
[INFO] [stderr] [2024-12-14T11:15:35Z INFO  calendar_backend_lib] Create new habit
[INFO] [stderr] [2024-12-14T11:15:35Z INFO  calendar_backend_lib] created habit
[INFO] [stderr] [2024-12-14T11:15:35Z INFO  actix_web::middleware::logger] 127.0.0.1 "POST /habit HTTP/1.1" 200 99 "-" "-" 0.006171
[INFO] [stderr] [2024-12-14T11:15:35Z INFO  calendar_backend_lib] Get habit details
[INFO] [stderr] [2024-12-14T11:15:35Z INFO  actix_web::middleware::logger] 127.0.0.1 "GET /habit/ad2f33ad-e90e-496e-9027-671ed9c7cdc8 HTTP/1.1" 200 99 "-" "-" 0.007034
[INFO] [stdout] test get_habit_details_correctly_returned ... ok
[INFO] [stderr] [2024-12-14T11:15:35Z INFO  calendar_backend_lib] inserted user
[INFO] [stderr] [2024-12-14T11:15:35Z INFO  actix_web::middleware::logger] 127.0.0.1 "POST /user HTTP/1.1" 201 139 "-" "-" 1.244685
[INFO] [stderr] [2024-12-14T11:15:35Z INFO  calendar_backend_lib] inserted user
[INFO] [stderr] [2024-12-14T11:15:35Z INFO  actix_web::middleware::logger] 127.0.0.1 "POST /user HTTP/1.1" 201 139 "-" "-" 1.323399
[INFO] [stderr] [2024-12-14T11:15:35Z INFO  calendar_backend_lib] Login user
[INFO] [stderr] [2024-12-14T11:15:36Z INFO  calendar_backend_lib] Edit habit
[INFO] [stderr] [2024-12-14T11:15:36Z INFO  calendar_backend_lib] error editing habit, habit not found
[INFO] [stderr] [2024-12-14T11:15:36Z INFO  actix_web::middleware::logger] 127.0.0.1 "PUT /habit/test HTTP/1.1" 404 9 "-" "-" 0.002659
[INFO] [stdout] test edit_non_existent_habit_rejected ... ok
[INFO] [stderr] [2024-12-14T11:15:36Z INFO  calendar_backend_lib] inserted user
[INFO] [stderr] [2024-12-14T11:15:36Z INFO  actix_web::middleware::logger] 127.0.0.1 "POST /user HTTP/1.1" 201 139 "-" "-" 1.604932
[INFO] [stderr] [2024-12-14T11:15:36Z INFO  calendar_backend_lib] inserted user
[INFO] [stderr] [2024-12-14T11:15:36Z INFO  actix_web::middleware::logger] 127.0.0.1 "POST /user HTTP/1.1" 201 139 "-" "-" 1.541678
[INFO] [stderr] [2024-12-14T11:15:36Z INFO  calendar_backend_lib] inserted user
[INFO] [stderr] [2024-12-14T11:15:36Z INFO  actix_web::middleware::logger] 127.0.0.1 "POST /user HTTP/1.1" 201 139 "-" "-" 1.688889
[INFO] [stderr] [2024-12-14T11:15:36Z INFO  calendar_backend_lib] Create new habit
[INFO] [stderr] [2024-12-14T11:15:36Z INFO  calendar_backend_lib] created habit
[INFO] [stderr] [2024-12-14T11:15:36Z INFO  actix_web::middleware::logger] 127.0.0.1 "POST /habit HTTP/1.1" 200 85 "-" "-" 0.000977
[INFO] [stderr] [2024-12-14T11:15:36Z INFO  calendar_backend_lib] inserted user
[INFO] [stderr] [2024-12-14T11:15:36Z INFO  actix_web::middleware::logger] 127.0.0.1 "POST /user HTTP/1.1" 201 139 "-" "-" 1.831273
[INFO] [stdout] test create_user_works ... ok
[INFO] [stderr] [2024-12-14T11:15:36Z INFO  calendar_backend_lib] inserted user
[INFO] [stderr] [2024-12-14T11:15:36Z INFO  calendar_backend_lib] inserted user
[INFO] [stderr] [2024-12-14T11:15:36Z INFO  actix_web::middleware::logger] 127.0.0.1 "POST /user HTTP/1.1" 201 139 "-" "-" 1.905942
[INFO] [stderr] [2024-12-14T11:15:36Z INFO  calendar_backend_lib] Create new habit
[INFO] [stderr] [2024-12-14T11:15:36Z INFO  calendar_backend_lib] created habit
[INFO] [stderr] [2024-12-14T11:15:36Z INFO  actix_web::middleware::logger] 127.0.0.1 "POST /habit HTTP/1.1" 200 85 "-" "-" 0.000828
[INFO] [stderr] [2024-12-14T11:15:36Z INFO  actix_web::middleware::logger] 127.0.0.1 "POST /user HTTP/1.1" 201 139 "-" "-" 1.937131
[INFO] [stderr] [2024-12-14T11:15:36Z INFO  calendar_backend_lib] Create new habit
[INFO] [stderr] [2024-12-14T11:15:36Z INFO  calendar_backend_lib] created habit
[INFO] [stderr] [2024-12-14T11:15:36Z INFO  actix_web::middleware::logger] 127.0.0.1 "POST /habit HTTP/1.1" 200 85 "-" "-" 0.000692
[INFO] [stderr] [2024-12-14T11:15:36Z INFO  calendar_backend_lib] Create new habit
[INFO] [stderr] [2024-12-14T11:15:36Z INFO  calendar_backend_lib] created habit
[INFO] [stderr] [2024-12-14T11:15:36Z INFO  actix_web::middleware::logger] 127.0.0.1 "POST /habit HTTP/1.1" 200 92 "-" "-" 0.001498
[INFO] [stdout] test create_habit_works ... ok
[INFO] [stderr] [2024-12-14T11:15:36Z INFO  calendar_backend_lib] Create new user
[INFO] [stderr] [2024-12-14T11:15:36Z INFO  actix_web::middleware::logger] 127.0.0.1 "POST /user HTTP/1.1" 400 37 "-" "-" 0.001064
[INFO] [stdout] test cannot_create_user_if_username_already_taken ... ok
[INFO] [stderr] [2024-12-14T11:15:36Z INFO  calendar_backend_lib] Edit habit
[INFO] [stderr] [2024-12-14T11:15:36Z INFO  calendar_backend_lib] edited habit
[INFO] [stderr] [2024-12-14T11:15:36Z INFO  actix_web::middleware::logger] 127.0.0.1 "PUT /habit/512e4988-4556-4af8-8fa9-18b7d9269b0e HTTP/1.1" 200 0 "-" "-" 0.002224
[INFO] [stderr] [2024-12-14T11:15:36Z INFO  calendar_backend_lib] Create new habit
[INFO] [stderr] [2024-12-14T11:15:36Z INFO  calendar_backend_lib] created habit
[INFO] [stderr] [2024-12-14T11:15:36Z INFO  actix_web::middleware::logger] 127.0.0.1 "POST /habit HTTP/1.1" 200 77 "-" "-" 0.000806
[INFO] [stderr] [2024-12-14T11:15:36Z INFO  calendar_backend_lib] inserted user
[INFO] [stderr] [2024-12-14T11:15:36Z INFO  actix_web::middleware::logger] 127.0.0.1 "POST /user HTTP/1.1" 201 139 "-" "-" 2.247421
[INFO] [stderr] [2024-12-14T11:15:36Z INFO  calendar_backend_lib] Deleting the habit
[INFO] [stderr] [2024-12-14T11:15:36Z INFO  calendar_backend_lib] deleted tasks recurrences
[INFO] [stderr] [2024-12-14T11:15:36Z INFO  calendar_backend_lib] deleted tasks
[INFO] [stderr] [2024-12-14T11:15:36Z INFO  calendar_backend_lib] deleted tasks definitions
[INFO] [stderr] [2024-12-14T11:15:36Z INFO  calendar_backend_lib] deleted habit
[INFO] [stderr] [2024-12-14T11:15:36Z INFO  calendar_backend_lib] successfully commited the transaction
[INFO] [stderr] [2024-12-14T11:15:36Z INFO  calendar_backend_lib] Get habits
[INFO] [stderr] [2024-12-14T11:15:36Z INFO  actix_web::middleware::logger] 127.0.0.1 "GET /habit HTTP/1.1" 200 82 "-" "-" 0.000972
[INFO] [stderr] [2024-12-14T11:15:36Z INFO  actix_web::middleware::logger] 127.0.0.1 "DELETE /habit/2ebc38bf-d6a8-46cb-8963-e8e0fbe04a20 HTTP/1.1" 200 0 "-" "-" 0.007391
[INFO] [stdout] test edit_habit_works ... ok
[INFO] [stderr] [2024-12-14T11:15:36Z INFO  calendar_backend_lib] Create new habit
[INFO] [stderr] [2024-12-14T11:15:36Z INFO  calendar_backend_lib] created habit
[INFO] [stderr] [2024-12-14T11:15:36Z INFO  actix_web::middleware::logger] 127.0.0.1 "POST /habit HTTP/1.1" 200 79 "-" "-" 0.003327
[INFO] [stderr] [2024-12-14T11:15:36Z INFO  calendar_backend_lib] inserted user
[INFO] [stderr] [2024-12-14T11:15:36Z INFO  actix_web::middleware::logger] 127.0.0.1 "POST /user HTTP/1.1" 201 139 "-" "-" 2.323714
[INFO] [stderr] [2024-12-14T11:15:36Z INFO  calendar_backend_lib] Create new habit
[INFO] [stderr] [2024-12-14T11:15:36Z INFO  calendar_backend_lib] created habit
[INFO] [stderr] [2024-12-14T11:15:36Z INFO  actix_web::middleware::logger] 127.0.0.1 "POST /habit HTTP/1.1" 200 98 "-" "-" 0.005075
[INFO] [stderr] [2024-12-14T11:15:36Z INFO  calendar_backend_lib] Get habits
[INFO] [stderr] [2024-12-14T11:15:36Z INFO  actix_web::middleware::logger] 127.0.0.1 "GET /habit HTTP/1.1" 200 84 "-" "-" 0.001316
[INFO] [stdout] test delete_habit_works ... ok
[INFO] [stderr] [2024-12-14T11:15:36Z INFO  calendar_backend_lib] inserted user
[INFO] [stderr] [2024-12-14T11:15:36Z INFO  actix_web::middleware::logger] 127.0.0.1 "POST /user HTTP/1.1" 201 139 "-" "-" 2.391947
[INFO] [stderr] [2024-12-14T11:15:37Z INFO  calendar_backend_lib] Create new task definition
[INFO] [stderr] [2024-12-14T11:15:37Z INFO  calendar_backend_lib] created recurrence for task definition
[INFO] [stderr] [2024-12-14T11:15:37Z INFO  calendar_backend_lib] created task definition
[INFO] [stderr] [2024-12-14T11:15:37Z INFO  calendar_backend_lib] successfully commited the transaction
[INFO] [stderr] [2024-12-14T11:15:37Z INFO  actix_web::middleware::logger] 127.0.0.1 "POST /habit/42af310e-d4f4-469a-9a28-2bb00ab8f8e2/tasks_defs HTTP/1.1" 201 0 "-" "-" 0.001872
[INFO] [stderr] [2024-12-14T11:15:37Z INFO  calendar_backend_lib] Get habit details
[INFO] [stderr] [2024-12-14T11:15:37Z INFO  actix_web::middleware::logger] 127.0.0.1 "GET /habit/c1bc19e9-9f08-4c21-83c4-9a95dd0df986 HTTP/1.1" 401 21 "-" "-" 0.000798
[INFO] [stdout] test get_habit_details_requests_missing_authorization_are_rejected ... ok
[INFO] [stderr] [2024-12-14T11:15:37Z INFO  calendar_backend_lib] Create new habit
[INFO] [stderr] [2024-12-14T11:15:37Z INFO  calendar_backend_lib] created habit
[INFO] [stderr] [2024-12-14T11:15:37Z INFO  actix_web::middleware::logger] 127.0.0.1 "POST /habit HTTP/1.1" 200 77 "-" "-" 0.000721
[INFO] [stderr] [2024-12-14T11:15:37Z INFO  calendar_backend_lib] Get habit details
[INFO] [stderr] [2024-12-14T11:15:37Z INFO  actix_web::middleware::logger] 127.0.0.1 "GET /habit/test HTTP/1.1" 404 9 "-" "-" 0.001361
[INFO] [stdout] test get_habit_details_for_non_existent_habit_is_rejected ... ok
[INFO] [stderr] [2024-12-14T11:15:37Z INFO  calendar_backend_lib] Create new task definition
[INFO] [stderr] [2024-12-14T11:15:37Z INFO  calendar_backend_lib] created recurrence for task definition
[INFO] [stderr] [2024-12-14T11:15:37Z INFO  calendar_backend_lib] created task definition
[INFO] [stderr] [2024-12-14T11:15:37Z INFO  calendar_backend_lib] successfully commited the transaction
[INFO] [stderr] [2024-12-14T11:15:37Z INFO  actix_web::middleware::logger] 127.0.0.1 "POST /habit/42af310e-d4f4-469a-9a28-2bb00ab8f8e2/tasks_defs HTTP/1.1" 201 0 "-" "-" 0.002279
[INFO] [stderr] [2024-12-14T11:15:37Z INFO  calendar_backend_lib] inserted user
[INFO] [stderr] [2024-12-14T11:15:37Z INFO  actix_web::middleware::logger] 127.0.0.1 "POST /user HTTP/1.1" 201 139 "-" "-" 2.887723
[INFO] [stderr] [2024-12-14T11:15:37Z INFO  calendar_backend_lib] Create new task definition
[INFO] [stderr] [2024-12-14T11:15:37Z INFO  calendar_backend_lib] created recurrence for task definition
[INFO] [stderr] [2024-12-14T11:15:37Z INFO  calendar_backend_lib] created task definition
[INFO] [stderr] [2024-12-14T11:15:37Z INFO  calendar_backend_lib] successfully commited the transaction
[INFO] [stderr] [2024-12-14T11:15:37Z INFO  actix_web::middleware::logger] 127.0.0.1 "POST /habit/9f66d2b8-698b-4c60-8ee2-4a738f1576eb/tasks_defs HTTP/1.1" 201 0 "-" "-" 0.001815
[INFO] [stderr] [2024-12-14T11:15:37Z INFO  calendar_backend_lib] Create new habit
[INFO] [stderr] [2024-12-14T11:15:37Z INFO  calendar_backend_lib] created habit
[INFO] [stderr] [2024-12-14T11:15:37Z INFO  actix_web::middleware::logger] 127.0.0.1 "POST /habit HTTP/1.1" 200 79 "-" "-" 0.000787
[INFO] [stderr] [2024-12-14T11:15:37Z INFO  calendar_backend_lib] Create new habit
[INFO] [stderr] [2024-12-14T11:15:37Z INFO  calendar_backend_lib] created habit
[INFO] [stderr] [2024-12-14T11:15:37Z INFO  actix_web::middleware::logger] 127.0.0.1 "POST /habit HTTP/1.1" 200 98 "-" "-" 0.000762
[INFO] [stderr] [2024-12-14T11:15:37Z INFO  calendar_backend_lib] Get tasks for habit = 42af310e-d4f4-469a-9a28-2bb00ab8f8e2 and user = djacota
[INFO] [stderr] [2024-12-14T11:15:37Z INFO  actix_web::middleware::logger] 127.0.0.1 "GET /habit/42af310e-d4f4-469a-9a28-2bb00ab8f8e2/tasks HTTP/1.1" 200 410 "-" "-" 0.003210
[INFO] [stderr] [2024-12-14T11:15:37Z INFO  calendar_backend_lib] Create new task definition
[INFO] [stderr] [2024-12-14T11:15:37Z INFO  calendar_backend_lib] created recurrence for task definition
[INFO] [stderr] [2024-12-14T11:15:37Z INFO  calendar_backend_lib] created task definition
[INFO] [stderr] [2024-12-14T11:15:37Z INFO  calendar_backend_lib] successfully commited the transaction
[INFO] [stderr] [2024-12-14T11:15:37Z INFO  actix_web::middleware::logger] 127.0.0.1 "POST /habit/5d58a591-d1a9-4e57-b144-9f697d116499/tasks_defs HTTP/1.1" 201 0 "-" "-" 0.003547
[INFO] [stderr] [2024-12-14T11:15:37Z INFO  calendar_backend_lib] Get tasks for habit = 42af310e-d4f4-469a-9a28-2bb00ab8f8e2 and user = djacota
[INFO] [stderr] [2024-12-14T11:15:37Z INFO  actix_web::middleware::logger] 127.0.0.1 "GET /habit/42af310e-d4f4-469a-9a28-2bb00ab8f8e2/tasks HTTP/1.1" 200 410 "-" "-" 0.003039
[INFO] [stderr] [2024-12-14T11:15:37Z INFO  calendar_backend_lib::scheduler] Creating new task for swimming(f98d9c13-240d-4079-8bb5-4a15707e2c9e) with due date on 2022-03-18T22:00:02+00:00
[INFO] [stderr] [2024-12-14T11:15:37Z INFO  calendar_backend_lib] Edit habit
[INFO] [stderr] [2024-12-14T11:15:37Z INFO  actix_web::middleware::logger] 127.0.0.1 "PUT /habit/1abad0e4-faf3-4c2d-b4b3-dcb2fb8a7a83 HTTP/1.1" 401 21 "-" "-" 0.000873
[INFO] [stdout] test edit_habit_requests_missing_authorization_are_rejected ... ok
[INFO] [stderr] [2024-12-14T11:15:37Z INFO  calendar_backend_lib] Create new task definition
[INFO] [stderr] [2024-12-14T11:15:37Z INFO  calendar_backend_lib] created recurrence for task definition
[INFO] [stderr] [2024-12-14T11:15:37Z INFO  calendar_backend_lib] created task definition
[INFO] [stderr] [2024-12-14T11:15:37Z INFO  calendar_backend_lib] successfully commited the transaction
[INFO] [stderr] [2024-12-14T11:15:37Z INFO  actix_web::middleware::logger] 127.0.0.1 "POST /habit/5d58a591-d1a9-4e57-b144-9f697d116499/tasks_defs HTTP/1.1" 201 0 "-" "-" 0.005016
[INFO] [stderr] [2024-12-14T11:15:37Z INFO  calendar_backend_lib] Get tasks for habit = 42af310e-d4f4-469a-9a28-2bb00ab8f8e2 and user = djacota
[INFO] [stderr] [2024-12-14T11:15:37Z INFO  actix_web::middleware::logger] 127.0.0.1 "GET /habit/42af310e-d4f4-469a-9a28-2bb00ab8f8e2/tasks HTTP/1.1" 200 615 "-" "-" 0.001821
[INFO] [stderr] [2024-12-14T11:15:37Z INFO  calendar_backend_lib::scheduler] Creating new task for running(599fbf85-9a67-41de-b18c-384e42d07f9b) with due date on 2022-03-19T22:00:01+00:00
[INFO] [stderr] [2024-12-14T11:15:37Z INFO  calendar_backend_lib] Get tasks for habit = 42af310e-d4f4-469a-9a28-2bb00ab8f8e2 and user = djacota
[INFO] [stderr] [2024-12-14T11:15:37Z INFO  actix_web::middleware::logger] 127.0.0.1 "GET /habit/42af310e-d4f4-469a-9a28-2bb00ab8f8e2/tasks HTTP/1.1" 200 819 "-" "-" 0.002138
[INFO] [stderr] [2024-12-14T11:15:37Z INFO  calendar_backend_lib::scheduler] Creating new task for running(599fbf85-9a67-41de-b18c-384e42d07f9b) with due date on 2022-03-26T22:00:01+00:00
[INFO] [stderr] [2024-12-14T11:15:37Z INFO  calendar_backend_lib::scheduler] Creating new task for Read before sleep(ef2c6bc6-9cc8-48b7-8cf1-31e5d070bc10) with due date on 2022-03-20T22:00:03+00:00
[INFO] [stderr] [2024-12-14T11:15:37Z INFO  calendar_backend_lib::scheduler] Creating new task for swimming(f98d9c13-240d-4079-8bb5-4a15707e2c9e) with due date on 2022-03-28T21:00:02+00:00
[INFO] [stderr] [2024-12-14T11:15:37Z INFO  calendar_backend_lib] Create new task definition
[INFO] [stderr] [2024-12-14T11:15:37Z INFO  calendar_backend_lib] created recurrence for task definition
[INFO] [stderr] [2024-12-14T11:15:37Z INFO  calendar_backend_lib] created task definition
[INFO] [stderr] [2024-12-14T11:15:37Z INFO  calendar_backend_lib] successfully commited the transaction
[INFO] [stderr] [2024-12-14T11:15:37Z INFO  actix_web::middleware::logger] 127.0.0.1 "POST /habit/761de319-56b1-45ff-9826-0563065a8dd8/tasks_defs HTTP/1.1" 201 0 "-" "-" 0.003534
[INFO] [stderr] [2024-12-14T11:15:37Z INFO  calendar_backend_lib] Get tasks for habit = 42af310e-d4f4-469a-9a28-2bb00ab8f8e2 and user = djacota
[INFO] [stderr] [2024-12-14T11:15:37Z INFO  actix_web::middleware::logger] 127.0.0.1 "GET /habit/42af310e-d4f4-469a-9a28-2bb00ab8f8e2/tasks HTTP/1.1" 200 1228 "-" "-" 0.003075
[INFO] [stderr] [2024-12-14T11:15:37Z INFO  calendar_backend_lib::scheduler] Creating new task for running(599fbf85-9a67-41de-b18c-384e42d07f9b) with due date on 2022-04-02T21:00:01+00:00
[INFO] [stderr] [2024-12-14T11:15:37Z INFO  calendar_backend_lib::scheduler] Creating new task for swimming(f98d9c13-240d-4079-8bb5-4a15707e2c9e) with due date on 2022-04-01T21:00:02+00:00
[INFO] [stderr] [2024-12-14T11:15:37Z INFO  calendar_backend_lib::scheduler] Creating new task for running(599fbf85-9a67-41de-b18c-384e42d07f9b) with due date on 2022-04-09T21:00:01+00:00
[INFO] [stderr] [2024-12-14T11:15:37Z INFO  calendar_backend_lib] Get tasks definitions for habit = 5d58a591-d1a9-4e57-b144-9f697d116499 and user = djacota
[INFO] [stderr] [2024-12-14T11:15:37Z INFO  actix_web::middleware::logger] 127.0.0.1 "GET /habit/5d58a591-d1a9-4e57-b144-9f697d116499/tasks_defs HTTP/1.1" 200 524 "-" "-" 0.005008
[INFO] [stderr] [2024-12-14T11:15:37Z INFO  actix_web::middleware::logger] 127.0.0.1 "POST /login HTTP/1.1" 200 139 "-" "-" 2.484169
[INFO] [stdout] test login_works_for_valid_credentials ... ok
[INFO] [stderr] [2024-12-14T11:15:37Z INFO  actix_web::middleware::logger] 127.0.0.1 "POST /login HTTP/1.1" 401 21 "-" "-" 1.986007
[INFO] [stdout] test login_fails_for_invalid_credentials ... ok
[INFO] [stderr] [2024-12-14T11:15:37Z INFO  calendar_backend_lib] Get tasks for habit = 42af310e-d4f4-469a-9a28-2bb00ab8f8e2 and user = djacota
[INFO] [stderr] [2024-12-14T11:15:37Z INFO  actix_web::middleware::logger] 127.0.0.1 "GET /habit/42af310e-d4f4-469a-9a28-2bb00ab8f8e2/tasks HTTP/1.1" 200 1841 "-" "-" 0.002464
[INFO] [stdout] test scheduler_works ... ok
[INFO] [stderr] [2024-12-14T11:15:37Z INFO  actix_server::builder] starting 16 workers
[INFO] [stderr] [2024-12-14T11:15:37Z INFO  calendar_backend_lib] Get tasks definitions for habit = 761de319-56b1-45ff-9826-0563065a8dd8 and user = djacota
[INFO] [stderr] [2024-12-14T11:15:37Z INFO  actix_web::middleware::logger] 127.0.0.1 "GET /habit/761de319-56b1-45ff-9826-0563065a8dd8/tasks_defs HTTP/1.1" 200 279 "-" "-" 0.001247
[INFO] [stderr] [2024-12-14T11:15:37Z INFO  actix_server::server] Tokio runtime found; starting in existing Tokio runtime
[INFO] [stderr] [2024-12-14T11:15:38Z INFO  calendar_backend_lib] Get tasks for habit = 5d58a591-d1a9-4e57-b144-9f697d116499 and user = djacota
[INFO] [stderr] [2024-12-14T11:15:38Z INFO  actix_web::middleware::logger] 127.0.0.1 "GET /habit/5d58a591-d1a9-4e57-b144-9f697d116499/tasks HTTP/1.1" 200 1635 "-" "-" 0.001580
[INFO] [stdout] test create_task_def_works ... FAILED
[INFO] [stderr] [2024-12-14T11:15:38Z INFO  calendar_backend_lib] Create new user
[INFO] [stderr] [2024-12-14T11:15:39Z INFO  calendar_backend_lib] inserted user
[INFO] [stderr] [2024-12-14T11:15:39Z INFO  actix_web::middleware::logger] 127.0.0.1 "POST /user HTTP/1.1" 201 139 "-" "-" 0.926912
[INFO] [stderr] [2024-12-14T11:15:39Z INFO  calendar_backend_lib] Create new habit
[INFO] [stderr] [2024-12-14T11:15:39Z INFO  calendar_backend_lib] created habit
[INFO] [stderr] [2024-12-14T11:15:39Z INFO  actix_web::middleware::logger] 127.0.0.1 "POST /habit HTTP/1.1" 200 77 "-" "-" 0.000737
[INFO] [stderr] [2024-12-14T11:15:39Z INFO  calendar_backend_lib] Create new task definition
[INFO] [stderr] [2024-12-14T11:15:39Z INFO  calendar_backend_lib] created recurrence for task definition
[INFO] [stderr] [2024-12-14T11:15:39Z INFO  calendar_backend_lib] created task definition
[INFO] [stderr] [2024-12-14T11:15:39Z INFO  calendar_backend_lib] successfully commited the transaction
[INFO] [stderr] [2024-12-14T11:15:39Z INFO  actix_web::middleware::logger] 127.0.0.1 "POST /habit/9f6ef6e7-07df-4973-a75a-36cb0a7d8cdc/tasks_defs HTTP/1.1" 201 0 "-" "-" 0.001932
[INFO] [stderr] [2024-12-14T11:15:39Z INFO  calendar_backend_lib] Create new task definition
[INFO] [stderr] [2024-12-14T11:15:39Z INFO  calendar_backend_lib] created recurrence for task definition
[INFO] [stderr] [2024-12-14T11:15:39Z INFO  calendar_backend_lib] created task definition
[INFO] [stderr] [2024-12-14T11:15:39Z INFO  calendar_backend_lib] successfully commited the transaction
[INFO] [stderr] [2024-12-14T11:15:39Z INFO  actix_web::middleware::logger] 127.0.0.1 "POST /habit/9f6ef6e7-07df-4973-a75a-36cb0a7d8cdc/tasks_defs HTTP/1.1" 201 0 "-" "-" 0.001784
[INFO] [stderr] [2024-12-14T11:15:39Z INFO  calendar_backend_lib] Get tasks for habit = 9f6ef6e7-07df-4973-a75a-36cb0a7d8cdc and user = djacota
[INFO] [stderr] [2024-12-14T11:15:39Z INFO  actix_web::middleware::logger] 127.0.0.1 "GET /habit/9f6ef6e7-07df-4973-a75a-36cb0a7d8cdc/tasks HTTP/1.1" 200 410 "-" "-" 0.001646
[INFO] [stderr] [2024-12-14T11:15:39Z INFO  calendar_backend_lib] Get tasks for habit = 9f6ef6e7-07df-4973-a75a-36cb0a7d8cdc and user = djacota
[INFO] [stderr] [2024-12-14T11:15:39Z INFO  actix_web::middleware::logger] 127.0.0.1 "GET /habit/9f6ef6e7-07df-4973-a75a-36cb0a7d8cdc/tasks HTTP/1.1" 200 410 "-" "-" 0.001964
[INFO] [stderr] [2024-12-14T11:15:39Z INFO  calendar_backend_lib::scheduler] Creating new task for swimming(6a57258b-946c-4ced-8235-c9417e91837a) with due date on 2022-03-18T22:00:02+00:00
[INFO] [stderr] [2024-12-14T11:15:39Z INFO  calendar_backend_lib::scheduler] Finishing task swimming(6a57258b-946c-4ced-8235-c9417e91837a) because the `after` limit was achieved
[INFO] [stderr] [2024-12-14T11:15:39Z INFO  calendar_backend_lib] Get tasks for habit = 9f6ef6e7-07df-4973-a75a-36cb0a7d8cdc and user = djacota
[INFO] [stderr] [2024-12-14T11:15:39Z INFO  actix_web::middleware::logger] 127.0.0.1 "GET /habit/9f6ef6e7-07df-4973-a75a-36cb0a7d8cdc/tasks HTTP/1.1" 200 615 "-" "-" 0.001640
[INFO] [stderr] [2024-12-14T11:15:39Z INFO  calendar_backend_lib::scheduler] Creating new task for running(5e35bee3-5667-45d9-a2c9-2ba4dce4e144) with due date on 2022-03-19T22:00:01+00:00
[INFO] [stderr] [2024-12-14T11:15:39Z INFO  calendar_backend_lib] Get tasks for habit = 9f6ef6e7-07df-4973-a75a-36cb0a7d8cdc and user = djacota
[INFO] [stderr] [2024-12-14T11:15:39Z INFO  actix_web::middleware::logger] 127.0.0.1 "GET /habit/9f6ef6e7-07df-4973-a75a-36cb0a7d8cdc/tasks HTTP/1.1" 200 819 "-" "-" 0.002478
[INFO] [stderr] [2024-12-14T11:15:39Z INFO  calendar_backend_lib::scheduler] Creating new task for running(5e35bee3-5667-45d9-a2c9-2ba4dce4e144) with due date on 2022-03-26T22:00:01+00:00
[INFO] [stderr] [2024-12-14T11:15:39Z INFO  calendar_backend_lib] Get tasks for habit = 9f6ef6e7-07df-4973-a75a-36cb0a7d8cdc and user = djacota
[INFO] [stderr] [2024-12-14T11:15:39Z INFO  actix_web::middleware::logger] 127.0.0.1 "GET /habit/9f6ef6e7-07df-4973-a75a-36cb0a7d8cdc/tasks HTTP/1.1" 200 1023 "-" "-" 0.002141
[INFO] [stderr] [2024-12-14T11:15:39Z INFO  calendar_backend_lib::scheduler] Creating new task for running(5e35bee3-5667-45d9-a2c9-2ba4dce4e144) with due date on 2022-04-02T21:00:01+00:00
[INFO] [stderr] [2024-12-14T11:15:39Z INFO  calendar_backend_lib::scheduler] Creating new task for running(5e35bee3-5667-45d9-a2c9-2ba4dce4e144) with due date on 2022-04-09T21:00:01+00:00
[INFO] [stderr] [2024-12-14T11:15:39Z INFO  calendar_backend_lib] Get tasks for habit = 9f6ef6e7-07df-4973-a75a-36cb0a7d8cdc and user = djacota
[INFO] [stderr] [2024-12-14T11:15:39Z INFO  actix_web::middleware::logger] 127.0.0.1 "GET /habit/9f6ef6e7-07df-4973-a75a-36cb0a7d8cdc/tasks HTTP/1.1" 200 1431 "-" "-" 0.001773
[INFO] [stdout] test scheduler_respects_end_condition ... ok
[INFO] [stdout] 
[INFO] [stdout] failures:
[INFO] [stdout] 
[INFO] [stdout] ---- create_task_def_works stdout ----
[INFO] [stdout] thread 'create_task_def_works' panicked at tests/event.rs:903:5:
[INFO] [stdout] assertion `left == right` failed
[INFO] [stdout]   left: 4
[INFO] [stdout]  right: 8
[INFO] [stdout] stack backtrace:
[INFO] [stdout]    0:     0x6462d40f5c4a - std::backtrace_rs::backtrace::libunwind::trace::h5a5b8284f2d0c266
[INFO] [stdout]                                at /rustc/90b35a6239c3d8bdabc530a6a0816f7ff89a0aaf/library/std/src/../../backtrace/src/backtrace/libunwind.rs:116:5
[INFO] [stdout]    1:     0x6462d40f5c4a - std::backtrace_rs::backtrace::trace_unsynchronized::h76d4f1c9b0b875e3
[INFO] [stdout]                                at /rustc/90b35a6239c3d8bdabc530a6a0816f7ff89a0aaf/library/std/src/../../backtrace/src/backtrace/mod.rs:66:5
[INFO] [stdout]    2:     0x6462d40f5c4a - std::sys::backtrace::_print_fmt::hc4546b8364a537c6
[INFO] [stdout]                                at /rustc/90b35a6239c3d8bdabc530a6a0816f7ff89a0aaf/library/std/src/sys/backtrace.rs:66:9
[INFO] [stdout]    3:     0x6462d40f5c4a - <std::sys::backtrace::BacktraceLock::print::DisplayBacktrace as core::fmt::Display>::fmt::h5b6bd5631a6d1f6b
[INFO] [stdout]                                at /rustc/90b35a6239c3d8bdabc530a6a0816f7ff89a0aaf/library/std/src/sys/backtrace.rs:39:26
[INFO] [stdout]    4:     0x6462d4120803 - core::fmt::rt::Argument::fmt::h270f6602a2b96f62
[INFO] [stdout]                                at /rustc/90b35a6239c3d8bdabc530a6a0816f7ff89a0aaf/library/core/src/fmt/rt.rs:177:76
[INFO] [stdout]    5:     0x6462d4120803 - core::fmt::write::h7550c97b06c86515
[INFO] [stdout]                                at /rustc/90b35a6239c3d8bdabc530a6a0816f7ff89a0aaf/library/core/src/fmt/mod.rs:1186:21
[INFO] [stdout]    6:     0x6462d40f2033 - std::io::Write::write_fmt::h509ff860e5956e5e
[INFO] [stdout]                                at /rustc/90b35a6239c3d8bdabc530a6a0816f7ff89a0aaf/library/std/src/io/mod.rs:1839:15
[INFO] [stdout]    7:     0x6462d40f5a92 - std::sys::backtrace::BacktraceLock::print::h2395ccd2c84ba3aa
[INFO] [stdout]                                at /rustc/90b35a6239c3d8bdabc530a6a0816f7ff89a0aaf/library/std/src/sys/backtrace.rs:42:9
[INFO] [stdout]    8:     0x6462d40f70aa - std::panicking::default_hook::{{closure}}::he19d4c7230e07961
[INFO] [stdout]                                at /rustc/90b35a6239c3d8bdabc530a6a0816f7ff89a0aaf/library/std/src/panicking.rs:268:22
[INFO] [stdout]    9:     0x6462d40f6eb4 - std::panicking::default_hook::hf614597d3c67bbdb
[INFO] [stdout]                                at /rustc/90b35a6239c3d8bdabc530a6a0816f7ff89a0aaf/library/std/src/panicking.rs:292:9
[INFO] [stdout]   10:     0x6462d316ba79 - <alloc::boxed::Box<F,A> as core::ops::function::Fn<Args>>::call::h39b51ce4599c23d1
[INFO] [stdout]                                at /rustc/90b35a6239c3d8bdabc530a6a0816f7ff89a0aaf/library/alloc/src/boxed.rs:2468:9
[INFO] [stdout]   11:     0x6462d316ba79 - test::test_main::{{closure}}::he977ae839a582784
[INFO] [stdout]                                at /rustc/90b35a6239c3d8bdabc530a6a0816f7ff89a0aaf/library/test/src/lib.rs:133:21
[INFO] [stdout]   12:     0x6462d40f7748 - <alloc::boxed::Box<F,A> as core::ops::function::Fn<Args>>::call::h9455091b6b06f9fb
[INFO] [stdout]                                at /rustc/90b35a6239c3d8bdabc530a6a0816f7ff89a0aaf/library/alloc/src/boxed.rs:2468:9
[INFO] [stdout]   13:     0x6462d40f7748 - std::panicking::rust_panic_with_hook::h8942133a8b252070
[INFO] [stdout]                                at /rustc/90b35a6239c3d8bdabc530a6a0816f7ff89a0aaf/library/std/src/panicking.rs:809:13
[INFO] [stdout]   14:     0x6462d40f750a - std::panicking::begin_panic_handler::{{closure}}::hb5f5963570096b29
[INFO] [stdout]                                at /rustc/90b35a6239c3d8bdabc530a6a0816f7ff89a0aaf/library/std/src/panicking.rs:674:13
[INFO] [stdout]   15:     0x6462d40f6129 - std::sys::backtrace::__rust_end_short_backtrace::h6208cedc1922feda
[INFO] [stdout]                                at /rustc/90b35a6239c3d8bdabc530a6a0816f7ff89a0aaf/library/std/src/sys/backtrace.rs:170:18
[INFO] [stdout]   16:     0x6462d40f719c - rust_begin_unwind
[INFO] [stdout]                                at /rustc/90b35a6239c3d8bdabc530a6a0816f7ff89a0aaf/library/std/src/panicking.rs:665:5
[INFO] [stdout]   17:     0x6462d306c550 - core::panicking::panic_fmt::h0c3082644d1bf418
[INFO] [stdout]                                at /rustc/90b35a6239c3d8bdabc530a6a0816f7ff89a0aaf/library/core/src/panicking.rs:74:14
[INFO] [stdout]   18:     0x6462d306c9b5 - core::panicking::assert_failed_inner::h2ddf1fcc067fa858
[INFO] [stdout]   19:     0x6462d3f0f50b - core::panicking::assert_failed::h2e1c40430eddc92f
[INFO] [stdout]                                at /rustc/90b35a6239c3d8bdabc530a6a0816f7ff89a0aaf/library/core/src/panicking.rs:367:5
[INFO] [stdout]   20:     0x6462d309cca8 - event::create_task_def_works::{{closure}}::h55c925bdb3c496fa
[INFO] [stdout]                                at /opt/rustwide/workdir/tests/event.rs:903:5
[INFO] [stdout]   21:     0x6462d312e052 - <core::pin::Pin<P> as core::future::future::Future>::poll::h3706d0bc6d44005c
[INFO] [stdout]                                at /rustc/90b35a6239c3d8bdabc530a6a0816f7ff89a0aaf/library/core/src/future/future.rs:123:9
[INFO] [stdout]   22:     0x6462d312e10d - <core::pin::Pin<P> as core::future::future::Future>::poll::hdb79e94ca3380299
[INFO] [stdout]                                at /rustc/90b35a6239c3d8bdabc530a6a0816f7ff89a0aaf/library/core/src/future/future.rs:123:9
[INFO] [stdout]   23:     0x6462d3106a3f - tokio::runtime::scheduler::current_thread::CoreGuard::block_on::{{closure}}::{{closure}}::{{closure}}::ha1fe95d84e0fe77c
[INFO] [stdout]                                at /opt/rustwide/cargo-home/registry/src/index.crates.io-6f17d22bba15001f/tokio-1.41.1/src/runtime/scheduler/current_thread/mod.rs:729:57
[INFO] [stdout]   24:     0x6462d31067c5 - tokio::runtime::coop::with_budget::h7ddb6a67f477ad48
[INFO] [stdout]                                at /opt/rustwide/cargo-home/registry/src/index.crates.io-6f17d22bba15001f/tokio-1.41.1/src/runtime/coop.rs:107:5
[INFO] [stdout]   25:     0x6462d31067c5 - tokio::runtime::coop::budget::h7775f03772676df4
[INFO] [stdout]                                at /opt/rustwide/cargo-home/registry/src/index.crates.io-6f17d22bba15001f/tokio-1.41.1/src/runtime/coop.rs:73:5
[INFO] [stdout]   26:     0x6462d31067c5 - tokio::runtime::scheduler::current_thread::CoreGuard::block_on::{{closure}}::{{closure}}::h1320b854031a897a
[INFO] [stdout]                                at /opt/rustwide/cargo-home/registry/src/index.crates.io-6f17d22bba15001f/tokio-1.41.1/src/runtime/scheduler/current_thread/mod.rs:729:25
[INFO] [stdout]   27:     0x6462d31045c0 - tokio::runtime::scheduler::current_thread::Context::enter::he2efe856885c521c
[INFO] [stdout]                                at /opt/rustwide/cargo-home/registry/src/index.crates.io-6f17d22bba15001f/tokio-1.41.1/src/runtime/scheduler/current_thread/mod.rs:428:19
[INFO] [stdout]   28:     0x6462d310602e - tokio::runtime::scheduler::current_thread::CoreGuard::block_on::{{closure}}::haae4a74925887d55
[INFO] [stdout]                                at /opt/rustwide/cargo-home/registry/src/index.crates.io-6f17d22bba15001f/tokio-1.41.1/src/runtime/scheduler/current_thread/mod.rs:728:36
[INFO] [stdout]   29:     0x6462d31054a4 - tokio::runtime::scheduler::current_thread::CoreGuard::enter::{{closure}}::h9b1bbe2bf6b93cfa
[INFO] [stdout]                                at /opt/rustwide/cargo-home/registry/src/index.crates.io-6f17d22bba15001f/tokio-1.41.1/src/runtime/scheduler/current_thread/mod.rs:807:68
[INFO] [stdout]   30:     0x6462d311e61b - tokio::runtime::context::scoped::Scoped<T>::set::hde1b74e91d4fa069
[INFO] [stdout]                                at /opt/rustwide/cargo-home/registry/src/index.crates.io-6f17d22bba15001f/tokio-1.41.1/src/runtime/context/scoped.rs:40:9
[INFO] [stdout]   31:     0x6462d3111d99 - tokio::runtime::context::set_scheduler::{{closure}}::hf5837c1e43788ac2
[INFO] [stdout]                                at /opt/rustwide/cargo-home/registry/src/index.crates.io-6f17d22bba15001f/tokio-1.41.1/src/runtime/context.rs:180:26
[INFO] [stdout]   32:     0x6462d312cc0d - std::thread::local::LocalKey<T>::try_with::hc8b93fe20af194d4
[INFO] [stdout]                                at /rustc/90b35a6239c3d8bdabc530a6a0816f7ff89a0aaf/library/std/src/thread/local.rs:283:12
[INFO] [stdout]   33:     0x6462d312bcca - std::thread::local::LocalKey<T>::with::hb9c8609fe083d53d
[INFO] [stdout]                                at /rustc/90b35a6239c3d8bdabc530a6a0816f7ff89a0aaf/library/std/src/thread/local.rs:260:9
[INFO] [stdout]   34:     0x6462d3111d0d - tokio::runtime::context::set_scheduler::h5dc15279231d9826
[INFO] [stdout]                                at /opt/rustwide/cargo-home/registry/src/index.crates.io-6f17d22bba15001f/tokio-1.41.1/src/runtime/context.rs:180:9
[INFO] [stdout]   35:     0x6462d3104e10 - tokio::runtime::scheduler::current_thread::CoreGuard::enter::h1acb7836d5d15c3b
[INFO] [stdout]                                at /opt/rustwide/cargo-home/registry/src/index.crates.io-6f17d22bba15001f/tokio-1.41.1/src/runtime/scheduler/current_thread/mod.rs:807:27
[INFO] [stdout]   36:     0x6462d31054c3 - tokio::runtime::scheduler::current_thread::CoreGuard::block_on::h326ddeb7a386f7be
[INFO] [stdout]                                at /opt/rustwide/cargo-home/registry/src/index.crates.io-6f17d22bba15001f/tokio-1.41.1/src/runtime/scheduler/current_thread/mod.rs:716:19
[INFO] [stdout]   37:     0x6462d310315a - tokio::runtime::scheduler::current_thread::CurrentThread::block_on::{{closure}}::h8078865772aae752
[INFO] [stdout]                                at /opt/rustwide/cargo-home/registry/src/index.crates.io-6f17d22bba15001f/tokio-1.41.1/src/runtime/scheduler/current_thread/mod.rs:196:28
[INFO] [stdout]   38:     0x6462d312a086 - tokio::runtime::context::runtime::enter_runtime::h06c5ef5f63b7819c
[INFO] [stdout]                                at /opt/rustwide/cargo-home/registry/src/index.crates.io-6f17d22bba15001f/tokio-1.41.1/src/runtime/context/runtime.rs:65:16
[INFO] [stdout]   39:     0x6462d31029c1 - tokio::runtime::scheduler::current_thread::CurrentThread::block_on::h5e6ef2e03944602d
[INFO] [stdout]                                at /opt/rustwide/cargo-home/registry/src/index.crates.io-6f17d22bba15001f/tokio-1.41.1/src/runtime/scheduler/current_thread/mod.rs:184:9
[INFO] [stdout]   40:     0x6462d3117923 - tokio::runtime::runtime::Runtime::block_on_inner::h70e4fe4ac90d0bf3
[INFO] [stdout]                                at /opt/rustwide/cargo-home/registry/src/index.crates.io-6f17d22bba15001f/tokio-1.41.1/src/runtime/runtime.rs:368:47
[INFO] [stdout]   41:     0x6462d3117b17 - tokio::runtime::runtime::Runtime::block_on::h64215e93ad2d8183
[INFO] [stdout]                                at /opt/rustwide/cargo-home/registry/src/index.crates.io-6f17d22bba15001f/tokio-1.41.1/src/runtime/runtime.rs:342:13
[INFO] [stdout]   42:     0x6462d3092634 - event::create_task_def_works::hc8eced086ce7a6db
[INFO] [stdout]                                at /opt/rustwide/workdir/tests/event.rs:977:5
[INFO] [stdout]   43:     0x6462d30924c7 - event::create_task_def_works::{{closure}}::h2b7996ee8a879f9c
[INFO] [stdout]                                at /opt/rustwide/workdir/tests/event.rs:705:33
[INFO] [stdout]   44:     0x6462d30ed0b6 - core::ops::function::FnOnce::call_once::hbfee86f4ebe43b66
[INFO] [stdout]                                at /rustc/90b35a6239c3d8bdabc530a6a0816f7ff89a0aaf/library/core/src/ops/function.rs:250:5
[INFO] [stdout]   45:     0x6462d317043b - core::ops::function::FnOnce::call_once::h109cf8051a59b34e
[INFO] [stdout]                                at /rustc/90b35a6239c3d8bdabc530a6a0816f7ff89a0aaf/library/core/src/ops/function.rs:250:5
[INFO] [stdout]   46:     0x6462d317043b - test::__rust_begin_short_backtrace::hf4fff89d377446ba
[INFO] [stdout]                                at /rustc/90b35a6239c3d8bdabc530a6a0816f7ff89a0aaf/library/test/src/lib.rs:621:18
[INFO] [stdout]   47:     0x6462d316fc77 - test::run_test_in_process::{{closure}}::h0e39181dd7ee5a43
[INFO] [stdout]                                at /rustc/90b35a6239c3d8bdabc530a6a0816f7ff89a0aaf/library/test/src/lib.rs:644:60
[INFO] [stdout]   48:     0x6462d316fc77 - <core::panic::unwind_safe::AssertUnwindSafe<F> as core::ops::function::FnOnce<()>>::call_once::hc5a66a30f0bdfd1f
[INFO] [stdout]                                at /rustc/90b35a6239c3d8bdabc530a6a0816f7ff89a0aaf/library/core/src/panic/unwind_safe.rs:272:9
[INFO] [stdout]   49:     0x6462d316fc77 - std::panicking::try::do_call::h873b7cf639554a5e
[INFO] [stdout]                                at /rustc/90b35a6239c3d8bdabc530a6a0816f7ff89a0aaf/library/std/src/panicking.rs:557:40
[INFO] [stdout]   50:     0x6462d316fc77 - std::panicking::try::hdb19862fad9c8bd1
[INFO] [stdout]                                at /rustc/90b35a6239c3d8bdabc530a6a0816f7ff89a0aaf/library/std/src/panicking.rs:520:19
[INFO] [stdout]   51:     0x6462d316fc77 - std::panic::catch_unwind::h281fe732d236d260
[INFO] [stdout]                                at /rustc/90b35a6239c3d8bdabc530a6a0816f7ff89a0aaf/library/std/src/panic.rs:358:14
[INFO] [stdout]   52:     0x6462d316fc77 - test::run_test_in_process::h949b6df8457ed338
[INFO] [stdout]                                at /rustc/90b35a6239c3d8bdabc530a6a0816f7ff89a0aaf/library/test/src/lib.rs:644:27
[INFO] [stdout]   53:     0x6462d316fc77 - test::run_test::{{closure}}::h52c556a6d4740e10
[INFO] [stdout]                                at /rustc/90b35a6239c3d8bdabc530a6a0816f7ff89a0aaf/library/test/src/lib.rs:565:43
[INFO] [stdout]   54:     0x6462d3134f54 - test::run_test::{{closure}}::h4237f6381c45ccb9
[INFO] [stdout]                                at /rustc/90b35a6239c3d8bdabc530a6a0816f7ff89a0aaf/library/test/src/lib.rs:595:41
[INFO] [stdout]   55:     0x6462d3134f54 - std::sys::backtrace::__rust_begin_short_backtrace::h505c97a579eca628
[INFO] [stdout]                                at /rustc/90b35a6239c3d8bdabc530a6a0816f7ff89a0aaf/library/std/src/sys/backtrace.rs:154:18
[INFO] [stdout]   56:     0x6462d313861e - std::thread::Builder::spawn_unchecked_::{{closure}}::{{closure}}::h9e86b2e2bc107ea3
[INFO] [stdout]                                at /rustc/90b35a6239c3d8bdabc530a6a0816f7ff89a0aaf/library/std/src/thread/mod.rs:538:17
[INFO] [stdout]   57:     0x6462d313861e - <core::panic::unwind_safe::AssertUnwindSafe<F> as core::ops::function::FnOnce<()>>::call_once::h8b06ddb275ff4a25
[INFO] [stdout]                                at /rustc/90b35a6239c3d8bdabc530a6a0816f7ff89a0aaf/library/core/src/panic/unwind_safe.rs:272:9
[INFO] [stdout]   58:     0x6462d313861e - std::panicking::try::do_call::hb26ecd7cd9a9355d
[INFO] [stdout]                                at /rustc/90b35a6239c3d8bdabc530a6a0816f7ff89a0aaf/library/std/src/panicking.rs:557:40
[INFO] [stdout]   59:     0x6462d313861e - std::panicking::try::h8ddeca9d705f9069
[INFO] [stdout]                                at /rustc/90b35a6239c3d8bdabc530a6a0816f7ff89a0aaf/library/std/src/panicking.rs:520:19
[INFO] [stdout]   60:     0x6462d313861e - std::panic::catch_unwind::h49e1c33078844c46
[INFO] [stdout]                                at /rustc/90b35a6239c3d8bdabc530a6a0816f7ff89a0aaf/library/std/src/panic.rs:358:14
[INFO] [stdout]   61:     0x6462d313861e - std::thread::Builder::spawn_unchecked_::{{closure}}::h6073db6ff56ad35d
[INFO] [stdout]                                at /rustc/90b35a6239c3d8bdabc530a6a0816f7ff89a0aaf/library/std/src/thread/mod.rs:537:30
[INFO] [stdout]   62:     0x6462d313861e - core::ops::function::FnOnce::call_once{{vtable.shim}}::h2c5a5f3779c774f1
[INFO] [stdout]                                at /rustc/90b35a6239c3d8bdabc530a6a0816f7ff89a0aaf/library/core/src/ops/function.rs:250:5
[INFO] [stdout]   63:     0x6462d40fb9bb - <alloc::boxed::Box<F,A> as core::ops::function::FnOnce<Args>>::call_once::hf75717d9f28faebf
[INFO] [stdout]                                at /rustc/90b35a6239c3d8bdabc530a6a0816f7ff89a0aaf/library/alloc/src/boxed.rs:2454:9
[INFO] [stdout]   64:     0x6462d40fb9bb - <alloc::boxed::Box<F,A> as core::ops::function::FnOnce<Args>>::call_once::h7bd883a5f3c5f3c1
[INFO] [stdout]                                at /rustc/90b35a6239c3d8bdabc530a6a0816f7ff89a0aaf/library/alloc/src/boxed.rs:2454:9
[INFO] [stdout]   65:     0x6462d40fb9bb - std::sys::pal::unix::thread::Thread::new::thread_start::hcc78f3943333fa94
[INFO] [stdout]                                at /rustc/90b35a6239c3d8bdabc530a6a0816f7ff89a0aaf/library/std/src/sys/pal/unix/thread.rs:105:17
[INFO] [stdout]   66:     0x6ffc1a450ac3 - <unknown>
[INFO] [stdout]   67:     0x6ffc1a4e1a04 - clone
[INFO] [stdout]   68:                0x0 - <unknown>
[INFO] [stdout] 
[INFO] [stdout] 
[INFO] [stdout] failures:
[INFO] [stdout]     create_task_def_works
[INFO] [stdout] 
[INFO] [stdout] test result: FAILED. 14 passed; 1 failed; 0 ignored; 0 measured; 0 filtered out; finished in 6.20s
[INFO] [stdout] 
[INFO] [stderr] error: test failed, to rerun pass `--test event`
[INFO] running `Command { std: "docker" "inspect" "ebf8120776e8ead1c5f0321670efd152849d50c6886c9cf00197d4f59901bb17", kill_on_drop: false }`
[INFO] running `Command { std: "docker" "rm" "-f" "ebf8120776e8ead1c5f0321670efd152849d50c6886c9cf00197d4f59901bb17", kill_on_drop: false }`
[INFO] [stdout] ebf8120776e8ead1c5f0321670efd152849d50c6886c9cf00197d4f59901bb17
