[INFO] cloning repository https://github.com/bellingham07/ws
[INFO] running `Command { std: "git" "-c" "credential.helper=" "-c" "credential.helper=/workspace/cargo-home/bin/git-credential-null" "clone" "--bare" "https://github.com/bellingham07/ws" "/workspace/cache/git-repos/https%3A%2F%2Fgithub.com%2Fbellingham07%2Fws", kill_on_drop: false }`
[INFO] [stderr] Cloning into bare repository '/workspace/cache/git-repos/https%3A%2F%2Fgithub.com%2Fbellingham07%2Fws'...
[INFO] running `Command { std: "git" "rev-parse" "HEAD", kill_on_drop: false }`
[INFO] [stdout] e490e3e1c50df031c1272c3d75a8818664327163
[INFO] testing bellingham07/ws against 1.83.0 for beta-1.84.0-4-retry
[INFO] running `Command { std: "git" "clone" "/workspace/cache/git-repos/https%3A%2F%2Fgithub.com%2Fbellingham07%2Fws" "/workspace/builds/worker-2-tc1/source", kill_on_drop: false }`
[INFO] [stderr] Cloning into '/workspace/builds/worker-2-tc1/source'...
[INFO] [stderr] done.
[INFO] validating manifest of git repo https://github.com/bellingham07/ws on toolchain 1.83.0
[INFO] running `Command { std: CARGO_HOME="/workspace/cargo-home" RUSTUP_HOME="/workspace/rustup-home" "/workspace/cargo-home/bin/cargo" "+1.83.0" "metadata" "--manifest-path" "Cargo.toml" "--no-deps", kill_on_drop: false }`
[INFO] started tweaking git repo https://github.com/bellingham07/ws
[INFO] finished tweaking git repo https://github.com/bellingham07/ws
[INFO] tweaked toml for git repo https://github.com/bellingham07/ws written to /workspace/builds/worker-2-tc1/source/Cargo.toml
[INFO] crate git repo https://github.com/bellingham07/ws already has a lockfile, it will not be regenerated
[INFO] running `Command { std: CARGO_HOME="/workspace/cargo-home" RUSTUP_HOME="/workspace/rustup-home" "/workspace/cargo-home/bin/cargo" "+1.83.0" "fetch" "--manifest-path" "Cargo.toml", kill_on_drop: false }`
[INFO] [stderr] warning: virtual workspace defaulting to `resolver = "1"` despite one or more workspace members being on edition 2021 which implies `resolver = "2"`
[INFO] [stderr] note: to keep the current resolver, specify `workspace.resolver = "1"` in the workspace root's manifest
[INFO] [stderr] note: to use the edition 2021 resolver, specify `workspace.resolver = "2"` in the workspace root's manifest
[INFO] [stderr] note: for more details see https://doc.rust-lang.org/cargo/reference/resolver.html#resolver-versions
[INFO] running `Command { std: "docker" "create" "-v" "/var/lib/crater-agent-workspace/builds/worker-2-tc1/target:/opt/rustwide/target:rw,Z" "-v" "/var/lib/crater-agent-workspace/builds/worker-2-tc1/source:/opt/rustwide/workdir:ro,Z" "-v" "/var/lib/crater-agent-workspace/cargo-home:/opt/rustwide/cargo-home:ro,Z" "-v" "/var/lib/crater-agent-workspace/rustup-home:/opt/rustwide/rustup-home:ro,Z" "-e" "SOURCE_DIR=/opt/rustwide/workdir" "-e" "CARGO_TARGET_DIR=/opt/rustwide/target" "-e" "CARGO_HOME=/opt/rustwide/cargo-home" "-e" "RUSTUP_HOME=/opt/rustwide/rustup-home" "-w" "/opt/rustwide/workdir" "-m" "1610612736" "--user" "0:0" "--network" "none" "ghcr.io/rust-lang/crates-build-env/linux@sha256:f3a9d4ad9d972b27faf3965f35b62e55ba32bbce8f20bc8fe909558a86702fde" "/opt/rustwide/cargo-home/bin/cargo" "+1.83.0" "metadata" "--no-deps" "--format-version=1", kill_on_drop: false }`
[INFO] [stdout] 2de955cd06233ff1b328e3d252342851c508cd592256c76bfaf04d652c0348e1
[INFO] running `Command { std: "docker" "start" "-a" "2de955cd06233ff1b328e3d252342851c508cd592256c76bfaf04d652c0348e1", kill_on_drop: false }`
[INFO] running `Command { std: "docker" "inspect" "2de955cd06233ff1b328e3d252342851c508cd592256c76bfaf04d652c0348e1", kill_on_drop: false }`
[INFO] running `Command { std: "docker" "rm" "-f" "2de955cd06233ff1b328e3d252342851c508cd592256c76bfaf04d652c0348e1", kill_on_drop: false }`
[INFO] [stdout] 2de955cd06233ff1b328e3d252342851c508cd592256c76bfaf04d652c0348e1
[INFO] running `Command { std: "docker" "create" "-v" "/var/lib/crater-agent-workspace/builds/worker-2-tc1/target:/opt/rustwide/target:rw,Z" "-v" "/var/lib/crater-agent-workspace/builds/worker-2-tc1/source:/opt/rustwide/workdir:ro,Z" "-v" "/var/lib/crater-agent-workspace/cargo-home:/opt/rustwide/cargo-home:ro,Z" "-v" "/var/lib/crater-agent-workspace/rustup-home:/opt/rustwide/rustup-home:ro,Z" "-e" "SOURCE_DIR=/opt/rustwide/workdir" "-e" "CARGO_TARGET_DIR=/opt/rustwide/target" "-e" "CARGO_INCREMENTAL=0" "-e" "RUST_BACKTRACE=full" "-e" "RUSTFLAGS=--cap-lints=warn" "-e" "RUSTDOCFLAGS=--cap-lints=warn" "-e" "CARGO_HOME=/opt/rustwide/cargo-home" "-e" "RUSTUP_HOME=/opt/rustwide/rustup-home" "-w" "/opt/rustwide/workdir" "-m" "1610612736" "--user" "0:0" "--network" "none" "ghcr.io/rust-lang/crates-build-env/linux@sha256:f3a9d4ad9d972b27faf3965f35b62e55ba32bbce8f20bc8fe909558a86702fde" "/opt/rustwide/cargo-home/bin/cargo" "+1.83.0" "build" "--frozen" "--message-format=json", kill_on_drop: false }`
[INFO] [stdout] a19a4987f1f6ec7350265045df65db4861e4452af6a4f75fe5b472ad1f453ea1
[INFO] running `Command { std: "docker" "start" "-a" "a19a4987f1f6ec7350265045df65db4861e4452af6a4f75fe5b472ad1f453ea1", kill_on_drop: false }`
[INFO] [stderr] warning: virtual workspace defaulting to `resolver = "1"` despite one or more workspace members being on edition 2021 which implies `resolver = "2"`
[INFO] [stderr] note: to keep the current resolver, specify `workspace.resolver = "1"` in the workspace root's manifest
[INFO] [stderr] note: to use the edition 2021 resolver, specify `workspace.resolver = "2"` in the workspace root's manifest
[INFO] [stderr] note: for more details see https://doc.rust-lang.org/cargo/reference/resolver.html#resolver-versions
[INFO] [stderr]    Compiling proc-macro2 v1.0.92
[INFO] [stderr]    Compiling unicode-ident v1.0.14
[INFO] [stderr]    Compiling libc v0.2.167
[INFO] [stderr]    Compiling cfg-if v1.0.0
[INFO] [stderr]    Compiling serde v1.0.215
[INFO] [stderr]    Compiling autocfg v1.4.0
[INFO] [stderr]    Compiling version_check v0.9.5
[INFO] [stderr]    Compiling pin-project-lite v0.2.15
[INFO] [stderr]    Compiling shlex v1.3.0
[INFO] [stderr]    Compiling once_cell v1.20.2
[INFO] [stderr]    Compiling memchr v2.7.4
[INFO] [stderr]    Compiling log v0.4.22
[INFO] [stderr]    Compiling parking_lot_core v0.9.10
[INFO] [stderr]    Compiling stable_deref_trait v1.2.0
[INFO] [stderr]    Compiling typenum v1.17.0
[INFO] [stderr]    Compiling bytes v1.9.0
[INFO] [stderr]    Compiling futures-core v0.3.31
[INFO] [stderr]    Compiling scopeguard v1.2.0
[INFO] [stderr]    Compiling itoa v1.0.14
[INFO] [stderr]    Compiling futures-sink v0.3.31
[INFO] [stderr]    Compiling litemap v0.7.4
[INFO] [stderr]    Compiling byteorder v1.5.0
[INFO] [stderr]    Compiling writeable v0.5.5
[INFO] [stderr]    Compiling subtle v2.6.1
[INFO] [stderr]    Compiling tracing-core v0.1.33
[INFO] [stderr]    Compiling icu_locid_transform_data v1.5.0
[INFO] [stderr]    Compiling paste v1.0.15
[INFO] [stderr]    Compiling percent-encoding v2.3.1
[INFO] [stderr]    Compiling icu_properties_data v1.5.0
[INFO] [stderr]    Compiling icu_normalizer_data v1.5.0
[INFO] [stderr]    Compiling utf16_iter v1.0.5
[INFO] [stderr]    Compiling utf8_iter v1.0.4
[INFO] [stderr]    Compiling futures-task v0.3.31
[INFO] [stderr]    Compiling crossbeam-utils v0.8.20
[INFO] [stderr]    Compiling generic-array v0.14.7
[INFO] [stderr]    Compiling ahash v0.8.11
[INFO] [stderr]    Compiling write16 v1.0.0
[INFO] [stderr]    Compiling futures-io v0.3.31
[INFO] [stderr]    Compiling pin-utils v0.1.0
[INFO] [stderr]    Compiling equivalent v1.0.1
[INFO] [stderr]    Compiling hashbrown v0.15.2
[INFO] [stderr]    Compiling cpufeatures v0.2.16
[INFO] [stderr]    Compiling rustls-pki-types v1.10.0
[INFO] [stderr]    Compiling lock_api v0.4.12
[INFO] [stderr]    Compiling slab v0.4.9
[INFO] [stderr]    Compiling num-traits v0.2.19
[INFO] [stderr]    Compiling bitflags v2.6.0
[INFO] [stderr]    Compiling quote v1.0.37
[INFO] [stderr]    Compiling form_urlencoded v1.2.1
[INFO] [stderr]    Compiling spin v0.9.8
[INFO] [stderr]    Compiling serde_json v1.0.133
[INFO] [stderr]    Compiling pkg-config v0.3.31
[INFO] [stderr]    Compiling untrusted v0.9.0
[INFO] [stderr]    Compiling ryu v1.0.18
[INFO] [stderr]    Compiling syn v2.0.90
[INFO] [stderr]    Compiling futures-util v0.3.31
[INFO] [stderr]    Compiling indexmap v2.7.0
[INFO] [stderr]    Compiling tinyvec_macros v0.1.1
[INFO] [stderr]    Compiling allocator-api2 v0.2.21
[INFO] [stderr]    Compiling rustls v0.23.19
[INFO] [stderr]    Compiling minimal-lexical v0.2.1
[INFO] [stderr]    Compiling thiserror v1.0.69
[INFO] [stderr]    Compiling tinyvec v1.8.0
[INFO] [stderr]    Compiling concurrent-queue v2.5.0
[INFO] [stderr]    Compiling zeroize v1.8.1
[INFO] [stderr]    Compiling parking v2.2.1
[INFO] [stderr]    Compiling fnv v1.0.7
[INFO] [stderr]    Compiling crc-catalog v2.4.0
[INFO] [stderr]    Compiling iana-time-zone v0.1.61
[INFO] [stderr]    Compiling rustix v0.38.42
[INFO] [stderr]    Compiling unicode_categories v0.1.1
[INFO] [stderr]    Compiling base64 v0.22.1
[INFO] [stderr]    Compiling nom v7.1.3
[INFO] [stderr]    Compiling crc v3.2.1
[INFO] [stderr]    Compiling http v0.2.12
[INFO] [stderr]    Compiling atoi v2.0.0
[INFO] [stderr]    Compiling event-listener v5.3.1
[INFO] [stderr]    Compiling webpki-roots v0.26.7
[INFO] [stderr]    Compiling rustls-pemfile v2.2.0
[INFO] [stderr]    Compiling crossbeam-queue v0.3.11
[INFO] [stderr]    Compiling aho-corasick v1.1.3
[INFO] [stderr]    Compiling futures-channel v0.3.31
[INFO] [stderr]    Compiling regex-syntax v0.8.5
[INFO] [stderr]    Compiling block-buffer v0.10.4
[INFO] [stderr]    Compiling crypto-common v0.1.6
[INFO] [stderr]    Compiling zstd-safe v7.2.1
[INFO] [stderr]    Compiling hex v0.4.3
[INFO] [stderr]    Compiling unicode-properties v0.1.3
[INFO] [stderr]    Compiling digest v0.10.7
[INFO] [stderr]    Compiling alloc-no-stdlib v2.0.4
[INFO] [stderr]    Compiling unicode-bidi v0.3.17
[INFO] [stderr]    Compiling local-waker v0.1.4
[INFO] [stderr]    Compiling linux-raw-sys v0.4.14
[INFO] [stderr]    Compiling alloc-stdlib v0.2.2
[INFO] [stderr]    Compiling sha2 v0.10.8
[INFO] [stderr]    Compiling hmac v0.12.1
[INFO] [stderr]    Compiling md-5 v0.10.6
[INFO] [stderr]    Compiling bytestring v1.4.0
[INFO] [stderr]    Compiling time-core v0.1.2
[INFO] [stderr]    Compiling hkdf v0.12.4
[INFO] [stderr]    Compiling num-conv v0.1.0
[INFO] [stderr]    Compiling jobserver v0.1.32
[INFO] [stderr]    Compiling getrandom v0.2.15
[INFO] [stderr]    Compiling mio v1.0.3
[INFO] [stderr]    Compiling socket2 v0.5.8
[INFO] [stderr]    Compiling signal-hook-registry v1.4.2
[INFO] [stderr]    Compiling cc v1.2.3
[INFO] [stderr]    Compiling rand_core v0.6.4
[INFO] [stderr]    Compiling home v0.5.9
[INFO] [stderr]    Compiling httparse v1.9.5
[INFO] [stderr]    Compiling powerfmt v0.2.0
[INFO] [stderr]    Compiling whoami v1.5.2
[INFO] [stderr]    Compiling unicode-normalization v0.1.24
[INFO] [stderr]    Compiling fastrand v2.3.0
[INFO] [stderr]    Compiling adler2 v2.0.0
[INFO] [stderr]    Compiling dotenvy v0.15.7
[INFO] [stderr]    Compiling miniz_oxide v0.8.0
[INFO] [stderr]    Compiling deranged v0.3.11
[INFO] [stderr]    Compiling time-macros v0.2.19
[INFO] [stderr]    Compiling brotli-decompressor v4.0.1
[INFO] [stderr]    Compiling actix-utils v3.0.1
[INFO] [stderr]    Compiling actix-service v2.0.2
[INFO] [stderr]    Compiling cookie v0.16.2
[INFO] [stderr]    Compiling crc32fast v1.4.2
[INFO] [stderr]    Compiling stringprep v0.1.5
[INFO] [stderr]    Compiling heck v0.5.0
[INFO] [stderr]    Compiling convert_case v0.4.0
[INFO] [stderr]    Compiling regex-lite v0.1.6
[INFO] [stderr]    Compiling flate2 v1.0.35
[INFO] [stderr]    Compiling sha1 v0.10.6
[INFO] [stderr]    Compiling local-channel v0.1.5
[INFO] [stderr]    Compiling encoding_rs v0.8.35
[INFO] [stderr]    Compiling mime v0.3.17
[INFO] [stderr]    Compiling httpdate v1.0.3
[INFO] [stderr]    Compiling language-tags v0.3.2
[INFO] [stderr]    Compiling impl-more v0.1.8
[INFO] [stderr]    Compiling dotenv v0.15.0
[INFO] [stderr]    Compiling sqlformat v0.2.6
[INFO] [stderr]    Compiling brotli v6.0.0
[INFO] [stderr]    Compiling tempfile v3.14.0
[INFO] [stderr]    Compiling ring v0.17.8
[INFO] [stderr]    Compiling zstd-sys v2.0.13+zstd.1.5.6
[INFO] [stderr]    Compiling regex-automata v0.4.9
[INFO] [stderr]    Compiling time v0.3.37
[INFO] [stderr]    Compiling synstructure v0.13.1
[INFO] [stderr]    Compiling serde_derive v1.0.215
[INFO] [stderr]    Compiling zerofrom-derive v0.1.5
[INFO] [stderr]    Compiling yoke-derive v0.7.5
[INFO] [stderr]    Compiling zerovec-derive v0.10.3
[INFO] [stderr]    Compiling displaydoc v0.2.5
[INFO] [stderr]    Compiling zerocopy-derive v0.7.35
[INFO] [stderr]    Compiling icu_provider_macros v1.5.0
[INFO] [stderr]    Compiling tracing-attributes v0.1.28
[INFO] [stderr]    Compiling thiserror-impl v1.0.69
[INFO] [stderr]    Compiling actix-macros v0.2.4
[INFO] [stderr]    Compiling zerocopy v0.7.35
[INFO] [stderr]    Compiling regex v1.11.1
[INFO] [stderr]    Compiling zerofrom v0.1.5
[INFO] [stderr]    Compiling ppv-lite86 v0.2.20
[INFO] [stderr]    Compiling hashbrown v0.14.5
[INFO] [stderr]    Compiling derive_more v0.99.18
[INFO] [stderr]    Compiling yoke v0.7.5
[INFO] [stderr]    Compiling zerovec v0.10.4
[INFO] [stderr]    Compiling rand_chacha v0.3.1
[INFO] [stderr]    Compiling hashlink v0.9.1
[INFO] [stderr]    Compiling rand v0.8.5
[INFO] [stderr]    Compiling tracing v0.1.41
[INFO] [stderr]    Compiling rustls-webpki v0.102.8
[INFO] [stderr]    Compiling zstd v0.13.2
[INFO] [stderr]    Compiling tinystr v0.7.6
[INFO] [stderr]    Compiling icu_collections v1.5.0
[INFO] [stderr]    Compiling icu_locid v1.5.0
[INFO] [stderr]    Compiling icu_provider v1.5.0
[INFO] [stderr]    Compiling icu_locid_transform v1.5.0
[INFO] [stderr]    Compiling icu_properties v1.5.1
[INFO] [stderr]    Compiling smallvec v1.13.2
[INFO] [stderr]    Compiling chrono v0.4.39
[INFO] [stderr]    Compiling either v1.13.0
[INFO] [stderr]    Compiling actix-router v0.5.3
[INFO] [stderr]    Compiling serde_urlencoded v0.7.1
[INFO] [stderr]    Compiling parking_lot v0.12.3
[INFO] [stderr]    Compiling tokio v1.42.0
[INFO] [stderr]    Compiling futures-intrusive v0.5.0
[INFO] [stderr]    Compiling actix-web-codegen v4.3.0
[INFO] [stderr]    Compiling icu_normalizer v1.5.0
[INFO] [stderr]    Compiling idna_adapter v1.2.0
[INFO] [stderr]    Compiling idna v1.0.3
[INFO] [stderr]    Compiling url v2.5.4
[INFO] [stderr]    Compiling tokio-stream v0.1.17
[INFO] [stderr]    Compiling tokio-util v0.7.13
[INFO] [stderr]    Compiling actix-rt v2.10.0
[INFO] [stderr]    Compiling actix-server v2.5.0
[INFO] [stderr]    Compiling sqlx-core v0.8.2
[INFO] [stderr]    Compiling actix-codec v0.5.2
[INFO] [stderr]    Compiling h2 v0.3.26
[INFO] [stderr]    Compiling sqlx-postgres v0.8.2
[INFO] [stderr]    Compiling actix-http v3.9.0
[INFO] [stderr]    Compiling sqlx-macros-core v0.8.2
[INFO] [stderr]    Compiling actix-web v4.9.0
[INFO] [stderr]    Compiling sqlx-macros v0.8.2
[INFO] [stderr]    Compiling sqlx v0.8.2
[INFO] [stderr]    Compiling webservice v0.1.0 (/opt/rustwide/workdir/webservice)
[INFO] [stdout] warning: unused import: `env`
[INFO] [stdout]  --> webservice/src/bin/../handlers.rs:5:11
[INFO] [stdout]   |
[INFO] [stdout] 5 | use std::{env};
[INFO] [stdout]   |           ^^^
[INFO] [stdout]   |
[INFO] [stdout]   = note: `#[warn(unused_imports)]` on by default
[INFO] [stdout] 
[INFO] [stdout] 
[INFO] [stdout] warning: unused import: `env`
[INFO] [stdout]  --> webservice/src/handlers.rs:5:11
[INFO] [stdout]   |
[INFO] [stdout] 5 | use std::{env};
[INFO] [stdout]   |           ^^^
[INFO] [stdout]   |
[INFO] [stdout]   = note: `#[warn(unused_imports)]` on by default
[INFO] [stdout] 
[INFO] [stdout] 
[INFO] [stdout] warning: unused import: `new_course`
[INFO] [stdout]  --> webservice/src/bin/../routers.rs:2:90
[INFO] [stdout]   |
[INFO] [stdout] 2 | use crate::handlers::{get_courses_detail, get_courses_for_teacher, health_check_handler, new_course};
[INFO] [stdout]   |                                                                                          ^^^^^^^^^^
[INFO] [stdout] 
[INFO] [stdout] 
[INFO] [stdout] warning: unused import: `new_course`
[INFO] [stdout]  --> webservice/src/routers.rs:2:90
[INFO] [stdout]   |
[INFO] [stdout] 2 | use crate::handlers::{get_courses_detail, get_courses_for_teacher, health_check_handler, new_course};
[INFO] [stdout]   |                                                                                          ^^^^^^^^^^
[INFO] [stdout] 
[INFO] [stdout] 
[INFO] [stdout] warning: unused variable: `new_course`
[INFO] [stdout]   --> webservice/src/bin/../handlers.rs:15:25
[INFO] [stdout]    |
[INFO] [stdout] 15 | pub async fn new_course(new_course: web::Json<Course>, app_state: web::Data<AppState>) -> HttpResponse {
[INFO] [stdout]    |                         ^^^^^^^^^^ help: if this is intentional, prefix it with an underscore: `_new_course`
[INFO] [stdout]    |
[INFO] [stdout]    = note: `#[warn(unused_variables)]` on by default
[INFO] [stdout] 
[INFO] [stdout] 
[INFO] [stdout] warning: unused variable: `app_state`
[INFO] [stdout]   --> webservice/src/bin/../handlers.rs:15:56
[INFO] [stdout]    |
[INFO] [stdout] 15 | pub async fn new_course(new_course: web::Json<Course>, app_state: web::Data<AppState>) -> HttpResponse {
[INFO] [stdout]    |                                                        ^^^^^^^^^ help: if this is intentional, prefix it with an underscore: `_app_state`
[INFO] [stdout] 
[INFO] [stdout] 
[INFO] [stdout] warning: unused variable: `app_state`
[INFO] [stdout]   --> webservice/src/bin/../handlers.rs:34:38
[INFO] [stdout]    |
[INFO] [stdout] 34 | pub async fn get_courses_for_teacher(app_state: web::Data<AppState>, params: web::Path<(usize,)>) -> HttpResponse {
[INFO] [stdout]    |                                      ^^^^^^^^^ help: if this is intentional, prefix it with an underscore: `_app_state`
[INFO] [stdout] 
[INFO] [stdout] 
[INFO] [stdout] warning: unused variable: `params`
[INFO] [stdout]   --> webservice/src/bin/../handlers.rs:34:70
[INFO] [stdout]    |
[INFO] [stdout] 34 | pub async fn get_courses_for_teacher(app_state: web::Data<AppState>, params: web::Path<(usize,)>) -> HttpResponse {
[INFO] [stdout]    |                                                                      ^^^^^^ help: if this is intentional, prefix it with an underscore: `_params`
[INFO] [stdout] 
[INFO] [stdout] 
[INFO] [stdout] warning: unused variable: `new_course`
[INFO] [stdout]   --> webservice/src/handlers.rs:15:25
[INFO] [stdout]    |
[INFO] [stdout] 15 | pub async fn new_course(new_course: web::Json<Course>, app_state: web::Data<AppState>) -> HttpResponse {
[INFO] [stdout]    |                         ^^^^^^^^^^ help: if this is intentional, prefix it with an underscore: `_new_course`
[INFO] [stdout]    |
[INFO] [stdout]    = note: `#[warn(unused_variables)]` on by default
[INFO] [stdout] 
[INFO] [stdout] 
[INFO] [stdout] warning: unused variable: `app_state`
[INFO] [stdout]   --> webservice/src/handlers.rs:15:56
[INFO] [stdout]    |
[INFO] [stdout] 15 | pub async fn new_course(new_course: web::Json<Course>, app_state: web::Data<AppState>) -> HttpResponse {
[INFO] [stdout]    |                                                        ^^^^^^^^^ help: if this is intentional, prefix it with an underscore: `_app_state`
[INFO] [stdout] 
[INFO] [stdout] 
[INFO] [stdout] warning: unused variable: `app_state`
[INFO] [stdout]   --> webservice/src/bin/../handlers.rs:55:33
[INFO] [stdout]    |
[INFO] [stdout] 55 | pub async fn get_courses_detail(app_state: web::Data<AppState>, params: web::Path<(usize, usize)>) -> HttpResponse {
[INFO] [stdout]    |                                 ^^^^^^^^^ help: if this is intentional, prefix it with an underscore: `_app_state`
[INFO] [stdout] 
[INFO] [stdout] 
[INFO] [stdout] warning: unused variable: `params`
[INFO] [stdout]   --> webservice/src/bin/../handlers.rs:55:65
[INFO] [stdout]    |
[INFO] [stdout] 55 | pub async fn get_courses_detail(app_state: web::Data<AppState>, params: web::Path<(usize, usize)>) -> HttpResponse {
[INFO] [stdout]    |                                                                 ^^^^^^ help: if this is intentional, prefix it with an underscore: `_params`
[INFO] [stdout] 
[INFO] [stdout] 
[INFO] [stdout] warning: unused variable: `app_state`
[INFO] [stdout]   --> webservice/src/handlers.rs:34:38
[INFO] [stdout]    |
[INFO] [stdout] 34 | pub async fn get_courses_for_teacher(app_state: web::Data<AppState>, params: web::Path<(usize,)>) -> HttpResponse {
[INFO] [stdout]    |                                      ^^^^^^^^^ help: if this is intentional, prefix it with an underscore: `_app_state`
[INFO] [stdout] 
[INFO] [stdout] 
[INFO] [stdout] warning: unused variable: `params`
[INFO] [stdout]   --> webservice/src/handlers.rs:34:70
[INFO] [stdout]    |
[INFO] [stdout] 34 | pub async fn get_courses_for_teacher(app_state: web::Data<AppState>, params: web::Path<(usize,)>) -> HttpResponse {
[INFO] [stdout]    |                                                                      ^^^^^^ help: if this is intentional, prefix it with an underscore: `_params`
[INFO] [stdout] 
[INFO] [stdout] 
[INFO] [stdout] warning: unused variable: `app_state`
[INFO] [stdout]   --> webservice/src/handlers.rs:55:33
[INFO] [stdout]    |
[INFO] [stdout] 55 | pub async fn get_courses_detail(app_state: web::Data<AppState>, params: web::Path<(usize, usize)>) -> HttpResponse {
[INFO] [stdout]    |                                 ^^^^^^^^^ help: if this is intentional, prefix it with an underscore: `_app_state`
[INFO] [stdout] 
[INFO] [stdout] 
[INFO] [stdout] warning: unused variable: `params`
[INFO] [stdout]   --> webservice/src/handlers.rs:55:65
[INFO] [stdout]    |
[INFO] [stdout] 55 | pub async fn get_courses_detail(app_state: web::Data<AppState>, params: web::Path<(usize, usize)>) -> HttpResponse {
[INFO] [stdout]    |                                                                 ^^^^^^ help: if this is intentional, prefix it with an underscore: `_params`
[INFO] [stdout] 
[INFO] [stdout] 
[INFO] [stdout] warning: function `health_check_handler` is never used
[INFO] [stdout]  --> webservice/src/handlers.rs:7:14
[INFO] [stdout]   |
[INFO] [stdout] 7 | pub async fn health_check_handler(app_state: web::Data<AppState>) -> HttpResponse {
[INFO] [stdout]   |              ^^^^^^^^^^^^^^^^^^^^
[INFO] [stdout]   |
[INFO] [stdout]   = note: `#[warn(dead_code)]` on by default
[INFO] [stdout] 
[INFO] [stdout] 
[INFO] [stdout] warning: function `new_course` is never used
[INFO] [stdout]   --> webservice/src/handlers.rs:15:14
[INFO] [stdout]    |
[INFO] [stdout] 15 | pub async fn new_course(new_course: web::Json<Course>, app_state: web::Data<AppState>) -> HttpResponse {
[INFO] [stdout]    |              ^^^^^^^^^^
[INFO] [stdout] 
[INFO] [stdout] 
[INFO] [stdout] warning: function `get_courses_for_teacher` is never used
[INFO] [stdout]   --> webservice/src/handlers.rs:34:14
[INFO] [stdout]    |
[INFO] [stdout] 34 | pub async fn get_courses_for_teacher(app_state: web::Data<AppState>, params: web::Path<(usize,)>) -> HttpResponse {
[INFO] [stdout]    |              ^^^^^^^^^^^^^^^^^^^^^^^
[INFO] [stdout] 
[INFO] [stdout] 
[INFO] [stdout] warning: function `get_courses_detail` is never used
[INFO] [stdout]   --> webservice/src/handlers.rs:55:14
[INFO] [stdout]    |
[INFO] [stdout] 55 | pub async fn get_courses_detail(app_state: web::Data<AppState>, params: web::Path<(usize, usize)>) -> HttpResponse {
[INFO] [stdout]    |              ^^^^^^^^^^^^^^^^^^
[INFO] [stdout] 
[INFO] [stdout] 
[INFO] [stdout] warning: function `generate_uuid` is never used
[INFO] [stdout]   --> webservice/src/handlers.rs:76:4
[INFO] [stdout]    |
[INFO] [stdout] 76 | fn generate_uuid() -> usize {
[INFO] [stdout]    |    ^^^^^^^^^^^^^
[INFO] [stdout] 
[INFO] [stdout] 
[INFO] [stdout] warning: function `general_routes` is never used
[INFO] [stdout]  --> webservice/src/routers.rs:4:8
[INFO] [stdout]   |
[INFO] [stdout] 4 | pub fn general_routes(cfg: &mut web::ServiceConfig) {
[INFO] [stdout]   |        ^^^^^^^^^^^^^^
[INFO] [stdout] 
[INFO] [stdout] 
[INFO] [stdout] warning: function `course_routes` is never used
[INFO] [stdout]  --> webservice/src/routers.rs:7:8
[INFO] [stdout]   |
[INFO] [stdout] 7 | pub fn course_routes(cfg: &mut web::ServiceConfig) {
[INFO] [stdout]   |        ^^^^^^^^^^^^^
[INFO] [stdout] 
[INFO] [stdout] 
[INFO] [stdout] warning: struct `AppState` is never constructed
[INFO] [stdout]  --> webservice/src/state.rs:5:12
[INFO] [stdout]   |
[INFO] [stdout] 5 | pub struct AppState {
[INFO] [stdout]   |            ^^^^^^^^
[INFO] [stdout] 
[INFO] [stdout] 
[INFO] [stdout] warning: function `new_course` is never used
[INFO] [stdout]   --> webservice/src/bin/../handlers.rs:15:14
[INFO] [stdout]    |
[INFO] [stdout] 15 | pub async fn new_course(new_course: web::Json<Course>, app_state: web::Data<AppState>) -> HttpResponse {
[INFO] [stdout]    |              ^^^^^^^^^^
[INFO] [stdout]    |
[INFO] [stdout]    = note: `#[warn(dead_code)]` on by default
[INFO] [stdout] 
[INFO] [stdout] 
[INFO] [stdout] warning: function `generate_uuid` is never used
[INFO] [stdout]   --> webservice/src/bin/../handlers.rs:76:4
[INFO] [stdout]    |
[INFO] [stdout] 76 | fn generate_uuid() -> usize {
[INFO] [stdout]    |    ^^^^^^^^^^^^^
[INFO] [stdout] 
[INFO] [stdout] 
[INFO] [stdout] warning: field `db` is never read
[INFO] [stdout]  --> webservice/src/bin/../state.rs:9:9
[INFO] [stdout]   |
[INFO] [stdout] 5 | pub struct AppState {
[INFO] [stdout]   |            -------- field in this struct
[INFO] [stdout] ...
[INFO] [stdout] 9 |     pub db: PgPool,
[INFO] [stdout]   |         ^^
[INFO] [stdout] 
[INFO] [stdout] 
[INFO] [stderr]     Finished `dev` profile [unoptimized + debuginfo] target(s) in 1m 32s
[INFO] running `Command { std: "docker" "inspect" "a19a4987f1f6ec7350265045df65db4861e4452af6a4f75fe5b472ad1f453ea1", kill_on_drop: false }`
[INFO] running `Command { std: "docker" "rm" "-f" "a19a4987f1f6ec7350265045df65db4861e4452af6a4f75fe5b472ad1f453ea1", kill_on_drop: false }`
[INFO] [stdout] a19a4987f1f6ec7350265045df65db4861e4452af6a4f75fe5b472ad1f453ea1
[INFO] running `Command { std: "docker" "create" "-v" "/var/lib/crater-agent-workspace/builds/worker-2-tc1/target:/opt/rustwide/target:rw,Z" "-v" "/var/lib/crater-agent-workspace/builds/worker-2-tc1/source:/opt/rustwide/workdir:ro,Z" "-v" "/var/lib/crater-agent-workspace/cargo-home:/opt/rustwide/cargo-home:ro,Z" "-v" "/var/lib/crater-agent-workspace/rustup-home:/opt/rustwide/rustup-home:ro,Z" "-e" "SOURCE_DIR=/opt/rustwide/workdir" "-e" "CARGO_TARGET_DIR=/opt/rustwide/target" "-e" "CARGO_INCREMENTAL=0" "-e" "RUST_BACKTRACE=full" "-e" "RUSTFLAGS=--cap-lints=warn" "-e" "RUSTDOCFLAGS=--cap-lints=warn" "-e" "CARGO_HOME=/opt/rustwide/cargo-home" "-e" "RUSTUP_HOME=/opt/rustwide/rustup-home" "-w" "/opt/rustwide/workdir" "-m" "1610612736" "--user" "0:0" "--network" "none" "ghcr.io/rust-lang/crates-build-env/linux@sha256:f3a9d4ad9d972b27faf3965f35b62e55ba32bbce8f20bc8fe909558a86702fde" "/opt/rustwide/cargo-home/bin/cargo" "+1.83.0" "test" "--frozen" "--no-run" "--message-format=json", kill_on_drop: false }`
[INFO] [stdout] 595440dbab6f42b40b405c3ed928637daa4fd2fe77c47fdf626342e84691b09e
[INFO] running `Command { std: "docker" "start" "-a" "595440dbab6f42b40b405c3ed928637daa4fd2fe77c47fdf626342e84691b09e", kill_on_drop: false }`
[INFO] [stderr] warning: virtual workspace defaulting to `resolver = "1"` despite one or more workspace members being on edition 2021 which implies `resolver = "2"`
[INFO] [stderr] note: to keep the current resolver, specify `workspace.resolver = "1"` in the workspace root's manifest
[INFO] [stderr] note: to use the edition 2021 resolver, specify `workspace.resolver = "2"` in the workspace root's manifest
[INFO] [stderr] note: for more details see https://doc.rust-lang.org/cargo/reference/resolver.html#resolver-versions
[INFO] [stderr]    Compiling webservice v0.1.0 (/opt/rustwide/workdir/webservice)
[INFO] [stdout] warning: unused import: `env`
[INFO] [stdout]  --> webservice/src/bin/../handlers.rs:5:11
[INFO] [stdout]   |
[INFO] [stdout] 5 | use std::{env};
[INFO] [stdout]   |           ^^^
[INFO] [stdout]   |
[INFO] [stdout]   = note: `#[warn(unused_imports)]` on by default
[INFO] [stdout] 
[INFO] [stdout] 
[INFO] [stdout] warning: unused import: `io`
[INFO] [stdout]   --> webservice/src/bin/../handlers.rs:84:20
[INFO] [stdout]    |
[INFO] [stdout] 84 |     use std::{env, io};
[INFO] [stdout]    |                    ^^
[INFO] [stdout] 
[INFO] [stdout] 
[INFO] [stdout] warning: unused import: `actix_web::App`
[INFO] [stdout]   --> webservice/src/bin/../handlers.rs:85:9
[INFO] [stdout]    |
[INFO] [stdout] 85 |     use actix_web::App;
[INFO] [stdout]    |         ^^^^^^^^^^^^^^
[INFO] [stdout] 
[INFO] [stdout] 
[INFO] [stdout] warning: unused import: `new_course`
[INFO] [stdout]  --> webservice/src/bin/../routers.rs:2:90
[INFO] [stdout]   |
[INFO] [stdout] 2 | use crate::handlers::{get_courses_detail, get_courses_for_teacher, health_check_handler, new_course};
[INFO] [stdout]   |                                                                                          ^^^^^^^^^^
[INFO] [stdout] 
[INFO] [stdout] 
[INFO] [stdout] warning: unused import: `env`
[INFO] [stdout]  --> webservice/src/handlers.rs:5:11
[INFO] [stdout]   |
[INFO] [stdout] 5 | use std::{env};
[INFO] [stdout]   |           ^^^
[INFO] [stdout]   |
[INFO] [stdout]   = note: `#[warn(unused_imports)]` on by default
[INFO] [stdout] 
[INFO] [stdout] 
[INFO] [stdout] warning: unused import: `io`
[INFO] [stdout]   --> webservice/src/handlers.rs:84:20
[INFO] [stdout]    |
[INFO] [stdout] 84 |     use std::{env, io};
[INFO] [stdout]    |                    ^^
[INFO] [stdout] 
[INFO] [stdout] 
[INFO] [stdout] warning: unused import: `actix_web::App`
[INFO] [stdout]   --> webservice/src/handlers.rs:85:9
[INFO] [stdout]    |
[INFO] [stdout] 85 |     use actix_web::App;
[INFO] [stdout]    |         ^^^^^^^^^^^^^^
[INFO] [stdout] 
[INFO] [stdout] 
[INFO] [stdout] warning: unused import: `new_course`
[INFO] [stdout]  --> webservice/src/routers.rs:2:90
[INFO] [stdout]   |
[INFO] [stdout] 2 | use crate::handlers::{get_courses_detail, get_courses_for_teacher, health_check_handler, new_course};
[INFO] [stdout]   |                                                                                          ^^^^^^^^^^
[INFO] [stdout] 
[INFO] [stdout] 
[INFO] [stdout] warning: unused variable: `new_course`
[INFO] [stdout]   --> webservice/src/handlers.rs:15:25
[INFO] [stdout]    |
[INFO] [stdout] 15 | pub async fn new_course(new_course: web::Json<Course>, app_state: web::Data<AppState>) -> HttpResponse {
[INFO] [stdout]    |                         ^^^^^^^^^^ help: if this is intentional, prefix it with an underscore: `_new_course`
[INFO] [stdout]    |
[INFO] [stdout]    = note: `#[warn(unused_variables)]` on by default
[INFO] [stdout] 
[INFO] [stdout] 
[INFO] [stdout] warning: unused variable: `new_course`
[INFO] [stdout]   --> webservice/src/bin/../handlers.rs:15:25
[INFO] [stdout]    |
[INFO] [stdout] 15 | pub async fn new_course(new_course: web::Json<Course>, app_state: web::Data<AppState>) -> HttpResponse {
[INFO] [stdout]    |                         ^^^^^^^^^^ help: if this is intentional, prefix it with an underscore: `_new_course`
[INFO] [stdout]    |
[INFO] [stdout]    = note: `#[warn(unused_variables)]` on by default
[INFO] [stdout] 
[INFO] [stdout] 
[INFO] [stdout] warning: unused variable: `app_state`
[INFO] [stdout]   --> webservice/src/bin/../handlers.rs:15:56
[INFO] [stdout]    |
[INFO] [stdout] 15 | pub async fn new_course(new_course: web::Json<Course>, app_state: web::Data<AppState>) -> HttpResponse {
[INFO] [stdout]    |                                                        ^^^^^^^^^ help: if this is intentional, prefix it with an underscore: `_app_state`
[INFO] [stdout] 
[INFO] [stdout] 
[INFO] [stdout] warning: unused variable: `app_state`
[INFO] [stdout]   --> webservice/src/handlers.rs:15:56
[INFO] [stdout]    |
[INFO] [stdout] 15 | pub async fn new_course(new_course: web::Json<Course>, app_state: web::Data<AppState>) -> HttpResponse {
[INFO] [stdout]    |                                                        ^^^^^^^^^ help: if this is intentional, prefix it with an underscore: `_app_state`
[INFO] [stdout] 
[INFO] [stdout] 
[INFO] [stdout] warning: unused variable: `app_state`
[INFO] [stdout]   --> webservice/src/bin/../handlers.rs:34:38
[INFO] [stdout]    |
[INFO] [stdout] 34 | pub async fn get_courses_for_teacher(app_state: web::Data<AppState>, params: web::Path<(usize,)>) -> HttpResponse {
[INFO] [stdout]    |                                      ^^^^^^^^^ help: if this is intentional, prefix it with an underscore: `_app_state`
[INFO] [stdout] 
[INFO] [stdout] 
[INFO] [stdout] warning: unused variable: `params`
[INFO] [stdout]   --> webservice/src/bin/../handlers.rs:34:70
[INFO] [stdout]    |
[INFO] [stdout] 34 | pub async fn get_courses_for_teacher(app_state: web::Data<AppState>, params: web::Path<(usize,)>) -> HttpResponse {
[INFO] [stdout]    |                                                                      ^^^^^^ help: if this is intentional, prefix it with an underscore: `_params`
[INFO] [stdout] 
[INFO] [stdout] 
[INFO] [stdout] warning: unused variable: `app_state`
[INFO] [stdout]   --> webservice/src/bin/../handlers.rs:55:33
[INFO] [stdout]    |
[INFO] [stdout] 55 | pub async fn get_courses_detail(app_state: web::Data<AppState>, params: web::Path<(usize, usize)>) -> HttpResponse {
[INFO] [stdout]    |                                 ^^^^^^^^^ help: if this is intentional, prefix it with an underscore: `_app_state`
[INFO] [stdout] 
[INFO] [stdout] 
[INFO] [stdout] warning: unused variable: `params`
[INFO] [stdout]   --> webservice/src/bin/../handlers.rs:55:65
[INFO] [stdout]    |
[INFO] [stdout] 55 | pub async fn get_courses_detail(app_state: web::Data<AppState>, params: web::Path<(usize, usize)>) -> HttpResponse {
[INFO] [stdout]    |                                                                 ^^^^^^ help: if this is intentional, prefix it with an underscore: `_params`
[INFO] [stdout] 
[INFO] [stdout] 
[INFO] [stdout] warning: unused variable: `app_state`
[INFO] [stdout]   --> webservice/src/handlers.rs:34:38
[INFO] [stdout]    |
[INFO] [stdout] 34 | pub async fn get_courses_for_teacher(app_state: web::Data<AppState>, params: web::Path<(usize,)>) -> HttpResponse {
[INFO] [stdout]    |                                      ^^^^^^^^^ help: if this is intentional, prefix it with an underscore: `_app_state`
[INFO] [stdout] 
[INFO] [stdout] 
[INFO] [stdout] warning: unused variable: `params`
[INFO] [stdout]   --> webservice/src/handlers.rs:34:70
[INFO] [stdout]    |
[INFO] [stdout] 34 | pub async fn get_courses_for_teacher(app_state: web::Data<AppState>, params: web::Path<(usize,)>) -> HttpResponse {
[INFO] [stdout]    |                                                                      ^^^^^^ help: if this is intentional, prefix it with an underscore: `_params`
[INFO] [stdout] 
[INFO] [stdout] 
[INFO] [stdout] warning: unused variable: `app_state`
[INFO] [stdout]   --> webservice/src/handlers.rs:55:33
[INFO] [stdout]    |
[INFO] [stdout] 55 | pub async fn get_courses_detail(app_state: web::Data<AppState>, params: web::Path<(usize, usize)>) -> HttpResponse {
[INFO] [stdout]    |                                 ^^^^^^^^^ help: if this is intentional, prefix it with an underscore: `_app_state`
[INFO] [stdout] 
[INFO] [stdout] 
[INFO] [stdout] warning: unused variable: `params`
[INFO] [stdout]   --> webservice/src/handlers.rs:55:65
[INFO] [stdout]    |
[INFO] [stdout] 55 | pub async fn get_courses_detail(app_state: web::Data<AppState>, params: web::Path<(usize, usize)>) -> HttpResponse {
[INFO] [stdout]    |                                                                 ^^^^^^ help: if this is intentional, prefix it with an underscore: `_params`
[INFO] [stdout] 
[INFO] [stdout] 
[INFO] [stdout] warning: function `health_check_handler` is never used
[INFO] [stdout]  --> webservice/src/handlers.rs:7:14
[INFO] [stdout]   |
[INFO] [stdout] 7 | pub async fn health_check_handler(app_state: web::Data<AppState>) -> HttpResponse {
[INFO] [stdout]   |              ^^^^^^^^^^^^^^^^^^^^
[INFO] [stdout]   |
[INFO] [stdout]   = note: `#[warn(dead_code)]` on by default
[INFO] [stdout] 
[INFO] [stdout] 
[INFO] [stdout] warning: function `general_routes` is never used
[INFO] [stdout]  --> webservice/src/routers.rs:4:8
[INFO] [stdout]   |
[INFO] [stdout] 4 | pub fn general_routes(cfg: &mut web::ServiceConfig) {
[INFO] [stdout]   |        ^^^^^^^^^^^^^^
[INFO] [stdout] 
[INFO] [stdout] 
[INFO] [stdout] warning: function `course_routes` is never used
[INFO] [stdout]  --> webservice/src/routers.rs:7:8
[INFO] [stdout]   |
[INFO] [stdout] 7 | pub fn course_routes(cfg: &mut web::ServiceConfig) {
[INFO] [stdout]   |        ^^^^^^^^^^^^^
[INFO] [stdout] 
[INFO] [stdout] 
[INFO] [stdout] warning: fields `health_check_response`, `visit_count`, and `db` are never read
[INFO] [stdout]  --> webservice/src/state.rs:6:9
[INFO] [stdout]   |
[INFO] [stdout] 5 | pub struct AppState {
[INFO] [stdout]   |            -------- fields in this struct
[INFO] [stdout] 6 |     pub health_check_response: String,
[INFO] [stdout]   |         ^^^^^^^^^^^^^^^^^^^^^
[INFO] [stdout] 7 |     pub visit_count: Mutex<u32>,
[INFO] [stdout]   |         ^^^^^^^^^^^
[INFO] [stdout] 8 |     // pub courses: Mutex<Vec<Course>>,
[INFO] [stdout] 9 |     pub db: PgPool,
[INFO] [stdout]   |         ^^
[INFO] [stdout] 
[INFO] [stdout] 
[INFO] [stdout] warning: field `db` is never read
[INFO] [stdout]  --> webservice/src/bin/../state.rs:9:9
[INFO] [stdout]   |
[INFO] [stdout] 5 | pub struct AppState {
[INFO] [stdout]   |            -------- field in this struct
[INFO] [stdout] ...
[INFO] [stdout] 9 |     pub db: PgPool,
[INFO] [stdout]   |         ^^
[INFO] [stdout]   |
[INFO] [stdout]   = note: `#[warn(dead_code)]` on by default
[INFO] [stdout] 
[INFO] [stdout] 
[INFO] [stderr]     Finished `test` profile [unoptimized + debuginfo] target(s) in 8.44s
[INFO] running `Command { std: "docker" "inspect" "595440dbab6f42b40b405c3ed928637daa4fd2fe77c47fdf626342e84691b09e", kill_on_drop: false }`
[INFO] running `Command { std: "docker" "rm" "-f" "595440dbab6f42b40b405c3ed928637daa4fd2fe77c47fdf626342e84691b09e", kill_on_drop: false }`
[INFO] [stdout] 595440dbab6f42b40b405c3ed928637daa4fd2fe77c47fdf626342e84691b09e
[INFO] running `Command { std: "docker" "create" "-v" "/var/lib/crater-agent-workspace/builds/worker-2-tc1/target:/opt/rustwide/target:rw,Z" "-v" "/var/lib/crater-agent-workspace/builds/worker-2-tc1/source:/opt/rustwide/workdir:ro,Z" "-v" "/var/lib/crater-agent-workspace/cargo-home:/opt/rustwide/cargo-home:ro,Z" "-v" "/var/lib/crater-agent-workspace/rustup-home:/opt/rustwide/rustup-home:ro,Z" "-e" "SOURCE_DIR=/opt/rustwide/workdir" "-e" "CARGO_TARGET_DIR=/opt/rustwide/target" "-e" "CARGO_INCREMENTAL=0" "-e" "RUST_BACKTRACE=full" "-e" "RUSTFLAGS=--cap-lints=warn" "-e" "RUSTDOCFLAGS=--cap-lints=warn" "-e" "CARGO_HOME=/opt/rustwide/cargo-home" "-e" "RUSTUP_HOME=/opt/rustwide/rustup-home" "-w" "/opt/rustwide/workdir" "-m" "1610612736" "--user" "0:0" "--network" "none" "ghcr.io/rust-lang/crates-build-env/linux@sha256:f3a9d4ad9d972b27faf3965f35b62e55ba32bbce8f20bc8fe909558a86702fde" "/opt/rustwide/cargo-home/bin/cargo" "+1.83.0" "test" "--frozen", kill_on_drop: false }`
[INFO] [stdout] 5bcb4aa72812f40ca6247af9be5daba408a1885eff0893d5ebe6e35e11c00e44
[INFO] running `Command { std: "docker" "start" "-a" "5bcb4aa72812f40ca6247af9be5daba408a1885eff0893d5ebe6e35e11c00e44", kill_on_drop: false }`
[INFO] [stderr] warning: virtual workspace defaulting to `resolver = "1"` despite one or more workspace members being on edition 2021 which implies `resolver = "2"`
[INFO] [stderr] note: to keep the current resolver, specify `workspace.resolver = "1"` in the workspace root's manifest
[INFO] [stderr] note: to use the edition 2021 resolver, specify `workspace.resolver = "2"` in the workspace root's manifest
[INFO] [stderr] note: for more details see https://doc.rust-lang.org/cargo/reference/resolver.html#resolver-versions
[INFO] [stderr] warning: unused import: `env`
[INFO] [stderr]  --> webservice/src/handlers.rs:5:11
[INFO] [stderr]   |
[INFO] [stderr] 5 | use std::{env};
[INFO] [stderr]   |           ^^^
[INFO] [stderr]   |
[INFO] [stderr]   = note: `#[warn(unused_imports)]` on by default
[INFO] [stderr] 
[INFO] [stderr] warning: unused import: `io`
[INFO] [stderr]   --> webservice/src/handlers.rs:84:20
[INFO] [stderr]    |
[INFO] [stderr] 84 |     use std::{env, io};
[INFO] [stderr]    |                    ^^
[INFO] [stderr] 
[INFO] [stderr] warning: unused import: `actix_web::App`
[INFO] [stderr]   --> webservice/src/handlers.rs:85:9
[INFO] [stderr]    |
[INFO] [stderr] 85 |     use actix_web::App;
[INFO] [stderr]    |         ^^^^^^^^^^^^^^
[INFO] [stderr] 
[INFO] [stderr] warning: unused import: `new_course`
[INFO] [stderr]  --> webservice/src/routers.rs:2:90
[INFO] [stderr]   |
[INFO] [stderr] 2 | use crate::handlers::{get_courses_detail, get_courses_for_teacher, health_check_handler, new_course};
[INFO] [stderr]   |                                                                                          ^^^^^^^^^^
[INFO] [stderr] 
[INFO] [stderr] warning: unused variable: `new_course`
[INFO] [stderr]   --> webservice/src/handlers.rs:15:25
[INFO] [stderr]    |
[INFO] [stderr] 15 | pub async fn new_course(new_course: web::Json<Course>, app_state: web::Data<AppState>) -> HttpResponse {
[INFO] [stderr]    |                         ^^^^^^^^^^ help: if this is intentional, prefix it with an underscore: `_new_course`
[INFO] [stderr]    |
[INFO] [stderr]    = note: `#[warn(unused_variables)]` on by default
[INFO] [stderr] 
[INFO] [stderr] warning: unused variable: `app_state`
[INFO] [stderr]   --> webservice/src/handlers.rs:15:56
[INFO] [stderr]    |
[INFO] [stderr] 15 | pub async fn new_course(new_course: web::Json<Course>, app_state: web::Data<AppState>) -> HttpResponse {
[INFO] [stderr]    |                                                        ^^^^^^^^^ help: if this is intentional, prefix it with an underscore: `_app_state`
[INFO] [stderr] 
[INFO] [stderr] warning: unused variable: `app_state`
[INFO] [stderr]   --> webservice/src/handlers.rs:34:38
[INFO] [stderr]    |
[INFO] [stderr] 34 | pub async fn get_courses_for_teacher(app_state: web::Data<AppState>, params: web::Path<(usize,)>) -> HttpResponse {
[INFO] [stderr]    |                                      ^^^^^^^^^ help: if this is intentional, prefix it with an underscore: `_app_state`
[INFO] [stderr] 
[INFO] [stderr] warning: unused variable: `params`
[INFO] [stderr]   --> webservice/src/handlers.rs:34:70
[INFO] [stderr]    |
[INFO] [stderr] 34 | pub async fn get_courses_for_teacher(app_state: web::Data<AppState>, params: web::Path<(usize,)>) -> HttpResponse {
[INFO] [stderr]    |                                                                      ^^^^^^ help: if this is intentional, prefix it with an underscore: `_params`
[INFO] [stderr] 
[INFO] [stderr] warning: unused variable: `app_state`
[INFO] [stderr]   --> webservice/src/handlers.rs:55:33
[INFO] [stderr]    |
[INFO] [stderr] 55 | pub async fn get_courses_detail(app_state: web::Data<AppState>, params: web::Path<(usize, usize)>) -> HttpResponse {
[INFO] [stderr]    |                                 ^^^^^^^^^ help: if this is intentional, prefix it with an underscore: `_app_state`
[INFO] [stderr] 
[INFO] [stderr] warning: unused variable: `params`
[INFO] [stderr]   --> webservice/src/handlers.rs:55:65
[INFO] [stderr]    |
[INFO] [stderr] 55 | pub async fn get_courses_detail(app_state: web::Data<AppState>, params: web::Path<(usize, usize)>) -> HttpResponse {
[INFO] [stderr]    |                                                                 ^^^^^^ help: if this is intentional, prefix it with an underscore: `_params`
[INFO] [stderr] 
[INFO] [stderr] warning: function `health_check_handler` is never used
[INFO] [stderr]  --> webservice/src/handlers.rs:7:14
[INFO] [stderr]   |
[INFO] [stderr] 7 | pub async fn health_check_handler(app_state: web::Data<AppState>) -> HttpResponse {
[INFO] [stderr]   |              ^^^^^^^^^^^^^^^^^^^^
[INFO] [stderr]   |
[INFO] [stderr]   = note: `#[warn(dead_code)]` on by default
[INFO] [stderr] 
[INFO] [stderr] warning: function `general_routes` is never used
[INFO] [stderr]  --> webservice/src/routers.rs:4:8
[INFO] [stderr]   |
[INFO] [stderr] 4 | pub fn general_routes(cfg: &mut web::ServiceConfig) {
[INFO] [stderr]   |        ^^^^^^^^^^^^^^
[INFO] [stderr] 
[INFO] [stderr] warning: function `course_routes` is never used
[INFO] [stderr]  --> webservice/src/routers.rs:7:8
[INFO] [stderr]   |
[INFO] [stderr] 7 | pub fn course_routes(cfg: &mut web::ServiceConfig) {
[INFO] [stderr]   |        ^^^^^^^^^^^^^
[INFO] [stderr] 
[INFO] [stderr] warning: fields `health_check_response`, `visit_count`, and `db` are never read
[INFO] [stderr]  --> webservice/src/state.rs:6:9
[INFO] [stderr]   |
[INFO] [stderr] 5 | pub struct AppState {
[INFO] [stderr]   |            -------- fields in this struct
[INFO] [stderr] 6 |     pub health_check_response: String,
[INFO] [stderr]   |         ^^^^^^^^^^^^^^^^^^^^^
[INFO] [stderr] 7 |     pub visit_count: Mutex<u32>,
[INFO] [stderr]   |         ^^^^^^^^^^^
[INFO] [stderr] 8 |     // pub courses: Mutex<Vec<Course>>,
[INFO] [stderr] 9 |     pub db: PgPool,
[INFO] [stderr]   |         ^^
[INFO] [stderr] 
[INFO] [stderr] warning: unused import: `env`
[INFO] [stderr]  --> webservice/src/bin/../handlers.rs:5:11
[INFO] [stderr]   |
[INFO] [stderr] 5 | use std::{env};
[INFO] [stderr]   |           ^^^
[INFO] [stderr]   |
[INFO] [stderr]   = note: `#[warn(unused_imports)]` on by default
[INFO] [stderr] 
[INFO] [stderr] warning: unused import: `io`
[INFO] [stderr]   --> webservice/src/bin/../handlers.rs:84:20
[INFO] [stderr]    |
[INFO] [stderr] 84 |     use std::{env, io};
[INFO] [stderr]    |                    ^^
[INFO] [stderr] 
[INFO] [stderr] warning: unused import: `actix_web::App`
[INFO] [stderr]   --> webservice/src/bin/../handlers.rs:85:9
[INFO] [stderr]    |
[INFO] [stderr] 85 |     use actix_web::App;
[INFO] [stderr]    |         ^^^^^^^^^^^^^^
[INFO] [stderr] 
[INFO] [stderr] warning: unused import: `new_course`
[INFO] [stderr]  --> webservice/src/bin/../routers.rs:2:90
[INFO] [stderr]   |
[INFO] [stderr] 2 | use crate::handlers::{get_courses_detail, get_courses_for_teacher, health_check_handler, new_course};
[INFO] [stderr]   |                                                                                          ^^^^^^^^^^
[INFO] [stderr] 
[INFO] [stderr] warning: unused variable: `new_course`
[INFO] [stderr]   --> webservice/src/bin/../handlers.rs:15:25
[INFO] [stderr]    |
[INFO] [stderr] 15 | pub async fn new_course(new_course: web::Json<Course>, app_state: web::Data<AppState>) -> HttpResponse {
[INFO] [stderr]    |                         ^^^^^^^^^^ help: if this is intentional, prefix it with an underscore: `_new_course`
[INFO] [stderr]    |
[INFO] [stderr]    = note: `#[warn(unused_variables)]` on by default
[INFO] [stderr] 
[INFO] [stderr] warning: unused variable: `app_state`
[INFO] [stderr]   --> webservice/src/bin/../handlers.rs:15:56
[INFO] [stderr]    |
[INFO] [stderr] 15 | pub async fn new_course(new_course: web::Json<Course>, app_state: web::Data<AppState>) -> HttpResponse {
[INFO] [stderr]    |                                                        ^^^^^^^^^ help: if this is intentional, prefix it with an underscore: `_app_state`
[INFO] [stderr] 
[INFO] [stderr] warning: unused variable: `app_state`
[INFO] [stderr]   --> webservice/src/bin/../handlers.rs:34:38
[INFO] [stderr]    |
[INFO] [stderr] 34 | pub async fn get_courses_for_teacher(app_state: web::Data<AppState>, params: web::Path<(usize,)>) -> HttpResponse {
[INFO] [stderr]    |                                      ^^^^^^^^^ help: if this is intentional, prefix it with an underscore: `_app_state`
[INFO] [stderr] 
[INFO] [stderr] warning: unused variable: `params`
[INFO] [stderr]   --> webservice/src/bin/../handlers.rs:34:70
[INFO] [stderr]    |
[INFO] [stderr] 34 | pub async fn get_courses_for_teacher(app_state: web::Data<AppState>, params: web::Path<(usize,)>) -> HttpResponse {
[INFO] [stderr]    |                                                                      ^^^^^^ help: if this is intentional, prefix it with an underscore: `_params`
[INFO] [stderr] 
[INFO] [stderr] warning: unused variable: `app_state`
[INFO] [stderr]   --> webservice/src/bin/../handlers.rs:55:33
[INFO] [stderr]    |
[INFO] [stderr] 55 | pub async fn get_courses_detail(app_state: web::Data<AppState>, params: web::Path<(usize, usize)>) -> HttpResponse {
[INFO] [stderr]    |                                 ^^^^^^^^^ help: if this is intentional, prefix it with an underscore: `_app_state`
[INFO] [stderr] 
[INFO] [stderr] warning: unused variable: `params`
[INFO] [stderr]   --> webservice/src/bin/../handlers.rs:55:65
[INFO] [stderr]    |
[INFO] [stderr] 55 | pub async fn get_courses_detail(app_state: web::Data<AppState>, params: web::Path<(usize, usize)>) -> HttpResponse {
[INFO] [stderr]    |                                                                 ^^^^^^ help: if this is intentional, prefix it with an underscore: `_params`
[INFO] [stderr] 
[INFO] [stderr] warning: field `db` is never read
[INFO] [stderr]  --> webservice/src/bin/../state.rs:9:9
[INFO] [stderr]   |
[INFO] [stderr] 5 | pub struct AppState {
[INFO] [stderr]   |            -------- field in this struct
[INFO] [stderr] ...
[INFO] [stderr] 9 |     pub db: PgPool,
[INFO] [stderr]   |         ^^
[INFO] [stderr]   |
[INFO] [stderr]   = note: `#[warn(dead_code)]` on by default
[INFO] [stderr] 
[INFO] [stderr] warning: `webservice` (bin "webservice" test) generated 14 warnings (run `cargo fix --bin "webservice" --tests` to apply 4 suggestions)
[INFO] [stderr] warning: `webservice` (bin "teacher-service" test) generated 11 warnings (run `cargo fix --bin "teacher-service" --tests` to apply 4 suggestions)
[INFO] [stderr]     Finished `test` profile [unoptimized + debuginfo] target(s) in 0.40s
[INFO] [stderr]      Running unittests src/bin/server1.rs (/opt/rustwide/target/debug/deps/server1-9c347b8d2a972fcd)
[INFO] [stdout] 
[INFO] [stdout] running 0 tests
[INFO] [stdout] 
[INFO] [stdout] test result: ok. 0 passed; 0 failed; 0 ignored; 0 measured; 0 filtered out; finished in 0.00s
[INFO] [stdout] 
[INFO] [stderr]      Running unittests src/bin/teacher-service.rs (/opt/rustwide/target/debug/deps/teacher_service-89bcbd6ea4410759)
[INFO] [stdout] 
[INFO] [stdout] running 4 tests
[INFO] [stdout] test handlers::tests::test_generate_uuid ... ok
[INFO] [stdout] test handlers::tests::post_course_test ... FAILED
[INFO] [stdout] test handlers::tests::get_all_courses_success ... FAILED
[INFO] [stdout] test handlers::tests::get_one_course_success ... FAILED
[INFO] [stdout] 
[INFO] [stdout] failures:
[INFO] [stdout] 
[INFO] [stdout] ---- handlers::tests::post_course_test stdout ----
[INFO] [stdout] thread 'handlers::tests::post_course_test' panicked at webservice/src/bin/../handlers.rs:97:73:
[INFO] [stdout] called `Result::unwrap()` on an `Err` value: Configuration(InvalidPort)
[INFO] [stdout] stack backtrace:
[INFO] [stdout]    0:     0x598cb56dbd9a - std::backtrace_rs::backtrace::libunwind::trace::h5a5b8284f2d0c266
[INFO] [stdout]                                at /rustc/90b35a6239c3d8bdabc530a6a0816f7ff89a0aaf/library/std/src/../../backtrace/src/backtrace/libunwind.rs:116:5
[INFO] [stdout]    1:     0x598cb56dbd9a - std::backtrace_rs::backtrace::trace_unsynchronized::h76d4f1c9b0b875e3
[INFO] [stdout]                                at /rustc/90b35a6239c3d8bdabc530a6a0816f7ff89a0aaf/library/std/src/../../backtrace/src/backtrace/mod.rs:66:5
[INFO] [stdout]    2:     0x598cb56dbd9a - std::sys::backtrace::_print_fmt::hc4546b8364a537c6
[INFO] [stdout]                                at /rustc/90b35a6239c3d8bdabc530a6a0816f7ff89a0aaf/library/std/src/sys/backtrace.rs:66:9
[INFO] [stdout]    3:     0x598cb56dbd9a - <std::sys::backtrace::BacktraceLock::print::DisplayBacktrace as core::fmt::Display>::fmt::h5b6bd5631a6d1f6b
[INFO] [stdout]                                at /rustc/90b35a6239c3d8bdabc530a6a0816f7ff89a0aaf/library/std/src/sys/backtrace.rs:39:26
[INFO] [stdout]    4:     0x598cb5704323 - core::fmt::rt::Argument::fmt::h270f6602a2b96f62
[INFO] [stdout]                                at /rustc/90b35a6239c3d8bdabc530a6a0816f7ff89a0aaf/library/core/src/fmt/rt.rs:177:76
[INFO] [stdout]    5:     0x598cb5704323 - core::fmt::write::h7550c97b06c86515
[INFO] [stdout]                                at /rustc/90b35a6239c3d8bdabc530a6a0816f7ff89a0aaf/library/core/src/fmt/mod.rs:1186:21
[INFO] [stdout]    6:     0x598cb56d8273 - std::io::Write::write_fmt::h509ff860e5956e5e
[INFO] [stdout]                                at /rustc/90b35a6239c3d8bdabc530a6a0816f7ff89a0aaf/library/std/src/io/mod.rs:1839:15
[INFO] [stdout]    7:     0x598cb56dbbe2 - std::sys::backtrace::BacktraceLock::print::h2395ccd2c84ba3aa
[INFO] [stdout]                                at /rustc/90b35a6239c3d8bdabc530a6a0816f7ff89a0aaf/library/std/src/sys/backtrace.rs:42:9
[INFO] [stdout]    8:     0x598cb56dd1fa - std::panicking::default_hook::{{closure}}::he19d4c7230e07961
[INFO] [stdout]                                at /rustc/90b35a6239c3d8bdabc530a6a0816f7ff89a0aaf/library/std/src/panicking.rs:268:22
[INFO] [stdout]    9:     0x598cb56dd004 - std::panicking::default_hook::hf614597d3c67bbdb
[INFO] [stdout]                                at /rustc/90b35a6239c3d8bdabc530a6a0816f7ff89a0aaf/library/std/src/panicking.rs:292:9
[INFO] [stdout]   10:     0x598cb52130f9 - <alloc::boxed::Box<F,A> as core::ops::function::Fn<Args>>::call::h39b51ce4599c23d1
[INFO] [stdout]                                at /rustc/90b35a6239c3d8bdabc530a6a0816f7ff89a0aaf/library/alloc/src/boxed.rs:2468:9
[INFO] [stdout]   11:     0x598cb52130f9 - test::test_main::{{closure}}::he977ae839a582784
[INFO] [stdout]                                at /rustc/90b35a6239c3d8bdabc530a6a0816f7ff89a0aaf/library/test/src/lib.rs:133:21
[INFO] [stdout]   12:     0x598cb56dd898 - <alloc::boxed::Box<F,A> as core::ops::function::Fn<Args>>::call::h9455091b6b06f9fb
[INFO] [stdout]                                at /rustc/90b35a6239c3d8bdabc530a6a0816f7ff89a0aaf/library/alloc/src/boxed.rs:2468:9
[INFO] [stdout]   13:     0x598cb56dd898 - std::panicking::rust_panic_with_hook::h8942133a8b252070
[INFO] [stdout]                                at /rustc/90b35a6239c3d8bdabc530a6a0816f7ff89a0aaf/library/std/src/panicking.rs:809:13
[INFO] [stdout]   14:     0x598cb56dd65a - std::panicking::begin_panic_handler::{{closure}}::hb5f5963570096b29
[INFO] [stdout]                                at /rustc/90b35a6239c3d8bdabc530a6a0816f7ff89a0aaf/library/std/src/panicking.rs:674:13
[INFO] [stdout]   15:     0x598cb56dc279 - std::sys::backtrace::__rust_end_short_backtrace::h6208cedc1922feda
[INFO] [stdout]                                at /rustc/90b35a6239c3d8bdabc530a6a0816f7ff89a0aaf/library/std/src/sys/backtrace.rs:170:18
[INFO] [stdout]   16:     0x598cb56dd2ec - rust_begin_unwind
[INFO] [stdout]                                at /rustc/90b35a6239c3d8bdabc530a6a0816f7ff89a0aaf/library/std/src/panicking.rs:665:5
[INFO] [stdout]   17:     0x598cb51bc330 - core::panicking::panic_fmt::h0c3082644d1bf418
[INFO] [stdout]                                at /rustc/90b35a6239c3d8bdabc530a6a0816f7ff89a0aaf/library/core/src/panicking.rs:74:14
[INFO] [stdout]   18:     0x598cb51bc7b6 - core::result::unwrap_failed::hd20b4aa073bda1e2
[INFO] [stdout]                                at /rustc/90b35a6239c3d8bdabc530a6a0816f7ff89a0aaf/library/core/src/result.rs:1700:5
[INFO] [stdout]   19:     0x598cb51d6b0c - core::result::Result<T,E>::unwrap::h3d6d52697c381a69
[INFO] [stdout]                                at /rustc/90b35a6239c3d8bdabc530a6a0816f7ff89a0aaf/library/core/src/result.rs:1104:23
[INFO] [stdout]   20:     0x598cb51d6b0c - teacher_service::handlers::tests::post_course_test::{{closure}}::h639c73b42db86fe1
[INFO] [stdout]                                at /opt/rustwide/workdir/webservice/src/bin/../handlers.rs:97:23
[INFO] [stdout]   21:     0x598cb51cf2de - <tokio::task::local::RunUntil<T> as core::future::future::Future>::poll::{{closure}}::h9572482b63ccb366
[INFO] [stdout]                                at /opt/rustwide/cargo-home/registry/src/index.crates.io-6f17d22bba15001f/tokio-1.42.0/src/task/local.rs:1041:42
[INFO] [stdout]   22:     0x598cb51c9470 - tokio::task::local::LocalSet::with::{{closure}}::h82cbf681de2fa7d9
[INFO] [stdout]                                at /opt/rustwide/cargo-home/registry/src/index.crates.io-6f17d22bba15001f/tokio-1.42.0/src/task/local.rs:793:13
[INFO] [stdout]   23:     0x598cb51d8dd0 - std::thread::local::LocalKey<T>::try_with::h2fc894e889c62433
[INFO] [stdout]                                at /rustc/90b35a6239c3d8bdabc530a6a0816f7ff89a0aaf/library/std/src/thread/local.rs:283:12
[INFO] [stdout]   24:     0x598cb51d85ea - std::thread::local::LocalKey<T>::with::h075f2cb1e5d8ec7d
[INFO] [stdout]                                at /rustc/90b35a6239c3d8bdabc530a6a0816f7ff89a0aaf/library/std/src/thread/local.rs:260:9
[INFO] [stdout]   25:     0x598cb51c92e6 - tokio::task::local::LocalSet::with::hb4470378b8d673f1
[INFO] [stdout]                                at /opt/rustwide/cargo-home/registry/src/index.crates.io-6f17d22bba15001f/tokio-1.42.0/src/task/local.rs:791:9
[INFO] [stdout]   26:     0x598cb51cf105 - <tokio::task::local::RunUntil<T> as core::future::future::Future>::poll::hfb8e9cbb038c9837
[INFO] [stdout]                                at /opt/rustwide/cargo-home/registry/src/index.crates.io-6f17d22bba15001f/tokio-1.42.0/src/task/local.rs:1031:9
[INFO] [stdout]   27:     0x598cb51c9ed1 - tokio::task::local::LocalSet::run_until::{{closure}}::h621999422d78d849
[INFO] [stdout]                                at /opt/rustwide/cargo-home/registry/src/index.crates.io-6f17d22bba15001f/tokio-1.42.0/src/task/local.rs:689:19
[INFO] [stdout]   28:     0x598cb51ce95d - <core::pin::Pin<P> as core::future::future::Future>::poll::hecf5aee665ec3010
[INFO] [stdout]                                at /rustc/90b35a6239c3d8bdabc530a6a0816f7ff89a0aaf/library/core/src/future/future.rs:123:9
[INFO] [stdout]   29:     0x598cb51ce8dd - <core::pin::Pin<P> as core::future::future::Future>::poll::hbc99f7f4e1da02c2
[INFO] [stdout]                                at /rustc/90b35a6239c3d8bdabc530a6a0816f7ff89a0aaf/library/core/src/future/future.rs:123:9
[INFO] [stdout]   30:     0x598cb51c813f - tokio::runtime::scheduler::current_thread::CoreGuard::block_on::{{closure}}::{{closure}}::{{closure}}::h813670ae1c1a7f13
[INFO] [stdout]                                at /opt/rustwide/cargo-home/registry/src/index.crates.io-6f17d22bba15001f/tokio-1.42.0/src/runtime/scheduler/current_thread/mod.rs:729:57
[INFO] [stdout]   31:     0x598cb51c7a85 - tokio::runtime::coop::with_budget::h8e3a6eb34c395723
[INFO] [stdout]                                at /opt/rustwide/cargo-home/registry/src/index.crates.io-6f17d22bba15001f/tokio-1.42.0/src/runtime/coop.rs:107:5
[INFO] [stdout]   32:     0x598cb51c7a85 - tokio::runtime::coop::budget::h4778efe9bb4cb8ac
[INFO] [stdout]                                at /opt/rustwide/cargo-home/registry/src/index.crates.io-6f17d22bba15001f/tokio-1.42.0/src/runtime/coop.rs:73:5
[INFO] [stdout]   33:     0x598cb51c7a85 - tokio::runtime::scheduler::current_thread::CoreGuard::block_on::{{closure}}::{{closure}}::h711618c54b373878
[INFO] [stdout]                                at /opt/rustwide/cargo-home/registry/src/index.crates.io-6f17d22bba15001f/tokio-1.42.0/src/runtime/scheduler/current_thread/mod.rs:729:25
[INFO] [stdout]   34:     0x598cb51c0750 - tokio::runtime::scheduler::current_thread::Context::enter::h729357eaaaa953a4
[INFO] [stdout]                                at /opt/rustwide/cargo-home/registry/src/index.crates.io-6f17d22bba15001f/tokio-1.42.0/src/runtime/scheduler/current_thread/mod.rs:428:19
[INFO] [stdout]   35:     0x598cb51c444e - tokio::runtime::scheduler::current_thread::CoreGuard::block_on::{{closure}}::h7a2940333b89cbaf
[INFO] [stdout]                                at /opt/rustwide/cargo-home/registry/src/index.crates.io-6f17d22bba15001f/tokio-1.42.0/src/runtime/scheduler/current_thread/mod.rs:728:36
[INFO] [stdout]   36:     0x598cb51c3fc4 - tokio::runtime::scheduler::current_thread::CoreGuard::enter::{{closure}}::h922ebc0b7a220b35
[INFO] [stdout]                                at /opt/rustwide/cargo-home/registry/src/index.crates.io-6f17d22bba15001f/tokio-1.42.0/src/runtime/scheduler/current_thread/mod.rs:807:68
[INFO] [stdout]   37:     0x598cb51cc67b - tokio::runtime::context::scoped::Scoped<T>::set::hadfe8639eae22429
[INFO] [stdout]                                at /opt/rustwide/cargo-home/registry/src/index.crates.io-6f17d22bba15001f/tokio-1.42.0/src/runtime/context/scoped.rs:40:9
[INFO] [stdout]   38:     0x598cb51d45f9 - tokio::runtime::context::set_scheduler::{{closure}}::h6e8b921223b44c57
[INFO] [stdout]                                at /opt/rustwide/cargo-home/registry/src/index.crates.io-6f17d22bba15001f/tokio-1.42.0/src/runtime/context.rs:180:26
[INFO] [stdout]   39:     0x598cb51d8a8d - std::thread::local::LocalKey<T>::try_with::h11c9af871edf5c25
[INFO] [stdout]                                at /rustc/90b35a6239c3d8bdabc530a6a0816f7ff89a0aaf/library/std/src/thread/local.rs:283:12
[INFO] [stdout]   40:     0x598cb51d87ca - std::thread::local::LocalKey<T>::with::h80c937254685f151
[INFO] [stdout]                                at /rustc/90b35a6239c3d8bdabc530a6a0816f7ff89a0aaf/library/std/src/thread/local.rs:260:9
[INFO] [stdout]   41:     0x598cb51d446d - tokio::runtime::context::set_scheduler::h48772d03a9c0b56f
[INFO] [stdout]                                at /opt/rustwide/cargo-home/registry/src/index.crates.io-6f17d22bba15001f/tokio-1.42.0/src/runtime/context.rs:180:9
[INFO] [stdout]   42:     0x598cb51c3cf0 - tokio::runtime::scheduler::current_thread::CoreGuard::enter::hf8a9848f14728bc0
[INFO] [stdout]                                at /opt/rustwide/cargo-home/registry/src/index.crates.io-6f17d22bba15001f/tokio-1.42.0/src/runtime/scheduler/current_thread/mod.rs:807:27
[INFO] [stdout]   43:     0x598cb51c4003 - tokio::runtime::scheduler::current_thread::CoreGuard::block_on::h22ffb2aff8698a9f
[INFO] [stdout]                                at /opt/rustwide/cargo-home/registry/src/index.crates.io-6f17d22bba15001f/tokio-1.42.0/src/runtime/scheduler/current_thread/mod.rs:716:19
[INFO] [stdout]   44:     0x598cb51bec2d - tokio::runtime::scheduler::current_thread::CurrentThread::block_on::{{closure}}::hd2aabdf27b7b1dbd
[INFO] [stdout]                                at /opt/rustwide/cargo-home/registry/src/index.crates.io-6f17d22bba15001f/tokio-1.42.0/src/runtime/scheduler/current_thread/mod.rs:196:28
[INFO] [stdout]   45:     0x598cb51cd147 - tokio::runtime::context::runtime::enter_runtime::hb6ce4bb9e7ea7ddf
[INFO] [stdout]                                at /opt/rustwide/cargo-home/registry/src/index.crates.io-6f17d22bba15001f/tokio-1.42.0/src/runtime/context/runtime.rs:65:16
[INFO] [stdout]   46:     0x598cb51bd363 - tokio::runtime::scheduler::current_thread::CurrentThread::block_on::hf6dbc2dde7e7dbd1
[INFO] [stdout]                                at /opt/rustwide/cargo-home/registry/src/index.crates.io-6f17d22bba15001f/tokio-1.42.0/src/runtime/scheduler/current_thread/mod.rs:184:9
[INFO] [stdout]   47:     0x598cb51d506e - tokio::runtime::runtime::Runtime::block_on_inner::hc232ea83e9744745
[INFO] [stdout]                                at /opt/rustwide/cargo-home/registry/src/index.crates.io-6f17d22bba15001f/tokio-1.42.0/src/runtime/runtime.rs:368:47
[INFO] [stdout]   48:     0x598cb51d54ba - tokio::runtime::runtime::Runtime::block_on::hc4fefa243bfb7a83
[INFO] [stdout]                                at /opt/rustwide/cargo-home/registry/src/index.crates.io-6f17d22bba15001f/tokio-1.42.0/src/runtime/runtime.rs:340:13
[INFO] [stdout]   49:     0x598cb51c9691 - tokio::task::local::LocalSet::block_on::hc306822d7b130674
[INFO] [stdout]                                at /opt/rustwide/cargo-home/registry/src/index.crates.io-6f17d22bba15001f/tokio-1.42.0/src/task/local.rs:646:9
[INFO] [stdout]   50:     0x598cb51cf557 - actix_rt::runtime::Runtime::block_on::h99d8a03f0caff356
[INFO] [stdout]                                at /opt/rustwide/cargo-home/registry/src/index.crates.io-6f17d22bba15001f/actix-rt-2.10.0/src/runtime.rs:138:9
[INFO] [stdout]   51:     0x598cb51d63aa - actix_rt::system::SystemRunner::block_on::h65f717401ad245db
[INFO] [stdout]                                at /opt/rustwide/cargo-home/registry/src/index.crates.io-6f17d22bba15001f/actix-rt-2.10.0/src/system.rs:244:9
[INFO] [stdout]   52:     0x598cb51d6682 - teacher_service::handlers::tests::post_course_test::ha8cc90d3b167acb2
[INFO] [stdout]                                at /opt/rustwide/workdir/webservice/src/bin/../handlers.rs:91:5
[INFO] [stdout]   53:     0x598cb51d6627 - teacher_service::handlers::tests::post_course_test::{{closure}}::h73980c108ad11ed4
[INFO] [stdout]                                at /opt/rustwide/workdir/webservice/src/bin/../handlers.rs:92:32
[INFO] [stdout]   54:     0x598cb51d2dd6 - core::ops::function::FnOnce::call_once::h25fcc84e950d0b8d
[INFO] [stdout]                                at /rustc/90b35a6239c3d8bdabc530a6a0816f7ff89a0aaf/library/core/src/ops/function.rs:250:5
[INFO] [stdout]   55:     0x598cb5217abb - core::ops::function::FnOnce::call_once::h109cf8051a59b34e
[INFO] [stdout]                                at /rustc/90b35a6239c3d8bdabc530a6a0816f7ff89a0aaf/library/core/src/ops/function.rs:250:5
[INFO] [stdout]   56:     0x598cb5217abb - test::__rust_begin_short_backtrace::hf4fff89d377446ba
[INFO] [stdout]                                at /rustc/90b35a6239c3d8bdabc530a6a0816f7ff89a0aaf/library/test/src/lib.rs:621:18
[INFO] [stdout]   57:     0x598cb52172f7 - test::run_test_in_process::{{closure}}::h0e39181dd7ee5a43
[INFO] [stdout]                                at /rustc/90b35a6239c3d8bdabc530a6a0816f7ff89a0aaf/library/test/src/lib.rs:644:60
[INFO] [stdout]   58:     0x598cb52172f7 - <core::panic::unwind_safe::AssertUnwindSafe<F> as core::ops::function::FnOnce<()>>::call_once::hc5a66a30f0bdfd1f
[INFO] [stdout]                                at /rustc/90b35a6239c3d8bdabc530a6a0816f7ff89a0aaf/library/core/src/panic/unwind_safe.rs:272:9
[INFO] [stdout]   59:     0x598cb52172f7 - std::panicking::try::do_call::h873b7cf639554a5e
[INFO] [stdout]                                at /rustc/90b35a6239c3d8bdabc530a6a0816f7ff89a0aaf/library/std/src/panicking.rs:557:40
[INFO] [stdout]   60:     0x598cb52172f7 - std::panicking::try::hdb19862fad9c8bd1
[INFO] [stdout]                                at /rustc/90b35a6239c3d8bdabc530a6a0816f7ff89a0aaf/library/std/src/panicking.rs:520:19
[INFO] [stdout]   61:     0x598cb52172f7 - std::panic::catch_unwind::h281fe732d236d260
[INFO] [stdout]                                at /rustc/90b35a6239c3d8bdabc530a6a0816f7ff89a0aaf/library/std/src/panic.rs:358:14
[INFO] [stdout]   62:     0x598cb52172f7 - test::run_test_in_process::h949b6df8457ed338
[INFO] [stdout]                                at /rustc/90b35a6239c3d8bdabc530a6a0816f7ff89a0aaf/library/test/src/lib.rs:644:27
[INFO] [stdout]   63:     0x598cb52172f7 - test::run_test::{{closure}}::h52c556a6d4740e10
[INFO] [stdout]                                at /rustc/90b35a6239c3d8bdabc530a6a0816f7ff89a0aaf/library/test/src/lib.rs:565:43
[INFO] [stdout]   64:     0x598cb51dc5d4 - test::run_test::{{closure}}::h4237f6381c45ccb9
[INFO] [stdout]                                at /rustc/90b35a6239c3d8bdabc530a6a0816f7ff89a0aaf/library/test/src/lib.rs:595:41
[INFO] [stdout]   65:     0x598cb51dc5d4 - std::sys::backtrace::__rust_begin_short_backtrace::h505c97a579eca628
[INFO] [stdout]                                at /rustc/90b35a6239c3d8bdabc530a6a0816f7ff89a0aaf/library/std/src/sys/backtrace.rs:154:18
[INFO] [stdout]   66:     0x598cb51dfc9e - std::thread::Builder::spawn_unchecked_::{{closure}}::{{closure}}::h9e86b2e2bc107ea3
[INFO] [stdout]                                at /rustc/90b35a6239c3d8bdabc530a6a0816f7ff89a0aaf/library/std/src/thread/mod.rs:538:17
[INFO] [stdout]   67:     0x598cb51dfc9e - <core::panic::unwind_safe::AssertUnwindSafe<F> as core::ops::function::FnOnce<()>>::call_once::h8b06ddb275ff4a25
[INFO] [stdout]                                at /rustc/90b35a6239c3d8bdabc530a6a0816f7ff89a0aaf/library/core/src/panic/unwind_safe.rs:272:9
[INFO] [stdout]   68:     0x598cb51dfc9e - std::panicking::try::do_call::hb26ecd7cd9a9355d
[INFO] [stdout]                                at /rustc/90b35a6239c3d8bdabc530a6a0816f7ff89a0aaf/library/std/src/panicking.rs:557:40
[INFO] [stdout]   69:     0x598cb51dfc9e - std::panicking::try::h8ddeca9d705f9069
[INFO] [stdout]                                at /rustc/90b35a6239c3d8bdabc530a6a0816f7ff89a0aaf/library/std/src/panicking.rs:520:19
[INFO] [stdout]   70:     0x598cb51dfc9e - std::panic::catch_unwind::h49e1c33078844c46
[INFO] [stdout]                                at /rustc/90b35a6239c3d8bdabc530a6a0816f7ff89a0aaf/library/std/src/panic.rs:358:14
[INFO] [stdout]   71:     0x598cb51dfc9e - std::thread::Builder::spawn_unchecked_::{{closure}}::h6073db6ff56ad35d
[INFO] [stdout]                                at /rustc/90b35a6239c3d8bdabc530a6a0816f7ff89a0aaf/library/std/src/thread/mod.rs:537:30
[INFO] [stdout]   72:     0x598cb51dfc9e - core::ops::function::FnOnce::call_once{{vtable.shim}}::h2c5a5f3779c774f1
[INFO] [stdout]                                at /rustc/90b35a6239c3d8bdabc530a6a0816f7ff89a0aaf/library/core/src/ops/function.rs:250:5
[INFO] [stdout]   73:     0x598cb56e1aab - <alloc::boxed::Box<F,A> as core::ops::function::FnOnce<Args>>::call_once::hf75717d9f28faebf
[INFO] [stdout]                                at /rustc/90b35a6239c3d8bdabc530a6a0816f7ff89a0aaf/library/alloc/src/boxed.rs:2454:9
[INFO] [stdout]   74:     0x598cb56e1aab - <alloc::boxed::Box<F,A> as core::ops::function::FnOnce<Args>>::call_once::h7bd883a5f3c5f3c1
[INFO] [stdout]                                at /rustc/90b35a6239c3d8bdabc530a6a0816f7ff89a0aaf/library/alloc/src/boxed.rs:2454:9
[INFO] [stdout]   75:     0x598cb56e1aab - std::sys::pal::unix::thread::Thread::new::thread_start::hcc78f3943333fa94
[INFO] [stdout]                                at /rustc/90b35a6239c3d8bdabc530a6a0816f7ff89a0aaf/library/std/src/sys/pal/unix/thread.rs:105:17
[INFO] [stdout]   76:     0x7c82ddf2bac3 - <unknown>
[INFO] [stdout]   77:     0x7c82ddfbca04 - clone
[INFO] [stdout]   78:                0x0 - <unknown>
[INFO] [stdout] 
[INFO] [stdout] ---- handlers::tests::get_all_courses_success stdout ----
[INFO] [stdout] thread 'handlers::tests::get_all_courses_success' panicked at webservice/src/bin/../handlers.rs:126:73:
[INFO] [stdout] called `Result::unwrap()` on an `Err` value: Configuration(InvalidPort)
[INFO] [stdout] stack backtrace:
[INFO] [stdout]    0:     0x598cb56dbd9a - std::backtrace_rs::backtrace::libunwind::trace::h5a5b8284f2d0c266
[INFO] [stdout]                                at /rustc/90b35a6239c3d8bdabc530a6a0816f7ff89a0aaf/library/std/src/../../backtrace/src/backtrace/libunwind.rs:116:5
[INFO] [stdout]    1:     0x598cb56dbd9a - std::backtrace_rs::backtrace::trace_unsynchronized::h76d4f1c9b0b875e3
[INFO] [stdout]                                at /rustc/90b35a6239c3d8bdabc530a6a0816f7ff89a0aaf/library/std/src/../../backtrace/src/backtrace/mod.rs:66:5
[INFO] [stdout]    2:     0x598cb56dbd9a - std::sys::backtrace::_print_fmt::hc4546b8364a537c6
[INFO] [stdout]                                at /rustc/90b35a6239c3d8bdabc530a6a0816f7ff89a0aaf/library/std/src/sys/backtrace.rs:66:9
[INFO] [stdout]    3:     0x598cb56dbd9a - <std::sys::backtrace::BacktraceLock::print::DisplayBacktrace as core::fmt::Display>::fmt::h5b6bd5631a6d1f6b
[INFO] [stdout]                                at /rustc/90b35a6239c3d8bdabc530a6a0816f7ff89a0aaf/library/std/src/sys/backtrace.rs:39:26
[INFO] [stdout]    4:     0x598cb5704323 - core::fmt::rt::Argument::fmt::h270f6602a2b96f62
[INFO] [stdout]                                at /rustc/90b35a6239c3d8bdabc530a6a0816f7ff89a0aaf/library/core/src/fmt/rt.rs:177:76
[INFO] [stdout]    5:     0x598cb5704323 - core::fmt::write::h7550c97b06c86515
[INFO] [stdout]                                at /rustc/90b35a6239c3d8bdabc530a6a0816f7ff89a0aaf/library/core/src/fmt/mod.rs:1186:21
[INFO] [stdout]    6:     0x598cb56d8273 - std::io::Write::write_fmt::h509ff860e5956e5e
[INFO] [stdout]                                at /rustc/90b35a6239c3d8bdabc530a6a0816f7ff89a0aaf/library/std/src/io/mod.rs:1839:15
[INFO] [stdout]    7:     0x598cb56dbbe2 - std::sys::backtrace::BacktraceLock::print::h2395ccd2c84ba3aa
[INFO] [stdout]                                at /rustc/90b35a6239c3d8bdabc530a6a0816f7ff89a0aaf/library/std/src/sys/backtrace.rs:42:9
[INFO] [stdout]    8:     0x598cb56dd1fa - std::panicking::default_hook::{{closure}}::he19d4c7230e07961
[INFO] [stdout]                                at /rustc/90b35a6239c3d8bdabc530a6a0816f7ff89a0aaf/library/std/src/panicking.rs:268:22
[INFO] [stdout]    9:     0x598cb56dd004 - std::panicking::default_hook::hf614597d3c67bbdb
[INFO] [stdout]                                at /rustc/90b35a6239c3d8bdabc530a6a0816f7ff89a0aaf/library/std/src/panicking.rs:292:9
[INFO] [stdout]   10:     0x598cb52130f9 - <alloc::boxed::Box<F,A> as core::ops::function::Fn<Args>>::call::h39b51ce4599c23d1
[INFO] [stdout]                                at /rustc/90b35a6239c3d8bdabc530a6a0816f7ff89a0aaf/library/alloc/src/boxed.rs:2468:9
[INFO] [stdout]   11:     0x598cb52130f9 - test::test_main::{{closure}}::he977ae839a582784
[INFO] [stdout]                                at /rustc/90b35a6239c3d8bdabc530a6a0816f7ff89a0aaf/library/test/src/lib.rs:133:21
[INFO] [stdout]   12:     0x598cb56dd898 - <alloc::boxed::Box<F,A> as core::ops::function::Fn<Args>>::call::h9455091b6b06f9fb
[INFO] [stdout]                                at /rustc/90b35a6239c3d8bdabc530a6a0816f7ff89a0aaf/library/alloc/src/boxed.rs:2468:9
[INFO] [stdout]   13:     0x598cb56dd898 - std::panicking::rust_panic_with_hook::h8942133a8b252070
[INFO] [stdout]                                at /rustc/90b35a6239c3d8bdabc530a6a0816f7ff89a0aaf/library/std/src/panicking.rs:809:13
[INFO] [stdout]   14:     0x598cb56dd65a - std::panicking::begin_panic_handler::{{closure}}::hb5f5963570096b29
[INFO] [stdout]                                at /rustc/90b35a6239c3d8bdabc530a6a0816f7ff89a0aaf/library/std/src/panicking.rs:674:13
[INFO] [stdout]   15:     0x598cb56dc279 - std::sys::backtrace::__rust_end_short_backtrace::h6208cedc1922feda
[INFO] [stdout]                                at /rustc/90b35a6239c3d8bdabc530a6a0816f7ff89a0aaf/library/std/src/sys/backtrace.rs:170:18
[INFO] [stdout]   16:     0x598cb56dd2ec - rust_begin_unwind
[INFO] [stdout]                                at /rustc/90b35a6239c3d8bdabc530a6a0816f7ff89a0aaf/library/std/src/panicking.rs:665:5
[INFO] [stdout]   17:     0x598cb51bc330 - core::panicking::panic_fmt::h0c3082644d1bf418
[INFO] [stdout]                                at /rustc/90b35a6239c3d8bdabc530a6a0816f7ff89a0aaf/library/core/src/panicking.rs:74:14
[INFO] [stdout]   18:     0x598cb51bc7b6 - core::result::unwrap_failed::hd20b4aa073bda1e2
[INFO] [stdout]                                at /rustc/90b35a6239c3d8bdabc530a6a0816f7ff89a0aaf/library/core/src/result.rs:1700:5
[INFO] [stdout]   19:     0x598cb51d75cc - core::result::Result<T,E>::unwrap::h3d6d52697c381a69
[INFO] [stdout]                                at /rustc/90b35a6239c3d8bdabc530a6a0816f7ff89a0aaf/library/core/src/result.rs:1104:23
[INFO] [stdout]   20:     0x598cb51d75cc - teacher_service::handlers::tests::get_all_courses_success::{{closure}}::hb0f14e27ab055fca
[INFO] [stdout]                                at /opt/rustwide/workdir/webservice/src/bin/../handlers.rs:126:23
[INFO] [stdout]   21:     0x598cb51cf18e - <tokio::task::local::RunUntil<T> as core::future::future::Future>::poll::{{closure}}::h4ed10c48f870490e
[INFO] [stdout]                                at /opt/rustwide/cargo-home/registry/src/index.crates.io-6f17d22bba15001f/tokio-1.42.0/src/task/local.rs:1041:42
[INFO] [stdout]   22:     0x598cb51c9560 - tokio::task::local::LocalSet::with::{{closure}}::hed1d607a9c00397f
[INFO] [stdout]                                at /opt/rustwide/cargo-home/registry/src/index.crates.io-6f17d22bba15001f/tokio-1.42.0/src/task/local.rs:793:13
[INFO] [stdout]   23:     0x598cb51d99c0 - std::thread::local::LocalKey<T>::try_with::h87419cb01bda700d
[INFO] [stdout]                                at /rustc/90b35a6239c3d8bdabc530a6a0816f7ff89a0aaf/library/std/src/thread/local.rs:283:12
[INFO] [stdout]   24:     0x598cb51d87fa - std::thread::local::LocalKey<T>::with::h8bb828db7d69a540
[INFO] [stdout]                                at /rustc/90b35a6239c3d8bdabc530a6a0816f7ff89a0aaf/library/std/src/thread/local.rs:260:9
[INFO] [stdout]   25:     0x598cb51c92a6 - tokio::task::local::LocalSet::with::h9be18ec5670f189a
[INFO] [stdout]                                at /opt/rustwide/cargo-home/registry/src/index.crates.io-6f17d22bba15001f/tokio-1.42.0/src/task/local.rs:791:9
[INFO] [stdout]   26:     0x598cb51cf0a5 - <tokio::task::local::RunUntil<T> as core::future::future::Future>::poll::h867187ee2409b234
[INFO] [stdout]                                at /opt/rustwide/cargo-home/registry/src/index.crates.io-6f17d22bba15001f/tokio-1.42.0/src/task/local.rs:1031:9
[INFO] [stdout]   27:     0x598cb51c99f1 - tokio::task::local::LocalSet::run_until::{{closure}}::h3822da214aa75380
[INFO] [stdout]                                at /opt/rustwide/cargo-home/registry/src/index.crates.io-6f17d22bba15001f/tokio-1.42.0/src/task/local.rs:689:19
[INFO] [stdout]   28:     0x598cb51ce75d - <core::pin::Pin<P> as core::future::future::Future>::poll::h01a28b8451e9c4b7
[INFO] [stdout]                                at /rustc/90b35a6239c3d8bdabc530a6a0816f7ff89a0aaf/library/core/src/future/future.rs:123:9
[INFO] [stdout]   29:     0x598cb51ce79d - <core::pin::Pin<P> as core::future::future::Future>::poll::h1027a5924010e61c
[INFO] [stdout]                                at /rustc/90b35a6239c3d8bdabc530a6a0816f7ff89a0aaf/library/core/src/future/future.rs:123:9
[INFO] [stdout]   30:     0x598cb51c817f - tokio::runtime::scheduler::current_thread::CoreGuard::block_on::{{closure}}::{{closure}}::{{closure}}::hae6790ab6948139b
[INFO] [stdout]                                at /opt/rustwide/cargo-home/registry/src/index.crates.io-6f17d22bba15001f/tokio-1.42.0/src/runtime/scheduler/current_thread/mod.rs:729:57
[INFO] [stdout]   31:     0x598cb51c7dd5 - tokio::runtime::coop::with_budget::h1c96e734d2bf0042
[INFO] [stdout]                                at /opt/rustwide/cargo-home/registry/src/index.crates.io-6f17d22bba15001f/tokio-1.42.0/src/runtime/coop.rs:107:5
[INFO] [stdout]   32:     0x598cb51c7dd5 - tokio::runtime::coop::budget::hbe9841499fa4d1f3
[INFO] [stdout]                                at /opt/rustwide/cargo-home/registry/src/index.crates.io-6f17d22bba15001f/tokio-1.42.0/src/runtime/coop.rs:73:5
[INFO] [stdout]   33:     0x598cb51c7dd5 - tokio::runtime::scheduler::current_thread::CoreGuard::block_on::{{closure}}::{{closure}}::h968f0579560ec43d
[INFO] [stdout]                                at /opt/rustwide/cargo-home/registry/src/index.crates.io-6f17d22bba15001f/tokio-1.42.0/src/runtime/scheduler/current_thread/mod.rs:729:25
[INFO] [stdout]   34:     0x598cb51bf7e0 - tokio::runtime::scheduler::current_thread::Context::enter::h2d89af524e78655f
[INFO] [stdout]                                at /opt/rustwide/cargo-home/registry/src/index.crates.io-6f17d22bba15001f/tokio-1.42.0/src/runtime/scheduler/current_thread/mod.rs:428:19
[INFO] [stdout]   35:     0x598cb51c6f6e - tokio::runtime::scheduler::current_thread::CoreGuard::block_on::{{closure}}::hc9ebb2192906891d
[INFO] [stdout]                                at /opt/rustwide/cargo-home/registry/src/index.crates.io-6f17d22bba15001f/tokio-1.42.0/src/runtime/scheduler/current_thread/mod.rs:728:36
[INFO] [stdout]   36:     0x598cb51c3fa4 - tokio::runtime::scheduler::current_thread::CoreGuard::enter::{{closure}}::h771880b815239cd7
[INFO] [stdout]                                at /opt/rustwide/cargo-home/registry/src/index.crates.io-6f17d22bba15001f/tokio-1.42.0/src/runtime/scheduler/current_thread/mod.rs:807:68
[INFO] [stdout]   37:     0x598cb51cc52b - tokio::runtime::context::scoped::Scoped<T>::set::h9abc0c4b51aff06f
[INFO] [stdout]                                at /opt/rustwide/cargo-home/registry/src/index.crates.io-6f17d22bba15001f/tokio-1.42.0/src/runtime/context/scoped.rs:40:9
[INFO] [stdout]   38:     0x598cb51d4579 - tokio::runtime::context::set_scheduler::{{closure}}::h116c379456034dc3
[INFO] [stdout]                                at /opt/rustwide/cargo-home/registry/src/index.crates.io-6f17d22bba15001f/tokio-1.42.0/src/runtime/context.rs:180:26
[INFO] [stdout]   39:     0x598cb51d9add - std::thread::local::LocalKey<T>::try_with::h8a1d9bedae4a0ed3
[INFO] [stdout]                                at /rustc/90b35a6239c3d8bdabc530a6a0816f7ff89a0aaf/library/std/src/thread/local.rs:283:12
[INFO] [stdout]   40:     0x598cb51d891a - std::thread::local::LocalKey<T>::with::hf45c5ca0c8e8a947
[INFO] [stdout]                                at /rustc/90b35a6239c3d8bdabc530a6a0816f7ff89a0aaf/library/std/src/thread/local.rs:260:9
[INFO] [stdout]   41:     0x598cb51d44ad - tokio::runtime::context::set_scheduler::h61e368bc5d6f75e6
[INFO] [stdout]                                at /opt/rustwide/cargo-home/registry/src/index.crates.io-6f17d22bba15001f/tokio-1.42.0/src/runtime/context.rs:180:9
[INFO] [stdout]   42:     0x598cb51c38d0 - tokio::runtime::scheduler::current_thread::CoreGuard::enter::hcef904496d48f011
[INFO] [stdout]                                at /opt/rustwide/cargo-home/registry/src/index.crates.io-6f17d22bba15001f/tokio-1.42.0/src/runtime/scheduler/current_thread/mod.rs:807:27
[INFO] [stdout]   43:     0x598cb51c41e3 - tokio::runtime::scheduler::current_thread::CoreGuard::block_on::hd3610136cebf007d
[INFO] [stdout]                                at /opt/rustwide/cargo-home/registry/src/index.crates.io-6f17d22bba15001f/tokio-1.42.0/src/runtime/scheduler/current_thread/mod.rs:716:19
[INFO] [stdout]   44:     0x598cb51bda2d - tokio::runtime::scheduler::current_thread::CurrentThread::block_on::{{closure}}::h47bbca04ee056160
[INFO] [stdout]                                at /opt/rustwide/cargo-home/registry/src/index.crates.io-6f17d22bba15001f/tokio-1.42.0/src/runtime/scheduler/current_thread/mod.rs:196:28
[INFO] [stdout]   45:     0x598cb51cca87 - tokio::runtime::context::runtime::enter_runtime::h12fe49237e1f01c5
[INFO] [stdout]                                at /opt/rustwide/cargo-home/registry/src/index.crates.io-6f17d22bba15001f/tokio-1.42.0/src/runtime/context/runtime.rs:65:16
[INFO] [stdout]   46:     0x598cb51bd0b3 - tokio::runtime::scheduler::current_thread::CurrentThread::block_on::h8e1007a0ec3a139e
[INFO] [stdout]                                at /opt/rustwide/cargo-home/registry/src/index.crates.io-6f17d22bba15001f/tokio-1.42.0/src/runtime/scheduler/current_thread/mod.rs:184:9
[INFO] [stdout]   47:     0x598cb51d4cbe - tokio::runtime::runtime::Runtime::block_on_inner::h2bf856107aaeb7c7
[INFO] [stdout]                                at /opt/rustwide/cargo-home/registry/src/index.crates.io-6f17d22bba15001f/tokio-1.42.0/src/runtime/runtime.rs:368:47
[INFO] [stdout]   48:     0x598cb51d578a - tokio::runtime::runtime::Runtime::block_on::hd6e0860604708a90
[INFO] [stdout]                                at /opt/rustwide/cargo-home/registry/src/index.crates.io-6f17d22bba15001f/tokio-1.42.0/src/runtime/runtime.rs:340:13
[INFO] [stdout]   49:     0x598cb51c9621 - tokio::task::local::LocalSet::block_on::h76583e1e5d336f54
[INFO] [stdout]                                at /opt/rustwide/cargo-home/registry/src/index.crates.io-6f17d22bba15001f/tokio-1.42.0/src/task/local.rs:646:9
[INFO] [stdout]   50:     0x598cb51cf517 - actix_rt::runtime::Runtime::block_on::h5bf1ecfded08a8b1
[INFO] [stdout]                                at /opt/rustwide/cargo-home/registry/src/index.crates.io-6f17d22bba15001f/actix-rt-2.10.0/src/runtime.rs:138:9
[INFO] [stdout]   51:     0x598cb51d639a - actix_rt::system::SystemRunner::block_on::h14b1b5341d83f233
[INFO] [stdout]                                at /opt/rustwide/cargo-home/registry/src/index.crates.io-6f17d22bba15001f/actix-rt-2.10.0/src/system.rs:244:9
[INFO] [stdout]   52:     0x598cb51d7142 - teacher_service::handlers::tests::get_all_courses_success::h934e7c367e12b00a
[INFO] [stdout]                                at /opt/rustwide/workdir/webservice/src/bin/../handlers.rs:120:5
[INFO] [stdout]   53:     0x598cb51d70e7 - teacher_service::handlers::tests::get_all_courses_success::{{closure}}::h668a13666b009668
[INFO] [stdout]                                at /opt/rustwide/workdir/webservice/src/bin/../handlers.rs:121:39
[INFO] [stdout]   54:     0x598cb51d2e16 - core::ops::function::FnOnce::call_once::h297e0f8555cd224f
[INFO] [stdout]                                at /rustc/90b35a6239c3d8bdabc530a6a0816f7ff89a0aaf/library/core/src/ops/function.rs:250:5
[INFO] [stdout]   55:     0x598cb5217abb - core::ops::function::FnOnce::call_once::h109cf8051a59b34e
[INFO] [stdout]                                at /rustc/90b35a6239c3d8bdabc530a6a0816f7ff89a0aaf/library/core/src/ops/function.rs:250:5
[INFO] [stdout]   56:     0x598cb5217abb - test::__rust_begin_short_backtrace::hf4fff89d377446ba
[INFO] [stdout]                                at /rustc/90b35a6239c3d8bdabc530a6a0816f7ff89a0aaf/library/test/src/lib.rs:621:18
[INFO] [stdout]   57:     0x598cb52172f7 - test::run_test_in_process::{{closure}}::h0e39181dd7ee5a43
[INFO] [stdout]                                at /rustc/90b35a6239c3d8bdabc530a6a0816f7ff89a0aaf/library/test/src/lib.rs:644:60
[INFO] [stdout]   58:     0x598cb52172f7 - <core::panic::unwind_safe::AssertUnwindSafe<F> as core::ops::function::FnOnce<()>>::call_once::hc5a66a30f0bdfd1f
[INFO] [stdout]                                at /rustc/90b35a6239c3d8bdabc530a6a0816f7ff89a0aaf/library/core/src/panic/unwind_safe.rs:272:9
[INFO] [stdout]   59:     0x598cb52172f7 - std::panicking::try::do_call::h873b7cf639554a5e
[INFO] [stdout]                                at /rustc/90b35a6239c3d8bdabc530a6a0816f7ff89a0aaf/library/std/src/panicking.rs:557:40
[INFO] [stdout]   60:     0x598cb52172f7 - std::panicking::try::hdb19862fad9c8bd1
[INFO] [stdout]                                at /rustc/90b35a6239c3d8bdabc530a6a0816f7ff89a0aaf/library/std/src/panicking.rs:520:19
[INFO] [stdout]   61:     0x598cb52172f7 - std::panic::catch_unwind::h281fe732d236d260
[INFO] [stdout]                                at /rustc/90b35a6239c3d8bdabc530a6a0816f7ff89a0aaf/library/std/src/panic.rs:358:14
[INFO] [stdout]   62:     0x598cb52172f7 - test::run_test_in_process::h949b6df8457ed338
[INFO] [stdout]                                at /rustc/90b35a6239c3d8bdabc530a6a0816f7ff89a0aaf/library/test/src/lib.rs:644:27
[INFO] [stdout]   63:     0x598cb52172f7 - test::run_test::{{closure}}::h52c556a6d4740e10
[INFO] [stdout]                                at /rustc/90b35a6239c3d8bdabc530a6a0816f7ff89a0aaf/library/test/src/lib.rs:565:43
[INFO] [stdout]   64:     0x598cb51dc5d4 - test::run_test::{{closure}}::h4237f6381c45ccb9
[INFO] [stdout]                                at /rustc/90b35a6239c3d8bdabc530a6a0816f7ff89a0aaf/library/test/src/lib.rs:595:41
[INFO] [stdout]   65:     0x598cb51dc5d4 - std::sys::backtrace::__rust_begin_short_backtrace::h505c97a579eca628
[INFO] [stdout]                                at /rustc/90b35a6239c3d8bdabc530a6a0816f7ff89a0aaf/library/std/src/sys/backtrace.rs:154:18
[INFO] [stdout]   66:     0x598cb51dfc9e - std::thread::Builder::spawn_unchecked_::{{closure}}::{{closure}}::h9e86b2e2bc107ea3
[INFO] [stdout]                                at /rustc/90b35a6239c3d8bdabc530a6a0816f7ff89a0aaf/library/std/src/thread/mod.rs:538:17
[INFO] [stdout]   67:     0x598cb51dfc9e - <core::panic::unwind_safe::AssertUnwindSafe<F> as core::ops::function::FnOnce<()>>::call_once::h8b06ddb275ff4a25
[INFO] [stdout]                                at /rustc/90b35a6239c3d8bdabc530a6a0816f7ff89a0aaf/library/core/src/panic/unwind_safe.rs:272:9
[INFO] [stdout]   68:     0x598cb51dfc9e - std::panicking::try::do_call::hb26ecd7cd9a9355d
[INFO] [stdout]                                at /rustc/90b35a6239c3d8bdabc530a6a0816f7ff89a0aaf/library/std/src/panicking.rs:557:40
[INFO] [stdout]   69:     0x598cb51dfc9e - std::panicking::try::h8ddeca9d705f9069
[INFO] [stdout]                                at /rustc/90b35a6239c3d8bdabc530a6a0816f7ff89a0aaf/library/std/src/panicking.rs:520:19
[INFO] [stdout]   70:     0x598cb51dfc9e - std::panic::catch_unwind::h49e1c33078844c46
[INFO] [stdout]                                at /rustc/90b35a6239c3d8bdabc530a6a0816f7ff89a0aaf/library/std/src/panic.rs:358:14
[INFO] [stdout]   71:     0x598cb51dfc9e - std::thread::Builder::spawn_unchecked_::{{closure}}::h6073db6ff56ad35d
[INFO] [stdout]                                at /rustc/90b35a6239c3d8bdabc530a6a0816f7ff89a0aaf/library/std/src/thread/mod.rs:537:30
[INFO] [stdout]   72:     0x598cb51dfc9e - core::ops::function::FnOnce::call_once{{vtable.shim}}::h2c5a5f3779c774f1
[INFO] [stdout]                                at /rustc/90b35a6239c3d8bdabc530a6a0816f7ff89a0aaf/library/core/src/ops/function.rs:250:5
[INFO] [stdout]   73:     0x598cb56e1aab - <alloc::boxed::Box<F,A> as core::ops::function::FnOnce<Args>>::call_once::hf75717d9f28faebf
[INFO] [stdout]                                at /rustc/90b35a6239c3d8bdabc530a6a0816f7ff89a0aaf/library/alloc/src/boxed.rs:2454:9
[INFO] [stdout]   74:     0x598cb56e1aab - <alloc::boxed::Box<F,A> as core::ops::function::FnOnce<Args>>::call_once::h7bd883a5f3c5f3c1
[INFO] [stdout]                                at /rustc/90b35a6239c3d8bdabc530a6a0816f7ff89a0aaf/library/alloc/src/boxed.rs:2454:9
[INFO] [stdout]   75:     0x598cb56e1aab - std::sys::pal::unix::thread::Thread::new::thread_start::hcc78f3943333fa94
[INFO] [stdout]                                at /rustc/90b35a6239c3d8bdabc530a6a0816f7ff89a0aaf/library/std/src/sys/pal/unix/thread.rs:105:17
[INFO] [stdout]   76:     0x7c82ddf2bac3 - <unknown>
[INFO] [stdout]   77:     0x7c82ddfbca04 - clone
[INFO] [stdout]   78:                0x0 - <unknown>
[INFO] [stdout] 
[INFO] [stdout] ---- handlers::tests::get_one_course_success stdout ----
[INFO] [stdout] thread 'handlers::tests::get_one_course_success' panicked at webservice/src/bin/../handlers.rs:147:73:
[INFO] [stdout] called `Result::unwrap()` on an `Err` value: Configuration(InvalidPort)
[INFO] [stdout] stack backtrace:
[INFO] [stdout]    0:     0x598cb56dbd9a - std::backtrace_rs::backtrace::libunwind::trace::h5a5b8284f2d0c266
[INFO] [stdout]                                at /rustc/90b35a6239c3d8bdabc530a6a0816f7ff89a0aaf/library/std/src/../../backtrace/src/backtrace/libunwind.rs:116:5
[INFO] [stdout]    1:     0x598cb56dbd9a - std::backtrace_rs::backtrace::trace_unsynchronized::h76d4f1c9b0b875e3
[INFO] [stdout]                                at /rustc/90b35a6239c3d8bdabc530a6a0816f7ff89a0aaf/library/std/src/../../backtrace/src/backtrace/mod.rs:66:5
[INFO] [stdout]    2:     0x598cb56dbd9a - std::sys::backtrace::_print_fmt::hc4546b8364a537c6
[INFO] [stdout]                                at /rustc/90b35a6239c3d8bdabc530a6a0816f7ff89a0aaf/library/std/src/sys/backtrace.rs:66:9
[INFO] [stdout]    3:     0x598cb56dbd9a - <std::sys::backtrace::BacktraceLock::print::DisplayBacktrace as core::fmt::Display>::fmt::h5b6bd5631a6d1f6b
[INFO] [stdout]                                at /rustc/90b35a6239c3d8bdabc530a6a0816f7ff89a0aaf/library/std/src/sys/backtrace.rs:39:26
[INFO] [stdout]    4:     0x598cb5704323 - core::fmt::rt::Argument::fmt::h270f6602a2b96f62
[INFO] [stdout]                                at /rustc/90b35a6239c3d8bdabc530a6a0816f7ff89a0aaf/library/core/src/fmt/rt.rs:177:76
[INFO] [stdout]    5:     0x598cb5704323 - core::fmt::write::h7550c97b06c86515
[INFO] [stdout]                                at /rustc/90b35a6239c3d8bdabc530a6a0816f7ff89a0aaf/library/core/src/fmt/mod.rs:1186:21
[INFO] [stdout]    6:     0x598cb56d8273 - std::io::Write::write_fmt::h509ff860e5956e5e
[INFO] [stdout]                                at /rustc/90b35a6239c3d8bdabc530a6a0816f7ff89a0aaf/library/std/src/io/mod.rs:1839:15
[INFO] [stdout]    7:     0x598cb56dbbe2 - std::sys::backtrace::BacktraceLock::print::h2395ccd2c84ba3aa
[INFO] [stdout]                                at /rustc/90b35a6239c3d8bdabc530a6a0816f7ff89a0aaf/library/std/src/sys/backtrace.rs:42:9
[INFO] [stdout]    8:     0x598cb56dd1fa - std::panicking::default_hook::{{closure}}::he19d4c7230e07961
[INFO] [stdout]                                at /rustc/90b35a6239c3d8bdabc530a6a0816f7ff89a0aaf/library/std/src/panicking.rs:268:22
[INFO] [stdout]    9:     0x598cb56dd004 - std::panicking::default_hook::hf614597d3c67bbdb
[INFO] [stdout]                                at /rustc/90b35a6239c3d8bdabc530a6a0816f7ff89a0aaf/library/std/src/panicking.rs:292:9
[INFO] [stdout]   10:     0x598cb52130f9 - <alloc::boxed::Box<F,A> as core::ops::function::Fn<Args>>::call::h39b51ce4599c23d1
[INFO] [stdout]                                at /rustc/90b35a6239c3d8bdabc530a6a0816f7ff89a0aaf/library/alloc/src/boxed.rs:2468:9
[INFO] [stdout]   11:     0x598cb52130f9 - test::test_main::{{closure}}::he977ae839a582784
[INFO] [stdout]                                at /rustc/90b35a6239c3d8bdabc530a6a0816f7ff89a0aaf/library/test/src/lib.rs:133:21
[INFO] [stdout]   12:     0x598cb56dd898 - <alloc::boxed::Box<F,A> as core::ops::function::Fn<Args>>::call::h9455091b6b06f9fb
[INFO] [stdout]                                at /rustc/90b35a6239c3d8bdabc530a6a0816f7ff89a0aaf/library/alloc/src/boxed.rs:2468:9
[INFO] [stdout]   13:     0x598cb56dd898 - std::panicking::rust_panic_with_hook::h8942133a8b252070
[INFO] [stdout]                                at /rustc/90b35a6239c3d8bdabc530a6a0816f7ff89a0aaf/library/std/src/panicking.rs:809:13
[INFO] [stdout]   14:     0x598cb56dd65a - std::panicking::begin_panic_handler::{{closure}}::hb5f5963570096b29
[INFO] [stdout]                                at /rustc/90b35a6239c3d8bdabc530a6a0816f7ff89a0aaf/library/std/src/panicking.rs:674:13
[INFO] [stdout]   15:     0x598cb56dc279 - std::sys::backtrace::__rust_end_short_backtrace::h6208cedc1922feda
[INFO] [stdout]                                at /rustc/90b35a6239c3d8bdabc530a6a0816f7ff89a0aaf/library/std/src/sys/backtrace.rs:170:18
[INFO] [stdout]   16:     0x598cb56dd2ec - rust_begin_unwind
[INFO] [stdout]                                at /rustc/90b35a6239c3d8bdabc530a6a0816f7ff89a0aaf/library/std/src/panicking.rs:665:5
[INFO] [stdout]   17:     0x598cb51bc330 - core::panicking::panic_fmt::h0c3082644d1bf418
[INFO] [stdout]                                at /rustc/90b35a6239c3d8bdabc530a6a0816f7ff89a0aaf/library/core/src/panicking.rs:74:14
[INFO] [stdout]   18:     0x598cb51bc7b6 - core::result::unwrap_failed::hd20b4aa073bda1e2
[INFO] [stdout]                                at /rustc/90b35a6239c3d8bdabc530a6a0816f7ff89a0aaf/library/core/src/result.rs:1700:5
[INFO] [stdout]   19:     0x598cb51d7fc2 - core::result::Result<T,E>::unwrap::h3d6d52697c381a69
[INFO] [stdout]                                at /rustc/90b35a6239c3d8bdabc530a6a0816f7ff89a0aaf/library/core/src/result.rs:1104:23
[INFO] [stdout]   20:     0x598cb51d7fc2 - teacher_service::handlers::tests::get_one_course_success::{{closure}}::hbb43cfb413c4af00
[INFO] [stdout]                                at /opt/rustwide/workdir/webservice/src/bin/../handlers.rs:147:23
[INFO] [stdout]   21:     0x598cb51cf42e - <tokio::task::local::RunUntil<T> as core::future::future::Future>::poll::{{closure}}::hee61eb2ab52bde46
[INFO] [stdout]                                at /opt/rustwide/cargo-home/registry/src/index.crates.io-6f17d22bba15001f/tokio-1.42.0/src/task/local.rs:1041:42
[INFO] [stdout]   22:     0x598cb51c9380 - tokio::task::local::LocalSet::with::{{closure}}::h668da75d33f92171
[INFO] [stdout]                                at /opt/rustwide/cargo-home/registry/src/index.crates.io-6f17d22bba15001f/tokio-1.42.0/src/task/local.rs:793:13
[INFO] [stdout]   23:     0x598cb51d90e0 - std::thread::local::LocalKey<T>::try_with::h5c890805e9e5a86a
[INFO] [stdout]                                at /rustc/90b35a6239c3d8bdabc530a6a0816f7ff89a0aaf/library/std/src/thread/local.rs:283:12
[INFO] [stdout]   24:     0x598cb51d876a - std::thread::local::LocalKey<T>::with::h75070bbe1ad613f0
[INFO] [stdout]                                at /rustc/90b35a6239c3d8bdabc530a6a0816f7ff89a0aaf/library/std/src/thread/local.rs:260:9
[INFO] [stdout]   25:     0x598cb51c9266 - tokio::task::local::LocalSet::with::h8f51c2ab72981425
[INFO] [stdout]                                at /opt/rustwide/cargo-home/registry/src/index.crates.io-6f17d22bba15001f/tokio-1.42.0/src/task/local.rs:791:9
[INFO] [stdout]   26:     0x598cb51cf045 - <tokio::task::local::RunUntil<T> as core::future::future::Future>::poll::h3c4513002d897376
[INFO] [stdout]                                at /opt/rustwide/cargo-home/registry/src/index.crates.io-6f17d22bba15001f/tokio-1.42.0/src/task/local.rs:1031:9
[INFO] [stdout]   27:     0x598cb51c9c61 - tokio::task::local::LocalSet::run_until::{{closure}}::h48af3882d76a2be3
[INFO] [stdout]                                at /opt/rustwide/cargo-home/registry/src/index.crates.io-6f17d22bba15001f/tokio-1.42.0/src/task/local.rs:689:19
[INFO] [stdout]   28:     0x598cb51ce7dd - <core::pin::Pin<P> as core::future::future::Future>::poll::h2c60c523d69d02cb
[INFO] [stdout]                                at /rustc/90b35a6239c3d8bdabc530a6a0816f7ff89a0aaf/library/core/src/future/future.rs:123:9
[INFO] [stdout]   29:     0x598cb51ce85d - <core::pin::Pin<P> as core::future::future::Future>::poll::h800f33f2991ec630
[INFO] [stdout]                                at /rustc/90b35a6239c3d8bdabc530a6a0816f7ff89a0aaf/library/core/src/future/future.rs:123:9
[INFO] [stdout]   30:     0x598cb51c80bf - tokio::runtime::scheduler::current_thread::CoreGuard::block_on::{{closure}}::{{closure}}::{{closure}}::h22e5935b26693e4d
[INFO] [stdout]                                at /opt/rustwide/cargo-home/registry/src/index.crates.io-6f17d22bba15001f/tokio-1.42.0/src/runtime/scheduler/current_thread/mod.rs:729:57
[INFO] [stdout]   31:     0x598cb51c7c35 - tokio::runtime::coop::with_budget::hc701afe957e3d18c
[INFO] [stdout]                                at /opt/rustwide/cargo-home/registry/src/index.crates.io-6f17d22bba15001f/tokio-1.42.0/src/runtime/coop.rs:107:5
[INFO] [stdout]   32:     0x598cb51c7c35 - tokio::runtime::coop::budget::he3673a57d851d8ca
[INFO] [stdout]                                at /opt/rustwide/cargo-home/registry/src/index.crates.io-6f17d22bba15001f/tokio-1.42.0/src/runtime/coop.rs:73:5
[INFO] [stdout]   33:     0x598cb51c7c35 - tokio::runtime::scheduler::current_thread::CoreGuard::block_on::{{closure}}::{{closure}}::h9174888fdedc2560
[INFO] [stdout]                                at /opt/rustwide/cargo-home/registry/src/index.crates.io-6f17d22bba15001f/tokio-1.42.0/src/runtime/scheduler/current_thread/mod.rs:729:25
[INFO] [stdout]   34:     0x598cb51bf4b0 - tokio::runtime::scheduler::current_thread::Context::enter::h0f9a9587898bebca
[INFO] [stdout]                                at /opt/rustwide/cargo-home/registry/src/index.crates.io-6f17d22bba15001f/tokio-1.42.0/src/runtime/scheduler/current_thread/mod.rs:428:19
[INFO] [stdout]   35:     0x598cb51c558e - tokio::runtime::scheduler::current_thread::CoreGuard::block_on::{{closure}}::hbfd0de8f4162cc9c
[INFO] [stdout]                                at /opt/rustwide/cargo-home/registry/src/index.crates.io-6f17d22bba15001f/tokio-1.42.0/src/runtime/scheduler/current_thread/mod.rs:728:36
[INFO] [stdout]   36:     0x598cb51c3fe4 - tokio::runtime::scheduler::current_thread::CoreGuard::enter::{{closure}}::hadd97c6e126fc294
[INFO] [stdout]                                at /opt/rustwide/cargo-home/registry/src/index.crates.io-6f17d22bba15001f/tokio-1.42.0/src/runtime/scheduler/current_thread/mod.rs:807:68
[INFO] [stdout]   37:     0x598cb51cc3db - tokio::runtime::context::scoped::Scoped<T>::set::h3dcba91a85a1733a
[INFO] [stdout]                                at /opt/rustwide/cargo-home/registry/src/index.crates.io-6f17d22bba15001f/tokio-1.42.0/src/runtime/context/scoped.rs:40:9
[INFO] [stdout]   38:     0x598cb51d4639 - tokio::runtime::context::set_scheduler::{{closure}}::h9d9782f657424a7f
[INFO] [stdout]                                at /opt/rustwide/cargo-home/registry/src/index.crates.io-6f17d22bba15001f/tokio-1.42.0/src/runtime/context.rs:180:26
[INFO] [stdout]   39:     0x598cb51dadcd - std::thread::local::LocalKey<T>::try_with::hfe994869b472e2c2
[INFO] [stdout]                                at /rustc/90b35a6239c3d8bdabc530a6a0816f7ff89a0aaf/library/std/src/thread/local.rs:283:12
[INFO] [stdout]   40:     0x598cb51d88ea - std::thread::local::LocalKey<T>::with::hea8209c8ff2173b6
[INFO] [stdout]                                at /rustc/90b35a6239c3d8bdabc530a6a0816f7ff89a0aaf/library/std/src/thread/local.rs:260:9
[INFO] [stdout]   41:     0x598cb51d43ed - tokio::runtime::context::set_scheduler::h07bf6a393f2ded3c
[INFO] [stdout]                                at /opt/rustwide/cargo-home/registry/src/index.crates.io-6f17d22bba15001f/tokio-1.42.0/src/runtime/context.rs:180:9
[INFO] [stdout]   42:     0x598cb51c34b0 - tokio::runtime::scheduler::current_thread::CoreGuard::enter::hc6daf0be7bb663c5
[INFO] [stdout]                                at /opt/rustwide/cargo-home/registry/src/index.crates.io-6f17d22bba15001f/tokio-1.42.0/src/runtime/scheduler/current_thread/mod.rs:807:27
[INFO] [stdout]   43:     0x598cb51c4123 - tokio::runtime::scheduler::current_thread::CoreGuard::block_on::hb06ad950bf85d811
[INFO] [stdout]                                at /opt/rustwide/cargo-home/registry/src/index.crates.io-6f17d22bba15001f/tokio-1.42.0/src/runtime/scheduler/current_thread/mod.rs:716:19
[INFO] [stdout]   44:     0x598cb51bd5ad - tokio::runtime::scheduler::current_thread::CurrentThread::block_on::{{closure}}::h2f6c18ae65aefea0
[INFO] [stdout]                                at /opt/rustwide/cargo-home/registry/src/index.crates.io-6f17d22bba15001f/tokio-1.42.0/src/runtime/scheduler/current_thread/mod.rs:196:28
[INFO] [stdout]   45:     0x598cb51ccde7 - tokio::runtime::context::runtime::enter_runtime::h39a3c48ad1466323
[INFO] [stdout]                                at /opt/rustwide/cargo-home/registry/src/index.crates.io-6f17d22bba15001f/tokio-1.42.0/src/runtime/context/runtime.rs:65:16
[INFO] [stdout]   46:     0x598cb51bd003 - tokio::runtime::scheduler::current_thread::CurrentThread::block_on::h4eade13be826c613
[INFO] [stdout]                                at /opt/rustwide/cargo-home/registry/src/index.crates.io-6f17d22bba15001f/tokio-1.42.0/src/runtime/scheduler/current_thread/mod.rs:184:9
[INFO] [stdout]   47:     0x598cb51d4bce - tokio::runtime::runtime::Runtime::block_on_inner::h2824e4d61af15162
[INFO] [stdout]                                at /opt/rustwide/cargo-home/registry/src/index.crates.io-6f17d22bba15001f/tokio-1.42.0/src/runtime/runtime.rs:368:47
[INFO] [stdout]   48:     0x598cb51d5a5a - tokio::runtime::runtime::Runtime::block_on::hfd0c064f4d06fc67
[INFO] [stdout]                                at /opt/rustwide/cargo-home/registry/src/index.crates.io-6f17d22bba15001f/tokio-1.42.0/src/runtime/runtime.rs:340:13
[INFO] [stdout]   49:     0x598cb51c9701 - tokio::task::local::LocalSet::block_on::hfcb7d908386a014e
[INFO] [stdout]                                at /opt/rustwide/cargo-home/registry/src/index.crates.io-6f17d22bba15001f/tokio-1.42.0/src/task/local.rs:646:9
[INFO] [stdout]   50:     0x598cb51cf537 - actix_rt::runtime::Runtime::block_on::h639ed9a10a355e60
[INFO] [stdout]                                at /opt/rustwide/cargo-home/registry/src/index.crates.io-6f17d22bba15001f/actix-rt-2.10.0/src/runtime.rs:138:9
[INFO] [stdout]   51:     0x598cb51d63ba - actix_rt::system::SystemRunner::block_on::he5f2e78db8dbcfbf
[INFO] [stdout]                                at /opt/rustwide/cargo-home/registry/src/index.crates.io-6f17d22bba15001f/actix-rt-2.10.0/src/system.rs:244:9
[INFO] [stdout]   52:     0x598cb51d7b32 - teacher_service::handlers::tests::get_one_course_success::h601a1db4f29a1572
[INFO] [stdout]                                at /opt/rustwide/workdir/webservice/src/bin/../handlers.rs:141:5
[INFO] [stdout]   53:     0x598cb51d7ad7 - teacher_service::handlers::tests::get_one_course_success::{{closure}}::he7b2d7cb3d2327d8
[INFO] [stdout]                                at /opt/rustwide/workdir/webservice/src/bin/../handlers.rs:142:38
[INFO] [stdout]   54:     0x598cb51d2f76 - core::ops::function::FnOnce::call_once::hf2337188f6f4516e
[INFO] [stdout]                                at /rustc/90b35a6239c3d8bdabc530a6a0816f7ff89a0aaf/library/core/src/ops/function.rs:250:5
[INFO] [stdout]   55:     0x598cb5217abb - core::ops::function::FnOnce::call_once::h109cf8051a59b34e
[INFO] [stdout]                                at /rustc/90b35a6239c3d8bdabc530a6a0816f7ff89a0aaf/library/core/src/ops/function.rs:250:5
[INFO] [stdout]   56:     0x598cb5217abb - test::__rust_begin_short_backtrace::hf4fff89d377446ba
[INFO] [stdout]                                at /rustc/90b35a6239c3d8bdabc530a6a0816f7ff89a0aaf/library/test/src/lib.rs:621:18
[INFO] [stdout]   57:     0x598cb52172f7 - test::run_test_in_process::{{closure}}::h0e39181dd7ee5a43
[INFO] [stdout]                                at /rustc/90b35a6239c3d8bdabc530a6a0816f7ff89a0aaf/library/test/src/lib.rs:644:60
[INFO] [stdout]   58:     0x598cb52172f7 - <core::panic::unwind_safe::AssertUnwindSafe<F> as core::ops::function::FnOnce<()>>::call_once::hc5a66a30f0bdfd1f
[INFO] [stdout]                                at /rustc/90b35a6239c3d8bdabc530a6a0816f7ff89a0aaf/library/core/src/panic/unwind_safe.rs:272:9
[INFO] [stdout]   59:     0x598cb52172f7 - std::panicking::try::do_call::h873b7cf639554a5e
[INFO] [stdout]                                at /rustc/90b35a6239c3d8bdabc530a6a0816f7ff89a0aaf/library/std/src/panicking.rs:557:40
[INFO] [stdout]   60:     0x598cb52172f7 - std::panicking::try::hdb19862fad9c8bd1
[INFO] [stdout]                                at /rustc/90b35a6239c3d8bdabc530a6a0816f7ff89a0aaf/library/std/src/panicking.rs:520:19
[INFO] [stdout]   61:     0x598cb52172f7 - std::panic::catch_unwind::h281fe732d236d260
[INFO] [stdout]                                at /rustc/90b35a6239c3d8bdabc530a6a0816f7ff89a0aaf/library/std/src/panic.rs:358:14
[INFO] [stdout]   62:     0x598cb52172f7 - test::run_test_in_process::h949b6df8457ed338
[INFO] [stdout]                                at /rustc/90b35a6239c3d8bdabc530a6a0816f7ff89a0aaf/library/test/src/lib.rs:644:27
[INFO] [stdout]   63:     0x598cb52172f7 - test::run_test::{{closure}}::h52c556a6d4740e10
[INFO] [stdout]                                at /rustc/90b35a6239c3d8bdabc530a6a0816f7ff89a0aaf/library/test/src/lib.rs:565:43
[INFO] [stdout]   64:     0x598cb51dc5d4 - test::run_test::{{closure}}::h4237f6381c45ccb9
[INFO] [stdout]                                at /rustc/90b35a6239c3d8bdabc530a6a0816f7ff89a0aaf/library/test/src/lib.rs:595:41
[INFO] [stdout]   65:     0x598cb51dc5d4 - std::sys::backtrace::__rust_begin_short_backtrace::h505c97a579eca628
[INFO] [stdout]                                at /rustc/90b35a6239c3d8bdabc530a6a0816f7ff89a0aaf/library/std/src/sys/backtrace.rs:154:18
[INFO] [stdout]   66:     0x598cb51dfc9e - std::thread::Builder::spawn_unchecked_::{{closure}}::{{closure}}::h9e86b2e2bc107ea3
[INFO] [stdout]                                at /rustc/90b35a6239c3d8bdabc530a6a0816f7ff89a0aaf/library/std/src/thread/mod.rs:538:17
[INFO] [stdout]   67:     0x598cb51dfc9e - <core::panic::unwind_safe::AssertUnwindSafe<F> as core::ops::function::FnOnce<()>>::call_once::h8b06ddb275ff4a25
[INFO] [stdout]                                at /rustc/90b35a6239c3d8bdabc530a6a0816f7ff89a0aaf/library/core/src/panic/unwind_safe.rs:272:9
[INFO] [stdout]   68:     0x598cb51dfc9e - std::panicking::try::do_call::hb26ecd7cd9a9355d
[INFO] [stdout]                                at /rustc/90b35a6239c3d8bdabc530a6a0816f7ff89a0aaf/library/std/src/panicking.rs:557:40
[INFO] [stdout]   69:     0x598cb51dfc9e - std::panicking::try::h8ddeca9d705f9069
[INFO] [stdout]                                at /rustc/90b35a6239c3d8bdabc530a6a0816f7ff89a0aaf/library/std/src/panicking.rs:520:19
[INFO] [stdout]   70:     0x598cb51dfc9e - std::panic::catch_unwind::h49e1c33078844c46
[INFO] [stdout]                                at /rustc/90b35a6239c3d8bdabc530a6a0816f7ff89a0aaf/library/std/src/panic.rs:358:14
[INFO] [stdout]   71:     0x598cb51dfc9e - std::thread::Builder::spawn_unchecked_::{{closure}}::h6073db6ff56ad35d
[INFO] [stdout]                                at /rustc/90b35a6239c3d8bdabc530a6a0816f7ff89a0aaf/library/std/src/thread/mod.rs:537:30
[INFO] [stdout]   72:     0x598cb51dfc9e - core::ops::function::FnOnce::call_once{{vtable.shim}}::h2c5a5f3779c774f1
[INFO] [stdout]                                at /rustc/90b35a6239c3d8bdabc530a6a0816f7ff89a0aaf/library/core/src/ops/function.rs:250:5
[INFO] [stdout]   73:     0x598cb56e1aab - <alloc::boxed::Box<F,A> as core::ops::function::FnOnce<Args>>::call_once::hf75717d9f28faebf
[INFO] [stdout]                                at /rustc/90b35a6239c3d8bdabc530a6a0816f7ff89a0aaf/library/alloc/src/boxed.rs:2454:9
[INFO] [stdout]   74:     0x598cb56e1aab - <alloc::boxed::Box<F,A> as core::ops::function::FnOnce<Args>>::call_once::h7bd883a5f3c5f3c1
[INFO] [stdout]                                at /rustc/90b35a6239c3d8bdabc530a6a0816f7ff89a0aaf/library/alloc/src/boxed.rs:2454:9
[INFO] [stdout]   75:     0x598cb56e1aab - std::sys::pal::unix::thread::Thread::new::thread_start::hcc78f3943333fa94
[INFO] [stdout]                                at /rustc/90b35a6239c3d8bdabc530a6a0816f7ff89a0aaf/library/std/src/sys/pal/unix/thread.rs:105:17
[INFO] [stdout]   76:     0x7c82ddf2bac3 - <unknown>
[INFO] [stdout]   77:     0x7c82ddfbca04 - clone
[INFO] [stdout]   78:                0x0 - <unknown>
[INFO] [stdout] 
[INFO] [stdout] 
[INFO] [stdout] failures:
[INFO] [stdout]     handlers::tests::get_all_courses_success
[INFO] [stdout]     handlers::tests::get_one_course_success
[INFO] [stdout]     handlers::tests::post_course_test
[INFO] [stdout] 
[INFO] [stdout] test result: FAILED. 1 passed; 3 failed; 0 ignored; 0 measured; 0 filtered out; finished in 0.12s
[INFO] [stdout] 
[INFO] [stderr] error: test failed, to rerun pass `--bin teacher-service`
[INFO] running `Command { std: "docker" "inspect" "5bcb4aa72812f40ca6247af9be5daba408a1885eff0893d5ebe6e35e11c00e44", kill_on_drop: false }`
[INFO] running `Command { std: "docker" "rm" "-f" "5bcb4aa72812f40ca6247af9be5daba408a1885eff0893d5ebe6e35e11c00e44", kill_on_drop: false }`
[INFO] [stdout] 5bcb4aa72812f40ca6247af9be5daba408a1885eff0893d5ebe6e35e11c00e44
