[INFO] cloning repository https://github.com/bbbtech-gh/bbbcntr_rust
[INFO] running `Command { std: "git" "-c" "credential.helper=" "-c" "credential.helper=/workspace/cargo-home/bin/git-credential-null" "clone" "--bare" "https://github.com/bbbtech-gh/bbbcntr_rust" "/workspace/cache/git-repos/https%3A%2F%2Fgithub.com%2Fbbbtech-gh%2Fbbbcntr_rust", kill_on_drop: false }`
[INFO] [stderr] Cloning into bare repository '/workspace/cache/git-repos/https%3A%2F%2Fgithub.com%2Fbbbtech-gh%2Fbbbcntr_rust'...
[INFO] running `Command { std: "git" "rev-parse" "HEAD", kill_on_drop: false }`
[INFO] [stdout] d892de49b3e73d3a3b4b01365286afa1a6b72a6a
[INFO] testing bbbtech-gh/bbbcntr_rust against 1.83.0 for beta-1.84.0-4-retry
[INFO] running `Command { std: "git" "clone" "/workspace/cache/git-repos/https%3A%2F%2Fgithub.com%2Fbbbtech-gh%2Fbbbcntr_rust" "/workspace/builds/worker-1-tc1/source", kill_on_drop: false }`
[INFO] [stderr] Cloning into '/workspace/builds/worker-1-tc1/source'...
[INFO] [stderr] done.
[INFO] validating manifest of git repo https://github.com/bbbtech-gh/bbbcntr_rust on toolchain 1.83.0
[INFO] running `Command { std: CARGO_HOME="/workspace/cargo-home" RUSTUP_HOME="/workspace/rustup-home" "/workspace/cargo-home/bin/cargo" "+1.83.0" "metadata" "--manifest-path" "Cargo.toml" "--no-deps", kill_on_drop: false }`
[INFO] started tweaking git repo https://github.com/bbbtech-gh/bbbcntr_rust
[INFO] finished tweaking git repo https://github.com/bbbtech-gh/bbbcntr_rust
[INFO] tweaked toml for git repo https://github.com/bbbtech-gh/bbbcntr_rust written to /workspace/builds/worker-1-tc1/source/Cargo.toml
[INFO] crate git repo https://github.com/bbbtech-gh/bbbcntr_rust already has a lockfile, it will not be regenerated
[INFO] running `Command { std: CARGO_HOME="/workspace/cargo-home" RUSTUP_HOME="/workspace/rustup-home" "/workspace/cargo-home/bin/cargo" "+1.83.0" "fetch" "--manifest-path" "Cargo.toml", kill_on_drop: false }`
[INFO] [stderr]     Blocking waiting for file lock on package cache
[INFO] running `Command { std: "docker" "create" "-v" "/var/lib/crater-agent-workspace/builds/worker-1-tc1/target:/opt/rustwide/target:rw,Z" "-v" "/var/lib/crater-agent-workspace/builds/worker-1-tc1/source:/opt/rustwide/workdir:ro,Z" "-v" "/var/lib/crater-agent-workspace/cargo-home:/opt/rustwide/cargo-home:ro,Z" "-v" "/var/lib/crater-agent-workspace/rustup-home:/opt/rustwide/rustup-home:ro,Z" "-e" "SOURCE_DIR=/opt/rustwide/workdir" "-e" "CARGO_TARGET_DIR=/opt/rustwide/target" "-e" "CARGO_HOME=/opt/rustwide/cargo-home" "-e" "RUSTUP_HOME=/opt/rustwide/rustup-home" "-w" "/opt/rustwide/workdir" "-m" "1610612736" "--user" "0:0" "--network" "none" "ghcr.io/rust-lang/crates-build-env/linux@sha256:f3a9d4ad9d972b27faf3965f35b62e55ba32bbce8f20bc8fe909558a86702fde" "/opt/rustwide/cargo-home/bin/cargo" "+1.83.0" "metadata" "--no-deps" "--format-version=1", kill_on_drop: false }`
[INFO] [stdout] 2dfff35021995f3d52251c1394402fa17079f04c9d937f916aef82eec890b891
[INFO] running `Command { std: "docker" "start" "-a" "2dfff35021995f3d52251c1394402fa17079f04c9d937f916aef82eec890b891", kill_on_drop: false }`
[INFO] running `Command { std: "docker" "inspect" "2dfff35021995f3d52251c1394402fa17079f04c9d937f916aef82eec890b891", kill_on_drop: false }`
[INFO] running `Command { std: "docker" "rm" "-f" "2dfff35021995f3d52251c1394402fa17079f04c9d937f916aef82eec890b891", kill_on_drop: false }`
[INFO] [stdout] 2dfff35021995f3d52251c1394402fa17079f04c9d937f916aef82eec890b891
[INFO] running `Command { std: "docker" "create" "-v" "/var/lib/crater-agent-workspace/builds/worker-1-tc1/target:/opt/rustwide/target:rw,Z" "-v" "/var/lib/crater-agent-workspace/builds/worker-1-tc1/source:/opt/rustwide/workdir:ro,Z" "-v" "/var/lib/crater-agent-workspace/cargo-home:/opt/rustwide/cargo-home:ro,Z" "-v" "/var/lib/crater-agent-workspace/rustup-home:/opt/rustwide/rustup-home:ro,Z" "-e" "SOURCE_DIR=/opt/rustwide/workdir" "-e" "CARGO_TARGET_DIR=/opt/rustwide/target" "-e" "CARGO_INCREMENTAL=0" "-e" "RUST_BACKTRACE=full" "-e" "RUSTFLAGS=--cap-lints=warn" "-e" "RUSTDOCFLAGS=--cap-lints=warn" "-e" "CARGO_HOME=/opt/rustwide/cargo-home" "-e" "RUSTUP_HOME=/opt/rustwide/rustup-home" "-w" "/opt/rustwide/workdir" "-m" "1610612736" "--user" "0:0" "--network" "none" "ghcr.io/rust-lang/crates-build-env/linux@sha256:f3a9d4ad9d972b27faf3965f35b62e55ba32bbce8f20bc8fe909558a86702fde" "/opt/rustwide/cargo-home/bin/cargo" "+1.83.0" "build" "--frozen" "--message-format=json", kill_on_drop: false }`
[INFO] [stdout] d526c78050cfe543333763a0ded3cd1cbb170f131ddc3b83584aa0a9a07eeac3
[INFO] running `Command { std: "docker" "start" "-a" "d526c78050cfe543333763a0ded3cd1cbb170f131ddc3b83584aa0a9a07eeac3", kill_on_drop: false }`
[INFO] [stderr]    Compiling proc-macro2 v1.0.86
[INFO] [stderr]    Compiling unicode-ident v1.0.12
[INFO] [stderr]    Compiling cfg-if v1.0.0
[INFO] [stderr]    Compiling version_check v0.9.4
[INFO] [stderr]    Compiling libc v0.2.158
[INFO] [stderr]    Compiling autocfg v1.3.0
[INFO] [stderr]    Compiling memchr v2.7.4
[INFO] [stderr]    Compiling once_cell v1.19.0
[INFO] [stderr]    Compiling pin-project-lite v0.2.14
[INFO] [stderr]    Compiling futures-core v0.3.30
[INFO] [stderr]    Compiling serde v1.0.210
[INFO] [stderr]    Compiling bytes v1.7.1
[INFO] [stderr]    Compiling parking_lot_core v0.9.10
[INFO] [stderr]    Compiling itoa v1.0.11
[INFO] [stderr]    Compiling scopeguard v1.2.0
[INFO] [stderr]    Compiling typenum v1.17.0
[INFO] [stderr]    Compiling log v0.4.22
[INFO] [stderr]    Compiling pin-utils v0.1.0
[INFO] [stderr]    Compiling futures-task v0.3.30
[INFO] [stderr]    Compiling futures-io v0.3.30
[INFO] [stderr]    Compiling futures-sink v0.3.30
[INFO] [stderr]    Compiling subtle v2.6.1
[INFO] [stderr]    Compiling shlex v1.3.0
[INFO] [stderr]    Compiling crossbeam-utils v0.8.20
[INFO] [stderr]    Compiling thiserror v1.0.61
[INFO] [stderr]    Compiling vcpkg v0.2.15
[INFO] [stderr]    Compiling tinyvec_macros v0.1.1
[INFO] [stderr]    Compiling pkg-config v0.3.30
[INFO] [stderr]    Compiling tinyvec v1.6.0
[INFO] [stderr]    Compiling percent-encoding v2.3.1
[INFO] [stderr]    Compiling generic-array v0.14.7
[INFO] [stderr]    Compiling lock_api v0.4.12
[INFO] [stderr]    Compiling slab v0.4.9
[INFO] [stderr]    Compiling cc v1.1.18
[INFO] [stderr]    Compiling ahash v0.8.11
[INFO] [stderr]    Compiling zerocopy v0.7.35
[INFO] [stderr]    Compiling unicode-bidi v0.3.15
[INFO] [stderr]    Compiling mio v1.0.2
[INFO] [stderr]    Compiling socket2 v0.5.7
[INFO] [stderr]    Compiling allocator-api2 v0.2.18
[INFO] [stderr]    Compiling futures-util v0.3.30
[INFO] [stderr]    Compiling quote v1.0.37
[INFO] [stderr]    Compiling signal-hook-registry v1.4.2
[INFO] [stderr]    Compiling unicode-normalization v0.1.23
[INFO] [stderr]    Compiling syn v2.0.77
[INFO] [stderr]    Compiling hashbrown v0.14.5
[INFO] [stderr]    Compiling form_urlencoded v1.2.1
[INFO] [stderr]    Compiling tracing-core v0.1.32
[INFO] [stderr]    Compiling cpufeatures v0.2.12
[INFO] [stderr]    Compiling getrandom v0.2.15
[INFO] [stderr]    Compiling num-traits v0.2.19
[INFO] [stderr]    Compiling openssl v0.10.66
[INFO] [stderr]    Compiling ryu v1.0.18
[INFO] [stderr]    Compiling serde_json v1.0.128
[INFO] [stderr]    Compiling foreign-types-shared v0.1.1
[INFO] [stderr]    Compiling fnv v1.0.7
[INFO] [stderr]    Compiling equivalent v1.0.1
[INFO] [stderr]    Compiling foreign-types v0.3.2
[INFO] [stderr]    Compiling http v1.1.0
[INFO] [stderr]    Compiling rand_core v0.6.4
[INFO] [stderr]    Compiling ppv-lite86 v0.2.17
[INFO] [stderr]    Compiling native-tls v0.2.12
[INFO] [stderr]    Compiling bitflags v2.6.0
[INFO] [stderr]    Compiling indexmap v2.2.6
[INFO] [stderr]    Compiling paste v1.0.15
[INFO] [stderr]    Compiling idna v0.5.0
[INFO] [stderr]    Compiling minimal-lexical v0.2.1
[INFO] [stderr]    Compiling openssl-probe v0.1.5
[INFO] [stderr]    Compiling iana-time-zone v0.1.60
[INFO] [stderr]    Compiling concurrent-queue v2.5.0
[INFO] [stderr]    Compiling parking v2.2.1
[INFO] [stderr]    Compiling nom v7.1.3
[INFO] [stderr]    Compiling httparse v1.9.4
[INFO] [stderr]    Compiling crc-catalog v2.4.0
[INFO] [stderr]    Compiling unicode_categories v0.1.1
[INFO] [stderr]    Compiling rustversion v1.0.17
[INFO] [stderr]    Compiling crc v3.2.1
[INFO] [stderr]    Compiling rand_chacha v0.3.1
[INFO] [stderr]    Compiling event-listener v5.3.1
[INFO] [stderr]    Compiling hashlink v0.9.1
[INFO] [stderr]    Compiling crypto-common v0.1.6
[INFO] [stderr]    Compiling block-buffer v0.10.4
[INFO] [stderr]    Compiling atoi v2.0.0
[INFO] [stderr]    Compiling crossbeam-queue v0.3.11
[INFO] [stderr]    Compiling openssl-sys v0.9.103
[INFO] [stderr]    Compiling digest v0.10.7
[INFO] [stderr]    Compiling hex v0.4.3
[INFO] [stderr]    Compiling url v2.5.0
[INFO] [stderr]    Compiling tokio v1.40.0
[INFO] [stderr]    Compiling aho-corasick v1.1.3
[INFO] [stderr]    Compiling hmac v0.12.1
[INFO] [stderr]    Compiling unicase v2.7.0
[INFO] [stderr]    Compiling futures-channel v0.3.30
[INFO] [stderr]    Compiling rustix v0.38.36
[INFO] [stderr]    Compiling unicode-properties v0.1.2
[INFO] [stderr]    Compiling http-body v1.0.1
[INFO] [stderr]    Compiling byteorder v1.5.0
[INFO] [stderr]    Compiling regex-syntax v0.8.4
[INFO] [stderr]    Compiling stringprep v0.1.5
[INFO] [stderr]    Compiling hkdf v0.12.4
[INFO] [stderr]    Compiling sha2 v0.10.8
[INFO] [stderr]    Compiling md-5 v0.10.6
[INFO] [stderr]    Compiling rand v0.8.5
[INFO] [stderr]    Compiling chrono v0.4.38
[INFO] [stderr]    Compiling base64 v0.22.1
[INFO] [stderr]    Compiling tower-layer v0.3.3
[INFO] [stderr]    Compiling linux-raw-sys v0.4.14
[INFO] [stderr]    Compiling whoami v1.5.2
[INFO] [stderr]    Compiling tower-service v0.3.3
[INFO] [stderr]    Compiling dotenvy v0.15.7
[INFO] [stderr]    Compiling mime v0.3.17
[INFO] [stderr]    Compiling ucd-trie v0.1.6
[INFO] [stderr]    Compiling home v0.5.9
[INFO] [stderr]    Compiling crossbeam-epoch v0.9.18
[INFO] [stderr]    Compiling bstr v1.10.0
[INFO] [stderr]    Compiling httpdate v1.0.3
[INFO] [stderr]    Compiling unic-char-range v0.9.0
[INFO] [stderr]    Compiling same-file v1.0.6
[INFO] [stderr]    Compiling unic-common v0.9.0
[INFO] [stderr]    Compiling atomic-waker v1.1.2
[INFO] [stderr]    Compiling sqlformat v0.2.6
[INFO] [stderr]    Compiling fastrand v2.1.1
[INFO] [stderr]    Compiling unic-ucd-version v0.9.0
[INFO] [stderr]    Compiling walkdir v2.5.0
[INFO] [stderr]    Compiling mime_guess v2.0.5
[INFO] [stderr]    Compiling crossbeam-deque v0.8.5
[INFO] [stderr]    Compiling unic-char-property v0.9.0
[INFO] [stderr]    Compiling http-body-util v0.1.2
[INFO] [stderr]    Compiling axum-core v0.4.3
[INFO] [stderr]    Compiling sha1 v0.10.6
[INFO] [stderr]    Compiling multer v3.1.0
[INFO] [stderr]    Compiling sync_wrapper v0.1.2
[INFO] [stderr]    Compiling heck v0.5.0
[INFO] [stderr]    Compiling utf-8 v0.7.6
[INFO] [stderr]    Compiling lazy_static v1.5.0
[INFO] [stderr]    Compiling data-encoding v2.6.0
[INFO] [stderr]    Compiling unic-ucd-segment v0.9.0
[INFO] [stderr]    Compiling axum v0.7.5
[INFO] [stderr]    Compiling encoding_rs v0.8.34
[INFO] [stderr]    Compiling heck v0.4.1
[INFO] [stderr]    Compiling spin v0.9.8
[INFO] [stderr]    Compiling overload v0.1.1
[INFO] [stderr]    Compiling anyhow v1.0.87
[INFO] [stderr]    Compiling nu-ansi-term v0.46.0
[INFO] [stderr]    Compiling sharded-slab v0.1.7
[INFO] [stderr]    Compiling regex-automata v0.4.7
[INFO] [stderr]    Compiling unic-segment v0.9.0
[INFO] [stderr]    Compiling tracing-log v0.2.0
[INFO] [stderr]    Compiling thread_local v1.1.8
[INFO] [stderr]    Compiling sync_wrapper v1.0.1
[INFO] [stderr]    Compiling matchit v0.7.3
[INFO] [stderr]    Compiling http-range-header v0.4.1
[INFO] [stderr]    Compiling base64 v0.21.7
[INFO] [stderr]    Compiling tower v0.5.1
[INFO] [stderr]    Compiling tempfile v3.12.0
[INFO] [stderr]    Compiling serde_derive v1.0.210
[INFO] [stderr]    Compiling tracing-attributes v0.1.27
[INFO] [stderr]    Compiling thiserror-impl v1.0.61
[INFO] [stderr]    Compiling tokio-macros v2.4.0
[INFO] [stderr]    Compiling openssl-macros v0.1.1
[INFO] [stderr]    Compiling pin-project-internal v1.1.5
[INFO] [stderr]    Compiling async-trait v0.1.82
[INFO] [stderr]    Compiling axum-macros v0.4.1
[INFO] [stderr]    Compiling tokio-stream v0.1.16
[INFO] [stderr]    Compiling pest v2.7.12
[INFO] [stderr]    Compiling tungstenite v0.21.0
[INFO] [stderr]    Compiling tracing v0.1.40
[INFO] [stderr]    Compiling globset v0.4.15
[INFO] [stderr]    Compiling regex v1.10.6
[INFO] [stderr]    Compiling pin-project v1.1.5
[INFO] [stderr]    Compiling ignore v0.4.23
[INFO] [stderr]    Compiling pest_meta v2.7.12
[INFO] [stderr]    Compiling globwalk v0.9.1
[INFO] [stderr]    Compiling pest_generator v2.7.12
[INFO] [stderr]    Compiling pest_derive v2.7.12
[INFO] [stderr]    Compiling smallvec v1.13.2
[INFO] [stderr]    Compiling either v1.13.0
[INFO] [stderr]    Compiling serde_urlencoded v0.7.1
[INFO] [stderr]    Compiling serde_path_to_error v0.1.16
[INFO] [stderr]    Compiling tracing-subscriber v0.3.18
[INFO] [stderr]    Compiling parking_lot v0.12.3
[INFO] [stderr]    Compiling futures-intrusive v0.5.0
[INFO] [stderr]    Compiling tera v1.20.0
[INFO] [stderr]    Compiling sqlx-core v0.8.2
[INFO] [stderr]    Compiling sqlx-postgres v0.8.2
[INFO] [stderr]    Compiling tokio-util v0.7.12
[INFO] [stderr]    Compiling tokio-tungstenite v0.21.0
[INFO] [stderr]    Compiling tower v0.4.13
[INFO] [stderr]    Compiling h2 v0.4.6
[INFO] [stderr]    Compiling tower-http v0.5.2
[INFO] [stderr]    Compiling sqlx-macros-core v0.8.2
[INFO] [stderr]    Compiling sqlx-macros v0.8.2
[INFO] [stderr]    Compiling hyper v1.4.1
[INFO] [stderr]    Compiling hyper-util v0.1.8
[INFO] [stderr]    Compiling sqlx v0.8.2
[INFO] [stderr]    Compiling bbbcntr_rust v0.1.0 (/opt/rustwide/workdir)
[INFO] [stdout] warning: unused import: `sqlx::postgres::PgPoolOptions`
[INFO] [stdout]  --> src/tests.rs:1:5
[INFO] [stdout]   |
[INFO] [stdout] 1 | use sqlx::postgres::PgPoolOptions;
[INFO] [stdout]   |     ^^^^^^^^^^^^^^^^^^^^^^^^^^^^^
[INFO] [stdout]   |
[INFO] [stdout] help: if this is a test module, consider adding a `#[cfg(test)]` to the containing module
[INFO] [stdout]  --> src/lib.rs:5:1
[INFO] [stdout]   |
[INFO] [stdout] 5 | pub mod tests;
[INFO] [stdout]   | ^^^^^^^^^^^^^^
[INFO] [stdout]   = note: `#[warn(unused_imports)]` on by default
[INFO] [stdout] 
[INFO] [stdout] 
[INFO] [stdout] warning: unused import: `sqlx::PgPool`
[INFO] [stdout]  --> src/tests.rs:2:5
[INFO] [stdout]   |
[INFO] [stdout] 2 | use sqlx::PgPool;
[INFO] [stdout]   |     ^^^^^^^^^^^^
[INFO] [stdout]   |
[INFO] [stdout] help: if this is a test module, consider adding a `#[cfg(test)]` to the containing module
[INFO] [stdout]  --> src/lib.rs:5:1
[INFO] [stdout]   |
[INFO] [stdout] 5 | pub mod tests;
[INFO] [stdout]   | ^^^^^^^^^^^^^^
[INFO] [stdout] 
[INFO] [stdout] 
[INFO] [stdout] warning: unused import: `crate::controllers::*`
[INFO] [stdout]  --> src/tests.rs:3:5
[INFO] [stdout]   |
[INFO] [stdout] 3 | use crate::controllers::*;
[INFO] [stdout]   |     ^^^^^^^^^^^^^^^^^^^^^
[INFO] [stdout]   |
[INFO] [stdout] help: if this is a test module, consider adding a `#[cfg(test)]` to the containing module
[INFO] [stdout]  --> src/lib.rs:5:1
[INFO] [stdout]   |
[INFO] [stdout] 5 | pub mod tests;
[INFO] [stdout]   | ^^^^^^^^^^^^^^
[INFO] [stdout] 
[INFO] [stdout] 
[INFO] [stdout] warning: unused import: `crate::init_router`
[INFO] [stdout]  --> src/tests.rs:4:5
[INFO] [stdout]   |
[INFO] [stdout] 4 | use crate::init_router;
[INFO] [stdout]   |     ^^^^^^^^^^^^^^^^^^
[INFO] [stdout]   |
[INFO] [stdout] help: if this is a test module, consider adding a `#[cfg(test)]` to the containing module
[INFO] [stdout]  --> src/lib.rs:5:1
[INFO] [stdout]   |
[INFO] [stdout] 5 | pub mod tests;
[INFO] [stdout]   | ^^^^^^^^^^^^^^
[INFO] [stdout] 
[INFO] [stdout] 
[INFO] [stdout] warning: unused imports: `Extension`, `Method`, `Request`, `Router`, `body::Body`, `get`, and `post`
[INFO] [stdout]  --> src/tests.rs:5:19
[INFO] [stdout]   |
[INFO] [stdout] 5 | use axum::{http::{Request, Method}, body::Body, routing::{get, post}, Extension, Router};
[INFO] [stdout]   |                   ^^^^^^^  ^^^^^^   ^^^^^^^^^^            ^^^  ^^^^   ^^^^^^^^^  ^^^^^^
[INFO] [stdout]   |
[INFO] [stdout] help: if this is a test module, consider adding a `#[cfg(test)]` to the containing module
[INFO] [stdout]  --> src/lib.rs:5:1
[INFO] [stdout]   |
[INFO] [stdout] 5 | pub mod tests;
[INFO] [stdout]   | ^^^^^^^^^^^^^^
[INFO] [stdout] 
[INFO] [stdout] 
[INFO] [stdout] warning: unused import: `tower::util::ServiceExt`
[INFO] [stdout]  --> src/tests.rs:6:5
[INFO] [stdout]   |
[INFO] [stdout] 6 | use tower::util::ServiceExt;
[INFO] [stdout]   |     ^^^^^^^^^^^^^^^^^^^^^^^
[INFO] [stdout]   |
[INFO] [stdout] help: if this is a test module, consider adding a `#[cfg(test)]` to the containing module
[INFO] [stdout]  --> src/lib.rs:5:1
[INFO] [stdout]   |
[INFO] [stdout] 5 | pub mod tests;
[INFO] [stdout]   | ^^^^^^^^^^^^^^
[INFO] [stdout] 
[INFO] [stdout] 
[INFO] [stdout] warning: unused import: `Extension`
[INFO] [stdout]   --> src/lib.rs:11:5
[INFO] [stdout]    |
[INFO] [stdout] 11 |     Extension
[INFO] [stdout]    |     ^^^^^^^^^
[INFO] [stdout] 
[INFO] [stdout] 
[INFO] [stdout] warning: unused import: `tower_http::trace::TraceLayer`
[INFO] [stdout]   --> src/lib.rs:14:5
[INFO] [stdout]    |
[INFO] [stdout] 14 | use tower_http::trace::TraceLayer;
[INFO] [stdout]    |     ^^^^^^^^^^^^^^^^^^^^^^^^^^^^^
[INFO] [stdout] 
[INFO] [stdout] 
[INFO] [stdout] warning: unused import: `anyhow::Context`
[INFO] [stdout]  --> src/main.rs:5:5
[INFO] [stdout]   |
[INFO] [stdout] 5 | use anyhow::Context;
[INFO] [stdout]   |     ^^^^^^^^^^^^^^^
[INFO] [stdout]   |
[INFO] [stdout]   = note: `#[warn(unused_imports)]` on by default
[INFO] [stdout] 
[INFO] [stdout] 
[INFO] [stderr]     Finished `dev` profile [unoptimized + debuginfo] target(s) in 1m 53s
[INFO] running `Command { std: "docker" "inspect" "d526c78050cfe543333763a0ded3cd1cbb170f131ddc3b83584aa0a9a07eeac3", kill_on_drop: false }`
[INFO] running `Command { std: "docker" "rm" "-f" "d526c78050cfe543333763a0ded3cd1cbb170f131ddc3b83584aa0a9a07eeac3", kill_on_drop: false }`
[INFO] [stdout] d526c78050cfe543333763a0ded3cd1cbb170f131ddc3b83584aa0a9a07eeac3
[INFO] running `Command { std: "docker" "create" "-v" "/var/lib/crater-agent-workspace/builds/worker-1-tc1/target:/opt/rustwide/target:rw,Z" "-v" "/var/lib/crater-agent-workspace/builds/worker-1-tc1/source:/opt/rustwide/workdir:ro,Z" "-v" "/var/lib/crater-agent-workspace/cargo-home:/opt/rustwide/cargo-home:ro,Z" "-v" "/var/lib/crater-agent-workspace/rustup-home:/opt/rustwide/rustup-home:ro,Z" "-e" "SOURCE_DIR=/opt/rustwide/workdir" "-e" "CARGO_TARGET_DIR=/opt/rustwide/target" "-e" "CARGO_INCREMENTAL=0" "-e" "RUST_BACKTRACE=full" "-e" "RUSTFLAGS=--cap-lints=warn" "-e" "RUSTDOCFLAGS=--cap-lints=warn" "-e" "CARGO_HOME=/opt/rustwide/cargo-home" "-e" "RUSTUP_HOME=/opt/rustwide/rustup-home" "-w" "/opt/rustwide/workdir" "-m" "1610612736" "--user" "0:0" "--network" "none" "ghcr.io/rust-lang/crates-build-env/linux@sha256:f3a9d4ad9d972b27faf3965f35b62e55ba32bbce8f20bc8fe909558a86702fde" "/opt/rustwide/cargo-home/bin/cargo" "+1.83.0" "test" "--frozen" "--no-run" "--message-format=json", kill_on_drop: false }`
[INFO] [stdout] b2a234d4c5e0735dca0e8b30a7959d5c46faec3c0b92126da0dc2e1c8a54996d
[INFO] running `Command { std: "docker" "start" "-a" "b2a234d4c5e0735dca0e8b30a7959d5c46faec3c0b92126da0dc2e1c8a54996d", kill_on_drop: false }`
[INFO] [stderr]    Compiling bbbcntr_rust v0.1.0 (/opt/rustwide/workdir)
[INFO] [stdout] warning: unused import: `sqlx::postgres::PgPoolOptions`
[INFO] [stdout]  --> src/tests.rs:1:5
[INFO] [stdout]   |
[INFO] [stdout] 1 | use sqlx::postgres::PgPoolOptions;
[INFO] [stdout]   |     ^^^^^^^^^^^^^^^^^^^^^^^^^^^^^
[INFO] [stdout]   |
[INFO] [stdout] help: if this is a test module, consider adding a `#[cfg(test)]` to the containing module
[INFO] [stdout]  --> src/lib.rs:5:1
[INFO] [stdout]   |
[INFO] [stdout] 5 | pub mod tests;
[INFO] [stdout]   | ^^^^^^^^^^^^^^
[INFO] [stdout]   = note: `#[warn(unused_imports)]` on by default
[INFO] [stdout] 
[INFO] [stdout] 
[INFO] [stdout] warning: unused import: `sqlx::PgPool`
[INFO] [stdout]  --> src/tests.rs:2:5
[INFO] [stdout]   |
[INFO] [stdout] 2 | use sqlx::PgPool;
[INFO] [stdout]   |     ^^^^^^^^^^^^
[INFO] [stdout]   |
[INFO] [stdout] help: if this is a test module, consider adding a `#[cfg(test)]` to the containing module
[INFO] [stdout]  --> src/lib.rs:5:1
[INFO] [stdout]   |
[INFO] [stdout] 5 | pub mod tests;
[INFO] [stdout]   | ^^^^^^^^^^^^^^
[INFO] [stdout] 
[INFO] [stdout] 
[INFO] [stdout] warning: unused import: `crate::controllers::*`
[INFO] [stdout]  --> src/tests.rs:3:5
[INFO] [stdout]   |
[INFO] [stdout] 3 | use crate::controllers::*;
[INFO] [stdout]   |     ^^^^^^^^^^^^^^^^^^^^^
[INFO] [stdout]   |
[INFO] [stdout] help: if this is a test module, consider adding a `#[cfg(test)]` to the containing module
[INFO] [stdout]  --> src/lib.rs:5:1
[INFO] [stdout]   |
[INFO] [stdout] 5 | pub mod tests;
[INFO] [stdout]   | ^^^^^^^^^^^^^^
[INFO] [stdout] 
[INFO] [stdout] 
[INFO] [stdout] warning: unused import: `crate::init_router`
[INFO] [stdout]  --> src/tests.rs:4:5
[INFO] [stdout]   |
[INFO] [stdout] 4 | use crate::init_router;
[INFO] [stdout]   |     ^^^^^^^^^^^^^^^^^^
[INFO] [stdout]   |
[INFO] [stdout] help: if this is a test module, consider adding a `#[cfg(test)]` to the containing module
[INFO] [stdout]  --> src/lib.rs:5:1
[INFO] [stdout]   |
[INFO] [stdout] 5 | pub mod tests;
[INFO] [stdout]   | ^^^^^^^^^^^^^^
[INFO] [stdout] 
[INFO] [stdout] 
[INFO] [stdout] warning: unused imports: `Extension`, `Method`, `Request`, `Router`, `body::Body`, `get`, and `post`
[INFO] [stdout]  --> src/tests.rs:5:19
[INFO] [stdout]   |
[INFO] [stdout] 5 | use axum::{http::{Request, Method}, body::Body, routing::{get, post}, Extension, Router};
[INFO] [stdout]   |                   ^^^^^^^  ^^^^^^   ^^^^^^^^^^            ^^^  ^^^^   ^^^^^^^^^  ^^^^^^
[INFO] [stdout]   |
[INFO] [stdout] help: if this is a test module, consider adding a `#[cfg(test)]` to the containing module
[INFO] [stdout]  --> src/lib.rs:5:1
[INFO] [stdout]   |
[INFO] [stdout] 5 | pub mod tests;
[INFO] [stdout]   | ^^^^^^^^^^^^^^
[INFO] [stdout] 
[INFO] [stdout] 
[INFO] [stdout] warning: unused import: `tower::util::ServiceExt`
[INFO] [stdout]  --> src/tests.rs:6:5
[INFO] [stdout]   |
[INFO] [stdout] 6 | use tower::util::ServiceExt;
[INFO] [stdout]   |     ^^^^^^^^^^^^^^^^^^^^^^^
[INFO] [stdout]   |
[INFO] [stdout] help: if this is a test module, consider adding a `#[cfg(test)]` to the containing module
[INFO] [stdout]  --> src/lib.rs:5:1
[INFO] [stdout]   |
[INFO] [stdout] 5 | pub mod tests;
[INFO] [stdout]   | ^^^^^^^^^^^^^^
[INFO] [stdout] 
[INFO] [stdout] 
[INFO] [stdout] warning: unused import: `Extension`
[INFO] [stdout]   --> src/lib.rs:11:5
[INFO] [stdout]    |
[INFO] [stdout] 11 |     Extension
[INFO] [stdout]    |     ^^^^^^^^^
[INFO] [stdout] 
[INFO] [stdout] 
[INFO] [stdout] warning: unused import: `tower_http::trace::TraceLayer`
[INFO] [stdout]   --> src/lib.rs:14:5
[INFO] [stdout]    |
[INFO] [stdout] 14 | use tower_http::trace::TraceLayer;
[INFO] [stdout]    |     ^^^^^^^^^^^^^^^^^^^^^^^^^^^^^
[INFO] [stdout] 
[INFO] [stdout] 
[INFO] [stdout] warning: unused import: `anyhow::Context`
[INFO] [stdout]  --> src/main.rs:5:5
[INFO] [stdout]   |
[INFO] [stdout] 5 | use anyhow::Context;
[INFO] [stdout]   |     ^^^^^^^^^^^^^^^
[INFO] [stdout]   |
[INFO] [stdout]   = note: `#[warn(unused_imports)]` on by default
[INFO] [stdout] 
[INFO] [stdout] 
[INFO] [stdout] warning: unused imports: `Router`, `get`, and `post`
[INFO] [stdout]  --> src/tests.rs:5:59
[INFO] [stdout]   |
[INFO] [stdout] 5 | use axum::{http::{Request, Method}, body::Body, routing::{get, post}, Extension, Router};
[INFO] [stdout]   |                                                           ^^^  ^^^^              ^^^^^^
[INFO] [stdout]   |
[INFO] [stdout]   = note: `#[warn(unused_imports)]` on by default
[INFO] [stdout] 
[INFO] [stdout] 
[INFO] [stdout] warning: unused import: `Extension`
[INFO] [stdout]   --> src/lib.rs:11:5
[INFO] [stdout]    |
[INFO] [stdout] 11 |     Extension
[INFO] [stdout]    |     ^^^^^^^^^
[INFO] [stdout] 
[INFO] [stdout] 
[INFO] [stdout] warning: unused import: `tower_http::trace::TraceLayer`
[INFO] [stdout]   --> src/lib.rs:14:5
[INFO] [stdout]    |
[INFO] [stdout] 14 | use tower_http::trace::TraceLayer;
[INFO] [stdout]    |     ^^^^^^^^^^^^^^^^^^^^^^^^^^^^^
[INFO] [stdout] 
[INFO] [stdout] 
[INFO] [stdout] warning: value assigned to `response` is never read
[INFO] [stdout]    --> src/tests.rs:117:13
[INFO] [stdout]     |
[INFO] [stdout] 117 |     let mut response = app
[INFO] [stdout]     |             ^^^^^^^^
[INFO] [stdout]     |
[INFO] [stdout]     = help: maybe it is overwritten before being read?
[INFO] [stdout]     = note: `#[warn(unused_assignments)]` on by default
[INFO] [stdout] 
[INFO] [stdout] 
[INFO] [stdout] warning: value assigned to `response` is never read
[INFO] [stdout]    --> src/tests.rs:138:5
[INFO] [stdout]     |
[INFO] [stdout] 138 |     response = app
[INFO] [stdout]     |     ^^^^^^^^
[INFO] [stdout]     |
[INFO] [stdout]     = help: maybe it is overwritten before being read?
[INFO] [stdout] 
[INFO] [stdout] 
[INFO] [stdout] warning: value assigned to `response` is never read
[INFO] [stdout]    --> src/tests.rs:190:13
[INFO] [stdout]     |
[INFO] [stdout] 190 |     let mut response = app
[INFO] [stdout]     |             ^^^^^^^^
[INFO] [stdout]     |
[INFO] [stdout]     = help: maybe it is overwritten before being read?
[INFO] [stdout] 
[INFO] [stdout] 
[INFO] [stdout] warning: unused `Result` that must be used
[INFO] [stdout]    --> src/tests.rs:144:5
[INFO] [stdout]     |
[INFO] [stdout] 144 |     approve_client("john1@doe.pro".to_string(), "john1.doemain".to_string(), pool).await;
[INFO] [stdout]     |     ^^^^^^^^^^^^^^^^^^^^^^^^^^^^^^^^^^^^^^^^^^^^^^^^^^^^^^^^^^^^^^^^^^^^^^^^^^^^^^^^^^^^
[INFO] [stdout]     |
[INFO] [stdout]     = note: this `Result` may be an `Err` variant, which should be handled
[INFO] [stdout]     = note: `#[warn(unused_must_use)]` on by default
[INFO] [stdout] help: use `let _ = ...` to ignore the resulting value
[INFO] [stdout]     |
[INFO] [stdout] 144 |     let _ = approve_client("john1@doe.pro".to_string(), "john1.doemain".to_string(), pool).await;
[INFO] [stdout]     |     +++++++
[INFO] [stdout] 
[INFO] [stdout] 
[INFO] [stderr]     Finished `test` profile [unoptimized + debuginfo] target(s) in 7.70s
[INFO] running `Command { std: "docker" "inspect" "b2a234d4c5e0735dca0e8b30a7959d5c46faec3c0b92126da0dc2e1c8a54996d", kill_on_drop: false }`
[INFO] running `Command { std: "docker" "rm" "-f" "b2a234d4c5e0735dca0e8b30a7959d5c46faec3c0b92126da0dc2e1c8a54996d", kill_on_drop: false }`
[INFO] [stdout] b2a234d4c5e0735dca0e8b30a7959d5c46faec3c0b92126da0dc2e1c8a54996d
[INFO] running `Command { std: "docker" "create" "-v" "/var/lib/crater-agent-workspace/builds/worker-1-tc1/target:/opt/rustwide/target:rw,Z" "-v" "/var/lib/crater-agent-workspace/builds/worker-1-tc1/source:/opt/rustwide/workdir:ro,Z" "-v" "/var/lib/crater-agent-workspace/cargo-home:/opt/rustwide/cargo-home:ro,Z" "-v" "/var/lib/crater-agent-workspace/rustup-home:/opt/rustwide/rustup-home:ro,Z" "-e" "SOURCE_DIR=/opt/rustwide/workdir" "-e" "CARGO_TARGET_DIR=/opt/rustwide/target" "-e" "CARGO_INCREMENTAL=0" "-e" "RUST_BACKTRACE=full" "-e" "RUSTFLAGS=--cap-lints=warn" "-e" "RUSTDOCFLAGS=--cap-lints=warn" "-e" "CARGO_HOME=/opt/rustwide/cargo-home" "-e" "RUSTUP_HOME=/opt/rustwide/rustup-home" "-w" "/opt/rustwide/workdir" "-m" "1610612736" "--user" "0:0" "--network" "none" "ghcr.io/rust-lang/crates-build-env/linux@sha256:f3a9d4ad9d972b27faf3965f35b62e55ba32bbce8f20bc8fe909558a86702fde" "/opt/rustwide/cargo-home/bin/cargo" "+1.83.0" "test" "--frozen", kill_on_drop: false }`
[INFO] [stdout] ee782c74695bb6b9db52ea5292ef04eb8023ad676419c0bf043bba1eec0d68cb
[INFO] running `Command { std: "docker" "start" "-a" "ee782c74695bb6b9db52ea5292ef04eb8023ad676419c0bf043bba1eec0d68cb", kill_on_drop: false }`
[INFO] [stderr] warning: unused import: `sqlx::postgres::PgPoolOptions`
[INFO] [stderr]  --> src/tests.rs:1:5
[INFO] [stderr]   |
[INFO] [stderr] 1 | use sqlx::postgres::PgPoolOptions;
[INFO] [stderr]   |     ^^^^^^^^^^^^^^^^^^^^^^^^^^^^^
[INFO] [stderr]   |
[INFO] [stderr] help: if this is a test module, consider adding a `#[cfg(test)]` to the containing module
[INFO] [stderr]  --> src/lib.rs:5:1
[INFO] [stderr]   |
[INFO] [stderr] 5 | pub mod tests;
[INFO] [stderr]   | ^^^^^^^^^^^^^^
[INFO] [stderr]   = note: `#[warn(unused_imports)]` on by default
[INFO] [stderr] 
[INFO] [stderr] warning: unused import: `sqlx::PgPool`
[INFO] [stderr]  --> src/tests.rs:2:5
[INFO] [stderr]   |
[INFO] [stderr] 2 | use sqlx::PgPool;
[INFO] [stderr]   |     ^^^^^^^^^^^^
[INFO] [stderr]   |
[INFO] [stderr] help: if this is a test module, consider adding a `#[cfg(test)]` to the containing module
[INFO] [stderr]  --> src/lib.rs:5:1
[INFO] [stderr]   |
[INFO] [stderr] 5 | pub mod tests;
[INFO] [stderr]   | ^^^^^^^^^^^^^^
[INFO] [stderr] 
[INFO] [stderr] warning: unused import: `crate::controllers::*`
[INFO] [stderr]  --> src/tests.rs:3:5
[INFO] [stderr]   |
[INFO] [stderr] 3 | use crate::controllers::*;
[INFO] [stderr]   |     ^^^^^^^^^^^^^^^^^^^^^
[INFO] [stderr]   |
[INFO] [stderr] help: if this is a test module, consider adding a `#[cfg(test)]` to the containing module
[INFO] [stderr]  --> src/lib.rs:5:1
[INFO] [stderr]   |
[INFO] [stderr] 5 | pub mod tests;
[INFO] [stderr]   | ^^^^^^^^^^^^^^
[INFO] [stderr] 
[INFO] [stderr] warning: unused import: `crate::init_router`
[INFO] [stderr]  --> src/tests.rs:4:5
[INFO] [stderr]   |
[INFO] [stderr] 4 | use crate::init_router;
[INFO] [stderr]   |     ^^^^^^^^^^^^^^^^^^
[INFO] [stderr]   |
[INFO] [stderr] help: if this is a test module, consider adding a `#[cfg(test)]` to the containing module
[INFO] [stderr]  --> src/lib.rs:5:1
[INFO] [stderr]   |
[INFO] [stderr] 5 | pub mod tests;
[INFO] [stderr]   | ^^^^^^^^^^^^^^
[INFO] [stderr] 
[INFO] [stderr] warning: unused imports: `Extension`, `Method`, `Request`, `Router`, `body::Body`, `get`, and `post`
[INFO] [stderr]  --> src/tests.rs:5:19
[INFO] [stderr]   |
[INFO] [stderr] 5 | use axum::{http::{Request, Method}, body::Body, routing::{get, post}, Extension, Router};
[INFO] [stderr]   |                   ^^^^^^^  ^^^^^^   ^^^^^^^^^^            ^^^  ^^^^   ^^^^^^^^^  ^^^^^^
[INFO] [stderr]   |
[INFO] [stderr] help: if this is a test module, consider adding a `#[cfg(test)]` to the containing module
[INFO] [stderr]  --> src/lib.rs:5:1
[INFO] [stderr]   |
[INFO] [stderr] 5 | pub mod tests;
[INFO] [stderr]   | ^^^^^^^^^^^^^^
[INFO] [stderr] 
[INFO] [stderr] warning: unused import: `tower::util::ServiceExt`
[INFO] [stderr]  --> src/tests.rs:6:5
[INFO] [stderr]   |
[INFO] [stderr] 6 | use tower::util::ServiceExt;
[INFO] [stderr]   |     ^^^^^^^^^^^^^^^^^^^^^^^
[INFO] [stderr]   |
[INFO] [stderr] help: if this is a test module, consider adding a `#[cfg(test)]` to the containing module
[INFO] [stderr]  --> src/lib.rs:5:1
[INFO] [stderr]   |
[INFO] [stderr] 5 | pub mod tests;
[INFO] [stderr]   | ^^^^^^^^^^^^^^
[INFO] [stderr] 
[INFO] [stderr] warning: unused import: `Extension`
[INFO] [stderr]   --> src/lib.rs:11:5
[INFO] [stderr]    |
[INFO] [stderr] 11 |     Extension
[INFO] [stderr]    |     ^^^^^^^^^
[INFO] [stderr] 
[INFO] [stderr] warning: unused import: `tower_http::trace::TraceLayer`
[INFO] [stderr]   --> src/lib.rs:14:5
[INFO] [stderr]    |
[INFO] [stderr] 14 | use tower_http::trace::TraceLayer;
[INFO] [stderr]    |     ^^^^^^^^^^^^^^^^^^^^^^^^^^^^^
[INFO] [stderr] 
[INFO] [stderr] warning: unused imports: `Router`, `get`, and `post`
[INFO] [stderr]  --> src/tests.rs:5:59
[INFO] [stderr]   |
[INFO] [stderr] 5 | use axum::{http::{Request, Method}, body::Body, routing::{get, post}, Extension, Router};
[INFO] [stderr]   |                                                           ^^^  ^^^^              ^^^^^^
[INFO] [stderr]   |
[INFO] [stderr]   = note: `#[warn(unused_imports)]` on by default
[INFO] [stderr] 
[INFO] [stderr] warning: value assigned to `response` is never read
[INFO] [stderr]    --> src/tests.rs:117:13
[INFO] [stderr]     |
[INFO] [stderr] 117 |     let mut response = app
[INFO] [stderr]     |             ^^^^^^^^
[INFO] [stderr]     |
[INFO] [stderr]     = help: maybe it is overwritten before being read?
[INFO] [stderr]     = note: `#[warn(unused_assignments)]` on by default
[INFO] [stderr] 
[INFO] [stderr] warning: value assigned to `response` is never read
[INFO] [stderr]    --> src/tests.rs:138:5
[INFO] [stderr]     |
[INFO] [stderr] 138 |     response = app
[INFO] [stderr]     |     ^^^^^^^^
[INFO] [stderr]     |
[INFO] [stderr]     = help: maybe it is overwritten before being read?
[INFO] [stderr] 
[INFO] [stderr] warning: value assigned to `response` is never read
[INFO] [stderr]    --> src/tests.rs:190:13
[INFO] [stderr]     |
[INFO] [stderr] 190 |     let mut response = app
[INFO] [stderr]     |             ^^^^^^^^
[INFO] [stderr]     |
[INFO] [stderr]     = help: maybe it is overwritten before being read?
[INFO] [stderr] 
[INFO] [stderr] warning: unused `Result` that must be used
[INFO] [stderr]    --> src/tests.rs:144:5
[INFO] [stderr]     |
[INFO] [stderr] 144 |     approve_client("john1@doe.pro".to_string(), "john1.doemain".to_string(), pool).await;
[INFO] [stderr]     |     ^^^^^^^^^^^^^^^^^^^^^^^^^^^^^^^^^^^^^^^^^^^^^^^^^^^^^^^^^^^^^^^^^^^^^^^^^^^^^^^^^^^^
[INFO] [stderr]     |
[INFO] [stderr]     = note: this `Result` may be an `Err` variant, which should be handled
[INFO] [stderr]     = note: `#[warn(unused_must_use)]` on by default
[INFO] [stderr] help: use `let _ = ...` to ignore the resulting value
[INFO] [stderr]     |
[INFO] [stderr] 144 |     let _ = approve_client("john1@doe.pro".to_string(), "john1.doemain".to_string(), pool).await;
[INFO] [stderr]     |     +++++++
[INFO] [stderr] 
[INFO] [stderr] warning: `bbbcntr_rust` (lib) generated 8 warnings (run `cargo fix --lib -p bbbcntr_rust` to apply 8 suggestions)
[INFO] [stderr] warning: `bbbcntr_rust` (lib test) generated 7 warnings (2 duplicates) (run `cargo fix --lib -p bbbcntr_rust --tests` to apply 1 suggestion)
[INFO] [stderr] warning: unused import: `anyhow::Context`
[INFO] [stderr]  --> src/main.rs:5:5
[INFO] [stderr]   |
[INFO] [stderr] 5 | use anyhow::Context;
[INFO] [stderr]   |     ^^^^^^^^^^^^^^^
[INFO] [stderr]   |
[INFO] [stderr]   = note: `#[warn(unused_imports)]` on by default
[INFO] [stderr] 
[INFO] [stderr] warning: `bbbcntr_rust` (bin "bbbcntr_rust" test) generated 1 warning (run `cargo fix --bin "bbbcntr_rust" --tests` to apply 1 suggestion)
[INFO] [stderr]     Finished `test` profile [unoptimized + debuginfo] target(s) in 0.49s
[INFO] [stderr]      Running unittests src/lib.rs (/opt/rustwide/target/debug/deps/bbbcntr_rust-5c9ab40dcf46317a)
[INFO] [stdout] 
[INFO] [stdout] running 5 tests
[INFO] [stdout] test tests::test_get_clients ... FAILED
[INFO] [stdout] test tests::test_client_create ... FAILED
[INFO] [stdout] test tests::test_user_create ... FAILED
[INFO] [stdout] test tests::check_database_connectivity ... FAILED
[INFO] [stdout] test tests::test_token_create ... FAILED
[INFO] [stdout] 
[INFO] [stdout] failures:
[INFO] [stdout] 
[INFO] [stdout] ---- tests::test_get_clients stdout ----
[INFO] [stdout] thread 'tests::test_get_clients' panicked at src/tests.rs:26:46:
[INFO] [stdout] set DATABASE_URL env variable: NotPresent
[INFO] [stdout] stack backtrace:
[INFO] [stdout]    0:     0x6236fcda658a - std::backtrace_rs::backtrace::libunwind::trace::h5a5b8284f2d0c266
[INFO] [stdout]                                at /rustc/90b35a6239c3d8bdabc530a6a0816f7ff89a0aaf/library/std/src/../../backtrace/src/backtrace/libunwind.rs:116:5
[INFO] [stdout]    1:     0x6236fcda658a - std::backtrace_rs::backtrace::trace_unsynchronized::h76d4f1c9b0b875e3
[INFO] [stdout]                                at /rustc/90b35a6239c3d8bdabc530a6a0816f7ff89a0aaf/library/std/src/../../backtrace/src/backtrace/mod.rs:66:5
[INFO] [stdout]    2:     0x6236fcda658a - std::sys::backtrace::_print_fmt::hc4546b8364a537c6
[INFO] [stdout]                                at /rustc/90b35a6239c3d8bdabc530a6a0816f7ff89a0aaf/library/std/src/sys/backtrace.rs:66:9
[INFO] [stdout]    3:     0x6236fcda658a - <std::sys::backtrace::BacktraceLock::print::DisplayBacktrace as core::fmt::Display>::fmt::h5b6bd5631a6d1f6b
[INFO] [stdout]                                at /rustc/90b35a6239c3d8bdabc530a6a0816f7ff89a0aaf/library/std/src/sys/backtrace.rs:39:26
[INFO] [stdout]    4:     0x6236fcdcfa43 - core::fmt::rt::Argument::fmt::h270f6602a2b96f62
[INFO] [stdout]                                at /rustc/90b35a6239c3d8bdabc530a6a0816f7ff89a0aaf/library/core/src/fmt/rt.rs:177:76
[INFO] [stdout]    5:     0x6236fcdcfa43 - core::fmt::write::h7550c97b06c86515
[INFO] [stdout]                                at /rustc/90b35a6239c3d8bdabc530a6a0816f7ff89a0aaf/library/core/src/fmt/mod.rs:1186:21
[INFO] [stdout]    6:     0x6236fcda28a3 - std::io::Write::write_fmt::h509ff860e5956e5e
[INFO] [stdout]                                at /rustc/90b35a6239c3d8bdabc530a6a0816f7ff89a0aaf/library/std/src/io/mod.rs:1839:15
[INFO] [stdout]    7:     0x6236fcda63d2 - std::sys::backtrace::BacktraceLock::print::h2395ccd2c84ba3aa
[INFO] [stdout]                                at /rustc/90b35a6239c3d8bdabc530a6a0816f7ff89a0aaf/library/std/src/sys/backtrace.rs:42:9
[INFO] [stdout]    8:     0x6236fcda79ea - std::panicking::default_hook::{{closure}}::he19d4c7230e07961
[INFO] [stdout]                                at /rustc/90b35a6239c3d8bdabc530a6a0816f7ff89a0aaf/library/std/src/panicking.rs:268:22
[INFO] [stdout]    9:     0x6236fcda77f4 - std::panicking::default_hook::hf614597d3c67bbdb
[INFO] [stdout]                                at /rustc/90b35a6239c3d8bdabc530a6a0816f7ff89a0aaf/library/std/src/panicking.rs:292:9
[INFO] [stdout]   10:     0x6236fc8e5ff9 - <alloc::boxed::Box<F,A> as core::ops::function::Fn<Args>>::call::h39b51ce4599c23d1
[INFO] [stdout]                                at /rustc/90b35a6239c3d8bdabc530a6a0816f7ff89a0aaf/library/alloc/src/boxed.rs:2468:9
[INFO] [stdout]   11:     0x6236fc8e5ff9 - test::test_main::{{closure}}::he977ae839a582784
[INFO] [stdout]                                at /rustc/90b35a6239c3d8bdabc530a6a0816f7ff89a0aaf/library/test/src/lib.rs:133:21
[INFO] [stdout]   12:     0x6236fcda8088 - <alloc::boxed::Box<F,A> as core::ops::function::Fn<Args>>::call::h9455091b6b06f9fb
[INFO] [stdout]                                at /rustc/90b35a6239c3d8bdabc530a6a0816f7ff89a0aaf/library/alloc/src/boxed.rs:2468:9
[INFO] [stdout]   13:     0x6236fcda8088 - std::panicking::rust_panic_with_hook::h8942133a8b252070
[INFO] [stdout]                                at /rustc/90b35a6239c3d8bdabc530a6a0816f7ff89a0aaf/library/std/src/panicking.rs:809:13
[INFO] [stdout]   14:     0x6236fcda7e4a - std::panicking::begin_panic_handler::{{closure}}::hb5f5963570096b29
[INFO] [stdout]                                at /rustc/90b35a6239c3d8bdabc530a6a0816f7ff89a0aaf/library/std/src/panicking.rs:674:13
[INFO] [stdout]   15:     0x6236fcda6a69 - std::sys::backtrace::__rust_end_short_backtrace::h6208cedc1922feda
[INFO] [stdout]                                at /rustc/90b35a6239c3d8bdabc530a6a0816f7ff89a0aaf/library/std/src/sys/backtrace.rs:170:18
[INFO] [stdout]   16:     0x6236fcda7adc - rust_begin_unwind
[INFO] [stdout]                                at /rustc/90b35a6239c3d8bdabc530a6a0816f7ff89a0aaf/library/std/src/panicking.rs:665:5
[INFO] [stdout]   17:     0x6236fc7de3d0 - core::panicking::panic_fmt::h0c3082644d1bf418
[INFO] [stdout]                                at /rustc/90b35a6239c3d8bdabc530a6a0816f7ff89a0aaf/library/core/src/panicking.rs:74:14
[INFO] [stdout]   18:     0x6236fc7de876 - core::result::unwrap_failed::hd20b4aa073bda1e2
[INFO] [stdout]                                at /rustc/90b35a6239c3d8bdabc530a6a0816f7ff89a0aaf/library/core/src/result.rs:1700:5
[INFO] [stdout]   19:     0x6236fc898096 - core::result::Result<T,E>::expect::h770304d8ea153fec
[INFO] [stdout]                                at /rustc/90b35a6239c3d8bdabc530a6a0816f7ff89a0aaf/library/core/src/result.rs:1061:23
[INFO] [stdout]   20:     0x6236fc8014f5 - bbbcntr_rust::tests::create_connection_pool::{{closure}}::h5fe2693f39b99b46
[INFO] [stdout]                                at /opt/rustwide/workdir/src/tests.rs:26:16
[INFO] [stdout]   21:     0x6236fc80528c - bbbcntr_rust::tests::test_get_clients::{{closure}}::h815c35a63d28843c
[INFO] [stdout]                                at /opt/rustwide/workdir/src/tests.rs:174:41
[INFO] [stdout]   22:     0x6236fc82c1b2 - <core::pin::Pin<P> as core::future::future::Future>::poll::h1a2df2d608788d34
[INFO] [stdout]                                at /rustc/90b35a6239c3d8bdabc530a6a0816f7ff89a0aaf/library/core/src/future/future.rs:123:9
[INFO] [stdout]   23:     0x6236fc82c3cd - <core::pin::Pin<P> as core::future::future::Future>::poll::hbef8a5af14e53819
[INFO] [stdout]                                at /rustc/90b35a6239c3d8bdabc530a6a0816f7ff89a0aaf/library/core/src/future/future.rs:123:9
[INFO] [stdout]   24:     0x6236fc8727ef - tokio::runtime::scheduler::current_thread::CoreGuard::block_on::{{closure}}::{{closure}}::{{closure}}::h585daebd067d70c2
[INFO] [stdout]                                at /opt/rustwide/cargo-home/registry/src/index.crates.io-6f17d22bba15001f/tokio-1.40.0/src/runtime/scheduler/current_thread/mod.rs:696:57
[INFO] [stdout]   25:     0x6236fc872595 - tokio::runtime::coop::with_budget::heb1a9c23620ea96b
[INFO] [stdout]                                at /opt/rustwide/cargo-home/registry/src/index.crates.io-6f17d22bba15001f/tokio-1.40.0/src/runtime/coop.rs:107:5
[INFO] [stdout]   26:     0x6236fc872595 - tokio::runtime::coop::budget::ha952a43c4e5f0922
[INFO] [stdout]                                at /opt/rustwide/cargo-home/registry/src/index.crates.io-6f17d22bba15001f/tokio-1.40.0/src/runtime/coop.rs:73:5
[INFO] [stdout]   27:     0x6236fc872595 - tokio::runtime::scheduler::current_thread::CoreGuard::block_on::{{closure}}::{{closure}}::hb8de40ff15a7a4ba
[INFO] [stdout]                                at /opt/rustwide/cargo-home/registry/src/index.crates.io-6f17d22bba15001f/tokio-1.40.0/src/runtime/scheduler/current_thread/mod.rs:696:25
[INFO] [stdout]   28:     0x6236fc870080 - tokio::runtime::scheduler::current_thread::Context::enter::h818eb93a1972595f
[INFO] [stdout]                                at /opt/rustwide/cargo-home/registry/src/index.crates.io-6f17d22bba15001f/tokio-1.40.0/src/runtime/scheduler/current_thread/mod.rs:423:19
[INFO] [stdout]   29:     0x6236fc87153e - tokio::runtime::scheduler::current_thread::CoreGuard::block_on::{{closure}}::h01e26fc3995d0aca
[INFO] [stdout]                                at /opt/rustwide/cargo-home/registry/src/index.crates.io-6f17d22bba15001f/tokio-1.40.0/src/runtime/scheduler/current_thread/mod.rs:695:36
[INFO] [stdout]   30:     0x6236fc871234 - tokio::runtime::scheduler::current_thread::CoreGuard::enter::{{closure}}::h02554062c828c391
[INFO] [stdout]                                at /opt/rustwide/cargo-home/registry/src/index.crates.io-6f17d22bba15001f/tokio-1.40.0/src/runtime/scheduler/current_thread/mod.rs:774:68
[INFO] [stdout]   31:     0x6236fc8a833b - tokio::runtime::context::scoped::Scoped<T>::set::ha3e9563e8455eee5
[INFO] [stdout]                                at /opt/rustwide/cargo-home/registry/src/index.crates.io-6f17d22bba15001f/tokio-1.40.0/src/runtime/context/scoped.rs:40:9
[INFO] [stdout]   32:     0x6236fc80bf09 - tokio::runtime::context::set_scheduler::{{closure}}::h5f1982f0ed5d3801
[INFO] [stdout]                                at /opt/rustwide/cargo-home/registry/src/index.crates.io-6f17d22bba15001f/tokio-1.40.0/src/runtime/context.rs:180:26
[INFO] [stdout]   33:     0x6236fc87c20d - std::thread::local::LocalKey<T>::try_with::h94d5a6a6def45786
[INFO] [stdout]                                at /rustc/90b35a6239c3d8bdabc530a6a0816f7ff89a0aaf/library/std/src/thread/local.rs:283:12
[INFO] [stdout]   34:     0x6236fc87ba1a - std::thread::local::LocalKey<T>::with::h9a5d9d825e8d314d
[INFO] [stdout]                                at /rustc/90b35a6239c3d8bdabc530a6a0816f7ff89a0aaf/library/std/src/thread/local.rs:260:9
[INFO] [stdout]   35:     0x6236fc80be7d - tokio::runtime::context::set_scheduler::h671df4546fe289c6
[INFO] [stdout]                                at /opt/rustwide/cargo-home/registry/src/index.crates.io-6f17d22bba15001f/tokio-1.40.0/src/runtime/context.rs:180:9
[INFO] [stdout]   36:     0x6236fc870fe0 - tokio::runtime::scheduler::current_thread::CoreGuard::enter::he1159a75e7bf8e4f
[INFO] [stdout]                                at /opt/rustwide/cargo-home/registry/src/index.crates.io-6f17d22bba15001f/tokio-1.40.0/src/runtime/scheduler/current_thread/mod.rs:774:27
[INFO] [stdout]   37:     0x6236fc871273 - tokio::runtime::scheduler::current_thread::CoreGuard::block_on::h46bd121520c29862
[INFO] [stdout]                                at /opt/rustwide/cargo-home/registry/src/index.crates.io-6f17d22bba15001f/tokio-1.40.0/src/runtime/scheduler/current_thread/mod.rs:683:19
[INFO] [stdout]   38:     0x6236fc86f4ea - tokio::runtime::scheduler::current_thread::CurrentThread::block_on::{{closure}}::h91e600827dda36e0
[INFO] [stdout]                                at /opt/rustwide/cargo-home/registry/src/index.crates.io-6f17d22bba15001f/tokio-1.40.0/src/runtime/scheduler/current_thread/mod.rs:191:28
[INFO] [stdout]   39:     0x6236fc89db86 - tokio::runtime::context::runtime::enter_runtime::he0e01046537fb8ee
[INFO] [stdout]                                at /opt/rustwide/cargo-home/registry/src/index.crates.io-6f17d22bba15001f/tokio-1.40.0/src/runtime/context/runtime.rs:65:16
[INFO] [stdout]   40:     0x6236fc86ee11 - tokio::runtime::scheduler::current_thread::CurrentThread::block_on::h9dfe53aa1542e58e
[INFO] [stdout]                                at /opt/rustwide/cargo-home/registry/src/index.crates.io-6f17d22bba15001f/tokio-1.40.0/src/runtime/scheduler/current_thread/mod.rs:179:9
[INFO] [stdout]   41:     0x6236fc81f77d - tokio::runtime::runtime::Runtime::block_on_inner::h5b6af57b2998d152
[INFO] [stdout]                                at /opt/rustwide/cargo-home/registry/src/index.crates.io-6f17d22bba15001f/tokio-1.40.0/src/runtime/runtime.rs:361:47
[INFO] [stdout]   42:     0x6236fc81f895 - tokio::runtime::runtime::Runtime::block_on::hd62fa5e1b577991e
[INFO] [stdout]                                at /opt/rustwide/cargo-home/registry/src/index.crates.io-6f17d22bba15001f/tokio-1.40.0/src/runtime/runtime.rs:335:13
[INFO] [stdout]   43:     0x6236fc804fbe - bbbcntr_rust::tests::test_get_clients::hc251494b8440dfe4
[INFO] [stdout]                                at /opt/rustwide/workdir/src/tests.rs:212:5
[INFO] [stdout]   44:     0x6236fc804e37 - bbbcntr_rust::tests::test_get_clients::{{closure}}::hfcfa7c1df8dd1c3f
[INFO] [stdout]                                at /opt/rustwide/workdir/src/tests.rs:173:28
[INFO] [stdout]   45:     0x6236fc7e09f6 - core::ops::function::FnOnce::call_once::hf543b7b5361a8f8c
[INFO] [stdout]                                at /rustc/90b35a6239c3d8bdabc530a6a0816f7ff89a0aaf/library/core/src/ops/function.rs:250:5
[INFO] [stdout]   46:     0x6236fc8ea9bb - core::ops::function::FnOnce::call_once::h109cf8051a59b34e
[INFO] [stdout]                                at /rustc/90b35a6239c3d8bdabc530a6a0816f7ff89a0aaf/library/core/src/ops/function.rs:250:5
[INFO] [stdout]   47:     0x6236fc8ea9bb - test::__rust_begin_short_backtrace::hf4fff89d377446ba
[INFO] [stdout]                                at /rustc/90b35a6239c3d8bdabc530a6a0816f7ff89a0aaf/library/test/src/lib.rs:621:18
[INFO] [stdout]   48:     0x6236fc8ea1f7 - test::run_test_in_process::{{closure}}::h0e39181dd7ee5a43
[INFO] [stdout]                                at /rustc/90b35a6239c3d8bdabc530a6a0816f7ff89a0aaf/library/test/src/lib.rs:644:60
[INFO] [stdout]   49:     0x6236fc8ea1f7 - <core::panic::unwind_safe::AssertUnwindSafe<F> as core::ops::function::FnOnce<()>>::call_once::hc5a66a30f0bdfd1f
[INFO] [stdout]                                at /rustc/90b35a6239c3d8bdabc530a6a0816f7ff89a0aaf/library/core/src/panic/unwind_safe.rs:272:9
[INFO] [stdout]   50:     0x6236fc8ea1f7 - std::panicking::try::do_call::h873b7cf639554a5e
[INFO] [stdout]                                at /rustc/90b35a6239c3d8bdabc530a6a0816f7ff89a0aaf/library/std/src/panicking.rs:557:40
[INFO] [stdout]   51:     0x6236fc8ea1f7 - std::panicking::try::hdb19862fad9c8bd1
[INFO] [stdout]                                at /rustc/90b35a6239c3d8bdabc530a6a0816f7ff89a0aaf/library/std/src/panicking.rs:520:19
[INFO] [stdout]   52:     0x6236fc8ea1f7 - std::panic::catch_unwind::h281fe732d236d260
[INFO] [stdout]                                at /rustc/90b35a6239c3d8bdabc530a6a0816f7ff89a0aaf/library/std/src/panic.rs:358:14
[INFO] [stdout]   53:     0x6236fc8ea1f7 - test::run_test_in_process::h949b6df8457ed338
[INFO] [stdout]                                at /rustc/90b35a6239c3d8bdabc530a6a0816f7ff89a0aaf/library/test/src/lib.rs:644:27
[INFO] [stdout]   54:     0x6236fc8ea1f7 - test::run_test::{{closure}}::h52c556a6d4740e10
[INFO] [stdout]                                at /rustc/90b35a6239c3d8bdabc530a6a0816f7ff89a0aaf/library/test/src/lib.rs:565:43
[INFO] [stdout]   55:     0x6236fc8af4d4 - test::run_test::{{closure}}::h4237f6381c45ccb9
[INFO] [stdout]                                at /rustc/90b35a6239c3d8bdabc530a6a0816f7ff89a0aaf/library/test/src/lib.rs:595:41
[INFO] [stdout]   56:     0x6236fc8af4d4 - std::sys::backtrace::__rust_begin_short_backtrace::h505c97a579eca628
[INFO] [stdout]                                at /rustc/90b35a6239c3d8bdabc530a6a0816f7ff89a0aaf/library/std/src/sys/backtrace.rs:154:18
[INFO] [stdout]   57:     0x6236fc8b2b9e - std::thread::Builder::spawn_unchecked_::{{closure}}::{{closure}}::h9e86b2e2bc107ea3
[INFO] [stdout]                                at /rustc/90b35a6239c3d8bdabc530a6a0816f7ff89a0aaf/library/std/src/thread/mod.rs:538:17
[INFO] [stdout]   58:     0x6236fc8b2b9e - <core::panic::unwind_safe::AssertUnwindSafe<F> as core::ops::function::FnOnce<()>>::call_once::h8b06ddb275ff4a25
[INFO] [stdout]                                at /rustc/90b35a6239c3d8bdabc530a6a0816f7ff89a0aaf/library/core/src/panic/unwind_safe.rs:272:9
[INFO] [stdout]   59:     0x6236fc8b2b9e - std::panicking::try::do_call::hb26ecd7cd9a9355d
[INFO] [stdout]                                at /rustc/90b35a6239c3d8bdabc530a6a0816f7ff89a0aaf/library/std/src/panicking.rs:557:40
[INFO] [stdout]   60:     0x6236fc8b2b9e - std::panicking::try::h8ddeca9d705f9069
[INFO] [stdout]                                at /rustc/90b35a6239c3d8bdabc530a6a0816f7ff89a0aaf/library/std/src/panicking.rs:520:19
[INFO] [stdout]   61:     0x6236fc8b2b9e - std::panic::catch_unwind::h49e1c33078844c46
[INFO] [stdout]                                at /rustc/90b35a6239c3d8bdabc530a6a0816f7ff89a0aaf/library/std/src/panic.rs:358:14
[INFO] [stdout]   62:     0x6236fc8b2b9e - std::thread::Builder::spawn_unchecked_::{{closure}}::h6073db6ff56ad35d
[INFO] [stdout]                                at /rustc/90b35a6239c3d8bdabc530a6a0816f7ff89a0aaf/library/std/src/thread/mod.rs:537:30
[INFO] [stdout]   63:     0x6236fc8b2b9e - core::ops::function::FnOnce::call_once{{vtable.shim}}::h2c5a5f3779c774f1
[INFO] [stdout]                                at /rustc/90b35a6239c3d8bdabc530a6a0816f7ff89a0aaf/library/core/src/ops/function.rs:250:5
[INFO] [stdout]   64:     0x6236fcdac69b - <alloc::boxed::Box<F,A> as core::ops::function::FnOnce<Args>>::call_once::hf75717d9f28faebf
[INFO] [stdout]                                at /rustc/90b35a6239c3d8bdabc530a6a0816f7ff89a0aaf/library/alloc/src/boxed.rs:2454:9
[INFO] [stdout]   65:     0x6236fcdac69b - <alloc::boxed::Box<F,A> as core::ops::function::FnOnce<Args>>::call_once::h7bd883a5f3c5f3c1
[INFO] [stdout]                                at /rustc/90b35a6239c3d8bdabc530a6a0816f7ff89a0aaf/library/alloc/src/boxed.rs:2454:9
[INFO] [stdout]   66:     0x6236fcdac69b - std::sys::pal::unix::thread::Thread::new::thread_start::hcc78f3943333fa94
[INFO] [stdout]                                at /rustc/90b35a6239c3d8bdabc530a6a0816f7ff89a0aaf/library/std/src/sys/pal/unix/thread.rs:105:17
[INFO] [stdout]   67:     0x748f595b6ac3 - <unknown>
[INFO] [stdout]   68:     0x748f59647a04 - clone
[INFO] [stdout]   69:                0x0 - <unknown>
[INFO] [stdout] 
[INFO] [stdout] ---- tests::test_client_create stdout ----
[INFO] [stdout] thread 'tests::test_client_create' panicked at src/tests.rs:26:46:
[INFO] [stdout] set DATABASE_URL env variable: NotPresent
[INFO] [stdout] stack backtrace:
[INFO] [stdout]    0:     0x6236fcda658a - std::backtrace_rs::backtrace::libunwind::trace::h5a5b8284f2d0c266
[INFO] [stdout]                                at /rustc/90b35a6239c3d8bdabc530a6a0816f7ff89a0aaf/library/std/src/../../backtrace/src/backtrace/libunwind.rs:116:5
[INFO] [stdout]    1:     0x6236fcda658a - std::backtrace_rs::backtrace::trace_unsynchronized::h76d4f1c9b0b875e3
[INFO] [stdout]                                at /rustc/90b35a6239c3d8bdabc530a6a0816f7ff89a0aaf/library/std/src/../../backtrace/src/backtrace/mod.rs:66:5
[INFO] [stdout]    2:     0x6236fcda658a - std::sys::backtrace::_print_fmt::hc4546b8364a537c6
[INFO] [stdout]                                at /rustc/90b35a6239c3d8bdabc530a6a0816f7ff89a0aaf/library/std/src/sys/backtrace.rs:66:9
[INFO] [stdout]    3:     0x6236fcda658a - <std::sys::backtrace::BacktraceLock::print::DisplayBacktrace as core::fmt::Display>::fmt::h5b6bd5631a6d1f6b
[INFO] [stdout]                                at /rustc/90b35a6239c3d8bdabc530a6a0816f7ff89a0aaf/library/std/src/sys/backtrace.rs:39:26
[INFO] [stdout]    4:     0x6236fcdcfa43 - core::fmt::rt::Argument::fmt::h270f6602a2b96f62
[INFO] [stdout]                                at /rustc/90b35a6239c3d8bdabc530a6a0816f7ff89a0aaf/library/core/src/fmt/rt.rs:177:76
[INFO] [stdout]    5:     0x6236fcdcfa43 - core::fmt::write::h7550c97b06c86515
[INFO] [stdout]                                at /rustc/90b35a6239c3d8bdabc530a6a0816f7ff89a0aaf/library/core/src/fmt/mod.rs:1186:21
[INFO] [stdout]    6:     0x6236fcda28a3 - std::io::Write::write_fmt::h509ff860e5956e5e
[INFO] [stdout]                                at /rustc/90b35a6239c3d8bdabc530a6a0816f7ff89a0aaf/library/std/src/io/mod.rs:1839:15
[INFO] [stdout]    7:     0x6236fcda63d2 - std::sys::backtrace::BacktraceLock::print::h2395ccd2c84ba3aa
[INFO] [stdout]                                at /rustc/90b35a6239c3d8bdabc530a6a0816f7ff89a0aaf/library/std/src/sys/backtrace.rs:42:9
[INFO] [stdout]    8:     0x6236fcda79ea - std::panicking::default_hook::{{closure}}::he19d4c7230e07961
[INFO] [stdout]                                at /rustc/90b35a6239c3d8bdabc530a6a0816f7ff89a0aaf/library/std/src/panicking.rs:268:22
[INFO] [stdout]    9:     0x6236fcda77f4 - std::panicking::default_hook::hf614597d3c67bbdb
[INFO] [stdout]                                at /rustc/90b35a6239c3d8bdabc530a6a0816f7ff89a0aaf/library/std/src/panicking.rs:292:9
[INFO] [stdout]   10:     0x6236fc8e5ff9 - <alloc::boxed::Box<F,A> as core::ops::function::Fn<Args>>::call::h39b51ce4599c23d1
[INFO] [stdout]                                at /rustc/90b35a6239c3d8bdabc530a6a0816f7ff89a0aaf/library/alloc/src/boxed.rs:2468:9
[INFO] [stdout]   11:     0x6236fc8e5ff9 - test::test_main::{{closure}}::he977ae839a582784
[INFO] [stdout]                                at /rustc/90b35a6239c3d8bdabc530a6a0816f7ff89a0aaf/library/test/src/lib.rs:133:21
[INFO] [stdout]   12:     0x6236fcda8088 - <alloc::boxed::Box<F,A> as core::ops::function::Fn<Args>>::call::h9455091b6b06f9fb
[INFO] [stdout]                                at /rustc/90b35a6239c3d8bdabc530a6a0816f7ff89a0aaf/library/alloc/src/boxed.rs:2468:9
[INFO] [stdout]   13:     0x6236fcda8088 - std::panicking::rust_panic_with_hook::h8942133a8b252070
[INFO] [stdout]                                at /rustc/90b35a6239c3d8bdabc530a6a0816f7ff89a0aaf/library/std/src/panicking.rs:809:13
[INFO] [stdout]   14:     0x6236fcda7e4a - std::panicking::begin_panic_handler::{{closure}}::hb5f5963570096b29
[INFO] [stdout]                                at /rustc/90b35a6239c3d8bdabc530a6a0816f7ff89a0aaf/library/std/src/panicking.rs:674:13
[INFO] [stdout]   15:     0x6236fcda6a69 - std::sys::backtrace::__rust_end_short_backtrace::h6208cedc1922feda
[INFO] [stdout]                                at /rustc/90b35a6239c3d8bdabc530a6a0816f7ff89a0aaf/library/std/src/sys/backtrace.rs:170:18
[INFO] [stdout]   16:     0x6236fcda7adc - rust_begin_unwind
[INFO] [stdout]                                at /rustc/90b35a6239c3d8bdabc530a6a0816f7ff89a0aaf/library/std/src/panicking.rs:665:5
[INFO] [stdout]   17:     0x6236fc7de3d0 - core::panicking::panic_fmt::h0c3082644d1bf418
[INFO] [stdout]                                at /rustc/90b35a6239c3d8bdabc530a6a0816f7ff89a0aaf/library/core/src/panicking.rs:74:14
[INFO] [stdout]   18:     0x6236fc7de876 - core::result::unwrap_failed::hd20b4aa073bda1e2
[INFO] [stdout]                                at /rustc/90b35a6239c3d8bdabc530a6a0816f7ff89a0aaf/library/core/src/result.rs:1700:5
[INFO] [stdout]   19:     0x6236fc898096 - core::result::Result<T,E>::expect::h770304d8ea153fec
[INFO] [stdout]                                at /rustc/90b35a6239c3d8bdabc530a6a0816f7ff89a0aaf/library/core/src/result.rs:1061:23
[INFO] [stdout]   20:     0x6236fc8014f5 - bbbcntr_rust::tests::create_connection_pool::{{closure}}::h5fe2693f39b99b46
[INFO] [stdout]                                at /opt/rustwide/workdir/src/tests.rs:26:16
[INFO] [stdout]   21:     0x6236fc802c4a - bbbcntr_rust::tests::test_client_create::{{closure}}::h5922275a41fd2156
[INFO] [stdout]                                at /opt/rustwide/workdir/src/tests.rs:68:41
[INFO] [stdout]   22:     0x6236fc82c1b2 - <core::pin::Pin<P> as core::future::future::Future>::poll::h1a2df2d608788d34
[INFO] [stdout]                                at /rustc/90b35a6239c3d8bdabc530a6a0816f7ff89a0aaf/library/core/src/future/future.rs:123:9
[INFO] [stdout]   23:     0x6236fc82c3cd - <core::pin::Pin<P> as core::future::future::Future>::poll::hbef8a5af14e53819
[INFO] [stdout]                                at /rustc/90b35a6239c3d8bdabc530a6a0816f7ff89a0aaf/library/core/src/future/future.rs:123:9
[INFO] [stdout]   24:     0x6236fc8727ef - tokio::runtime::scheduler::current_thread::CoreGuard::block_on::{{closure}}::{{closure}}::{{closure}}::h585daebd067d70c2
[INFO] [stdout]                                at /opt/rustwide/cargo-home/registry/src/index.crates.io-6f17d22bba15001f/tokio-1.40.0/src/runtime/scheduler/current_thread/mod.rs:696:57
[INFO] [stdout]   25:     0x6236fc872595 - tokio::runtime::coop::with_budget::heb1a9c23620ea96b
[INFO] [stdout]                                at /opt/rustwide/cargo-home/registry/src/index.crates.io-6f17d22bba15001f/tokio-1.40.0/src/runtime/coop.rs:107:5
[INFO] [stdout]   26:     0x6236fc872595 - tokio::runtime::coop::budget::ha952a43c4e5f0922
[INFO] [stdout]                                at /opt/rustwide/cargo-home/registry/src/index.crates.io-6f17d22bba15001f/tokio-1.40.0/src/runtime/coop.rs:73:5
[INFO] [stdout]   27:     0x6236fc872595 - tokio::runtime::scheduler::current_thread::CoreGuard::block_on::{{closure}}::{{closure}}::hb8de40ff15a7a4ba
[INFO] [stdout]                                at /opt/rustwide/cargo-home/registry/src/index.crates.io-6f17d22bba15001f/tokio-1.40.0/src/runtime/scheduler/current_thread/mod.rs:696:25
[INFO] [stdout]   28:     0x6236fc870080 - tokio::runtime::scheduler::current_thread::Context::enter::h818eb93a1972595f
[INFO] [stdout]                                at /opt/rustwide/cargo-home/registry/src/index.crates.io-6f17d22bba15001f/tokio-1.40.0/src/runtime/scheduler/current_thread/mod.rs:423:19
[INFO] [stdout]   29:     0x6236fc87153e - tokio::runtime::scheduler::current_thread::CoreGuard::block_on::{{closure}}::h01e26fc3995d0aca
[INFO] [stdout]                                at /opt/rustwide/cargo-home/registry/src/index.crates.io-6f17d22bba15001f/tokio-1.40.0/src/runtime/scheduler/current_thread/mod.rs:695:36
[INFO] [stdout]   30:     0x6236fc871234 - tokio::runtime::scheduler::current_thread::CoreGuard::enter::{{closure}}::h02554062c828c391
[INFO] [stdout]                                at /opt/rustwide/cargo-home/registry/src/index.crates.io-6f17d22bba15001f/tokio-1.40.0/src/runtime/scheduler/current_thread/mod.rs:774:68
[INFO] [stdout]   31:     0x6236fc8a833b - tokio::runtime::context::scoped::Scoped<T>::set::ha3e9563e8455eee5
[INFO] [stdout]                                at /opt/rustwide/cargo-home/registry/src/index.crates.io-6f17d22bba15001f/tokio-1.40.0/src/runtime/context/scoped.rs:40:9
[INFO] [stdout]   32:     0x6236fc80bf09 - tokio::runtime::context::set_scheduler::{{closure}}::h5f1982f0ed5d3801
[INFO] [stdout]                                at /opt/rustwide/cargo-home/registry/src/index.crates.io-6f17d22bba15001f/tokio-1.40.0/src/runtime/context.rs:180:26
[INFO] [stdout]   33:     0x6236fc87c20d - std::thread::local::LocalKey<T>::try_with::h94d5a6a6def45786
[INFO] [stdout]                                at /rustc/90b35a6239c3d8bdabc530a6a0816f7ff89a0aaf/library/std/src/thread/local.rs:283:12
[INFO] [stdout]   34:     0x6236fc87ba1a - std::thread::local::LocalKey<T>::with::h9a5d9d825e8d314d
[INFO] [stdout]                                at /rustc/90b35a6239c3d8bdabc530a6a0816f7ff89a0aaf/library/std/src/thread/local.rs:260:9
[INFO] [stdout]   35:     0x6236fc80be7d - tokio::runtime::context::set_scheduler::h671df4546fe289c6
[INFO] [stdout]                                at /opt/rustwide/cargo-home/registry/src/index.crates.io-6f17d22bba15001f/tokio-1.40.0/src/runtime/context.rs:180:9
[INFO] [stdout]   36:     0x6236fc870fe0 - tokio::runtime::scheduler::current_thread::CoreGuard::enter::he1159a75e7bf8e4f
[INFO] [stdout]                                at /opt/rustwide/cargo-home/registry/src/index.crates.io-6f17d22bba15001f/tokio-1.40.0/src/runtime/scheduler/current_thread/mod.rs:774:27
[INFO] [stdout]   37:     0x6236fc871273 - tokio::runtime::scheduler::current_thread::CoreGuard::block_on::h46bd121520c29862
[INFO] [stdout]                                at /opt/rustwide/cargo-home/registry/src/index.crates.io-6f17d22bba15001f/tokio-1.40.0/src/runtime/scheduler/current_thread/mod.rs:683:19
[INFO] [stdout]   38:     0x6236fc86f4ea - tokio::runtime::scheduler::current_thread::CurrentThread::block_on::{{closure}}::h91e600827dda36e0
[INFO] [stdout]                                at /opt/rustwide/cargo-home/registry/src/index.crates.io-6f17d22bba15001f/tokio-1.40.0/src/runtime/scheduler/current_thread/mod.rs:191:28
[INFO] [stdout]   39:     0x6236fc89db86 - tokio::runtime::context::runtime::enter_runtime::he0e01046537fb8ee
[INFO] [stdout]                                at /opt/rustwide/cargo-home/registry/src/index.crates.io-6f17d22bba15001f/tokio-1.40.0/src/runtime/context/runtime.rs:65:16
[INFO] [stdout]   40:     0x6236fc86ee11 - tokio::runtime::scheduler::current_thread::CurrentThread::block_on::h9dfe53aa1542e58e
[INFO] [stdout]                                at /opt/rustwide/cargo-home/registry/src/index.crates.io-6f17d22bba15001f/tokio-1.40.0/src/runtime/scheduler/current_thread/mod.rs:179:9
[INFO] [stdout]   41:     0x6236fc81f77d - tokio::runtime::runtime::Runtime::block_on_inner::h5b6af57b2998d152
[INFO] [stdout]                                at /opt/rustwide/cargo-home/registry/src/index.crates.io-6f17d22bba15001f/tokio-1.40.0/src/runtime/runtime.rs:361:47
[INFO] [stdout]   42:     0x6236fc81f895 - tokio::runtime::runtime::Runtime::block_on::hd62fa5e1b577991e
[INFO] [stdout]                                at /opt/rustwide/cargo-home/registry/src/index.crates.io-6f17d22bba15001f/tokio-1.40.0/src/runtime/runtime.rs:335:13
[INFO] [stdout]   43:     0x6236fc8029e8 - bbbcntr_rust::tests::test_client_create::h6dd8927def2b3d7b
[INFO] [stdout]                                at /opt/rustwide/workdir/src/tests.rs:94:5
[INFO] [stdout]   44:     0x6236fc802867 - bbbcntr_rust::tests::test_client_create::{{closure}}::h7070d79111808948
[INFO] [stdout]                                at /opt/rustwide/workdir/src/tests.rs:67:30
[INFO] [stdout]   45:     0x6236fc7e0ae6 - core::ops::function::FnOnce::call_once::hfd777ab0484cbae2
[INFO] [stdout]                                at /rustc/90b35a6239c3d8bdabc530a6a0816f7ff89a0aaf/library/core/src/ops/function.rs:250:5
[INFO] [stdout]   46:     0x6236fc8ea9bb - core::ops::function::FnOnce::call_once::h109cf8051a59b34e
[INFO] [stdout]                                at /rustc/90b35a6239c3d8bdabc530a6a0816f7ff89a0aaf/library/core/src/ops/function.rs:250:5
[INFO] [stdout]   47:     0x6236fc8ea9bb - test::__rust_begin_short_backtrace::hf4fff89d377446ba
[INFO] [stdout]                                at /rustc/90b35a6239c3d8bdabc530a6a0816f7ff89a0aaf/library/test/src/lib.rs:621:18
[INFO] [stdout]   48:     0x6236fc8ea1f7 - test::run_test_in_process::{{closure}}::h0e39181dd7ee5a43
[INFO] [stdout]                                at /rustc/90b35a6239c3d8bdabc530a6a0816f7ff89a0aaf/library/test/src/lib.rs:644:60
[INFO] [stdout]   49:     0x6236fc8ea1f7 - <core::panic::unwind_safe::AssertUnwindSafe<F> as core::ops::function::FnOnce<()>>::call_once::hc5a66a30f0bdfd1f
[INFO] [stdout]                                at /rustc/90b35a6239c3d8bdabc530a6a0816f7ff89a0aaf/library/core/src/panic/unwind_safe.rs:272:9
[INFO] [stdout]   50:     0x6236fc8ea1f7 - std::panicking::try::do_call::h873b7cf639554a5e
[INFO] [stdout]                                at /rustc/90b35a6239c3d8bdabc530a6a0816f7ff89a0aaf/library/std/src/panicking.rs:557:40
[INFO] [stdout]   51:     0x6236fc8ea1f7 - std::panicking::try::hdb19862fad9c8bd1
[INFO] [stdout]                                at /rustc/90b35a6239c3d8bdabc530a6a0816f7ff89a0aaf/library/std/src/panicking.rs:520:19
[INFO] [stdout]   52:     0x6236fc8ea1f7 - std::panic::catch_unwind::h281fe732d236d260
[INFO] [stdout]                                at /rustc/90b35a6239c3d8bdabc530a6a0816f7ff89a0aaf/library/std/src/panic.rs:358:14
[INFO] [stdout]   53:     0x6236fc8ea1f7 - test::run_test_in_process::h949b6df8457ed338
[INFO] [stdout]                                at /rustc/90b35a6239c3d8bdabc530a6a0816f7ff89a0aaf/library/test/src/lib.rs:644:27
[INFO] [stdout]   54:     0x6236fc8ea1f7 - test::run_test::{{closure}}::h52c556a6d4740e10
[INFO] [stdout]                                at /rustc/90b35a6239c3d8bdabc530a6a0816f7ff89a0aaf/library/test/src/lib.rs:565:43
[INFO] [stdout]   55:     0x6236fc8af4d4 - test::run_test::{{closure}}::h4237f6381c45ccb9
[INFO] [stdout]                                at /rustc/90b35a6239c3d8bdabc530a6a0816f7ff89a0aaf/library/test/src/lib.rs:595:41
[INFO] [stdout]   56:     0x6236fc8af4d4 - std::sys::backtrace::__rust_begin_short_backtrace::h505c97a579eca628
[INFO] [stdout]                                at /rustc/90b35a6239c3d8bdabc530a6a0816f7ff89a0aaf/library/std/src/sys/backtrace.rs:154:18
[INFO] [stdout]   57:     0x6236fc8b2b9e - std::thread::Builder::spawn_unchecked_::{{closure}}::{{closure}}::h9e86b2e2bc107ea3
[INFO] [stdout]                                at /rustc/90b35a6239c3d8bdabc530a6a0816f7ff89a0aaf/library/std/src/thread/mod.rs:538:17
[INFO] [stdout]   58:     0x6236fc8b2b9e - <core::panic::unwind_safe::AssertUnwindSafe<F> as core::ops::function::FnOnce<()>>::call_once::h8b06ddb275ff4a25
[INFO] [stdout]                                at /rustc/90b35a6239c3d8bdabc530a6a0816f7ff89a0aaf/library/core/src/panic/unwind_safe.rs:272:9
[INFO] [stdout]   59:     0x6236fc8b2b9e - std::panicking::try::do_call::hb26ecd7cd9a9355d
[INFO] [stdout]                                at /rustc/90b35a6239c3d8bdabc530a6a0816f7ff89a0aaf/library/std/src/panicking.rs:557:40
[INFO] [stdout]   60:     0x6236fc8b2b9e - std::panicking::try::h8ddeca9d705f9069
[INFO] [stdout]                                at /rustc/90b35a6239c3d8bdabc530a6a0816f7ff89a0aaf/library/std/src/panicking.rs:520:19
[INFO] [stdout]   61:     0x6236fc8b2b9e - std::panic::catch_unwind::h49e1c33078844c46
[INFO] [stdout]                                at /rustc/90b35a6239c3d8bdabc530a6a0816f7ff89a0aaf/library/std/src/panic.rs:358:14
[INFO] [stdout]   62:     0x6236fc8b2b9e - std::thread::Builder::spawn_unchecked_::{{closure}}::h6073db6ff56ad35d
[INFO] [stdout]                                at /rustc/90b35a6239c3d8bdabc530a6a0816f7ff89a0aaf/library/std/src/thread/mod.rs:537:30
[INFO] [stdout]   63:     0x6236fc8b2b9e - core::ops::function::FnOnce::call_once{{vtable.shim}}::h2c5a5f3779c774f1
[INFO] [stdout]                                at /rustc/90b35a6239c3d8bdabc530a6a0816f7ff89a0aaf/library/core/src/ops/function.rs:250:5
[INFO] [stdout]   64:     0x6236fcdac69b - <alloc::boxed::Box<F,A> as core::ops::function::FnOnce<Args>>::call_once::hf75717d9f28faebf
[INFO] [stdout]                                at /rustc/90b35a6239c3d8bdabc530a6a0816f7ff89a0aaf/library/alloc/src/boxed.rs:2454:9
[INFO] [stdout]   65:     0x6236fcdac69b - <alloc::boxed::Box<F,A> as core::ops::function::FnOnce<Args>>::call_once::h7bd883a5f3c5f3c1
[INFO] [stdout]                                at /rustc/90b35a6239c3d8bdabc530a6a0816f7ff89a0aaf/library/alloc/src/boxed.rs:2454:9
[INFO] [stdout]   66:     0x6236fcdac69b - std::sys::pal::unix::thread::Thread::new::thread_start::hcc78f3943333fa94
[INFO] [stdout]                                at /rustc/90b35a6239c3d8bdabc530a6a0816f7ff89a0aaf/library/std/src/sys/pal/unix/thread.rs:105:17
[INFO] [stdout]   67:     0x748f595b6ac3 - <unknown>
[INFO] [stdout]   68:     0x748f59647a04 - clone
[INFO] [stdout]   69:                0x0 - <unknown>
[INFO] [stdout] 
[INFO] [stdout] ---- tests::test_user_create stdout ----
[INFO] [stdout] thread 'tests::test_user_create' panicked at src/tests.rs:26:46:
[INFO] [stdout] set DATABASE_URL env variable: NotPresent
[INFO] [stdout] stack backtrace:
[INFO] [stdout]    0:     0x6236fcda658a - std::backtrace_rs::backtrace::libunwind::trace::h5a5b8284f2d0c266
[INFO] [stdout]                                at /rustc/90b35a6239c3d8bdabc530a6a0816f7ff89a0aaf/library/std/src/../../backtrace/src/backtrace/libunwind.rs:116:5
[INFO] [stdout]    1:     0x6236fcda658a - std::backtrace_rs::backtrace::trace_unsynchronized::h76d4f1c9b0b875e3
[INFO] [stdout]                                at /rustc/90b35a6239c3d8bdabc530a6a0816f7ff89a0aaf/library/std/src/../../backtrace/src/backtrace/mod.rs:66:5
[INFO] [stdout]    2:     0x6236fcda658a - std::sys::backtrace::_print_fmt::hc4546b8364a537c6
[INFO] [stdout]                                at /rustc/90b35a6239c3d8bdabc530a6a0816f7ff89a0aaf/library/std/src/sys/backtrace.rs:66:9
[INFO] [stdout]    3:     0x6236fcda658a - <std::sys::backtrace::BacktraceLock::print::DisplayBacktrace as core::fmt::Display>::fmt::h5b6bd5631a6d1f6b
[INFO] [stdout]                                at /rustc/90b35a6239c3d8bdabc530a6a0816f7ff89a0aaf/library/std/src/sys/backtrace.rs:39:26
[INFO] [stdout]    4:     0x6236fcdcfa43 - core::fmt::rt::Argument::fmt::h270f6602a2b96f62
[INFO] [stdout]                                at /rustc/90b35a6239c3d8bdabc530a6a0816f7ff89a0aaf/library/core/src/fmt/rt.rs:177:76
[INFO] [stdout]    5:     0x6236fcdcfa43 - core::fmt::write::h7550c97b06c86515
[INFO] [stdout]                                at /rustc/90b35a6239c3d8bdabc530a6a0816f7ff89a0aaf/library/core/src/fmt/mod.rs:1186:21
[INFO] [stdout]    6:     0x6236fcda28a3 - std::io::Write::write_fmt::h509ff860e5956e5e
[INFO] [stdout]                                at /rustc/90b35a6239c3d8bdabc530a6a0816f7ff89a0aaf/library/std/src/io/mod.rs:1839:15
[INFO] [stdout]    7:     0x6236fcda63d2 - std::sys::backtrace::BacktraceLock::print::h2395ccd2c84ba3aa
[INFO] [stdout]                                at /rustc/90b35a6239c3d8bdabc530a6a0816f7ff89a0aaf/library/std/src/sys/backtrace.rs:42:9
[INFO] [stdout]    8:     0x6236fcda79ea - std::panicking::default_hook::{{closure}}::he19d4c7230e07961
[INFO] [stdout]                                at /rustc/90b35a6239c3d8bdabc530a6a0816f7ff89a0aaf/library/std/src/panicking.rs:268:22
[INFO] [stdout]    9:     0x6236fcda77f4 - std::panicking::default_hook::hf614597d3c67bbdb
[INFO] [stdout]                                at /rustc/90b35a6239c3d8bdabc530a6a0816f7ff89a0aaf/library/std/src/panicking.rs:292:9
[INFO] [stdout]   10:     0x6236fc8e5ff9 - <alloc::boxed::Box<F,A> as core::ops::function::Fn<Args>>::call::h39b51ce4599c23d1
[INFO] [stdout]                                at /rustc/90b35a6239c3d8bdabc530a6a0816f7ff89a0aaf/library/alloc/src/boxed.rs:2468:9
[INFO] [stdout]   11:     0x6236fc8e5ff9 - test::test_main::{{closure}}::he977ae839a582784
[INFO] [stdout]                                at /rustc/90b35a6239c3d8bdabc530a6a0816f7ff89a0aaf/library/test/src/lib.rs:133:21
[INFO] [stdout]   12:     0x6236fcda8088 - <alloc::boxed::Box<F,A> as core::ops::function::Fn<Args>>::call::h9455091b6b06f9fb
[INFO] [stdout]                                at /rustc/90b35a6239c3d8bdabc530a6a0816f7ff89a0aaf/library/alloc/src/boxed.rs:2468:9
[INFO] [stdout]   13:     0x6236fcda8088 - std::panicking::rust_panic_with_hook::h8942133a8b252070
[INFO] [stdout]                                at /rustc/90b35a6239c3d8bdabc530a6a0816f7ff89a0aaf/library/std/src/panicking.rs:809:13
[INFO] [stdout]   14:     0x6236fcda7e4a - std::panicking::begin_panic_handler::{{closure}}::hb5f5963570096b29
[INFO] [stdout]                                at /rustc/90b35a6239c3d8bdabc530a6a0816f7ff89a0aaf/library/std/src/panicking.rs:674:13
[INFO] [stdout]   15:     0x6236fcda6a69 - std::sys::backtrace::__rust_end_short_backtrace::h6208cedc1922feda
[INFO] [stdout]                                at /rustc/90b35a6239c3d8bdabc530a6a0816f7ff89a0aaf/library/std/src/sys/backtrace.rs:170:18
[INFO] [stdout]   16:     0x6236fcda7adc - rust_begin_unwind
[INFO] [stdout]                                at /rustc/90b35a6239c3d8bdabc530a6a0816f7ff89a0aaf/library/std/src/panicking.rs:665:5
[INFO] [stdout]   17:     0x6236fc7de3d0 - core::panicking::panic_fmt::h0c3082644d1bf418
[INFO] [stdout]                                at /rustc/90b35a6239c3d8bdabc530a6a0816f7ff89a0aaf/library/core/src/panicking.rs:74:14
[INFO] [stdout]   18:     0x6236fc7de876 - core::result::unwrap_failed::hd20b4aa073bda1e2
[INFO] [stdout]                                at /rustc/90b35a6239c3d8bdabc530a6a0816f7ff89a0aaf/library/core/src/result.rs:1700:5
[INFO] [stdout]   19:     0x6236fc898096 - core::result::Result<T,E>::expect::h770304d8ea153fec
[INFO] [stdout]                                at /rustc/90b35a6239c3d8bdabc530a6a0816f7ff89a0aaf/library/core/src/result.rs:1061:23
[INFO] [stdout]   20:     0x6236fc8014f5 - bbbcntr_rust::tests::create_connection_pool::{{closure}}::h5fe2693f39b99b46
[INFO] [stdout]                                at /opt/rustwide/workdir/src/tests.rs:26:16
[INFO] [stdout]   21:     0x6236fc802240 - bbbcntr_rust::tests::test_user_create::{{closure}}::h3db1bdac2943571a
[INFO] [stdout]                                at /opt/rustwide/workdir/src/tests.rs:40:41
[INFO] [stdout]   22:     0x6236fc82c1b2 - <core::pin::Pin<P> as core::future::future::Future>::poll::h1a2df2d608788d34
[INFO] [stdout]                                at /rustc/90b35a6239c3d8bdabc530a6a0816f7ff89a0aaf/library/core/src/future/future.rs:123:9
[INFO] [stdout]   23:     0x6236fc82c3cd - <core::pin::Pin<P> as core::future::future::Future>::poll::hbef8a5af14e53819
[INFO] [stdout]                                at /rustc/90b35a6239c3d8bdabc530a6a0816f7ff89a0aaf/library/core/src/future/future.rs:123:9
[INFO] [stdout]   24:     0x6236fc8727ef - tokio::runtime::scheduler::current_thread::CoreGuard::block_on::{{closure}}::{{closure}}::{{closure}}::h585daebd067d70c2
[INFO] [stdout]                                at /opt/rustwide/cargo-home/registry/src/index.crates.io-6f17d22bba15001f/tokio-1.40.0/src/runtime/scheduler/current_thread/mod.rs:696:57
[INFO] [stdout]   25:     0x6236fc872595 - tokio::runtime::coop::with_budget::heb1a9c23620ea96b
[INFO] [stdout]                                at /opt/rustwide/cargo-home/registry/src/index.crates.io-6f17d22bba15001f/tokio-1.40.0/src/runtime/coop.rs:107:5
[INFO] [stdout]   26:     0x6236fc872595 - tokio::runtime::coop::budget::ha952a43c4e5f0922
[INFO] [stdout]                                at /opt/rustwide/cargo-home/registry/src/index.crates.io-6f17d22bba15001f/tokio-1.40.0/src/runtime/coop.rs:73:5
[INFO] [stdout]   27:     0x6236fc872595 - tokio::runtime::scheduler::current_thread::CoreGuard::block_on::{{closure}}::{{closure}}::hb8de40ff15a7a4ba
[INFO] [stdout]                                at /opt/rustwide/cargo-home/registry/src/index.crates.io-6f17d22bba15001f/tokio-1.40.0/src/runtime/scheduler/current_thread/mod.rs:696:25
[INFO] [stdout]   28:     0x6236fc870080 - tokio::runtime::scheduler::current_thread::Context::enter::h818eb93a1972595f
[INFO] [stdout]                                at /opt/rustwide/cargo-home/registry/src/index.crates.io-6f17d22bba15001f/tokio-1.40.0/src/runtime/scheduler/current_thread/mod.rs:423:19
[INFO] [stdout]   29:     0x6236fc87153e - tokio::runtime::scheduler::current_thread::CoreGuard::block_on::{{closure}}::h01e26fc3995d0aca
[INFO] [stdout]                                at /opt/rustwide/cargo-home/registry/src/index.crates.io-6f17d22bba15001f/tokio-1.40.0/src/runtime/scheduler/current_thread/mod.rs:695:36
[INFO] [stdout]   30:     0x6236fc871234 - tokio::runtime::scheduler::current_thread::CoreGuard::enter::{{closure}}::h02554062c828c391
[INFO] [stdout]                                at /opt/rustwide/cargo-home/registry/src/index.crates.io-6f17d22bba15001f/tokio-1.40.0/src/runtime/scheduler/current_thread/mod.rs:774:68
[INFO] [stdout]   31:     0x6236fc8a833b - tokio::runtime::context::scoped::Scoped<T>::set::ha3e9563e8455eee5
[INFO] [stdout]                                at /opt/rustwide/cargo-home/registry/src/index.crates.io-6f17d22bba15001f/tokio-1.40.0/src/runtime/context/scoped.rs:40:9
[INFO] [stdout]   32:     0x6236fc80bf09 - tokio::runtime::context::set_scheduler::{{closure}}::h5f1982f0ed5d3801
[INFO] [stdout]                                at /opt/rustwide/cargo-home/registry/src/index.crates.io-6f17d22bba15001f/tokio-1.40.0/src/runtime/context.rs:180:26
[INFO] [stdout]   33:     0x6236fc87c20d - std::thread::local::LocalKey<T>::try_with::h94d5a6a6def45786
[INFO] [stdout]                                at /rustc/90b35a6239c3d8bdabc530a6a0816f7ff89a0aaf/library/std/src/thread/local.rs:283:12
[INFO] [stdout]   34:     0x6236fc87ba1a - std::thread::local::LocalKey<T>::with::h9a5d9d825e8d314d
[INFO] [stdout]                                at /rustc/90b35a6239c3d8bdabc530a6a0816f7ff89a0aaf/library/std/src/thread/local.rs:260:9
[INFO] [stdout]   35:     0x6236fc80be7d - tokio::runtime::context::set_scheduler::h671df4546fe289c6
[INFO] [stdout]                                at /opt/rustwide/cargo-home/registry/src/index.crates.io-6f17d22bba15001f/tokio-1.40.0/src/runtime/context.rs:180:9
[INFO] [stdout]   36:     0x6236fc870fe0 - tokio::runtime::scheduler::current_thread::CoreGuard::enter::he1159a75e7bf8e4f
[INFO] [stdout]                                at /opt/rustwide/cargo-home/registry/src/index.crates.io-6f17d22bba15001f/tokio-1.40.0/src/runtime/scheduler/current_thread/mod.rs:774:27
[INFO] [stdout]   37:     0x6236fc871273 - tokio::runtime::scheduler::current_thread::CoreGuard::block_on::h46bd121520c29862
[INFO] [stdout]                                at /opt/rustwide/cargo-home/registry/src/index.crates.io-6f17d22bba15001f/tokio-1.40.0/src/runtime/scheduler/current_thread/mod.rs:683:19
[INFO] [stdout]   38:     0x6236fc86f4ea - tokio::runtime::scheduler::current_thread::CurrentThread::block_on::{{closure}}::h91e600827dda36e0
[INFO] [stdout]                                at /opt/rustwide/cargo-home/registry/src/index.crates.io-6f17d22bba15001f/tokio-1.40.0/src/runtime/scheduler/current_thread/mod.rs:191:28
[INFO] [stdout]   39:     0x6236fc89db86 - tokio::runtime::context::runtime::enter_runtime::he0e01046537fb8ee
[INFO] [stdout]                                at /opt/rustwide/cargo-home/registry/src/index.crates.io-6f17d22bba15001f/tokio-1.40.0/src/runtime/context/runtime.rs:65:16
[INFO] [stdout]   40:     0x6236fc86ee11 - tokio::runtime::scheduler::current_thread::CurrentThread::block_on::h9dfe53aa1542e58e
[INFO] [stdout]                                at /opt/rustwide/cargo-home/registry/src/index.crates.io-6f17d22bba15001f/tokio-1.40.0/src/runtime/scheduler/current_thread/mod.rs:179:9
[INFO] [stdout]   41:     0x6236fc81f77d - tokio::runtime::runtime::Runtime::block_on_inner::h5b6af57b2998d152
[INFO] [stdout]                                at /opt/rustwide/cargo-home/registry/src/index.crates.io-6f17d22bba15001f/tokio-1.40.0/src/runtime/runtime.rs:361:47
[INFO] [stdout]   42:     0x6236fc81f895 - tokio::runtime::runtime::Runtime::block_on::hd62fa5e1b577991e
[INFO] [stdout]                                at /opt/rustwide/cargo-home/registry/src/index.crates.io-6f17d22bba15001f/tokio-1.40.0/src/runtime/runtime.rs:335:13
[INFO] [stdout]   43:     0x6236fc802008 - bbbcntr_rust::tests::test_user_create::h4a2a3e33a68dbecd
[INFO] [stdout]                                at /opt/rustwide/workdir/src/tests.rs:62:5
[INFO] [stdout]   44:     0x6236fc801e87 - bbbcntr_rust::tests::test_user_create::{{closure}}::h5f013c38425fff4c
[INFO] [stdout]                                at /opt/rustwide/workdir/src/tests.rs:39:28
[INFO] [stdout]   45:     0x6236fc7df986 - core::ops::function::FnOnce::call_once::h427f1b2dfd859f6b
[INFO] [stdout]                                at /rustc/90b35a6239c3d8bdabc530a6a0816f7ff89a0aaf/library/core/src/ops/function.rs:250:5
[INFO] [stdout]   46:     0x6236fc8ea9bb - core::ops::function::FnOnce::call_once::h109cf8051a59b34e
[INFO] [stdout]                                at /rustc/90b35a6239c3d8bdabc530a6a0816f7ff89a0aaf/library/core/src/ops/function.rs:250:5
[INFO] [stdout]   47:     0x6236fc8ea9bb - test::__rust_begin_short_backtrace::hf4fff89d377446ba
[INFO] [stdout]                                at /rustc/90b35a6239c3d8bdabc530a6a0816f7ff89a0aaf/library/test/src/lib.rs:621:18
[INFO] [stdout]   48:     0x6236fc8ea1f7 - test::run_test_in_process::{{closure}}::h0e39181dd7ee5a43
[INFO] [stdout]                                at /rustc/90b35a6239c3d8bdabc530a6a0816f7ff89a0aaf/library/test/src/lib.rs:644:60
[INFO] [stdout]   49:     0x6236fc8ea1f7 - <core::panic::unwind_safe::AssertUnwindSafe<F> as core::ops::function::FnOnce<()>>::call_once::hc5a66a30f0bdfd1f
[INFO] [stdout]                                at /rustc/90b35a6239c3d8bdabc530a6a0816f7ff89a0aaf/library/core/src/panic/unwind_safe.rs:272:9
[INFO] [stdout]   50:     0x6236fc8ea1f7 - std::panicking::try::do_call::h873b7cf639554a5e
[INFO] [stdout]                                at /rustc/90b35a6239c3d8bdabc530a6a0816f7ff89a0aaf/library/std/src/panicking.rs:557:40
[INFO] [stdout]   51:     0x6236fc8ea1f7 - std::panicking::try::hdb19862fad9c8bd1
[INFO] [stdout]                                at /rustc/90b35a6239c3d8bdabc530a6a0816f7ff89a0aaf/library/std/src/panicking.rs:520:19
[INFO] [stdout]   52:     0x6236fc8ea1f7 - std::panic::catch_unwind::h281fe732d236d260
[INFO] [stdout]                                at /rustc/90b35a6239c3d8bdabc530a6a0816f7ff89a0aaf/library/std/src/panic.rs:358:14
[INFO] [stdout]   53:     0x6236fc8ea1f7 - test::run_test_in_process::h949b6df8457ed338
[INFO] [stdout]                                at /rustc/90b35a6239c3d8bdabc530a6a0816f7ff89a0aaf/library/test/src/lib.rs:644:27
[INFO] [stdout]   54:     0x6236fc8ea1f7 - test::run_test::{{closure}}::h52c556a6d4740e10
[INFO] [stdout]                                at /rustc/90b35a6239c3d8bdabc530a6a0816f7ff89a0aaf/library/test/src/lib.rs:565:43
[INFO] [stdout]   55:     0x6236fc8af4d4 - test::run_test::{{closure}}::h4237f6381c45ccb9
[INFO] [stdout]                                at /rustc/90b35a6239c3d8bdabc530a6a0816f7ff89a0aaf/library/test/src/lib.rs:595:41
[INFO] [stdout]   56:     0x6236fc8af4d4 - std::sys::backtrace::__rust_begin_short_backtrace::h505c97a579eca628
[INFO] [stdout]                                at /rustc/90b35a6239c3d8bdabc530a6a0816f7ff89a0aaf/library/std/src/sys/backtrace.rs:154:18
[INFO] [stdout]   57:     0x6236fc8b2b9e - std::thread::Builder::spawn_unchecked_::{{closure}}::{{closure}}::h9e86b2e2bc107ea3
[INFO] [stdout]                                at /rustc/90b35a6239c3d8bdabc530a6a0816f7ff89a0aaf/library/std/src/thread/mod.rs:538:17
[INFO] [stdout]   58:     0x6236fc8b2b9e - <core::panic::unwind_safe::AssertUnwindSafe<F> as core::ops::function::FnOnce<()>>::call_once::h8b06ddb275ff4a25
[INFO] [stdout]                                at /rustc/90b35a6239c3d8bdabc530a6a0816f7ff89a0aaf/library/core/src/panic/unwind_safe.rs:272:9
[INFO] [stdout]   59:     0x6236fc8b2b9e - std::panicking::try::do_call::hb26ecd7cd9a9355d
[INFO] [stdout]                                at /rustc/90b35a6239c3d8bdabc530a6a0816f7ff89a0aaf/library/std/src/panicking.rs:557:40
[INFO] [stdout]   60:     0x6236fc8b2b9e - std::panicking::try::h8ddeca9d705f9069
[INFO] [stdout]                                at /rustc/90b35a6239c3d8bdabc530a6a0816f7ff89a0aaf/library/std/src/panicking.rs:520:19
[INFO] [stdout]   61:     0x6236fc8b2b9e - std::panic::catch_unwind::h49e1c33078844c46
[INFO] [stdout]                                at /rustc/90b35a6239c3d8bdabc530a6a0816f7ff89a0aaf/library/std/src/panic.rs:358:14
[INFO] [stdout]   62:     0x6236fc8b2b9e - std::thread::Builder::spawn_unchecked_::{{closure}}::h6073db6ff56ad35d
[INFO] [stdout]                                at /rustc/90b35a6239c3d8bdabc530a6a0816f7ff89a0aaf/library/std/src/thread/mod.rs:537:30
[INFO] [stdout]   63:     0x6236fc8b2b9e - core::ops::function::FnOnce::call_once{{vtable.shim}}::h2c5a5f3779c774f1
[INFO] [stdout]                                at /rustc/90b35a6239c3d8bdabc530a6a0816f7ff89a0aaf/library/core/src/ops/function.rs:250:5
[INFO] [stdout]   64:     0x6236fcdac69b - <alloc::boxed::Box<F,A> as core::ops::function::FnOnce<Args>>::call_once::hf75717d9f28faebf
[INFO] [stdout]                                at /rustc/90b35a6239c3d8bdabc530a6a0816f7ff89a0aaf/library/alloc/src/boxed.rs:2454:9
[INFO] [stdout]   65:     0x6236fcdac69b - <alloc::boxed::Box<F,A> as core::ops::function::FnOnce<Args>>::call_once::h7bd883a5f3c5f3c1
[INFO] [stdout]                                at /rustc/90b35a6239c3d8bdabc530a6a0816f7ff89a0aaf/library/alloc/src/boxed.rs:2454:9
[INFO] [stdout]   66:     0x6236fcdac69b - std::sys::pal::unix::thread::Thread::new::thread_start::hcc78f3943333fa94
[INFO] [stdout]                                at /rustc/90b35a6239c3d8bdabc530a6a0816f7ff89a0aaf/library/std/src/sys/pal/unix/thread.rs:105:17
[INFO] [stdout]   67:     0x748f595b6ac3 - <unknown>
[INFO] [stdout]   68:     0x748f59647a04 - clone
[INFO] [stdout]   69:                0x0 - <unknown>
[INFO] [stdout] 
[INFO] [stdout] ---- tests::check_database_connectivity stdout ----
[INFO] [stdout] thread 'tests::check_database_connectivity' panicked at src/tests.rs:12:46:
[INFO] [stdout] set DATABASE_URL env variable: NotPresent
[INFO] [stdout] stack backtrace:
[INFO] [stdout]    0:     0x6236fcda658a - std::backtrace_rs::backtrace::libunwind::trace::h5a5b8284f2d0c266
[INFO] [stdout]                                at /rustc/90b35a6239c3d8bdabc530a6a0816f7ff89a0aaf/library/std/src/../../backtrace/src/backtrace/libunwind.rs:116:5
[INFO] [stdout]    1:     0x6236fcda658a - std::backtrace_rs::backtrace::trace_unsynchronized::h76d4f1c9b0b875e3
[INFO] [stdout]                                at /rustc/90b35a6239c3d8bdabc530a6a0816f7ff89a0aaf/library/std/src/../../backtrace/src/backtrace/mod.rs:66:5
[INFO] [stdout]    2:     0x6236fcda658a - std::sys::backtrace::_print_fmt::hc4546b8364a537c6
[INFO] [stdout]                                at /rustc/90b35a6239c3d8bdabc530a6a0816f7ff89a0aaf/library/std/src/sys/backtrace.rs:66:9
[INFO] [stdout]    3:     0x6236fcda658a - <std::sys::backtrace::BacktraceLock::print::DisplayBacktrace as core::fmt::Display>::fmt::h5b6bd5631a6d1f6b
[INFO] [stdout]                                at /rustc/90b35a6239c3d8bdabc530a6a0816f7ff89a0aaf/library/std/src/sys/backtrace.rs:39:26
[INFO] [stdout]    4:     0x6236fcdcfa43 - core::fmt::rt::Argument::fmt::h270f6602a2b96f62
[INFO] [stdout]                                at /rustc/90b35a6239c3d8bdabc530a6a0816f7ff89a0aaf/library/core/src/fmt/rt.rs:177:76
[INFO] [stdout]    5:     0x6236fcdcfa43 - core::fmt::write::h7550c97b06c86515
[INFO] [stdout]                                at /rustc/90b35a6239c3d8bdabc530a6a0816f7ff89a0aaf/library/core/src/fmt/mod.rs:1186:21
[INFO] [stdout]    6:     0x6236fcda28a3 - std::io::Write::write_fmt::h509ff860e5956e5e
[INFO] [stdout]                                at /rustc/90b35a6239c3d8bdabc530a6a0816f7ff89a0aaf/library/std/src/io/mod.rs:1839:15
[INFO] [stdout]    7:     0x6236fcda63d2 - std::sys::backtrace::BacktraceLock::print::h2395ccd2c84ba3aa
[INFO] [stdout]                                at /rustc/90b35a6239c3d8bdabc530a6a0816f7ff89a0aaf/library/std/src/sys/backtrace.rs:42:9
[INFO] [stdout]    8:     0x6236fcda79ea - std::panicking::default_hook::{{closure}}::he19d4c7230e07961
[INFO] [stdout]                                at /rustc/90b35a6239c3d8bdabc530a6a0816f7ff89a0aaf/library/std/src/panicking.rs:268:22
[INFO] [stdout]    9:     0x6236fcda77f4 - std::panicking::default_hook::hf614597d3c67bbdb
[INFO] [stdout]                                at /rustc/90b35a6239c3d8bdabc530a6a0816f7ff89a0aaf/library/std/src/panicking.rs:292:9
[INFO] [stdout]   10:     0x6236fc8e5ff9 - <alloc::boxed::Box<F,A> as core::ops::function::Fn<Args>>::call::h39b51ce4599c23d1
[INFO] [stdout]                                at /rustc/90b35a6239c3d8bdabc530a6a0816f7ff89a0aaf/library/alloc/src/boxed.rs:2468:9
[INFO] [stdout]   11:     0x6236fc8e5ff9 - test::test_main::{{closure}}::he977ae839a582784
[INFO] [stdout]                                at /rustc/90b35a6239c3d8bdabc530a6a0816f7ff89a0aaf/library/test/src/lib.rs:133:21
[INFO] [stdout]   12:     0x6236fcda8088 - <alloc::boxed::Box<F,A> as core::ops::function::Fn<Args>>::call::h9455091b6b06f9fb
[INFO] [stdout]                                at /rustc/90b35a6239c3d8bdabc530a6a0816f7ff89a0aaf/library/alloc/src/boxed.rs:2468:9
[INFO] [stdout]   13:     0x6236fcda8088 - std::panicking::rust_panic_with_hook::h8942133a8b252070
[INFO] [stdout]                                at /rustc/90b35a6239c3d8bdabc530a6a0816f7ff89a0aaf/library/std/src/panicking.rs:809:13
[INFO] [stdout]   14:     0x6236fcda7e4a - std::panicking::begin_panic_handler::{{closure}}::hb5f5963570096b29
[INFO] [stdout]                                at /rustc/90b35a6239c3d8bdabc530a6a0816f7ff89a0aaf/library/std/src/panicking.rs:674:13
[INFO] [stdout]   15:     0x6236fcda6a69 - std::sys::backtrace::__rust_end_short_backtrace::h6208cedc1922feda
[INFO] [stdout]                                at /rustc/90b35a6239c3d8bdabc530a6a0816f7ff89a0aaf/library/std/src/sys/backtrace.rs:170:18
[INFO] [stdout]   16:     0x6236fcda7adc - rust_begin_unwind
[INFO] [stdout]                                at /rustc/90b35a6239c3d8bdabc530a6a0816f7ff89a0aaf/library/std/src/panicking.rs:665:5
[INFO] [stdout]   17:     0x6236fc7de3d0 - core::panicking::panic_fmt::h0c3082644d1bf418
[INFO] [stdout]                                at /rustc/90b35a6239c3d8bdabc530a6a0816f7ff89a0aaf/library/core/src/panicking.rs:74:14
[INFO] [stdout]   18:     0x6236fc7de876 - core::result::unwrap_failed::hd20b4aa073bda1e2
[INFO] [stdout]                                at /rustc/90b35a6239c3d8bdabc530a6a0816f7ff89a0aaf/library/core/src/result.rs:1700:5
[INFO] [stdout]   19:     0x6236fc898096 - core::result::Result<T,E>::expect::h770304d8ea153fec
[INFO] [stdout]                                at /rustc/90b35a6239c3d8bdabc530a6a0816f7ff89a0aaf/library/core/src/result.rs:1061:23
[INFO] [stdout]   20:     0x6236fc801ae8 - bbbcntr_rust::tests::check_database_connectivity::{{closure}}::hcbb462bd1f250435
[INFO] [stdout]                                at /opt/rustwide/workdir/src/tests.rs:12:16
[INFO] [stdout]   21:     0x6236fc82c1b2 - <core::pin::Pin<P> as core::future::future::Future>::poll::h1a2df2d608788d34
[INFO] [stdout]                                at /rustc/90b35a6239c3d8bdabc530a6a0816f7ff89a0aaf/library/core/src/future/future.rs:123:9
[INFO] [stdout]   22:     0x6236fc82c3cd - <core::pin::Pin<P> as core::future::future::Future>::poll::hbef8a5af14e53819
[INFO] [stdout]                                at /rustc/90b35a6239c3d8bdabc530a6a0816f7ff89a0aaf/library/core/src/future/future.rs:123:9
[INFO] [stdout]   23:     0x6236fc8727ef - tokio::runtime::scheduler::current_thread::CoreGuard::block_on::{{closure}}::{{closure}}::{{closure}}::h585daebd067d70c2
[INFO] [stdout]                                at /opt/rustwide/cargo-home/registry/src/index.crates.io-6f17d22bba15001f/tokio-1.40.0/src/runtime/scheduler/current_thread/mod.rs:696:57
[INFO] [stdout]   24:     0x6236fc872595 - tokio::runtime::coop::with_budget::heb1a9c23620ea96b
[INFO] [stdout]                                at /opt/rustwide/cargo-home/registry/src/index.crates.io-6f17d22bba15001f/tokio-1.40.0/src/runtime/coop.rs:107:5
[INFO] [stdout]   25:     0x6236fc872595 - tokio::runtime::coop::budget::ha952a43c4e5f0922
[INFO] [stdout]                                at /opt/rustwide/cargo-home/registry/src/index.crates.io-6f17d22bba15001f/tokio-1.40.0/src/runtime/coop.rs:73:5
[INFO] [stdout]   26:     0x6236fc872595 - tokio::runtime::scheduler::current_thread::CoreGuard::block_on::{{closure}}::{{closure}}::hb8de40ff15a7a4ba
[INFO] [stdout]                                at /opt/rustwide/cargo-home/registry/src/index.crates.io-6f17d22bba15001f/tokio-1.40.0/src/runtime/scheduler/current_thread/mod.rs:696:25
[INFO] [stdout]   27:     0x6236fc870080 - tokio::runtime::scheduler::current_thread::Context::enter::h818eb93a1972595f
[INFO] [stdout]                                at /opt/rustwide/cargo-home/registry/src/index.crates.io-6f17d22bba15001f/tokio-1.40.0/src/runtime/scheduler/current_thread/mod.rs:423:19
[INFO] [stdout]   28:     0x6236fc87153e - tokio::runtime::scheduler::current_thread::CoreGuard::block_on::{{closure}}::h01e26fc3995d0aca
[INFO] [stdout]                                at /opt/rustwide/cargo-home/registry/src/index.crates.io-6f17d22bba15001f/tokio-1.40.0/src/runtime/scheduler/current_thread/mod.rs:695:36
[INFO] [stdout]   29:     0x6236fc871234 - tokio::runtime::scheduler::current_thread::CoreGuard::enter::{{closure}}::h02554062c828c391
[INFO] [stdout]                                at /opt/rustwide/cargo-home/registry/src/index.crates.io-6f17d22bba15001f/tokio-1.40.0/src/runtime/scheduler/current_thread/mod.rs:774:68
[INFO] [stdout]   30:     0x6236fc8a833b - tokio::runtime::context::scoped::Scoped<T>::set::ha3e9563e8455eee5
[INFO] [stdout]                                at /opt/rustwide/cargo-home/registry/src/index.crates.io-6f17d22bba15001f/tokio-1.40.0/src/runtime/context/scoped.rs:40:9
[INFO] [stdout]   31:     0x6236fc80bf09 - tokio::runtime::context::set_scheduler::{{closure}}::h5f1982f0ed5d3801
[INFO] [stdout]                                at /opt/rustwide/cargo-home/registry/src/index.crates.io-6f17d22bba15001f/tokio-1.40.0/src/runtime/context.rs:180:26
[INFO] [stdout]   32:     0x6236fc87c20d - std::thread::local::LocalKey<T>::try_with::h94d5a6a6def45786
[INFO] [stdout]                                at /rustc/90b35a6239c3d8bdabc530a6a0816f7ff89a0aaf/library/std/src/thread/local.rs:283:12
[INFO] [stdout]   33:     0x6236fc87ba1a - std::thread::local::LocalKey<T>::with::h9a5d9d825e8d314d
[INFO] [stdout]                                at /rustc/90b35a6239c3d8bdabc530a6a0816f7ff89a0aaf/library/std/src/thread/local.rs:260:9
[INFO] [stdout]   34:     0x6236fc80be7d - tokio::runtime::context::set_scheduler::h671df4546fe289c6
[INFO] [stdout]                                at /opt/rustwide/cargo-home/registry/src/index.crates.io-6f17d22bba15001f/tokio-1.40.0/src/runtime/context.rs:180:9
[INFO] [stdout]   35:     0x6236fc870fe0 - tokio::runtime::scheduler::current_thread::CoreGuard::enter::he1159a75e7bf8e4f
[INFO] [stdout]                                at /opt/rustwide/cargo-home/registry/src/index.crates.io-6f17d22bba15001f/tokio-1.40.0/src/runtime/scheduler/current_thread/mod.rs:774:27
[INFO] [stdout]   36:     0x6236fc871273 - tokio::runtime::scheduler::current_thread::CoreGuard::block_on::h46bd121520c29862
[INFO] [stdout]                                at /opt/rustwide/cargo-home/registry/src/index.crates.io-6f17d22bba15001f/tokio-1.40.0/src/runtime/scheduler/current_thread/mod.rs:683:19
[INFO] [stdout]   37:     0x6236fc86f4ea - tokio::runtime::scheduler::current_thread::CurrentThread::block_on::{{closure}}::h91e600827dda36e0
[INFO] [stdout]                                at /opt/rustwide/cargo-home/registry/src/index.crates.io-6f17d22bba15001f/tokio-1.40.0/src/runtime/scheduler/current_thread/mod.rs:191:28
[INFO] [stdout]   38:     0x6236fc89db86 - tokio::runtime::context::runtime::enter_runtime::he0e01046537fb8ee
[INFO] [stdout]                                at /opt/rustwide/cargo-home/registry/src/index.crates.io-6f17d22bba15001f/tokio-1.40.0/src/runtime/context/runtime.rs:65:16
[INFO] [stdout]   39:     0x6236fc86ee11 - tokio::runtime::scheduler::current_thread::CurrentThread::block_on::h9dfe53aa1542e58e
[INFO] [stdout]                                at /opt/rustwide/cargo-home/registry/src/index.crates.io-6f17d22bba15001f/tokio-1.40.0/src/runtime/scheduler/current_thread/mod.rs:179:9
[INFO] [stdout]   40:     0x6236fc81f77d - tokio::runtime::runtime::Runtime::block_on_inner::h5b6af57b2998d152
[INFO] [stdout]                                at /opt/rustwide/cargo-home/registry/src/index.crates.io-6f17d22bba15001f/tokio-1.40.0/src/runtime/runtime.rs:361:47
[INFO] [stdout]   41:     0x6236fc81f895 - tokio::runtime::runtime::Runtime::block_on::hd62fa5e1b577991e
[INFO] [stdout]                                at /opt/rustwide/cargo-home/registry/src/index.crates.io-6f17d22bba15001f/tokio-1.40.0/src/runtime/runtime.rs:335:13
[INFO] [stdout]   42:     0x6236fc80194b - bbbcntr_rust::tests::check_database_connectivity::h7cd0d9874d0e8c9b
[INFO] [stdout]                                at /opt/rustwide/workdir/src/tests.rs:21:5
[INFO] [stdout]   43:     0x6236fc8017c7 - bbbcntr_rust::tests::check_database_connectivity::{{closure}}::h4d7e8a8405a4f81a
[INFO] [stdout]                                at /opt/rustwide/workdir/src/tests.rs:11:39
[INFO] [stdout]   44:     0x6236fc7df8c6 - core::ops::function::FnOnce::call_once::h3a562be8e2fdf262
[INFO] [stdout]                                at /rustc/90b35a6239c3d8bdabc530a6a0816f7ff89a0aaf/library/core/src/ops/function.rs:250:5
[INFO] [stdout]   45:     0x6236fc8ea9bb - core::ops::function::FnOnce::call_once::h109cf8051a59b34e
[INFO] [stdout]                                at /rustc/90b35a6239c3d8bdabc530a6a0816f7ff89a0aaf/library/core/src/ops/function.rs:250:5
[INFO] [stdout]   46:     0x6236fc8ea9bb - test::__rust_begin_short_backtrace::hf4fff89d377446ba
[INFO] [stdout]                                at /rustc/90b35a6239c3d8bdabc530a6a0816f7ff89a0aaf/library/test/src/lib.rs:621:18
[INFO] [stdout]   47:     0x6236fc8ea1f7 - test::run_test_in_process::{{closure}}::h0e39181dd7ee5a43
[INFO] [stdout]                                at /rustc/90b35a6239c3d8bdabc530a6a0816f7ff89a0aaf/library/test/src/lib.rs:644:60
[INFO] [stdout]   48:     0x6236fc8ea1f7 - <core::panic::unwind_safe::AssertUnwindSafe<F> as core::ops::function::FnOnce<()>>::call_once::hc5a66a30f0bdfd1f
[INFO] [stdout]                                at /rustc/90b35a6239c3d8bdabc530a6a0816f7ff89a0aaf/library/core/src/panic/unwind_safe.rs:272:9
[INFO] [stdout]   49:     0x6236fc8ea1f7 - std::panicking::try::do_call::h873b7cf639554a5e
[INFO] [stdout]                                at /rustc/90b35a6239c3d8bdabc530a6a0816f7ff89a0aaf/library/std/src/panicking.rs:557:40
[INFO] [stdout]   50:     0x6236fc8ea1f7 - std::panicking::try::hdb19862fad9c8bd1
[INFO] [stdout]                                at /rustc/90b35a6239c3d8bdabc530a6a0816f7ff89a0aaf/library/std/src/panicking.rs:520:19
[INFO] [stdout]   51:     0x6236fc8ea1f7 - std::panic::catch_unwind::h281fe732d236d260
[INFO] [stdout]                                at /rustc/90b35a6239c3d8bdabc530a6a0816f7ff89a0aaf/library/std/src/panic.rs:358:14
[INFO] [stdout]   52:     0x6236fc8ea1f7 - test::run_test_in_process::h949b6df8457ed338
[INFO] [stdout]                                at /rustc/90b35a6239c3d8bdabc530a6a0816f7ff89a0aaf/library/test/src/lib.rs:644:27
[INFO] [stdout]   53:     0x6236fc8ea1f7 - test::run_test::{{closure}}::h52c556a6d4740e10
[INFO] [stdout]                                at /rustc/90b35a6239c3d8bdabc530a6a0816f7ff89a0aaf/library/test/src/lib.rs:565:43
[INFO] [stdout]   54:     0x6236fc8af4d4 - test::run_test::{{closure}}::h4237f6381c45ccb9
[INFO] [stdout]                                at /rustc/90b35a6239c3d8bdabc530a6a0816f7ff89a0aaf/library/test/src/lib.rs:595:41
[INFO] [stdout]   55:     0x6236fc8af4d4 - std::sys::backtrace::__rust_begin_short_backtrace::h505c97a579eca628
[INFO] [stdout]                                at /rustc/90b35a6239c3d8bdabc530a6a0816f7ff89a0aaf/library/std/src/sys/backtrace.rs:154:18
[INFO] [stdout]   56:     0x6236fc8b2b9e - std::thread::Builder::spawn_unchecked_::{{closure}}::{{closure}}::h9e86b2e2bc107ea3
[INFO] [stdout]                                at /rustc/90b35a6239c3d8bdabc530a6a0816f7ff89a0aaf/library/std/src/thread/mod.rs:538:17
[INFO] [stdout]   57:     0x6236fc8b2b9e - <core::panic::unwind_safe::AssertUnwindSafe<F> as core::ops::function::FnOnce<()>>::call_once::h8b06ddb275ff4a25
[INFO] [stdout]                                at /rustc/90b35a6239c3d8bdabc530a6a0816f7ff89a0aaf/library/core/src/panic/unwind_safe.rs:272:9
[INFO] [stdout]   58:     0x6236fc8b2b9e - std::panicking::try::do_call::hb26ecd7cd9a9355d
[INFO] [stdout]                                at /rustc/90b35a6239c3d8bdabc530a6a0816f7ff89a0aaf/library/std/src/panicking.rs:557:40
[INFO] [stdout]   59:     0x6236fc8b2b9e - std::panicking::try::h8ddeca9d705f9069
[INFO] [stdout]                                at /rustc/90b35a6239c3d8bdabc530a6a0816f7ff89a0aaf/library/std/src/panicking.rs:520:19
[INFO] [stdout]   60:     0x6236fc8b2b9e - std::panic::catch_unwind::h49e1c33078844c46
[INFO] [stdout]                                at /rustc/90b35a6239c3d8bdabc530a6a0816f7ff89a0aaf/library/std/src/panic.rs:358:14
[INFO] [stdout]   61:     0x6236fc8b2b9e - std::thread::Builder::spawn_unchecked_::{{closure}}::h6073db6ff56ad35d
[INFO] [stdout]                                at /rustc/90b35a6239c3d8bdabc530a6a0816f7ff89a0aaf/library/std/src/thread/mod.rs:537:30
[INFO] [stdout]   62:     0x6236fc8b2b9e - core::ops::function::FnOnce::call_once{{vtable.shim}}::h2c5a5f3779c774f1
[INFO] [stdout]                                at /rustc/90b35a6239c3d8bdabc530a6a0816f7ff89a0aaf/library/core/src/ops/function.rs:250:5
[INFO] [stdout]   63:     0x6236fcdac69b - <alloc::boxed::Box<F,A> as core::ops::function::FnOnce<Args>>::call_once::hf75717d9f28faebf
[INFO] [stdout]                                at /rustc/90b35a6239c3d8bdabc530a6a0816f7ff89a0aaf/library/alloc/src/boxed.rs:2454:9
[INFO] [stdout]   64:     0x6236fcdac69b - <alloc::boxed::Box<F,A> as core::ops::function::FnOnce<Args>>::call_once::h7bd883a5f3c5f3c1
[INFO] [stdout]                                at /rustc/90b35a6239c3d8bdabc530a6a0816f7ff89a0aaf/library/alloc/src/boxed.rs:2454:9
[INFO] [stdout]   65:     0x6236fcdac69b - std::sys::pal::unix::thread::Thread::new::thread_start::hcc78f3943333fa94
[INFO] [stdout]                                at /rustc/90b35a6239c3d8bdabc530a6a0816f7ff89a0aaf/library/std/src/sys/pal/unix/thread.rs:105:17
[INFO] [stdout]   66:     0x748f595b6ac3 - <unknown>
[INFO] [stdout]   67:     0x748f59647a04 - clone
[INFO] [stdout]   68:                0x0 - <unknown>
[INFO] [stdout] 
[INFO] [stdout] ---- tests::test_token_create stdout ----
[INFO] [stdout] thread 'tests::test_token_create' panicked at src/tests.rs:26:46:
[INFO] [stdout] set DATABASE_URL env variable: NotPresent
[INFO] [stdout] stack backtrace:
[INFO] [stdout]    0:     0x6236fcda658a - std::backtrace_rs::backtrace::libunwind::trace::h5a5b8284f2d0c266
[INFO] [stdout]                                at /rustc/90b35a6239c3d8bdabc530a6a0816f7ff89a0aaf/library/std/src/../../backtrace/src/backtrace/libunwind.rs:116:5
[INFO] [stdout]    1:     0x6236fcda658a - std::backtrace_rs::backtrace::trace_unsynchronized::h76d4f1c9b0b875e3
[INFO] [stdout]                                at /rustc/90b35a6239c3d8bdabc530a6a0816f7ff89a0aaf/library/std/src/../../backtrace/src/backtrace/mod.rs:66:5
[INFO] [stdout]    2:     0x6236fcda658a - std::sys::backtrace::_print_fmt::hc4546b8364a537c6
[INFO] [stdout]                                at /rustc/90b35a6239c3d8bdabc530a6a0816f7ff89a0aaf/library/std/src/sys/backtrace.rs:66:9
[INFO] [stdout]    3:     0x6236fcda658a - <std::sys::backtrace::BacktraceLock::print::DisplayBacktrace as core::fmt::Display>::fmt::h5b6bd5631a6d1f6b
[INFO] [stdout]                                at /rustc/90b35a6239c3d8bdabc530a6a0816f7ff89a0aaf/library/std/src/sys/backtrace.rs:39:26
[INFO] [stdout]    4:     0x6236fcdcfa43 - core::fmt::rt::Argument::fmt::h270f6602a2b96f62
[INFO] [stdout]                                at /rustc/90b35a6239c3d8bdabc530a6a0816f7ff89a0aaf/library/core/src/fmt/rt.rs:177:76
[INFO] [stdout]    5:     0x6236fcdcfa43 - core::fmt::write::h7550c97b06c86515
[INFO] [stdout]                                at /rustc/90b35a6239c3d8bdabc530a6a0816f7ff89a0aaf/library/core/src/fmt/mod.rs:1186:21
[INFO] [stdout]    6:     0x6236fcda28a3 - std::io::Write::write_fmt::h509ff860e5956e5e
[INFO] [stdout]                                at /rustc/90b35a6239c3d8bdabc530a6a0816f7ff89a0aaf/library/std/src/io/mod.rs:1839:15
[INFO] [stdout]    7:     0x6236fcda63d2 - std::sys::backtrace::BacktraceLock::print::h2395ccd2c84ba3aa
[INFO] [stdout]                                at /rustc/90b35a6239c3d8bdabc530a6a0816f7ff89a0aaf/library/std/src/sys/backtrace.rs:42:9
[INFO] [stdout]    8:     0x6236fcda79ea - std::panicking::default_hook::{{closure}}::he19d4c7230e07961
[INFO] [stdout]                                at /rustc/90b35a6239c3d8bdabc530a6a0816f7ff89a0aaf/library/std/src/panicking.rs:268:22
[INFO] [stdout]    9:     0x6236fcda77f4 - std::panicking::default_hook::hf614597d3c67bbdb
[INFO] [stdout]                                at /rustc/90b35a6239c3d8bdabc530a6a0816f7ff89a0aaf/library/std/src/panicking.rs:292:9
[INFO] [stdout]   10:     0x6236fc8e5ff9 - <alloc::boxed::Box<F,A> as core::ops::function::Fn<Args>>::call::h39b51ce4599c23d1
[INFO] [stdout]                                at /rustc/90b35a6239c3d8bdabc530a6a0816f7ff89a0aaf/library/alloc/src/boxed.rs:2468:9
[INFO] [stdout]   11:     0x6236fc8e5ff9 - test::test_main::{{closure}}::he977ae839a582784
[INFO] [stdout]                                at /rustc/90b35a6239c3d8bdabc530a6a0816f7ff89a0aaf/library/test/src/lib.rs:133:21
[INFO] [stdout]   12:     0x6236fcda8088 - <alloc::boxed::Box<F,A> as core::ops::function::Fn<Args>>::call::h9455091b6b06f9fb
[INFO] [stdout]                                at /rustc/90b35a6239c3d8bdabc530a6a0816f7ff89a0aaf/library/alloc/src/boxed.rs:2468:9
[INFO] [stdout]   13:     0x6236fcda8088 - std::panicking::rust_panic_with_hook::h8942133a8b252070
[INFO] [stdout]                                at /rustc/90b35a6239c3d8bdabc530a6a0816f7ff89a0aaf/library/std/src/panicking.rs:809:13
[INFO] [stdout]   14:     0x6236fcda7e4a - std::panicking::begin_panic_handler::{{closure}}::hb5f5963570096b29
[INFO] [stdout]                                at /rustc/90b35a6239c3d8bdabc530a6a0816f7ff89a0aaf/library/std/src/panicking.rs:674:13
[INFO] [stdout]   15:     0x6236fcda6a69 - std::sys::backtrace::__rust_end_short_backtrace::h6208cedc1922feda
[INFO] [stdout]                                at /rustc/90b35a6239c3d8bdabc530a6a0816f7ff89a0aaf/library/std/src/sys/backtrace.rs:170:18
[INFO] [stdout]   16:     0x6236fcda7adc - rust_begin_unwind
[INFO] [stdout]                                at /rustc/90b35a6239c3d8bdabc530a6a0816f7ff89a0aaf/library/std/src/panicking.rs:665:5
[INFO] [stdout]   17:     0x6236fc7de3d0 - core::panicking::panic_fmt::h0c3082644d1bf418
[INFO] [stdout]                                at /rustc/90b35a6239c3d8bdabc530a6a0816f7ff89a0aaf/library/core/src/panicking.rs:74:14
[INFO] [stdout]   18:     0x6236fc7de876 - core::result::unwrap_failed::hd20b4aa073bda1e2
[INFO] [stdout]                                at /rustc/90b35a6239c3d8bdabc530a6a0816f7ff89a0aaf/library/core/src/result.rs:1700:5
[INFO] [stdout]   19:     0x6236fc898096 - core::result::Result<T,E>::expect::h770304d8ea153fec
[INFO] [stdout]                                at /rustc/90b35a6239c3d8bdabc530a6a0816f7ff89a0aaf/library/core/src/result.rs:1061:23
[INFO] [stdout]   20:     0x6236fc8014f5 - bbbcntr_rust::tests::create_connection_pool::{{closure}}::h5fe2693f39b99b46
[INFO] [stdout]                                at /opt/rustwide/workdir/src/tests.rs:26:16
[INFO] [stdout]   21:     0x6236fc8039be - bbbcntr_rust::tests::test_token_create::{{closure}}::hdbb68d33c0d1aeb9
[INFO] [stdout]                                at /opt/rustwide/workdir/src/tests.rs:100:41
[INFO] [stdout]   22:     0x6236fc82c1b2 - <core::pin::Pin<P> as core::future::future::Future>::poll::h1a2df2d608788d34
[INFO] [stdout]                                at /rustc/90b35a6239c3d8bdabc530a6a0816f7ff89a0aaf/library/core/src/future/future.rs:123:9
[INFO] [stdout]   23:     0x6236fc82c3cd - <core::pin::Pin<P> as core::future::future::Future>::poll::hbef8a5af14e53819
[INFO] [stdout]                                at /rustc/90b35a6239c3d8bdabc530a6a0816f7ff89a0aaf/library/core/src/future/future.rs:123:9
[INFO] [stdout]   24:     0x6236fc8727ef - tokio::runtime::scheduler::current_thread::CoreGuard::block_on::{{closure}}::{{closure}}::{{closure}}::h585daebd067d70c2
[INFO] [stdout]                                at /opt/rustwide/cargo-home/registry/src/index.crates.io-6f17d22bba15001f/tokio-1.40.0/src/runtime/scheduler/current_thread/mod.rs:696:57
[INFO] [stdout]   25:     0x6236fc872595 - tokio::runtime::coop::with_budget::heb1a9c23620ea96b
[INFO] [stdout]                                at /opt/rustwide/cargo-home/registry/src/index.crates.io-6f17d22bba15001f/tokio-1.40.0/src/runtime/coop.rs:107:5
[INFO] [stdout]   26:     0x6236fc872595 - tokio::runtime::coop::budget::ha952a43c4e5f0922
[INFO] [stdout]                                at /opt/rustwide/cargo-home/registry/src/index.crates.io-6f17d22bba15001f/tokio-1.40.0/src/runtime/coop.rs:73:5
[INFO] [stdout]   27:     0x6236fc872595 - tokio::runtime::scheduler::current_thread::CoreGuard::block_on::{{closure}}::{{closure}}::hb8de40ff15a7a4ba
[INFO] [stdout]                                at /opt/rustwide/cargo-home/registry/src/index.crates.io-6f17d22bba15001f/tokio-1.40.0/src/runtime/scheduler/current_thread/mod.rs:696:25
[INFO] [stdout]   28:     0x6236fc870080 - tokio::runtime::scheduler::current_thread::Context::enter::h818eb93a1972595f
[INFO] [stdout]                                at /opt/rustwide/cargo-home/registry/src/index.crates.io-6f17d22bba15001f/tokio-1.40.0/src/runtime/scheduler/current_thread/mod.rs:423:19
[INFO] [stdout]   29:     0x6236fc87153e - tokio::runtime::scheduler::current_thread::CoreGuard::block_on::{{closure}}::h01e26fc3995d0aca
[INFO] [stdout]                                at /opt/rustwide/cargo-home/registry/src/index.crates.io-6f17d22bba15001f/tokio-1.40.0/src/runtime/scheduler/current_thread/mod.rs:695:36
[INFO] [stdout]   30:     0x6236fc871234 - tokio::runtime::scheduler::current_thread::CoreGuard::enter::{{closure}}::h02554062c828c391
[INFO] [stdout]                                at /opt/rustwide/cargo-home/registry/src/index.crates.io-6f17d22bba15001f/tokio-1.40.0/src/runtime/scheduler/current_thread/mod.rs:774:68
[INFO] [stdout]   31:     0x6236fc8a833b - tokio::runtime::context::scoped::Scoped<T>::set::ha3e9563e8455eee5
[INFO] [stdout]                                at /opt/rustwide/cargo-home/registry/src/index.crates.io-6f17d22bba15001f/tokio-1.40.0/src/runtime/context/scoped.rs:40:9
[INFO] [stdout]   32:     0x6236fc80bf09 - tokio::runtime::context::set_scheduler::{{closure}}::h5f1982f0ed5d3801
[INFO] [stdout]                                at /opt/rustwide/cargo-home/registry/src/index.crates.io-6f17d22bba15001f/tokio-1.40.0/src/runtime/context.rs:180:26
[INFO] [stdout]   33:     0x6236fc87c20d - std::thread::local::LocalKey<T>::try_with::h94d5a6a6def45786
[INFO] [stdout]                                at /rustc/90b35a6239c3d8bdabc530a6a0816f7ff89a0aaf/library/std/src/thread/local.rs:283:12
[INFO] [stdout]   34:     0x6236fc87ba1a - std::thread::local::LocalKey<T>::with::h9a5d9d825e8d314d
[INFO] [stdout]                                at /rustc/90b35a6239c3d8bdabc530a6a0816f7ff89a0aaf/library/std/src/thread/local.rs:260:9
[INFO] [stdout]   35:     0x6236fc80be7d - tokio::runtime::context::set_scheduler::h671df4546fe289c6
[INFO] [stdout]                                at /opt/rustwide/cargo-home/registry/src/index.crates.io-6f17d22bba15001f/tokio-1.40.0/src/runtime/context.rs:180:9
[INFO] [stdout]   36:     0x6236fc870fe0 - tokio::runtime::scheduler::current_thread::CoreGuard::enter::he1159a75e7bf8e4f
[INFO] [stdout]                                at /opt/rustwide/cargo-home/registry/src/index.crates.io-6f17d22bba15001f/tokio-1.40.0/src/runtime/scheduler/current_thread/mod.rs:774:27
[INFO] [stdout]   37:     0x6236fc871273 - tokio::runtime::scheduler::current_thread::CoreGuard::block_on::h46bd121520c29862
[INFO] [stdout]                                at /opt/rustwide/cargo-home/registry/src/index.crates.io-6f17d22bba15001f/tokio-1.40.0/src/runtime/scheduler/current_thread/mod.rs:683:19
[INFO] [stdout]   38:     0x6236fc86f4ea - tokio::runtime::scheduler::current_thread::CurrentThread::block_on::{{closure}}::h91e600827dda36e0
[INFO] [stdout]                                at /opt/rustwide/cargo-home/registry/src/index.crates.io-6f17d22bba15001f/tokio-1.40.0/src/runtime/scheduler/current_thread/mod.rs:191:28
[INFO] [stdout]   39:     0x6236fc89db86 - tokio::runtime::context::runtime::enter_runtime::he0e01046537fb8ee
[INFO] [stdout]                                at /opt/rustwide/cargo-home/registry/src/index.crates.io-6f17d22bba15001f/tokio-1.40.0/src/runtime/context/runtime.rs:65:16
[INFO] [stdout]   40:     0x6236fc86ee11 - tokio::runtime::scheduler::current_thread::CurrentThread::block_on::h9dfe53aa1542e58e
[INFO] [stdout]                                at /opt/rustwide/cargo-home/registry/src/index.crates.io-6f17d22bba15001f/tokio-1.40.0/src/runtime/scheduler/current_thread/mod.rs:179:9
[INFO] [stdout]   41:     0x6236fc81f77d - tokio::runtime::runtime::Runtime::block_on_inner::h5b6af57b2998d152
[INFO] [stdout]                                at /opt/rustwide/cargo-home/registry/src/index.crates.io-6f17d22bba15001f/tokio-1.40.0/src/runtime/runtime.rs:361:47
[INFO] [stdout]   42:     0x6236fc81f895 - tokio::runtime::runtime::Runtime::block_on::hd62fa5e1b577991e
[INFO] [stdout]                                at /opt/rustwide/cargo-home/registry/src/index.crates.io-6f17d22bba15001f/tokio-1.40.0/src/runtime/runtime.rs:335:13
[INFO] [stdout]   43:     0x6236fc8036ae - bbbcntr_rust::tests::test_token_create::h60328ce7f196ac18
[INFO] [stdout]                                at /opt/rustwide/workdir/src/tests.rs:168:5
[INFO] [stdout]   44:     0x6236fc803527 - bbbcntr_rust::tests::test_token_create::{{closure}}::h82f25f8cfc4ced3b
[INFO] [stdout]                                at /opt/rustwide/workdir/src/tests.rs:99:29
[INFO] [stdout]   45:     0x6236fc7df566 - core::ops::function::FnOnce::call_once::h1895086360403f68
[INFO] [stdout]                                at /rustc/90b35a6239c3d8bdabc530a6a0816f7ff89a0aaf/library/core/src/ops/function.rs:250:5
[INFO] [stdout]   46:     0x6236fc8ea9bb - core::ops::function::FnOnce::call_once::h109cf8051a59b34e
[INFO] [stdout]                                at /rustc/90b35a6239c3d8bdabc530a6a0816f7ff89a0aaf/library/core/src/ops/function.rs:250:5
[INFO] [stdout]   47:     0x6236fc8ea9bb - test::__rust_begin_short_backtrace::hf4fff89d377446ba
[INFO] [stdout]                                at /rustc/90b35a6239c3d8bdabc530a6a0816f7ff89a0aaf/library/test/src/lib.rs:621:18
[INFO] [stdout]   48:     0x6236fc8ea1f7 - test::run_test_in_process::{{closure}}::h0e39181dd7ee5a43
[INFO] [stdout]                                at /rustc/90b35a6239c3d8bdabc530a6a0816f7ff89a0aaf/library/test/src/lib.rs:644:60
[INFO] [stdout]   49:     0x6236fc8ea1f7 - <core::panic::unwind_safe::AssertUnwindSafe<F> as core::ops::function::FnOnce<()>>::call_once::hc5a66a30f0bdfd1f
[INFO] [stdout]                                at /rustc/90b35a6239c3d8bdabc530a6a0816f7ff89a0aaf/library/core/src/panic/unwind_safe.rs:272:9
[INFO] [stdout]   50:     0x6236fc8ea1f7 - std::panicking::try::do_call::h873b7cf639554a5e
[INFO] [stdout]                                at /rustc/90b35a6239c3d8bdabc530a6a0816f7ff89a0aaf/library/std/src/panicking.rs:557:40
[INFO] [stdout]   51:     0x6236fc8ea1f7 - std::panicking::try::hdb19862fad9c8bd1
[INFO] [stdout]                                at /rustc/90b35a6239c3d8bdabc530a6a0816f7ff89a0aaf/library/std/src/panicking.rs:520:19
[INFO] [stdout]   52:     0x6236fc8ea1f7 - std::panic::catch_unwind::h281fe732d236d260
[INFO] [stdout]                                at /rustc/90b35a6239c3d8bdabc530a6a0816f7ff89a0aaf/library/std/src/panic.rs:358:14
[INFO] [stdout]   53:     0x6236fc8ea1f7 - test::run_test_in_process::h949b6df8457ed338
[INFO] [stdout]                                at /rustc/90b35a6239c3d8bdabc530a6a0816f7ff89a0aaf/library/test/src/lib.rs:644:27
[INFO] [stdout]   54:     0x6236fc8ea1f7 - test::run_test::{{closure}}::h52c556a6d4740e10
[INFO] [stdout]                                at /rustc/90b35a6239c3d8bdabc530a6a0816f7ff89a0aaf/library/test/src/lib.rs:565:43
[INFO] [stdout]   55:     0x6236fc8af4d4 - test::run_test::{{closure}}::h4237f6381c45ccb9
[INFO] [stdout]                                at /rustc/90b35a6239c3d8bdabc530a6a0816f7ff89a0aaf/library/test/src/lib.rs:595:41
[INFO] [stdout]   56:     0x6236fc8af4d4 - std::sys::backtrace::__rust_begin_short_backtrace::h505c97a579eca628
[INFO] [stdout]                                at /rustc/90b35a6239c3d8bdabc530a6a0816f7ff89a0aaf/library/std/src/sys/backtrace.rs:154:18
[INFO] [stdout]   57:     0x6236fc8b2b9e - std::thread::Builder::spawn_unchecked_::{{closure}}::{{closure}}::h9e86b2e2bc107ea3
[INFO] [stdout]                                at /rustc/90b35a6239c3d8bdabc530a6a0816f7ff89a0aaf/library/std/src/thread/mod.rs:538:17
[INFO] [stdout]   58:     0x6236fc8b2b9e - <core::panic::unwind_safe::AssertUnwindSafe<F> as core::ops::function::FnOnce<()>>::call_once::h8b06ddb275ff4a25
[INFO] [stdout]                                at /rustc/90b35a6239c3d8bdabc530a6a0816f7ff89a0aaf/library/core/src/panic/unwind_safe.rs:272:9
[INFO] [stdout]   59:     0x6236fc8b2b9e - std::panicking::try::do_call::hb26ecd7cd9a9355d
[INFO] [stdout]                                at /rustc/90b35a6239c3d8bdabc530a6a0816f7ff89a0aaf/library/std/src/panicking.rs:557:40
[INFO] [stdout]   60:     0x6236fc8b2b9e - std::panicking::try::h8ddeca9d705f9069
[INFO] [stdout]                                at /rustc/90b35a6239c3d8bdabc530a6a0816f7ff89a0aaf/library/std/src/panicking.rs:520:19
[INFO] [stdout]   61:     0x6236fc8b2b9e - std::panic::catch_unwind::h49e1c33078844c46
[INFO] [stdout]                                at /rustc/90b35a6239c3d8bdabc530a6a0816f7ff89a0aaf/library/std/src/panic.rs:358:14
[INFO] [stdout]   62:     0x6236fc8b2b9e - std::thread::Builder::spawn_unchecked_::{{closure}}::h6073db6ff56ad35d
[INFO] [stdout]                                at /rustc/90b35a6239c3d8bdabc530a6a0816f7ff89a0aaf/library/std/src/thread/mod.rs:537:30
[INFO] [stdout]   63:     0x6236fc8b2b9e - core::ops::function::FnOnce::call_once{{vtable.shim}}::h2c5a5f3779c774f1
[INFO] [stdout]                                at /rustc/90b35a6239c3d8bdabc530a6a0816f7ff89a0aaf/library/core/src/ops/function.rs:250:5
[INFO] [stdout]   64:     0x6236fcdac69b - <alloc::boxed::Box<F,A> as core::ops::function::FnOnce<Args>>::call_once::hf75717d9f28faebf
[INFO] [stdout]                                at /rustc/90b35a6239c3d8bdabc530a6a0816f7ff89a0aaf/library/alloc/src/boxed.rs:2454:9
[INFO] [stdout]   65:     0x6236fcdac69b - <alloc::boxed::Box<F,A> as core::ops::function::FnOnce<Args>>::call_once::h7bd883a5f3c5f3c1
[INFO] [stdout]                                at /rustc/90b35a6239c3d8bdabc530a6a0816f7ff89a0aaf/library/alloc/src/boxed.rs:2454:9
[INFO] [stdout]   66:     0x6236fcdac69b - std::sys::pal::unix::thread::Thread::new::thread_start::hcc78f3943333fa94
[INFO] [stdout]                                at /rustc/90b35a6239c3d8bdabc530a6a0816f7ff89a0aaf/library/std/src/sys/pal/unix/thread.rs:105:17
[INFO] [stdout]   67:     0x748f595b6ac3 - <unknown>
[INFO] [stdout]   68:     0x748f59647a04 - clone
[INFO] [stdout]   69:                0x0 - <unknown>
[INFO] [stdout] 
[INFO] [stdout] 
[INFO] [stdout] failures:
[INFO] [stdout]     tests::check_database_connectivity
[INFO] [stdout]     tests::test_client_create
[INFO] [stdout]     tests::test_get_clients
[INFO] [stdout]     tests::test_token_create
[INFO] [stdout]     tests::test_user_create
[INFO] [stdout] 
[INFO] [stdout] test result: FAILED. 0 passed; 5 failed; 0 ignored; 0 measured; 0 filtered out; finished in 0.37s
[INFO] [stdout] 
[INFO] [stderr] error: test failed, to rerun pass `--lib`
[INFO] running `Command { std: "docker" "inspect" "ee782c74695bb6b9db52ea5292ef04eb8023ad676419c0bf043bba1eec0d68cb", kill_on_drop: false }`
[INFO] running `Command { std: "docker" "rm" "-f" "ee782c74695bb6b9db52ea5292ef04eb8023ad676419c0bf043bba1eec0d68cb", kill_on_drop: false }`
[INFO] [stdout] ee782c74695bb6b9db52ea5292ef04eb8023ad676419c0bf043bba1eec0d68cb
