[INFO] cloning repository https://github.com/PeerMeHQ/mx-strategy-contribution-token-sc
[INFO] running `Command { std: "git" "-c" "credential.helper=" "-c" "credential.helper=/workspace/cargo-home/bin/git-credential-null" "clone" "--bare" "https://github.com/PeerMeHQ/mx-strategy-contribution-token-sc" "/workspace/cache/git-repos/https%3A%2F%2Fgithub.com%2FPeerMeHQ%2Fmx-strategy-contribution-token-sc", kill_on_drop: false }`
[INFO] [stderr] Cloning into bare repository '/workspace/cache/git-repos/https%3A%2F%2Fgithub.com%2FPeerMeHQ%2Fmx-strategy-contribution-token-sc'...
[INFO] running `Command { std: "git" "rev-parse" "HEAD", kill_on_drop: false }`
[INFO] [stdout] e2d1a3d8b1399e5bc47624fc8c246f1e14412f76
[INFO] testing PeerMeHQ/mx-strategy-contribution-token-sc against 1.83.0 for beta-1.84.0-4-retry
[INFO] running `Command { std: "git" "clone" "/workspace/cache/git-repos/https%3A%2F%2Fgithub.com%2FPeerMeHQ%2Fmx-strategy-contribution-token-sc" "/workspace/builds/worker-3-tc1/source", kill_on_drop: false }`
[INFO] [stderr] Cloning into '/workspace/builds/worker-3-tc1/source'...
[INFO] [stderr] done.
[INFO] validating manifest of git repo https://github.com/PeerMeHQ/mx-strategy-contribution-token-sc on toolchain 1.83.0
[INFO] running `Command { std: CARGO_HOME="/workspace/cargo-home" RUSTUP_HOME="/workspace/rustup-home" "/workspace/cargo-home/bin/cargo" "+1.83.0" "metadata" "--manifest-path" "Cargo.toml" "--no-deps", kill_on_drop: false }`
[INFO] started tweaking git repo https://github.com/PeerMeHQ/mx-strategy-contribution-token-sc
[INFO] finished tweaking git repo https://github.com/PeerMeHQ/mx-strategy-contribution-token-sc
[INFO] tweaked toml for git repo https://github.com/PeerMeHQ/mx-strategy-contribution-token-sc written to /workspace/builds/worker-3-tc1/source/Cargo.toml
[INFO] crate git repo https://github.com/PeerMeHQ/mx-strategy-contribution-token-sc already has a lockfile, it will not be regenerated
[INFO] running `Command { std: CARGO_HOME="/workspace/cargo-home" RUSTUP_HOME="/workspace/rustup-home" "/workspace/cargo-home/bin/cargo" "+1.83.0" "fetch" "--manifest-path" "Cargo.toml", kill_on_drop: false }`
[INFO] [stderr]     Updating crates.io index
[INFO] [stderr]  Downloading crates ...
[INFO] [stderr]   Downloaded multiversx-sdk v0.4.1
[INFO] [stderr]   Downloaded multiversx-sc-codec-derive v0.19.0
[INFO] [stderr]   Downloaded ruplacer v0.8.2
[INFO] [stderr]   Downloaded multiversx-chain-scenario-format v0.22.2
[INFO] [stderr]   Downloaded multiversx-sc-codec v0.19.0
[INFO] [stderr]   Downloaded multiversx-sc-derive v0.50.3
[INFO] [stderr]   Downloaded multiversx-chain-vm v0.8.4
[INFO] [stderr]   Downloaded zip v2.1.1
[INFO] [stderr]   Downloaded multiversx-sc-meta v0.50.3
[INFO] [stderr]   Downloaded wasmparser v0.208.1
[INFO] [stderr]   Downloaded multiversx-sc-scenario v0.50.3
[INFO] [stderr]   Downloaded multiversx-chain-vm-executor v0.2.0
[INFO] [stderr]   Downloaded wasmprinter v0.208.1
[INFO] [stderr]   Downloaded multiversx-sc v0.50.3
[INFO] running `Command { std: "docker" "create" "-v" "/var/lib/crater-agent-workspace/builds/worker-3-tc1/target:/opt/rustwide/target:rw,Z" "-v" "/var/lib/crater-agent-workspace/builds/worker-3-tc1/source:/opt/rustwide/workdir:ro,Z" "-v" "/var/lib/crater-agent-workspace/cargo-home:/opt/rustwide/cargo-home:ro,Z" "-v" "/var/lib/crater-agent-workspace/rustup-home:/opt/rustwide/rustup-home:ro,Z" "-e" "SOURCE_DIR=/opt/rustwide/workdir" "-e" "CARGO_TARGET_DIR=/opt/rustwide/target" "-e" "CARGO_HOME=/opt/rustwide/cargo-home" "-e" "RUSTUP_HOME=/opt/rustwide/rustup-home" "-w" "/opt/rustwide/workdir" "-m" "1610612736" "--user" "0:0" "--network" "none" "ghcr.io/rust-lang/crates-build-env/linux@sha256:f3a9d4ad9d972b27faf3965f35b62e55ba32bbce8f20bc8fe909558a86702fde" "/opt/rustwide/cargo-home/bin/cargo" "+1.83.0" "metadata" "--no-deps" "--format-version=1", kill_on_drop: false }`
[INFO] [stdout] 854670fb8e945c2d258eca4113a9950bea0e9bcf708ad8d960914dcfe2748381
[INFO] running `Command { std: "docker" "start" "-a" "854670fb8e945c2d258eca4113a9950bea0e9bcf708ad8d960914dcfe2748381", kill_on_drop: false }`
[INFO] running `Command { std: "docker" "inspect" "854670fb8e945c2d258eca4113a9950bea0e9bcf708ad8d960914dcfe2748381", kill_on_drop: false }`
[INFO] running `Command { std: "docker" "rm" "-f" "854670fb8e945c2d258eca4113a9950bea0e9bcf708ad8d960914dcfe2748381", kill_on_drop: false }`
[INFO] [stdout] 854670fb8e945c2d258eca4113a9950bea0e9bcf708ad8d960914dcfe2748381
[INFO] running `Command { std: "docker" "create" "-v" "/var/lib/crater-agent-workspace/builds/worker-3-tc1/target:/opt/rustwide/target:rw,Z" "-v" "/var/lib/crater-agent-workspace/builds/worker-3-tc1/source:/opt/rustwide/workdir:ro,Z" "-v" "/var/lib/crater-agent-workspace/cargo-home:/opt/rustwide/cargo-home:ro,Z" "-v" "/var/lib/crater-agent-workspace/rustup-home:/opt/rustwide/rustup-home:ro,Z" "-e" "SOURCE_DIR=/opt/rustwide/workdir" "-e" "CARGO_TARGET_DIR=/opt/rustwide/target" "-e" "CARGO_INCREMENTAL=0" "-e" "RUST_BACKTRACE=full" "-e" "RUSTFLAGS=--cap-lints=warn" "-e" "RUSTDOCFLAGS=--cap-lints=warn" "-e" "CARGO_HOME=/opt/rustwide/cargo-home" "-e" "RUSTUP_HOME=/opt/rustwide/rustup-home" "-w" "/opt/rustwide/workdir" "-m" "1610612736" "--user" "0:0" "--network" "none" "ghcr.io/rust-lang/crates-build-env/linux@sha256:f3a9d4ad9d972b27faf3965f35b62e55ba32bbce8f20bc8fe909558a86702fde" "/opt/rustwide/cargo-home/bin/cargo" "+1.83.0" "build" "--frozen" "--message-format=json", kill_on_drop: false }`
[INFO] [stdout] 3aa454623d1c134478e10b4c86fb7c2e4e75d028e1f7e420fbf387c55c926c76
[INFO] running `Command { std: "docker" "start" "-a" "3aa454623d1c134478e10b4c86fb7c2e4e75d028e1f7e420fbf387c55c926c76", kill_on_drop: false }`
[INFO] [stderr]    Compiling proc-macro2 v1.0.82
[INFO] [stderr]    Compiling unicode-ident v1.0.12
[INFO] [stderr]    Compiling autocfg v1.3.0
[INFO] [stderr]    Compiling smallvec v1.13.2
[INFO] [stderr]    Compiling hex v0.4.3
[INFO] [stderr]    Compiling endian-type v0.1.2
[INFO] [stderr]    Compiling unwrap-infallible v0.1.5
[INFO] [stderr]    Compiling arrayvec v0.7.4
[INFO] [stderr]    Compiling bitflags v2.5.0
[INFO] [stderr]    Compiling hex-literal v0.4.1
[INFO] [stderr]    Compiling nibble_vec v0.1.0
[INFO] [stderr]    Compiling radix_trie v0.2.1
[INFO] [stderr]    Compiling num-traits v0.2.19
[INFO] [stderr]    Compiling quote v1.0.36
[INFO] [stderr]    Compiling syn v2.0.61
[INFO] [stderr]    Compiling num-integer v0.1.46
[INFO] [stderr]    Compiling num-bigint v0.4.5
[INFO] [stderr]    Compiling multiversx-sc-codec-derive v0.19.0
[INFO] [stderr]    Compiling multiversx-sc-derive v0.50.3
[INFO] [stderr]    Compiling multiversx-sc-codec v0.19.0
[INFO] [stderr]    Compiling multiversx-sc v0.50.3
[INFO] [stderr]    Compiling strategy-contribution-token v0.0.1 (/opt/rustwide/workdir)
[INFO] [stderr]     Finished `dev` profile [unoptimized + debuginfo] target(s) in 19.30s
[INFO] running `Command { std: "docker" "inspect" "3aa454623d1c134478e10b4c86fb7c2e4e75d028e1f7e420fbf387c55c926c76", kill_on_drop: false }`
[INFO] running `Command { std: "docker" "rm" "-f" "3aa454623d1c134478e10b4c86fb7c2e4e75d028e1f7e420fbf387c55c926c76", kill_on_drop: false }`
[INFO] [stdout] 3aa454623d1c134478e10b4c86fb7c2e4e75d028e1f7e420fbf387c55c926c76
[INFO] running `Command { std: "docker" "create" "-v" "/var/lib/crater-agent-workspace/builds/worker-3-tc1/target:/opt/rustwide/target:rw,Z" "-v" "/var/lib/crater-agent-workspace/builds/worker-3-tc1/source:/opt/rustwide/workdir:ro,Z" "-v" "/var/lib/crater-agent-workspace/cargo-home:/opt/rustwide/cargo-home:ro,Z" "-v" "/var/lib/crater-agent-workspace/rustup-home:/opt/rustwide/rustup-home:ro,Z" "-e" "SOURCE_DIR=/opt/rustwide/workdir" "-e" "CARGO_TARGET_DIR=/opt/rustwide/target" "-e" "CARGO_INCREMENTAL=0" "-e" "RUST_BACKTRACE=full" "-e" "RUSTFLAGS=--cap-lints=warn" "-e" "RUSTDOCFLAGS=--cap-lints=warn" "-e" "CARGO_HOME=/opt/rustwide/cargo-home" "-e" "RUSTUP_HOME=/opt/rustwide/rustup-home" "-w" "/opt/rustwide/workdir" "-m" "1610612736" "--user" "0:0" "--network" "none" "ghcr.io/rust-lang/crates-build-env/linux@sha256:f3a9d4ad9d972b27faf3965f35b62e55ba32bbce8f20bc8fe909558a86702fde" "/opt/rustwide/cargo-home/bin/cargo" "+1.83.0" "test" "--frozen" "--no-run" "--message-format=json", kill_on_drop: false }`
[INFO] [stdout] 49efc7cc10de0d0b5dbb5e807954b5cb661317a3ff5ce115053be34c19d1ed64
[INFO] running `Command { std: "docker" "start" "-a" "49efc7cc10de0d0b5dbb5e807954b5cb661317a3ff5ce115053be34c19d1ed64", kill_on_drop: false }`
[INFO] [stderr]    Compiling version_check v0.9.4
[INFO] [stderr]    Compiling libc v0.2.155
[INFO] [stderr]    Compiling serde v1.0.203
[INFO] [stderr]    Compiling serde_derive v1.0.203
[INFO] [stderr]    Compiling once_cell v1.19.0
[INFO] [stderr]    Compiling memchr v2.7.2
[INFO] [stderr]    Compiling zerocopy v0.7.34
[INFO] [stderr]    Compiling bytes v1.6.0
[INFO] [stderr]    Compiling pin-project-lite v0.2.14
[INFO] [stderr]    Compiling itoa v1.0.11
[INFO] [stderr]    Compiling lock_api v0.4.12
[INFO] [stderr]    Compiling cc v1.0.98
[INFO] [stderr]    Compiling futures-core v0.3.30
[INFO] [stderr]    Compiling pkg-config v0.3.30
[INFO] [stderr]    Compiling slab v0.4.9
[INFO] [stderr]    Compiling tokio-macros v2.3.0
[INFO] [stderr]    Compiling futures-sink v0.3.30
[INFO] [stderr]    Compiling log v0.4.21
[INFO] [stderr]    Compiling subtle v2.5.0
[INFO] [stderr]    Compiling hex v0.4.3
[INFO] [stderr]    Compiling tracing-core v0.1.32
[INFO] [stderr]    Compiling getrandom v0.1.16
[INFO] [stderr]    Compiling ppv-lite86 v0.2.17
[INFO] [stderr]    Compiling futures-io v0.3.30
[INFO] [stderr]    Compiling ahash v0.8.11
[INFO] [stderr]    Compiling generic-array v0.14.7
[INFO] [stderr]    Compiling httparse v1.8.0
[INFO] [stderr]    Compiling futures-task v0.3.30
[INFO] [stderr]    Compiling openssl v0.10.64
[INFO] [stderr]    Compiling tinyvec v1.6.0
[INFO] [stderr]    Compiling openssl-macros v0.1.1
[INFO] [stderr]    Compiling http v1.1.0
[INFO] [stderr]    Compiling pin-project-internal v1.1.5
[INFO] [stderr]    Compiling atomic-waker v1.1.2
[INFO] [stderr]    Compiling try-lock v0.2.5
[INFO] [stderr]    Compiling native-tls v0.2.12
[INFO] [stderr]    Compiling regex-syntax v0.8.3
[INFO] [stderr]    Compiling want v0.3.1
[INFO] [stderr]    Compiling futures-util v0.3.30
[INFO] [stderr]    Compiling aho-corasick v1.1.3
[INFO] [stderr]    Compiling tracing v0.1.40
[INFO] [stderr]    Compiling crypto-common v0.1.6
[INFO] [stderr]    Compiling block-buffer v0.10.4
[INFO] [stderr]    Compiling http-body v1.0.0
[INFO] [stderr]    Compiling futures-channel v0.3.30
[INFO] [stderr]    Compiling tower-service v0.3.2
[INFO] [stderr]    Compiling openssl-probe v0.1.5
[INFO] [stderr]    Compiling anyhow v1.0.86
[INFO] [stderr]    Compiling tower-layer v0.3.2
[INFO] [stderr]    Compiling utf8parse v0.2.1
[INFO] [stderr]    Compiling digest v0.10.7
[INFO] [stderr]    Compiling serde_json v1.0.117
[INFO] [stderr]    Compiling anstyle-parse v0.2.4
[INFO] [stderr]    Compiling nibble_vec v0.1.0
[INFO] [stderr]    Compiling openssl-sys v0.9.102
[INFO] [stderr]    Compiling zeroize_derive v1.4.2
[INFO] [stderr]    Compiling is_terminal_polyfill v1.70.0
[INFO] [stderr]    Compiling unicode-bidi v0.3.15
[INFO] [stderr]    Compiling base64 v0.22.1
[INFO] [stderr]    Compiling anstyle v1.0.7
[INFO] [stderr]    Compiling unicode-normalization v0.1.22
[INFO] [stderr]    Compiling lazy_static v1.4.0
[INFO] [stderr]    Compiling cpufeatures v0.2.12
[INFO] [stderr]    Compiling same-file v1.0.6
[INFO] [stderr]    Compiling anstyle-query v1.0.3
[INFO] [stderr]    Compiling colorchoice v1.0.1
[INFO] [stderr]    Compiling anstream v0.6.14
[INFO] [stderr]    Compiling walkdir v2.5.0
[INFO] [stderr]    Compiling radix_trie v0.2.1
[INFO] [stderr]    Compiling semver v1.0.23
[INFO] [stderr]    Compiling http-body-util v0.1.1
[INFO] [stderr]    Compiling idna v0.5.0
[INFO] [stderr]    Compiling digest v0.9.0
[INFO] [stderr]    Compiling bstr v1.9.1
[INFO] [stderr]    Compiling multiversx-sc-codec-derive v0.19.0
[INFO] [stderr]    Compiling rustls-pki-types v1.7.0
[INFO] [stderr]    Compiling parking_lot_core v0.9.10
[INFO] [stderr]    Compiling socket2 v0.5.7
[INFO] [stderr]    Compiling num_cpus v1.16.0
[INFO] [stderr]    Compiling mio v0.8.11
[INFO] [stderr]    Compiling signal-hook-registry v1.4.2
[INFO] [stderr]    Compiling parking_lot v0.12.3
[INFO] [stderr]    Compiling getrandom v0.2.15
[INFO] [stderr]    Compiling pin-project v1.1.5
[INFO] [stderr]    Compiling rand_core v0.6.4
[INFO] [stderr]    Compiling tokio v1.38.0
[INFO] [stderr]    Compiling zeroize v1.8.1
[INFO] [stderr]    Compiling thiserror v1.0.61
[INFO] [stderr]    Compiling keccak v0.1.5
[INFO] [stderr]    Compiling rand_core v0.5.1
[INFO] [stderr]    Compiling clap_lex v0.7.0
[INFO] [stderr]    Compiling adler v1.0.2
[INFO] [stderr]    Compiling rand_chacha v0.3.1
[INFO] [stderr]    Compiling heck v0.5.0
[INFO] [stderr]    Compiling multiversx-sc-codec v0.19.0
[INFO] [stderr]    Compiling sha3 v0.10.8
[INFO] [stderr]    Compiling rand_chacha v0.2.2
[INFO] [stderr]    Compiling miniz_oxide v0.7.3
[INFO] [stderr]    Compiling url v2.5.0
[INFO] [stderr]    Compiling rustls-pemfile v2.1.2
[INFO] [stderr]    Compiling clap_derive v4.5.4
[INFO] [stderr]    Compiling clap_builder v4.5.2
[INFO] [stderr]    Compiling regex-automata v0.4.6
[INFO] [stderr]    Compiling rand v0.8.5
[INFO] [stderr]    Compiling multiversx-sc-derive v0.50.3
[INFO] [stderr]    Compiling colored v2.1.0
[INFO] [stderr]    Compiling block-buffer v0.9.0
[INFO] [stderr]    Compiling encoding_rs v0.8.34
[INFO] [stderr]    Compiling thiserror-impl v1.0.61
[INFO] [stderr]    Compiling simd-adler32 v0.3.7
[INFO] [stderr]    Compiling winnow v0.6.9
[INFO] [stderr]    Compiling opaque-debug v0.3.1
[INFO] [stderr]    Compiling ipnet v2.9.0
[INFO] [stderr]    Compiling sync_wrapper v0.1.2
[INFO] [stderr]    Compiling bumpalo v3.16.0
[INFO] [stderr]    Compiling signature v1.6.4
[INFO] [stderr]    Compiling zip v2.1.1
[INFO] [stderr]    Compiling lockfree-object-pool v0.1.6
[INFO] [stderr]    Compiling mime v0.3.17
[INFO] [stderr]    Compiling either v1.12.0
[INFO] [stderr]    Compiling byteorder v1.5.0
[INFO] [stderr]    Compiling zopfli v0.8.1
[INFO] [stderr]    Compiling curve25519-dalek v3.2.0
[INFO] [stderr]    Compiling ed25519 v1.5.3
[INFO] [stderr]    Compiling itertools v0.12.1
[INFO] [stderr]    Compiling sha2 v0.9.9
[INFO] [stderr]    Compiling flate2 v1.0.30
[INFO] [stderr]    Compiling rand v0.7.3
[INFO] [stderr]    Compiling regex v1.10.4
[INFO] [stderr]    Compiling globset v0.4.14
[INFO] [stderr]    Compiling sha2 v0.10.8
[INFO] [stderr]    Compiling displaydoc v0.2.4
[INFO] [stderr]    Compiling bitcoin_hashes v0.11.0
[INFO] [stderr]    Compiling clap v4.5.4
[INFO] [stderr]    Compiling unicode-segmentation v1.11.0
[INFO] [stderr]    Compiling ignore v0.4.22
[INFO] [stderr]    Compiling Inflector v0.11.4
[INFO] [stderr]    Compiling multiversx-sc v0.50.3
[INFO] [stderr]    Compiling bech32 v0.9.1
[INFO] [stderr]    Compiling convert_case v0.6.0
[INFO] [stderr]    Compiling rand_seeder v0.2.3
[INFO] [stderr]    Compiling rustc_version v0.4.0
[INFO] [stderr]    Compiling pem v3.0.4
[INFO] [stderr]    Compiling copy_dir v0.1.3
[INFO] [stderr]    Compiling hmac v0.12.1
[INFO] [stderr]    Compiling pbkdf2 v0.12.2
[INFO] [stderr]    Compiling serde_repr v0.1.19
[INFO] [stderr]    Compiling pathdiff v0.2.1
[INFO] [stderr]    Compiling multiversx-chain-vm-executor v0.2.0
[INFO] [stderr]    Compiling common-path v1.0.0
[INFO] [stderr]    Compiling ruplacer v0.8.2
[INFO] [stderr]    Compiling tokio-util v0.7.11
[INFO] [stderr]    Compiling tower v0.4.13
[INFO] [stderr]    Compiling hashbrown v0.14.5
[INFO] [stderr]    Compiling serde_urlencoded v0.7.1
[INFO] [stderr]    Compiling toml_datetime v0.6.6
[INFO] [stderr]    Compiling serde_spanned v0.6.6
[INFO] [stderr]    Compiling bip39 v2.0.0
[INFO] [stderr]    Compiling ed25519-dalek v1.0.1
[INFO] [stderr]    Compiling tokio-native-tls v0.3.1
[INFO] [stderr]    Compiling multiversx-chain-vm v0.8.4
[INFO] [stderr]    Compiling indexmap v2.2.6
[INFO] [stderr]    Compiling h2 v0.4.5
[INFO] [stderr]    Compiling wasmparser v0.208.1
[INFO] [stderr]    Compiling toml_edit v0.22.13
[INFO] [stderr]    Compiling multiversx-chain-scenario-format v0.22.2
[INFO] [stderr]    Compiling toml v0.8.13
[INFO] [stderr]    Compiling hyper v1.3.1
[INFO] [stderr]    Compiling hyper-util v0.1.5
[INFO] [stderr]    Compiling strategy-contribution-token v0.0.1 (/opt/rustwide/workdir)
[INFO] [stderr]    Compiling hyper-tls v0.6.0
[INFO] [stderr]    Compiling reqwest v0.12.4
[INFO] [stderr]    Compiling wasmprinter v0.208.1
[INFO] [stderr]    Compiling multiversx-sdk v0.4.1
[INFO] [stderr]    Compiling multiversx-sc-meta v0.50.3
[INFO] [stderr]    Compiling multiversx-sc-scenario v0.50.3
[INFO] [stderr]     Finished `test` profile [unoptimized + debuginfo] target(s) in 1m 47s
[INFO] running `Command { std: "docker" "inspect" "49efc7cc10de0d0b5dbb5e807954b5cb661317a3ff5ce115053be34c19d1ed64", kill_on_drop: false }`
[INFO] running `Command { std: "docker" "rm" "-f" "49efc7cc10de0d0b5dbb5e807954b5cb661317a3ff5ce115053be34c19d1ed64", kill_on_drop: false }`
[INFO] [stdout] 49efc7cc10de0d0b5dbb5e807954b5cb661317a3ff5ce115053be34c19d1ed64
[INFO] running `Command { std: "docker" "create" "-v" "/var/lib/crater-agent-workspace/builds/worker-3-tc1/target:/opt/rustwide/target:rw,Z" "-v" "/var/lib/crater-agent-workspace/builds/worker-3-tc1/source:/opt/rustwide/workdir:ro,Z" "-v" "/var/lib/crater-agent-workspace/cargo-home:/opt/rustwide/cargo-home:ro,Z" "-v" "/var/lib/crater-agent-workspace/rustup-home:/opt/rustwide/rustup-home:ro,Z" "-e" "SOURCE_DIR=/opt/rustwide/workdir" "-e" "CARGO_TARGET_DIR=/opt/rustwide/target" "-e" "CARGO_INCREMENTAL=0" "-e" "RUST_BACKTRACE=full" "-e" "RUSTFLAGS=--cap-lints=warn" "-e" "RUSTDOCFLAGS=--cap-lints=warn" "-e" "CARGO_HOME=/opt/rustwide/cargo-home" "-e" "RUSTUP_HOME=/opt/rustwide/rustup-home" "-w" "/opt/rustwide/workdir" "-m" "1610612736" "--user" "0:0" "--network" "none" "ghcr.io/rust-lang/crates-build-env/linux@sha256:f3a9d4ad9d972b27faf3965f35b62e55ba32bbce8f20bc8fe909558a86702fde" "/opt/rustwide/cargo-home/bin/cargo" "+1.83.0" "test" "--frozen", kill_on_drop: false }`
[INFO] [stdout] 4bd96fbb76a5311bc946d517b95c6ab5aab3ff0180c3818025e10080c747e45e
[INFO] running `Command { std: "docker" "start" "-a" "4bd96fbb76a5311bc946d517b95c6ab5aab3ff0180c3818025e10080c747e45e", kill_on_drop: false }`
[INFO] [stderr]     Finished `test` profile [unoptimized + debuginfo] target(s) in 0.52s
[INFO] [stderr]      Running unittests src/lib.rs (/opt/rustwide/target/debug/deps/strategy_contribution_token-39eee46495b02d53)
[INFO] [stdout] 
[INFO] [stdout] running 0 tests
[INFO] [stdout] 
[INFO] [stdout] test result: ok. 0 passed; 0 failed; 0 ignored; 0 measured; 0 filtered out; finished in 0.00s
[INFO] [stdout] 
[INFO] [stderr]      Running tests/participate_tests.rs (/opt/rustwide/target/debug/deps/participate_tests-73bd179fa22de94e)
[INFO] [stdout] 
[INFO] [stdout] running 1 test
[INFO] [stdout] test it_forwards_payments_to_an_app ... FAILED
[INFO] [stdout] 
[INFO] [stdout] failures:
[INFO] [stdout] 
[INFO] [stdout] ---- it_forwards_payments_to_an_app stdout ----
[INFO] [stdout] thread 'it_forwards_payments_to_an_app' panicked at /opt/rustwide/cargo-home/registry/src/index.crates.io-6f17d22bba15001f/multiversx-chain-vm-0.8.4/src/vm_hooks/vh_impl/vh_debug_api.rs:111:9:
[INFO] [stdout] Box<dyn Any>
[INFO] [stdout] stack backtrace:
[INFO] [stdout]    0:     0x63d5975fb11a - std::backtrace_rs::backtrace::libunwind::trace::h5a5b8284f2d0c266
[INFO] [stdout]                                at /rustc/90b35a6239c3d8bdabc530a6a0816f7ff89a0aaf/library/std/src/../../backtrace/src/backtrace/libunwind.rs:116:5
[INFO] [stdout]    1:     0x63d5975fb11a - std::backtrace_rs::backtrace::trace_unsynchronized::h76d4f1c9b0b875e3
[INFO] [stdout]                                at /rustc/90b35a6239c3d8bdabc530a6a0816f7ff89a0aaf/library/std/src/../../backtrace/src/backtrace/mod.rs:66:5
[INFO] [stdout]    2:     0x63d5975fb11a - std::sys::backtrace::_print_fmt::hc4546b8364a537c6
[INFO] [stdout]                                at /rustc/90b35a6239c3d8bdabc530a6a0816f7ff89a0aaf/library/std/src/sys/backtrace.rs:66:9
[INFO] [stdout]    3:     0x63d5975fb11a - <std::sys::backtrace::BacktraceLock::print::DisplayBacktrace as core::fmt::Display>::fmt::h5b6bd5631a6d1f6b
[INFO] [stdout]                                at /rustc/90b35a6239c3d8bdabc530a6a0816f7ff89a0aaf/library/std/src/sys/backtrace.rs:39:26
[INFO] [stdout]    4:     0x63d597621b43 - core::fmt::rt::Argument::fmt::h270f6602a2b96f62
[INFO] [stdout]                                at /rustc/90b35a6239c3d8bdabc530a6a0816f7ff89a0aaf/library/core/src/fmt/rt.rs:177:76
[INFO] [stdout]    5:     0x63d597621b43 - core::fmt::write::h7550c97b06c86515
[INFO] [stdout]                                at /rustc/90b35a6239c3d8bdabc530a6a0816f7ff89a0aaf/library/core/src/fmt/mod.rs:1186:21
[INFO] [stdout]    6:     0x63d5975f82b3 - std::io::Write::write_fmt::h509ff860e5956e5e
[INFO] [stdout]                                at /rustc/90b35a6239c3d8bdabc530a6a0816f7ff89a0aaf/library/std/src/io/mod.rs:1839:15
[INFO] [stdout]    7:     0x63d5975faf62 - std::sys::backtrace::BacktraceLock::print::h2395ccd2c84ba3aa
[INFO] [stdout]                                at /rustc/90b35a6239c3d8bdabc530a6a0816f7ff89a0aaf/library/std/src/sys/backtrace.rs:42:9
[INFO] [stdout]    8:     0x63d5975fc57a - std::panicking::default_hook::{{closure}}::he19d4c7230e07961
[INFO] [stdout]                                at /rustc/90b35a6239c3d8bdabc530a6a0816f7ff89a0aaf/library/std/src/panicking.rs:268:22
[INFO] [stdout]    9:     0x63d5975fc384 - std::panicking::default_hook::hf614597d3c67bbdb
[INFO] [stdout]                                at /rustc/90b35a6239c3d8bdabc530a6a0816f7ff89a0aaf/library/std/src/panicking.rs:292:9
[INFO] [stdout]   10:     0x63d5973ea969 - <alloc::boxed::Box<F,A> as core::ops::function::Fn<Args>>::call::h39b51ce4599c23d1
[INFO] [stdout]                                at /rustc/90b35a6239c3d8bdabc530a6a0816f7ff89a0aaf/library/alloc/src/boxed.rs:2468:9
[INFO] [stdout]   11:     0x63d5973ea969 - test::test_main::{{closure}}::he977ae839a582784
[INFO] [stdout]                                at /rustc/90b35a6239c3d8bdabc530a6a0816f7ff89a0aaf/library/test/src/lib.rs:133:21
[INFO] [stdout]   12:     0x63d5975fcc18 - <alloc::boxed::Box<F,A> as core::ops::function::Fn<Args>>::call::h9455091b6b06f9fb
[INFO] [stdout]                                at /rustc/90b35a6239c3d8bdabc530a6a0816f7ff89a0aaf/library/alloc/src/boxed.rs:2468:9
[INFO] [stdout]   13:     0x63d5975fcc18 - std::panicking::rust_panic_with_hook::h8942133a8b252070
[INFO] [stdout]                                at /rustc/90b35a6239c3d8bdabc530a6a0816f7ff89a0aaf/library/std/src/panicking.rs:809:13
[INFO] [stdout]   14:     0x63d59750a84c - std::panicking::begin_panic::{{closure}}::h3729e36bfe9f6b4a
[INFO] [stdout]                                at /rustc/90b35a6239c3d8bdabc530a6a0816f7ff89a0aaf/library/std/src/panicking.rs:738:9
[INFO] [stdout]   15:     0x63d59752a76c - std::sys::backtrace::__rust_end_short_backtrace::h24f9265e21632ef6
[INFO] [stdout]                                at /rustc/90b35a6239c3d8bdabc530a6a0816f7ff89a0aaf/library/std/src/sys/backtrace.rs:170:18
[INFO] [stdout]   16:     0x63d59750a80b - std::panicking::begin_panic::h2c545dc58e45e498
[INFO] [stdout]                                at /rustc/90b35a6239c3d8bdabc530a6a0816f7ff89a0aaf/library/std/src/panicking.rs:737:5
[INFO] [stdout]   17:     0x63d597532444 - std::panic::panic_any::h1ef9a136b12ecdd4
[INFO] [stdout]                                at /rustc/90b35a6239c3d8bdabc530a6a0816f7ff89a0aaf/library/std/src/panic.rs:259:5
[INFO] [stdout]   18:     0x63d5975490d5 - <multiversx_chain_vm::vm_hooks::vh_impl::vh_debug_api::DebugApiVMHooksHandler as multiversx_chain_vm::vm_hooks::vh_source::VMHooksHandlerSource>::perform_async_call::h69d9ace1635a8e7b
[INFO] [stdout]                                at /opt/rustwide/cargo-home/registry/src/index.crates.io-6f17d22bba15001f/multiversx-chain-vm-0.8.4/src/vm_hooks/vh_impl/vh_debug_api.rs:111:9
[INFO] [stdout]   19:     0x63d59737d01a - multiversx_chain_vm::vm_hooks::vh_handler::vh_send::VMHooksSend::async_call_raw::hbbbc60073bec75b1
[INFO] [stdout]                                at /opt/rustwide/cargo-home/registry/src/index.crates.io-6f17d22bba15001f/multiversx-chain-vm-0.8.4/src/vm_hooks/vh_handler/vh_send.rs:196:9
[INFO] [stdout]   20:     0x63d59751b91c - <multiversx_chain_vm::vm_hooks::vh_dispatcher::VMHooksDispatcher as multiversx_chain_vm_executor::vm_hooks::VMHooks>::managed_async_call::h78c6f5832ee5cd33
[INFO] [stdout]                                at /opt/rustwide/cargo-home/registry/src/index.crates.io-6f17d22bba15001f/multiversx-chain-vm-0.8.4/src/vm_hooks/vh_dispatcher.rs:712:9
[INFO] [stdout]   21:     0x63d5973a928a - multiversx_sc_scenario::api::core_api_vh::send_api_vh::<impl multiversx_sc::api::send_api::SendApiImpl for multiversx_sc_scenario::api::impl_vh::vm_hooks_api::VMHooksApi<VHB>>::async_call_raw::{{closure}}::hd26d0e78af83fda1
[INFO] [stdout]                                at /opt/rustwide/cargo-home/registry/src/index.crates.io-6f17d22bba15001f/multiversx-sc-scenario-0.50.3/src/api/core_api_vh/send_api_vh.rs:71:13
[INFO] [stdout]   22:     0x63d597383fa3 - <multiversx_sc_scenario::api::impl_vh::debug_api::DebugApiBackend as multiversx_sc_scenario::api::impl_vh::vm_hooks_backend::VMHooksApiBackend>::with_vm_hooks::h1b77185c671f886f
[INFO] [stdout]                                at /opt/rustwide/cargo-home/registry/src/index.crates.io-6f17d22bba15001f/multiversx-sc-scenario-0.50.3/src/api/impl_vh/debug_api.rs:27:9
[INFO] [stdout]   23:     0x63d5973b080b - multiversx_sc_scenario::api::impl_vh::vm_hooks_api::VMHooksApi<VHB>::with_vm_hooks::h84aa056077fd1a08
[INFO] [stdout]                                at /opt/rustwide/cargo-home/registry/src/index.crates.io-6f17d22bba15001f/multiversx-sc-scenario-0.50.3/src/api/impl_vh/vm_hooks_api.rs:27:9
[INFO] [stdout]   24:     0x63d5973af109 - multiversx_sc_scenario::api::core_api_vh::send_api_vh::<impl multiversx_sc::api::send_api::SendApiImpl for multiversx_sc_scenario::api::impl_vh::vm_hooks_api::VMHooksApi<VHB>>::async_call_raw::hf05ca8d0929cb8c4
[INFO] [stdout]                                at /opt/rustwide/cargo-home/registry/src/index.crates.io-6f17d22bba15001f/multiversx-sc-scenario-0.50.3/src/api/core_api_vh/send_api_vh.rs:70:9
[INFO] [stdout]   25:     0x63d597398aac - multiversx_sc::contract_base::wrappers::send_raw_wrapper::SendRawWrapper<A>::async_call_raw::h2d34f202de6155a3
[INFO] [stdout]                                at /opt/rustwide/cargo-home/registry/src/index.crates.io-6f17d22bba15001f/multiversx-sc-0.50.3/src/contract_base/wrappers/send_raw_wrapper.rs:134:9
[INFO] [stdout]   26:     0x63d5973a7240 - multiversx_sc::types::interaction::tx_exec::tx_exec_async::<impl multiversx_sc::types::interaction::tx::Tx<multiversx_sc::types::interaction::tx_exec::tx_env_sc::TxScEnv<Api>,(),To,Payment,(),FC,RH>>::async_call_and_exit::{{closure}}::h1c320b3e9478ee69
[INFO] [stdout]                                at /opt/rustwide/cargo-home/registry/src/index.crates.io-6f17d22bba15001f/multiversx-sc-0.50.3/src/types/interaction/tx_exec/tx_exec_async.rs:134:17
[INFO] [stdout]   27:     0x63d5973a8e0e - <multiversx_sc::types::interaction::tx_payment::tx_payment_egld::Egld<EgldValue> as multiversx_sc::types::interaction::tx_payment::TxPayment<Env>>::with_normalized::{{closure}}::{{closure}}::h0eb1906f948ecf1e
[INFO] [stdout]                                at /opt/rustwide/cargo-home/registry/src/index.crates.io-6f17d22bba15001f/multiversx-sc-0.50.3/src/types/interaction/tx_payment/tx_payment_egld.rs:67:51
[INFO] [stdout]   28:     0x63d5973a72b1 - multiversx_sc::types::interaction::annotated::annotated_impl_big_uint::<impl multiversx_sc::types::interaction::annotated::AnnotatedValue<Env,multiversx_sc::types::managed::basic::big_uint::BigUint<<Env as multiversx_sc::types::interaction::tx_env::TxEnv>::Api>> for multiversx_sc::types::managed::basic::big_uint::BigUint<<Env as multiversx_sc::types::interaction::tx_env::TxEnv>::Api>>::with_value_ref::h6e313f1ed2917c91
[INFO] [stdout]                                at /opt/rustwide/cargo-home/registry/src/index.crates.io-6f17d22bba15001f/multiversx-sc-0.50.3/src/types/interaction/annotated/annotated_impl_big_uint.rs:26:9
[INFO] [stdout]   29:     0x63d5973a8db7 - <multiversx_sc::types::interaction::tx_payment::tx_payment_egld::Egld<EgldValue> as multiversx_sc::types::interaction::tx_payment::TxPayment<Env>>::with_normalized::{{closure}}::h1599b63a721392d8
[INFO] [stdout]                                at /opt/rustwide/cargo-home/registry/src/index.crates.io-6f17d22bba15001f/multiversx-sc-0.50.3/src/types/interaction/tx_payment/tx_payment_egld.rs:66:13
[INFO] [stdout]   30:     0x63d597394ef5 - multiversx_sc::types::interaction::annotated::AnnotatedValue::with_value_ref::h725872efedabcd86
[INFO] [stdout]                                at /opt/rustwide/cargo-home/registry/src/index.crates.io-6f17d22bba15001f/multiversx-sc-0.50.3/src/types/interaction/annotated.rs:41:9
[INFO] [stdout]   31:     0x63d597394d93 - multiversx_sc::types::interaction::tx_to::TxToSpecified::with_address_ref::h09883766380720de
[INFO] [stdout]                                at /opt/rustwide/cargo-home/registry/src/index.crates.io-6f17d22bba15001f/multiversx-sc-0.50.3/src/types/interaction/tx_to.rs:34:9
[INFO] [stdout]   32:     0x63d5973a8d32 - <multiversx_sc::types::interaction::tx_payment::tx_payment_egld::Egld<EgldValue> as multiversx_sc::types::interaction::tx_payment::TxPayment<Env>>::with_normalized::h17af1e0480c67572
[INFO] [stdout]                                at /opt/rustwide/cargo-home/registry/src/index.crates.io-6f17d22bba15001f/multiversx-sc-0.50.3/src/types/interaction/tx_payment/tx_payment_egld.rs:65:9
[INFO] [stdout]   33:     0x63d59738df7d - multiversx_sc::types::interaction::tx_exec::tx_exec_async::<impl multiversx_sc::types::interaction::tx::Tx<multiversx_sc::types::interaction::tx_exec::tx_env_sc::TxScEnv<Api>,(),To,Payment,(),FC,RH>>::async_call_and_exit::h71f0e5a85a258012
[INFO] [stdout]                                at /opt/rustwide/cargo-home/registry/src/index.crates.io-6f17d22bba15001f/multiversx-sc-0.50.3/src/types/interaction/tx_exec/tx_exec_async.rs:128:9
[INFO] [stdout]   34:     0x63d5973a37ab - strategy_contribution_token::StrategyContract::register_app_endpoint::he5ed6b809d550501
[INFO] [stdout]                                at /opt/rustwide/workdir/src/lib.rs:41:9
[INFO] [stdout]   35:     0x63d5973a253a - strategy_contribution_token::EndpointWrappers::call_register_app_endpoint::h59d7a16be41ce2ae
[INFO] [stdout]                                at /opt/rustwide/workdir/src/lib.rs:21:1
[INFO] [stdout]   36:     0x63d5973a2704 - strategy_contribution_token::EndpointWrappers::call::h488a7e5336532afe
[INFO] [stdout]                                at /opt/rustwide/workdir/src/lib.rs:21:1
[INFO] [stdout]   37:     0x63d59739e077 - <strategy_contribution_token::ContractObj<A> as multiversx_sc::contract_base::callable_contract::CallableContract>::call::h7512445c38e15212
[INFO] [stdout]                                at /opt/rustwide/workdir/src/lib.rs:21:1
[INFO] [stdout]   38:     0x63d5973fef48 - multiversx_sc_scenario::debug_executor::contract_container::ContractContainer::call::h630d54c80e6e5319
[INFO] [stdout]                                at /opt/rustwide/cargo-home/registry/src/index.crates.io-6f17d22bba15001f/multiversx-sc-scenario-0.50.3/src/debug_executor/contract_container.rs:42:13
[INFO] [stdout]   39:     0x63d5973ff300 - <multiversx_sc_scenario::debug_executor::contract_container::ContractContainerRef as multiversx_chain_vm_executor::instance::Instance>::call::{{closure}}::h9b9deb88d1421b30
[INFO] [stdout]                                at /opt/rustwide/cargo-home/registry/src/index.crates.io-6f17d22bba15001f/multiversx-sc-scenario-0.50.3/src/debug_executor/contract_container.rs:80:35
[INFO] [stdout]   40:     0x63d597449e6a - <core::panic::unwind_safe::AssertUnwindSafe<F> as core::ops::function::FnOnce<()>>::call_once::h12ff34370de6be4b
[INFO] [stdout]                                at /rustc/90b35a6239c3d8bdabc530a6a0816f7ff89a0aaf/library/core/src/panic/unwind_safe.rs:272:9
[INFO] [stdout]   41:     0x63d59743ae88 - std::panicking::try::do_call::habcfb06795c0ea71
[INFO] [stdout]                                at /rustc/90b35a6239c3d8bdabc530a6a0816f7ff89a0aaf/library/std/src/panicking.rs:557:40
[INFO] [stdout]   42:     0x63d597432b6b - __rust_try
[INFO] [stdout]   43:     0x63d59742c91d - std::panicking::try::h8de4314142af5cf1
[INFO] [stdout]                                at /rustc/90b35a6239c3d8bdabc530a6a0816f7ff89a0aaf/library/std/src/panicking.rs:520:19
[INFO] [stdout]   44:     0x63d59742c91d - std::panic::catch_unwind::h939181d233cfcf77
[INFO] [stdout]                                at /rustc/90b35a6239c3d8bdabc530a6a0816f7ff89a0aaf/library/std/src/panic.rs:358:14
[INFO] [stdout]   45:     0x63d5973fe8ca - multiversx_sc_scenario::debug_executor::catch_tx_panic::catch_tx_panic::h874835c340ebc2c8
[INFO] [stdout]                                at /opt/rustwide/cargo-home/registry/src/index.crates.io-6f17d22bba15001f/multiversx-sc-scenario-0.50.3/src/debug_executor/catch_tx_panic.rs:14:18
[INFO] [stdout]   46:     0x63d5973ff00f - multiversx_sc_scenario::debug_executor::contract_container::contract_instance_wrapped_execution::h4acda8e84ad7dd72
[INFO] [stdout]                                at /opt/rustwide/cargo-home/registry/src/index.crates.io-6f17d22bba15001f/multiversx-sc-scenario-0.50.3/src/debug_executor/contract_container.rs:57:18
[INFO] [stdout]   47:     0x63d5973ff28e - <multiversx_sc_scenario::debug_executor::contract_container::ContractContainerRef as multiversx_chain_vm_executor::instance::Instance>::call::hd1df45b2e048f19f
[INFO] [stdout]                                at /opt/rustwide/cargo-home/registry/src/index.crates.io-6f17d22bba15001f/multiversx-sc-scenario-0.50.3/src/debug_executor/contract_container.rs:79:9
[INFO] [stdout]   48:     0x63d5974f8907 - multiversx_chain_vm::tx_execution::exec_call::execute_current_tx_context_input::h028b2fd9a8dd5dc5
[INFO] [stdout]                                at /opt/rustwide/cargo-home/registry/src/index.crates.io-6f17d22bba15001f/multiversx-chain-vm-0.8.4/src/tx_execution/exec_call.rs:26:5
[INFO] [stdout]   49:     0x63d597533497 - core::ops::function::FnOnce::call_once::h352d469dd8ac37f0
[INFO] [stdout]                                at /rustc/90b35a6239c3d8bdabc530a6a0816f7ff89a0aaf/library/core/src/ops/function.rs:250:5
[INFO] [stdout]   50:     0x63d597502a75 - multiversx_chain_vm::tx_mock::tx_context_stack::TxContextStack::execute_on_vm_stack::{{closure}}::h0e3a71a43148ca57
[INFO] [stdout]                                at /opt/rustwide/cargo-home/registry/src/index.crates.io-6f17d22bba15001f/multiversx-chain-vm-0.8.4/src/tx_mock/tx_context_stack.rs:46:26
[INFO] [stdout]   51:     0x63d597529491 - multiversx_chain_vm::with_shared::shareable::Shareable<T>::with_shared::h9d93a58ddd619a3d
[INFO] [stdout]                                at /opt/rustwide/cargo-home/registry/src/index.crates.io-6f17d22bba15001f/multiversx-chain-vm-0.8.4/src/with_shared/shareable.rs:116:22
[INFO] [stdout]   52:     0x63d597502a1f - multiversx_chain_vm::tx_mock::tx_context_stack::TxContextStack::execute_on_vm_stack::h10f086675f418c0e
[INFO] [stdout]                                at /opt/rustwide/cargo-home/registry/src/index.crates.io-6f17d22bba15001f/multiversx-chain-vm-0.8.4/src/tx_mock/tx_context_stack.rs:43:9
[INFO] [stdout]   53:     0x63d5974fb250 - multiversx_chain_vm::tx_execution::exec_general_tx::<impl multiversx_chain_vm::tx_execution::blockchain_vm::BlockchainVMRef>::default_execution::h2f7b418d14badd60
[INFO] [stdout]                                at /opt/rustwide/cargo-home/registry/src/index.crates.io-6f17d22bba15001f/multiversx-chain-vm-0.8.4/src/tx_execution/exec_general_tx.rs:112:13
[INFO] [stdout]   54:     0x63d5974f8b5b - multiversx_chain_vm::tx_execution::exec_call::<impl multiversx_chain_vm::tx_execution::blockchain_vm::BlockchainVMRef>::execute_builtin_function_or_default::{{closure}}::h96929de5284fdf86
[INFO] [stdout]                                at /opt/rustwide/cargo-home/registry/src/index.crates.io-6f17d22bba15001f/multiversx-chain-vm-0.8.4/src/tx_execution/exec_call.rs:75:37
[INFO] [stdout]   55:     0x63d597538757 - multiversx_chain_vm::tx_execution::builtin_function_mocks::builtin_func_container::BuiltinFunctionCall::execute_or_else::h231042c59ffa4f89
[INFO] [stdout]                                at /opt/rustwide/cargo-home/registry/src/index.crates.io-6f17d22bba15001f/multiversx-chain-vm-0.8.4/src/tx_execution/builtin_function_mocks/builtin_func_container.rs:118:18
[INFO] [stdout]   56:     0x63d59753799d - multiversx_chain_vm::tx_execution::builtin_function_mocks::builtin_func_container::BuiltinFunctionContainer::execute_builtin_function_or_else::hc65941bbb4aecf29
[INFO] [stdout]                                at /opt/rustwide/cargo-home/registry/src/index.crates.io-6f17d22bba15001f/multiversx-chain-vm-0.8.4/src/tx_execution/builtin_function_mocks/builtin_func_container.rs:39:9
[INFO] [stdout]   57:     0x63d5974f8ada - multiversx_chain_vm::tx_execution::exec_call::<impl multiversx_chain_vm::tx_execution::blockchain_vm::BlockchainVMRef>::execute_builtin_function_or_default::hac00161d37dfde2b
[INFO] [stdout]                                at /opt/rustwide/cargo-home/registry/src/index.crates.io-6f17d22bba15001f/multiversx-chain-vm-0.8.4/src/tx_execution/exec_call.rs:70:9
[INFO] [stdout]   58:     0x63d5974f8f9f - multiversx_chain_vm::tx_execution::exec_call::<impl multiversx_chain_vm::tx_execution::blockchain_vm::BlockchainVMRef>::execute_sc_call_lambda::{{closure}}::h654085d848f79268
[INFO] [stdout]                                at /opt/rustwide/cargo-home/registry/src/index.crates.io-6f17d22bba15001f/multiversx-chain-vm-0.8.4/src/tx_execution/exec_call.rs:92:13
[INFO] [stdout]   59:     0x63d5975295e0 - multiversx_chain_vm::with_shared::shareable::Shareable<T>::with_shared::hd4545afe7972e633
[INFO] [stdout]                                at /opt/rustwide/cargo-home/registry/src/index.crates.io-6f17d22bba15001f/multiversx-chain-vm-0.8.4/src/with_shared/shareable.rs:116:22
[INFO] [stdout]   60:     0x63d5974f8c9e - multiversx_chain_vm::tx_execution::exec_call::<impl multiversx_chain_vm::tx_execution::blockchain_vm::BlockchainVMRef>::execute_sc_call_lambda::hda500f4dcc27d253
[INFO] [stdout]                                at /opt/rustwide/cargo-home/registry/src/index.crates.io-6f17d22bba15001f/multiversx-chain-vm-0.8.4/src/tx_execution/exec_call.rs:90:47
[INFO] [stdout]   61:     0x63d5974f960f - multiversx_chain_vm::tx_execution::exec_call::<impl multiversx_chain_vm::tx_execution::blockchain_vm::BlockchainVMRef>::sc_call_with_async_and_callback::h3686c2a51a4f6201
[INFO] [stdout]                                at /opt/rustwide/cargo-home/registry/src/index.crates.io-6f17d22bba15001f/multiversx-chain-vm-0.8.4/src/tx_execution/exec_call.rs:151:29
[INFO] [stdout]   62:     0x63d59740654a - multiversx_sc_scenario::scenario::run_vm::sc_call::<impl multiversx_sc_scenario::scenario::run_vm::vm_runner::ScenarioVMRunner>::perform_sc_call_lambda::h6e57e186d9f01d86
[INFO] [stdout]                                at /opt/rustwide/cargo-home/registry/src/index.crates.io-6f17d22bba15001f/multiversx-sc-scenario-0.50.3/src/scenario/run_vm/sc_call.rs:63:9
[INFO] [stdout]   63:     0x63d5974065c1 - multiversx_sc_scenario::scenario::run_vm::sc_call::<impl multiversx_sc_scenario::scenario::run_vm::vm_runner::ScenarioVMRunner>::perform_sc_call_lambda_and_check::h0b26c733353c41e5
[INFO] [stdout]                                at /opt/rustwide/cargo-home/registry/src/index.crates.io-6f17d22bba15001f/multiversx-sc-scenario-0.50.3/src/scenario/run_vm/sc_call.rs:78:25
[INFO] [stdout]   64:     0x63d5974063dd - multiversx_sc_scenario::scenario::run_vm::sc_call::<impl multiversx_sc_scenario::scenario::run_vm::vm_runner::ScenarioVMRunner>::perform_sc_call_update_results::hf7ef1d5493b54eb9
[INFO] [stdout]                                at /opt/rustwide/cargo-home/registry/src/index.crates.io-6f17d22bba15001f/multiversx-sc-scenario-0.50.3/src/scenario/run_vm/sc_call.rs:21:13
[INFO] [stdout]   65:     0x63d597407394 - <multiversx_sc_scenario::scenario::run_vm::vm_runner::ScenarioVMRunner as multiversx_sc_scenario::scenario::scenario_runner::ScenarioRunner>::run_sc_call_step::h68abcf92bdf43a93
[INFO] [stdout]                                at /opt/rustwide/cargo-home/registry/src/index.crates.io-6f17d22bba15001f/multiversx-sc-scenario-0.50.3/src/scenario/run_vm/vm_runner.rs:36:9
[INFO] [stdout]   66:     0x63d597449286 - multiversx_sc_scenario::facade::scenario_world_runner::<impl multiversx_sc_scenario::scenario::scenario_runner::ScenarioRunner for multiversx_sc_scenario::facade::scenario_world::ScenarioWorld>::run_sc_call_step::{{closure}}::he46bbd40aa38bbc1
[INFO] [stdout]                                at /opt/rustwide/cargo-home/registry/src/index.crates.io-6f17d22bba15001f/multiversx-sc-scenario-0.50.3/src/facade/scenario_world_runner.rs:34:43
[INFO] [stdout]   67:     0x63d59742e564 - multiversx_sc_scenario::facade::scenario_world_runner::<impl multiversx_sc_scenario::facade::scenario_world::ScenarioWorld>::for_each_runner_mut::h43da2aced453fa97
[INFO] [stdout]                                at /opt/rustwide/cargo-home/registry/src/index.crates.io-6f17d22bba15001f/multiversx-sc-scenario-0.50.3/src/facade/scenario_world_runner.rs:12:17
[INFO] [stdout]   68:     0x63d59742e844 - multiversx_sc_scenario::facade::scenario_world_runner::<impl multiversx_sc_scenario::scenario::scenario_runner::ScenarioRunner for multiversx_sc_scenario::facade::scenario_world::ScenarioWorld>::run_sc_call_step::h71e31f5f645eac07
[INFO] [stdout]                                at /opt/rustwide/cargo-home/registry/src/index.crates.io-6f17d22bba15001f/multiversx-sc-scenario-0.50.3/src/facade/scenario_world_runner.rs:34:9
[INFO] [stdout]   69:     0x63d5973a94e1 - multiversx_sc_scenario::facade::scenario_world_steps::<impl multiversx_sc_scenario::facade::scenario_world::ScenarioWorld>::sc_call::hde68052dcfe13b97
[INFO] [stdout]                                at /opt/rustwide/cargo-home/registry/src/index.crates.io-6f17d22bba15001f/multiversx-sc-scenario-0.50.3/src/facade/scenario_world_steps.rs:34:9
[INFO] [stdout]   70:     0x63d59738ed28 - multiversx_sc_scenario::facade::world_tx::scenario_exec_call::<impl multiversx_sc_scenario::facade::world_tx::scenario_tx_env::ScenarioTxRun for multiversx_sc::types::interaction::tx::Tx<multiversx_sc_scenario::facade::world_tx::scenario_exec_call::ScenarioEnvExec,From,To,Payment,Gas,multiversx_sc::types::interaction::tx_data::function_call::FunctionCall<multiversx_sc_scenario::api::impl_vh::vm_hooks_api::VMHooksApi<multiversx_sc_scenario::api::impl_vh::static_api::StaticApiBackend>>,RH>>::run::hc4ed44e83748ead3
[INFO] [stdout]                                at /opt/rustwide/cargo-home/registry/src/index.crates.io-6f17d22bba15001f/multiversx-sc-scenario-0.50.3/src/facade/world_tx/scenario_exec_call.rs:89:9
[INFO] [stdout]   71:     0x63d597392d37 - participate_tests::setup::TestContract::register_app::h8f96dbb9ee766052
[INFO] [stdout]                                at /opt/rustwide/workdir/tests/setup.rs:34:9
[INFO] [stdout]   72:     0x63d59739d983 - participate_tests::it_forwards_payments_to_an_app::hac895980ba1c3dd3
[INFO] [stdout]                                at /opt/rustwide/workdir/tests/participate_tests.rs:17:5
[INFO] [stdout]   73:     0x63d59739d8a7 - participate_tests::it_forwards_payments_to_an_app::{{closure}}::h9871f5d9aeacec64
[INFO] [stdout]                                at /opt/rustwide/workdir/tests/participate_tests.rs:10:36
[INFO] [stdout]   74:     0x63d5973aa2f6 - core::ops::function::FnOnce::call_once::hd85fe5a8a75c0754
[INFO] [stdout]                                at /rustc/90b35a6239c3d8bdabc530a6a0816f7ff89a0aaf/library/core/src/ops/function.rs:250:5
[INFO] [stdout]   75:     0x63d5973ef32b - core::ops::function::FnOnce::call_once::h109cf8051a59b34e
[INFO] [stdout]                                at /rustc/90b35a6239c3d8bdabc530a6a0816f7ff89a0aaf/library/core/src/ops/function.rs:250:5
[INFO] [stdout]   76:     0x63d5973ef32b - test::__rust_begin_short_backtrace::hf4fff89d377446ba
[INFO] [stdout]                                at /rustc/90b35a6239c3d8bdabc530a6a0816f7ff89a0aaf/library/test/src/lib.rs:621:18
[INFO] [stdout]   77:     0x63d5973eeb67 - test::run_test_in_process::{{closure}}::h0e39181dd7ee5a43
[INFO] [stdout]                                at /rustc/90b35a6239c3d8bdabc530a6a0816f7ff89a0aaf/library/test/src/lib.rs:644:60
[INFO] [stdout]   78:     0x63d5973eeb67 - <core::panic::unwind_safe::AssertUnwindSafe<F> as core::ops::function::FnOnce<()>>::call_once::hc5a66a30f0bdfd1f
[INFO] [stdout]                                at /rustc/90b35a6239c3d8bdabc530a6a0816f7ff89a0aaf/library/core/src/panic/unwind_safe.rs:272:9
[INFO] [stdout]   79:     0x63d5973eeb67 - std::panicking::try::do_call::h873b7cf639554a5e
[INFO] [stdout]                                at /rustc/90b35a6239c3d8bdabc530a6a0816f7ff89a0aaf/library/std/src/panicking.rs:557:40
[INFO] [stdout]   80:     0x63d5973eeb67 - std::panicking::try::hdb19862fad9c8bd1
[INFO] [stdout]                                at /rustc/90b35a6239c3d8bdabc530a6a0816f7ff89a0aaf/library/std/src/panicking.rs:520:19
[INFO] [stdout]   81:     0x63d5973eeb67 - std::panic::catch_unwind::h281fe732d236d260
[INFO] [stdout]                                at /rustc/90b35a6239c3d8bdabc530a6a0816f7ff89a0aaf/library/std/src/panic.rs:358:14
[INFO] [stdout]   82:     0x63d5973eeb67 - test::run_test_in_process::h949b6df8457ed338
[INFO] [stdout]                                at /rustc/90b35a6239c3d8bdabc530a6a0816f7ff89a0aaf/library/test/src/lib.rs:644:27
[INFO] [stdout]   83:     0x63d5973eeb67 - test::run_test::{{closure}}::h52c556a6d4740e10
[INFO] [stdout]                                at /rustc/90b35a6239c3d8bdabc530a6a0816f7ff89a0aaf/library/test/src/lib.rs:565:43
[INFO] [stdout]   84:     0x63d5973b3e44 - test::run_test::{{closure}}::h4237f6381c45ccb9
[INFO] [stdout]                                at /rustc/90b35a6239c3d8bdabc530a6a0816f7ff89a0aaf/library/test/src/lib.rs:595:41
[INFO] [stdout]   85:     0x63d5973b3e44 - std::sys::backtrace::__rust_begin_short_backtrace::h505c97a579eca628
[INFO] [stdout]                                at /rustc/90b35a6239c3d8bdabc530a6a0816f7ff89a0aaf/library/std/src/sys/backtrace.rs:154:18
[INFO] [stdout]   86:     0x63d5973b750e - std::thread::Builder::spawn_unchecked_::{{closure}}::{{closure}}::h9e86b2e2bc107ea3
[INFO] [stdout]                                at /rustc/90b35a6239c3d8bdabc530a6a0816f7ff89a0aaf/library/std/src/thread/mod.rs:538:17
[INFO] [stdout]   87:     0x63d5973b750e - <core::panic::unwind_safe::AssertUnwindSafe<F> as core::ops::function::FnOnce<()>>::call_once::h8b06ddb275ff4a25
[INFO] [stdout]                                at /rustc/90b35a6239c3d8bdabc530a6a0816f7ff89a0aaf/library/core/src/panic/unwind_safe.rs:272:9
[INFO] [stdout]   88:     0x63d5973b750e - std::panicking::try::do_call::hb26ecd7cd9a9355d
[INFO] [stdout]                                at /rustc/90b35a6239c3d8bdabc530a6a0816f7ff89a0aaf/library/std/src/panicking.rs:557:40
[INFO] [stdout]   89:     0x63d5973b750e - std::panicking::try::h8ddeca9d705f9069
[INFO] [stdout]                                at /rustc/90b35a6239c3d8bdabc530a6a0816f7ff89a0aaf/library/std/src/panicking.rs:520:19
[INFO] [stdout]   90:     0x63d5973b750e - std::panic::catch_unwind::h49e1c33078844c46
[INFO] [stdout]                                at /rustc/90b35a6239c3d8bdabc530a6a0816f7ff89a0aaf/library/std/src/panic.rs:358:14
[INFO] [stdout]   91:     0x63d5973b750e - std::thread::Builder::spawn_unchecked_::{{closure}}::h6073db6ff56ad35d
[INFO] [stdout]                                at /rustc/90b35a6239c3d8bdabc530a6a0816f7ff89a0aaf/library/std/src/thread/mod.rs:537:30
[INFO] [stdout]   92:     0x63d5973b750e - core::ops::function::FnOnce::call_once{{vtable.shim}}::h2c5a5f3779c774f1
[INFO] [stdout]                                at /rustc/90b35a6239c3d8bdabc530a6a0816f7ff89a0aaf/library/core/src/ops/function.rs:250:5
[INFO] [stdout]   93:     0x63d59760096b - <alloc::boxed::Box<F,A> as core::ops::function::FnOnce<Args>>::call_once::hf75717d9f28faebf
[INFO] [stdout]                                at /rustc/90b35a6239c3d8bdabc530a6a0816f7ff89a0aaf/library/alloc/src/boxed.rs:2454:9
[INFO] [stdout]   94:     0x63d59760096b - <alloc::boxed::Box<F,A> as core::ops::function::FnOnce<Args>>::call_once::h7bd883a5f3c5f3c1
[INFO] [stdout]                                at /rustc/90b35a6239c3d8bdabc530a6a0816f7ff89a0aaf/library/alloc/src/boxed.rs:2454:9
[INFO] [stdout]   95:     0x63d59760096b - std::sys::pal::unix::thread::Thread::new::thread_start::hcc78f3943333fa94
[INFO] [stdout]                                at /rustc/90b35a6239c3d8bdabc530a6a0816f7ff89a0aaf/library/std/src/sys/pal/unix/thread.rs:105:17
[INFO] [stdout]   96:     0x7f88b5470ac3 - <unknown>
[INFO] [stdout]   97:     0x7f88b5501a04 - clone
[INFO] [stdout]   98:                0x0 - <unknown>
[INFO] [stdout] thread 'it_forwards_payments_to_an_app' panicked at /opt/rustwide/cargo-home/registry/src/index.crates.io-6f17d22bba15001f/multiversx-sc-scenario-0.50.3/src/scenario/run_vm/tx_output_check.rs:10:5:
[INFO] [stdout] result code mismatch. Tx id: ''. Want: "0". Have: 10. Message: insufficient funds
[INFO] [stdout] stack backtrace:
[INFO] [stdout]    0:     0x63d5975fb11a - std::backtrace_rs::backtrace::libunwind::trace::h5a5b8284f2d0c266
[INFO] [stdout]                                at /rustc/90b35a6239c3d8bdabc530a6a0816f7ff89a0aaf/library/std/src/../../backtrace/src/backtrace/libunwind.rs:116:5
[INFO] [stdout]    1:     0x63d5975fb11a - std::backtrace_rs::backtrace::trace_unsynchronized::h76d4f1c9b0b875e3
[INFO] [stdout]                                at /rustc/90b35a6239c3d8bdabc530a6a0816f7ff89a0aaf/library/std/src/../../backtrace/src/backtrace/mod.rs:66:5
[INFO] [stdout]    2:     0x63d5975fb11a - std::sys::backtrace::_print_fmt::hc4546b8364a537c6
[INFO] [stdout]                                at /rustc/90b35a6239c3d8bdabc530a6a0816f7ff89a0aaf/library/std/src/sys/backtrace.rs:66:9
[INFO] [stdout]    3:     0x63d5975fb11a - <std::sys::backtrace::BacktraceLock::print::DisplayBacktrace as core::fmt::Display>::fmt::h5b6bd5631a6d1f6b
[INFO] [stdout]                                at /rustc/90b35a6239c3d8bdabc530a6a0816f7ff89a0aaf/library/std/src/sys/backtrace.rs:39:26
[INFO] [stdout]    4:     0x63d597621b43 - core::fmt::rt::Argument::fmt::h270f6602a2b96f62
[INFO] [stdout]                                at /rustc/90b35a6239c3d8bdabc530a6a0816f7ff89a0aaf/library/core/src/fmt/rt.rs:177:76
[INFO] [stdout]    5:     0x63d597621b43 - core::fmt::write::h7550c97b06c86515
[INFO] [stdout]                                at /rustc/90b35a6239c3d8bdabc530a6a0816f7ff89a0aaf/library/core/src/fmt/mod.rs:1186:21
[INFO] [stdout]    6:     0x63d5975f82b3 - std::io::Write::write_fmt::h509ff860e5956e5e
[INFO] [stdout]                                at /rustc/90b35a6239c3d8bdabc530a6a0816f7ff89a0aaf/library/std/src/io/mod.rs:1839:15
[INFO] [stdout]    7:     0x63d5975faf62 - std::sys::backtrace::BacktraceLock::print::h2395ccd2c84ba3aa
[INFO] [stdout]                                at /rustc/90b35a6239c3d8bdabc530a6a0816f7ff89a0aaf/library/std/src/sys/backtrace.rs:42:9
[INFO] [stdout]    8:     0x63d5975fc57a - std::panicking::default_hook::{{closure}}::he19d4c7230e07961
[INFO] [stdout]                                at /rustc/90b35a6239c3d8bdabc530a6a0816f7ff89a0aaf/library/std/src/panicking.rs:268:22
[INFO] [stdout]    9:     0x63d5975fc384 - std::panicking::default_hook::hf614597d3c67bbdb
[INFO] [stdout]                                at /rustc/90b35a6239c3d8bdabc530a6a0816f7ff89a0aaf/library/std/src/panicking.rs:292:9
[INFO] [stdout]   10:     0x63d5973ea969 - <alloc::boxed::Box<F,A> as core::ops::function::Fn<Args>>::call::h39b51ce4599c23d1
[INFO] [stdout]                                at /rustc/90b35a6239c3d8bdabc530a6a0816f7ff89a0aaf/library/alloc/src/boxed.rs:2468:9
[INFO] [stdout]   11:     0x63d5973ea969 - test::test_main::{{closure}}::he977ae839a582784
[INFO] [stdout]                                at /rustc/90b35a6239c3d8bdabc530a6a0816f7ff89a0aaf/library/test/src/lib.rs:133:21
[INFO] [stdout]   12:     0x63d5975fcc18 - <alloc::boxed::Box<F,A> as core::ops::function::Fn<Args>>::call::h9455091b6b06f9fb
[INFO] [stdout]                                at /rustc/90b35a6239c3d8bdabc530a6a0816f7ff89a0aaf/library/alloc/src/boxed.rs:2468:9
[INFO] [stdout]   13:     0x63d5975fcc18 - std::panicking::rust_panic_with_hook::h8942133a8b252070
[INFO] [stdout]                                at /rustc/90b35a6239c3d8bdabc530a6a0816f7ff89a0aaf/library/std/src/panicking.rs:809:13
[INFO] [stdout]   14:     0x63d5975fc9da - std::panicking::begin_panic_handler::{{closure}}::hb5f5963570096b29
[INFO] [stdout]                                at /rustc/90b35a6239c3d8bdabc530a6a0816f7ff89a0aaf/library/std/src/panicking.rs:674:13
[INFO] [stdout]   15:     0x63d5975fb5f9 - std::sys::backtrace::__rust_end_short_backtrace::h6208cedc1922feda
[INFO] [stdout]                                at /rustc/90b35a6239c3d8bdabc530a6a0816f7ff89a0aaf/library/std/src/sys/backtrace.rs:170:18
[INFO] [stdout]   16:     0x63d5975fc66c - rust_begin_unwind
[INFO] [stdout]                                at /rustc/90b35a6239c3d8bdabc530a6a0816f7ff89a0aaf/library/std/src/panicking.rs:665:5
[INFO] [stdout]   17:     0x63d59736fb60 - core::panicking::panic_fmt::h0c3082644d1bf418
[INFO] [stdout]                                at /rustc/90b35a6239c3d8bdabc530a6a0816f7ff89a0aaf/library/core/src/panicking.rs:74:14
[INFO] [stdout]   18:     0x63d597430f64 - multiversx_sc_scenario::scenario::run_vm::tx_output_check::check_tx_output::h940741ed5913f658
[INFO] [stdout]                                at /opt/rustwide/cargo-home/registry/src/index.crates.io-6f17d22bba15001f/multiversx-sc-scenario-0.50.3/src/scenario/run_vm/tx_output_check.rs:10:5
[INFO] [stdout]   19:     0x63d597406664 - multiversx_sc_scenario::scenario::run_vm::sc_call::<impl multiversx_sc_scenario::scenario::run_vm::vm_runner::ScenarioVMRunner>::perform_sc_call_lambda_and_check::h0b26c733353c41e5
[INFO] [stdout]                                at /opt/rustwide/cargo-home/registry/src/index.crates.io-6f17d22bba15001f/multiversx-sc-scenario-0.50.3/src/scenario/run_vm/sc_call.rs:80:13
[INFO] [stdout]   20:     0x63d5974063dd - multiversx_sc_scenario::scenario::run_vm::sc_call::<impl multiversx_sc_scenario::scenario::run_vm::vm_runner::ScenarioVMRunner>::perform_sc_call_update_results::hf7ef1d5493b54eb9
[INFO] [stdout]                                at /opt/rustwide/cargo-home/registry/src/index.crates.io-6f17d22bba15001f/multiversx-sc-scenario-0.50.3/src/scenario/run_vm/sc_call.rs:21:13
[INFO] [stdout]   21:     0x63d597407394 - <multiversx_sc_scenario::scenario::run_vm::vm_runner::ScenarioVMRunner as multiversx_sc_scenario::scenario::scenario_runner::ScenarioRunner>::run_sc_call_step::h68abcf92bdf43a93
[INFO] [stdout]                                at /opt/rustwide/cargo-home/registry/src/index.crates.io-6f17d22bba15001f/multiversx-sc-scenario-0.50.3/src/scenario/run_vm/vm_runner.rs:36:9
[INFO] [stdout]   22:     0x63d597449286 - multiversx_sc_scenario::facade::scenario_world_runner::<impl multiversx_sc_scenario::scenario::scenario_runner::ScenarioRunner for multiversx_sc_scenario::facade::scenario_world::ScenarioWorld>::run_sc_call_step::{{closure}}::he46bbd40aa38bbc1
[INFO] [stdout]                                at /opt/rustwide/cargo-home/registry/src/index.crates.io-6f17d22bba15001f/multiversx-sc-scenario-0.50.3/src/facade/scenario_world_runner.rs:34:43
[INFO] [stdout]   23:     0x63d59742e564 - multiversx_sc_scenario::facade::scenario_world_runner::<impl multiversx_sc_scenario::facade::scenario_world::ScenarioWorld>::for_each_runner_mut::h43da2aced453fa97
[INFO] [stdout]                                at /opt/rustwide/cargo-home/registry/src/index.crates.io-6f17d22bba15001f/multiversx-sc-scenario-0.50.3/src/facade/scenario_world_runner.rs:12:17
[INFO] [stdout]   24:     0x63d59742e844 - multiversx_sc_scenario::facade::scenario_world_runner::<impl multiversx_sc_scenario::scenario::scenario_runner::ScenarioRunner for multiversx_sc_scenario::facade::scenario_world::ScenarioWorld>::run_sc_call_step::h71e31f5f645eac07
[INFO] [stdout]                                at /opt/rustwide/cargo-home/registry/src/index.crates.io-6f17d22bba15001f/multiversx-sc-scenario-0.50.3/src/facade/scenario_world_runner.rs:34:9
[INFO] [stdout]   25:     0x63d5973a94e1 - multiversx_sc_scenario::facade::scenario_world_steps::<impl multiversx_sc_scenario::facade::scenario_world::ScenarioWorld>::sc_call::hde68052dcfe13b97
[INFO] [stdout]                                at /opt/rustwide/cargo-home/registry/src/index.crates.io-6f17d22bba15001f/multiversx-sc-scenario-0.50.3/src/facade/scenario_world_steps.rs:34:9
[INFO] [stdout]   26:     0x63d59738eac8 - multiversx_sc_scenario::facade::world_tx::scenario_exec_call::<impl multiversx_sc_scenario::facade::world_tx::scenario_tx_env::ScenarioTxRun for multiversx_sc::types::interaction::tx::Tx<multiversx_sc_scenario::facade::world_tx::scenario_exec_call::ScenarioEnvExec,From,To,Payment,Gas,multiversx_sc::types::interaction::tx_data::function_call::FunctionCall<multiversx_sc_scenario::api::impl_vh::vm_hooks_api::VMHooksApi<multiversx_sc_scenario::api::impl_vh::static_api::StaticApiBackend>>,RH>>::run::h9062d9d9e066a585
[INFO] [stdout]                                at /opt/rustwide/cargo-home/registry/src/index.crates.io-6f17d22bba15001f/multiversx-sc-scenario-0.50.3/src/facade/world_tx/scenario_exec_call.rs:89:9
[INFO] [stdout]   27:     0x63d59739daba - participate_tests::it_forwards_payments_to_an_app::hac895980ba1c3dd3
[INFO] [stdout]                                at /opt/rustwide/workdir/tests/participate_tests.rs:19:5
[INFO] [stdout]   28:     0x63d59739d8a7 - participate_tests::it_forwards_payments_to_an_app::{{closure}}::h9871f5d9aeacec64
[INFO] [stdout]                                at /opt/rustwide/workdir/tests/participate_tests.rs:10:36
[INFO] [stdout]   29:     0x63d5973aa2f6 - core::ops::function::FnOnce::call_once::hd85fe5a8a75c0754
[INFO] [stdout]                                at /rustc/90b35a6239c3d8bdabc530a6a0816f7ff89a0aaf/library/core/src/ops/function.rs:250:5
[INFO] [stdout]   30:     0x63d5973ef32b - core::ops::function::FnOnce::call_once::h109cf8051a59b34e
[INFO] [stdout]                                at /rustc/90b35a6239c3d8bdabc530a6a0816f7ff89a0aaf/library/core/src/ops/function.rs:250:5
[INFO] [stdout]   31:     0x63d5973ef32b - test::__rust_begin_short_backtrace::hf4fff89d377446ba
[INFO] [stdout]                                at /rustc/90b35a6239c3d8bdabc530a6a0816f7ff89a0aaf/library/test/src/lib.rs:621:18
[INFO] [stdout]   32:     0x63d5973eeb67 - test::run_test_in_process::{{closure}}::h0e39181dd7ee5a43
[INFO] [stdout]                                at /rustc/90b35a6239c3d8bdabc530a6a0816f7ff89a0aaf/library/test/src/lib.rs:644:60
[INFO] [stdout]   33:     0x63d5973eeb67 - <core::panic::unwind_safe::AssertUnwindSafe<F> as core::ops::function::FnOnce<()>>::call_once::hc5a66a30f0bdfd1f
[INFO] [stdout]                                at /rustc/90b35a6239c3d8bdabc530a6a0816f7ff89a0aaf/library/core/src/panic/unwind_safe.rs:272:9
[INFO] [stdout]   34:     0x63d5973eeb67 - std::panicking::try::do_call::h873b7cf639554a5e
[INFO] [stdout]                                at /rustc/90b35a6239c3d8bdabc530a6a0816f7ff89a0aaf/library/std/src/panicking.rs:557:40
[INFO] [stdout]   35:     0x63d5973eeb67 - std::panicking::try::hdb19862fad9c8bd1
[INFO] [stdout]                                at /rustc/90b35a6239c3d8bdabc530a6a0816f7ff89a0aaf/library/std/src/panicking.rs:520:19
[INFO] [stdout]   36:     0x63d5973eeb67 - std::panic::catch_unwind::h281fe732d236d260
[INFO] [stdout]                                at /rustc/90b35a6239c3d8bdabc530a6a0816f7ff89a0aaf/library/std/src/panic.rs:358:14
[INFO] [stdout]   37:     0x63d5973eeb67 - test::run_test_in_process::h949b6df8457ed338
[INFO] [stdout]                                at /rustc/90b35a6239c3d8bdabc530a6a0816f7ff89a0aaf/library/test/src/lib.rs:644:27
[INFO] [stdout]   38:     0x63d5973eeb67 - test::run_test::{{closure}}::h52c556a6d4740e10
[INFO] [stdout]                                at /rustc/90b35a6239c3d8bdabc530a6a0816f7ff89a0aaf/library/test/src/lib.rs:565:43
[INFO] [stdout]   39:     0x63d5973b3e44 - test::run_test::{{closure}}::h4237f6381c45ccb9
[INFO] [stdout]                                at /rustc/90b35a6239c3d8bdabc530a6a0816f7ff89a0aaf/library/test/src/lib.rs:595:41
[INFO] [stdout]   40:     0x63d5973b3e44 - std::sys::backtrace::__rust_begin_short_backtrace::h505c97a579eca628
[INFO] [stdout]                                at /rustc/90b35a6239c3d8bdabc530a6a0816f7ff89a0aaf/library/std/src/sys/backtrace.rs:154:18
[INFO] [stdout]   41:     0x63d5973b750e - std::thread::Builder::spawn_unchecked_::{{closure}}::{{closure}}::h9e86b2e2bc107ea3
[INFO] [stdout]                                at /rustc/90b35a6239c3d8bdabc530a6a0816f7ff89a0aaf/library/std/src/thread/mod.rs:538:17
[INFO] [stdout]   42:     0x63d5973b750e - <core::panic::unwind_safe::AssertUnwindSafe<F> as core::ops::function::FnOnce<()>>::call_once::h8b06ddb275ff4a25
[INFO] [stdout]                                at /rustc/90b35a6239c3d8bdabc530a6a0816f7ff89a0aaf/library/core/src/panic/unwind_safe.rs:272:9
[INFO] [stdout]   43:     0x63d5973b750e - std::panicking::try::do_call::hb26ecd7cd9a9355d
[INFO] [stdout]                                at /rustc/90b35a6239c3d8bdabc530a6a0816f7ff89a0aaf/library/std/src/panicking.rs:557:40
[INFO] [stdout]   44:     0x63d5973b750e - std::panicking::try::h8ddeca9d705f9069
[INFO] [stdout]                                at /rustc/90b35a6239c3d8bdabc530a6a0816f7ff89a0aaf/library/std/src/panicking.rs:520:19
[INFO] [stdout]   45:     0x63d5973b750e - std::panic::catch_unwind::h49e1c33078844c46
[INFO] [stdout]                                at /rustc/90b35a6239c3d8bdabc530a6a0816f7ff89a0aaf/library/std/src/panic.rs:358:14
[INFO] [stdout]   46:     0x63d5973b750e - std::thread::Builder::spawn_unchecked_::{{closure}}::h6073db6ff56ad35d
[INFO] [stdout]                                at /rustc/90b35a6239c3d8bdabc530a6a0816f7ff89a0aaf/library/std/src/thread/mod.rs:537:30
[INFO] [stdout]   47:     0x63d5973b750e - core::ops::function::FnOnce::call_once{{vtable.shim}}::h2c5a5f3779c774f1
[INFO] [stdout]                                at /rustc/90b35a6239c3d8bdabc530a6a0816f7ff89a0aaf/library/core/src/ops/function.rs:250:5
[INFO] [stdout]   48:     0x63d59760096b - <alloc::boxed::Box<F,A> as core::ops::function::FnOnce<Args>>::call_once::hf75717d9f28faebf
[INFO] [stdout]                                at /rustc/90b35a6239c3d8bdabc530a6a0816f7ff89a0aaf/library/alloc/src/boxed.rs:2454:9
[INFO] [stdout]   49:     0x63d59760096b - <alloc::boxed::Box<F,A> as core::ops::function::FnOnce<Args>>::call_once::h7bd883a5f3c5f3c1
[INFO] [stdout]                                at /rustc/90b35a6239c3d8bdabc530a6a0816f7ff89a0aaf/library/alloc/src/boxed.rs:2454:9
[INFO] [stdout]   50:     0x63d59760096b - std::sys::pal::unix::thread::Thread::new::thread_start::hcc78f3943333fa94
[INFO] [stdout]                                at /rustc/90b35a6239c3d8bdabc530a6a0816f7ff89a0aaf/library/std/src/sys/pal/unix/thread.rs:105:17
[INFO] [stdout]   51:     0x7f88b5470ac3 - <unknown>
[INFO] [stdout]   52:     0x7f88b5501a04 - clone
[INFO] [stdout]   53:                0x0 - <unknown>
[INFO] [stdout] 
[INFO] [stdout] 
[INFO] [stdout] failures:
[INFO] [stdout]     it_forwards_payments_to_an_app
[INFO] [stdout] 
[INFO] [stdout] test result: FAILED. 0 passed; 1 failed; 0 ignored; 0 measured; 0 filtered out; finished in 0.55s
[INFO] [stdout] 
[INFO] [stderr] error: test failed, to rerun pass `--test participate_tests`
[INFO] running `Command { std: "docker" "inspect" "4bd96fbb76a5311bc946d517b95c6ab5aab3ff0180c3818025e10080c747e45e", kill_on_drop: false }`
[INFO] running `Command { std: "docker" "rm" "-f" "4bd96fbb76a5311bc946d517b95c6ab5aab3ff0180c3818025e10080c747e45e", kill_on_drop: false }`
[INFO] [stdout] 4bd96fbb76a5311bc946d517b95c6ab5aab3ff0180c3818025e10080c747e45e
