[INFO] cloning repository https://github.com/LeoniePhiline/twir-qotw-scraper
[INFO] running `Command { std: "git" "-c" "credential.helper=" "-c" "credential.helper=/workspace/cargo-home/bin/git-credential-null" "clone" "--bare" "https://github.com/LeoniePhiline/twir-qotw-scraper" "/workspace/cache/git-repos/https%3A%2F%2Fgithub.com%2FLeoniePhiline%2Ftwir-qotw-scraper", kill_on_drop: false }`
[INFO] [stderr] Cloning into bare repository '/workspace/cache/git-repos/https%3A%2F%2Fgithub.com%2FLeoniePhiline%2Ftwir-qotw-scraper'...
[INFO] running `Command { std: "git" "rev-parse" "HEAD", kill_on_drop: false }`
[INFO] [stdout] 26c3440026f7671a71ba90c10a900d1bd0ee89e8
[INFO] testing LeoniePhiline/twir-qotw-scraper against 1.83.0 for beta-1.84.0-4-retry
[INFO] running `Command { std: "git" "clone" "/workspace/cache/git-repos/https%3A%2F%2Fgithub.com%2FLeoniePhiline%2Ftwir-qotw-scraper" "/workspace/builds/worker-3-tc1/source", kill_on_drop: false }`
[INFO] [stderr] Cloning into '/workspace/builds/worker-3-tc1/source'...
[INFO] [stderr] done.
[INFO] validating manifest of git repo https://github.com/LeoniePhiline/twir-qotw-scraper on toolchain 1.83.0
[INFO] running `Command { std: CARGO_HOME="/workspace/cargo-home" RUSTUP_HOME="/workspace/rustup-home" "/workspace/cargo-home/bin/cargo" "+1.83.0" "metadata" "--manifest-path" "Cargo.toml" "--no-deps", kill_on_drop: false }`
[INFO] started tweaking git repo https://github.com/LeoniePhiline/twir-qotw-scraper
[INFO] finished tweaking git repo https://github.com/LeoniePhiline/twir-qotw-scraper
[INFO] tweaked toml for git repo https://github.com/LeoniePhiline/twir-qotw-scraper written to /workspace/builds/worker-3-tc1/source/Cargo.toml
[INFO] crate git repo https://github.com/LeoniePhiline/twir-qotw-scraper already has a lockfile, it will not be regenerated
[INFO] running `Command { std: CARGO_HOME="/workspace/cargo-home" RUSTUP_HOME="/workspace/rustup-home" "/workspace/cargo-home/bin/cargo" "+1.83.0" "fetch" "--manifest-path" "Cargo.toml", kill_on_drop: false }`
[INFO] [stderr]     Updating crates.io index
[INFO] [stderr]  Downloading crates ...
[INFO] [stderr]   Downloaded gix-worktree-state v0.15.0
[INFO] [stderr]   Downloaded gix-path v0.10.13
[INFO] [stderr]   Downloaded gix-hashtable v0.6.0
[INFO] [stderr]   Downloaded gix-validate v0.9.2
[INFO] [stderr]   Downloaded io-close v0.3.7
[INFO] [stderr]   Downloaded gix-worktree v0.38.0
[INFO] [stderr]   Downloaded gix-object v0.46.0
[INFO] [stderr]   Downloaded gix v0.68.0
[INFO] [stderr]   Downloaded gix-sec v0.10.10
[INFO] [stderr]   Downloaded gix-quote v0.4.14
[INFO] [stderr]   Downloaded gix-attributes v0.23.1
[INFO] [stderr]   Downloaded gix-ignore v0.12.1
[INFO] [stderr]   Downloaded gix-fs v0.12.0
[INFO] [stderr]   Downloaded maybe-async v0.2.10
[INFO] [stderr]   Downloaded gix-discover v0.37.0
[INFO] [stderr]   Downloaded gix-diff v0.48.0
[INFO] [stderr]   Downloaded gix-ref v0.49.0
[INFO] [stderr]   Downloaded gix-pack v0.55.0
[INFO] [stderr]   Downloaded jiff-tzdb v0.1.1
[INFO] [stderr]   Downloaded prodash v29.0.0
[INFO] [stderr]   Downloaded quinn-proto v0.11.3
[INFO] [stderr]   Downloaded quinn v0.11.2
[INFO] [stderr]   Downloaded gix-odb v0.65.0
[INFO] [stderr]   Downloaded gix-pathspec v0.8.1
[INFO] [stderr]   Downloaded gix-config-value v0.14.10
[INFO] [stderr]   Downloaded gix-transport v0.43.1
[INFO] [stderr]   Downloaded gix-negotiate v0.17.0
[INFO] [stderr]   Downloaded gix-protocol v0.46.1
[INFO] [stderr]   Downloaded gix-config v0.42.0
[INFO] [stderr]   Downloaded gix-revision v0.31.0
[INFO] [stderr]   Downloaded gix-submodule v0.16.0
[INFO] [stderr]   Downloaded jiff v0.1.13
[INFO] [stderr]   Downloaded gix-prompt v0.8.9
[INFO] [stderr]   Downloaded gix-credentials v0.25.1
[INFO] [stderr]   Downloaded gix-packetline v0.18.1
[INFO] [stderr]   Downloaded gix-packetline-blocking v0.18.1
[INFO] [stderr]   Downloaded gix-filter v0.15.0
[INFO] [stderr]   Downloaded gix-glob v0.17.1
[INFO] [stderr]   Downloaded gix-chunk v0.4.10
[INFO] [stderr]   Downloaded gix-revwalk v0.17.0
[INFO] [stderr]   Downloaded gix-index v0.37.0
[INFO] [stderr]   Downloaded gix-actor v0.33.1
[INFO] [stderr]   Downloaded gix-features v0.39.1
[INFO] [stderr]   Downloaded gix-refspec v0.27.0
[INFO] [stderr]   Downloaded quinn-udp v0.5.2
[INFO] [stderr]   Downloaded gix-url v0.28.1
[INFO] [stderr]   Downloaded kstring v2.0.0
[INFO] [stderr]   Downloaded gix-tempfile v15.0.0
[INFO] [stderr]   Downloaded gix-lock v15.0.0
[INFO] [stderr]   Downloaded gix-commitgraph v0.25.1
[INFO] [stderr]   Downloaded gix-traverse v0.43.0
[INFO] [stderr]   Downloaded gix-date v0.9.2
[INFO] [stderr]   Downloaded gix-hash v0.15.1
[INFO] [stderr]   Downloaded gix-command v0.3.11
[INFO] [stderr]   Downloaded gix-bitmap v0.2.13
[INFO] [stderr]   Downloaded jiff-tzdb-platform v0.1.1
[INFO] running `Command { std: "docker" "create" "-v" "/var/lib/crater-agent-workspace/builds/worker-3-tc1/target:/opt/rustwide/target:rw,Z" "-v" "/var/lib/crater-agent-workspace/builds/worker-3-tc1/source:/opt/rustwide/workdir:ro,Z" "-v" "/var/lib/crater-agent-workspace/cargo-home:/opt/rustwide/cargo-home:ro,Z" "-v" "/var/lib/crater-agent-workspace/rustup-home:/opt/rustwide/rustup-home:ro,Z" "-e" "SOURCE_DIR=/opt/rustwide/workdir" "-e" "CARGO_TARGET_DIR=/opt/rustwide/target" "-e" "CARGO_HOME=/opt/rustwide/cargo-home" "-e" "RUSTUP_HOME=/opt/rustwide/rustup-home" "-w" "/opt/rustwide/workdir" "-m" "1610612736" "--user" "0:0" "--network" "none" "ghcr.io/rust-lang/crates-build-env/linux@sha256:f3a9d4ad9d972b27faf3965f35b62e55ba32bbce8f20bc8fe909558a86702fde" "/opt/rustwide/cargo-home/bin/cargo" "+1.83.0" "metadata" "--no-deps" "--format-version=1", kill_on_drop: false }`
[INFO] [stdout] 2406905890f763aa064f3e604ac00ea31505d8fba46a7e9fbbb66539c5b7f82a
[INFO] running `Command { std: "docker" "start" "-a" "2406905890f763aa064f3e604ac00ea31505d8fba46a7e9fbbb66539c5b7f82a", kill_on_drop: false }`
[INFO] running `Command { std: "docker" "inspect" "2406905890f763aa064f3e604ac00ea31505d8fba46a7e9fbbb66539c5b7f82a", kill_on_drop: false }`
[INFO] running `Command { std: "docker" "rm" "-f" "2406905890f763aa064f3e604ac00ea31505d8fba46a7e9fbbb66539c5b7f82a", kill_on_drop: false }`
[INFO] [stdout] 2406905890f763aa064f3e604ac00ea31505d8fba46a7e9fbbb66539c5b7f82a
[INFO] running `Command { std: "docker" "create" "-v" "/var/lib/crater-agent-workspace/builds/worker-3-tc1/target:/opt/rustwide/target:rw,Z" "-v" "/var/lib/crater-agent-workspace/builds/worker-3-tc1/source:/opt/rustwide/workdir:ro,Z" "-v" "/var/lib/crater-agent-workspace/cargo-home:/opt/rustwide/cargo-home:ro,Z" "-v" "/var/lib/crater-agent-workspace/rustup-home:/opt/rustwide/rustup-home:ro,Z" "-e" "SOURCE_DIR=/opt/rustwide/workdir" "-e" "CARGO_TARGET_DIR=/opt/rustwide/target" "-e" "CARGO_INCREMENTAL=0" "-e" "RUST_BACKTRACE=full" "-e" "RUSTFLAGS=--cap-lints=warn" "-e" "RUSTDOCFLAGS=--cap-lints=warn" "-e" "CARGO_HOME=/opt/rustwide/cargo-home" "-e" "RUSTUP_HOME=/opt/rustwide/rustup-home" "-w" "/opt/rustwide/workdir" "-m" "1610612736" "--user" "0:0" "--network" "none" "ghcr.io/rust-lang/crates-build-env/linux@sha256:f3a9d4ad9d972b27faf3965f35b62e55ba32bbce8f20bc8fe909558a86702fde" "/opt/rustwide/cargo-home/bin/cargo" "+1.83.0" "build" "--frozen" "--message-format=json", kill_on_drop: false }`
[INFO] [stdout] cd423f6602e574b8905beeac15fd734a368fb00a373986637b7883aa2fbe241d
[INFO] running `Command { std: "docker" "start" "-a" "cd423f6602e574b8905beeac15fd734a368fb00a373986637b7883aa2fbe241d", kill_on_drop: false }`
[INFO] [stderr]    Compiling libc v0.2.161
[INFO] [stderr]    Compiling proc-macro2 v1.0.92
[INFO] [stderr]    Compiling unicode-ident v1.0.12
[INFO] [stderr]    Compiling cfg-if v1.0.0
[INFO] [stderr]    Compiling autocfg v1.3.0
[INFO] [stderr]    Compiling once_cell v1.19.0
[INFO] [stderr]    Compiling memchr v2.7.4
[INFO] [stderr]    Compiling thiserror v2.0.3
[INFO] [stderr]    Compiling bytes v1.6.0
[INFO] [stderr]    Compiling serde v1.0.203
[INFO] [stderr]    Compiling smallvec v1.13.2
[INFO] [stderr]    Compiling tinyvec_macros v0.1.1
[INFO] [stderr]    Compiling regex-automata v0.4.7
[INFO] [stderr]    Compiling gix-trace v0.1.11
[INFO] [stderr]    Compiling parking_lot_core v0.9.10
[INFO] [stderr]    Compiling scopeguard v1.2.0
[INFO] [stderr]    Compiling tinyvec v1.6.0
[INFO] [stderr]    Compiling fastrand v2.1.1
[INFO] [stderr]    Compiling adler2 v2.0.0
[INFO] [stderr]    Compiling log v0.4.21
[INFO] [stderr]    Compiling crc32fast v1.4.2
[INFO] [stderr]    Compiling miniz_oxide v0.8.0
[INFO] [stderr]    Compiling same-file v1.0.6
[INFO] [stderr]    Compiling itoa v1.0.11
[INFO] [stderr]    Compiling walkdir v2.5.0
[INFO] [stderr]    Compiling version_check v0.9.4
[INFO] [stderr]    Compiling sha1_smol v1.0.0
[INFO] [stderr]    Compiling zerocopy v0.7.34
[INFO] [stderr]    Compiling allocator-api2 v0.2.18
[INFO] [stderr]    Compiling bitflags v2.5.0
[INFO] [stderr]    Compiling home v0.5.9
[INFO] [stderr]    Compiling jiff v0.1.13
[INFO] [stderr]    Compiling flate2 v1.0.34
[INFO] [stderr]    Compiling winnow v0.6.20
[INFO] [stderr]    Compiling rustix v0.38.39
[INFO] [stderr]    Compiling unicode-normalization v0.1.23
[INFO] [stderr]    Compiling linux-raw-sys v0.4.14
[INFO] [stderr]    Compiling cc v1.0.99
[INFO] [stderr]    Compiling quote v1.0.36
[INFO] [stderr]    Compiling gix-utils v0.1.13
[INFO] [stderr]    Compiling lock_api v0.4.12
[INFO] [stderr]    Compiling syn v2.0.89
[INFO] [stderr]    Compiling bstr v1.9.1
[INFO] [stderr]    Compiling ahash v0.8.11
[INFO] [stderr]    Compiling memmap2 v0.9.4
[INFO] [stderr]    Compiling parking_lot v0.12.3
[INFO] [stderr]    Compiling hashbrown v0.14.5
[INFO] [stderr]    Compiling prodash v29.0.0
[INFO] [stderr]    Compiling pin-project-lite v0.2.14
[INFO] [stderr]    Compiling signal-hook v0.3.17
[INFO] [stderr]    Compiling fnv v1.0.7
[INFO] [stderr]    Compiling signal-hook-registry v1.4.2
[INFO] [stderr]    Compiling slab v0.4.9
[INFO] [stderr]    Compiling futures-core v0.3.30
[INFO] [stderr]    Compiling futures-sink v0.3.30
[INFO] [stderr]    Compiling socket2 v0.5.7
[INFO] [stderr]    Compiling mio v0.8.11
[INFO] [stderr]    Compiling thiserror v1.0.61
[INFO] [stderr]    Compiling http v1.1.0
[INFO] [stderr]    Compiling tokio v1.38.0
[INFO] [stderr]    Compiling percent-encoding v2.3.1
[INFO] [stderr]    Compiling rustls-pki-types v1.7.0
[INFO] [stderr]    Compiling pin-utils v0.1.0
[INFO] [stderr]    Compiling futures-task v0.3.30
[INFO] [stderr]    Compiling futures-io v0.3.30
[INFO] [stderr]    Compiling form_urlencoded v1.2.1
[INFO] [stderr]    Compiling futures-util v0.3.30
[INFO] [stderr]    Compiling getrandom v0.2.15
[INFO] [stderr]    Compiling tracing-core v0.1.32
[INFO] [stderr]    Compiling untrusted v0.9.0
[INFO] [stderr]    Compiling httparse v1.9.4
[INFO] [stderr]    Compiling unicode-bidi v0.3.15
[INFO] [stderr]    Compiling equivalent v1.0.1
[INFO] [stderr]    Compiling unicode-bom v2.0.3
[INFO] [stderr]    Compiling spin v0.9.8
[INFO] [stderr]    Compiling indexmap v2.2.6
[INFO] [stderr]    Compiling tempfile v3.14.0
[INFO] [stderr]    Compiling tracing v0.1.40
[INFO] [stderr]    Compiling idna v0.5.0
[INFO] [stderr]    Compiling try-lock v0.2.5
[INFO] [stderr]    Compiling shell-words v1.1.0
[INFO] [stderr]    Compiling faster-hex v0.9.0
[INFO] [stderr]    Compiling http-body v1.0.0
[INFO] [stderr]    Compiling rustls v0.23.10
[INFO] [stderr]    Compiling atomic-waker v1.1.2
[INFO] [stderr]    Compiling static_assertions v1.1.0
[INFO] [stderr]    Compiling kstring v2.0.0
[INFO] [stderr]    Compiling url v2.5.2
[INFO] [stderr]    Compiling want v0.3.1
[INFO] [stderr]    Compiling futures-channel v0.3.30
[INFO] [stderr]    Compiling gix-sec v0.10.10
[INFO] [stderr]    Compiling zeroize v1.8.1
[INFO] [stderr]    Compiling subtle v2.5.0
[INFO] [stderr]    Compiling tower-layer v0.3.2
[INFO] [stderr]    Compiling tower-service v0.3.2
[INFO] [stderr]    Compiling encoding_rs v0.8.34
[INFO] [stderr]    Compiling webpki-roots v0.26.3
[INFO] [stderr]    Compiling base64 v0.22.1
[INFO] [stderr]    Compiling ryu v1.0.18
[INFO] [stderr]    Compiling filetime v0.2.23
[INFO] [stderr]    Compiling ipnet v2.9.0
[INFO] [stderr]    Compiling mime v0.3.17
[INFO] [stderr]    Compiling serde_urlencoded v0.7.1
[INFO] [stderr]    Compiling sync_wrapper v1.0.1
[INFO] [stderr]    Compiling num-traits v0.2.19
[INFO] [stderr]    Compiling gimli v0.28.1
[INFO] [stderr]    Compiling rustls-pemfile v2.1.2
[INFO] [stderr]    Compiling clru v0.6.2
[INFO] [stderr]    Compiling eyre v0.6.12
[INFO] [stderr]    Compiling adler v1.0.2
[INFO] [stderr]    Compiling http-body-util v0.1.2
[INFO] [stderr]    Compiling miniz_oxide v0.7.4
[INFO] [stderr]    Compiling io-close v0.3.7
[INFO] [stderr]    Compiling object v0.32.2
[INFO] [stderr]    Compiling indenter v0.3.3
[INFO] [stderr]    Compiling arc-swap v1.7.1
[INFO] [stderr]    Compiling rustc-demangle v0.1.24
[INFO] [stderr]    Compiling minimal-lexical v0.2.1
[INFO] [stderr]    Compiling owo-colors v3.5.0
[INFO] [stderr]    Compiling ring v0.17.8
[INFO] [stderr]    Compiling backtrace v0.3.71
[INFO] [stderr]    Compiling chrono v0.4.39
[INFO] [stderr]    Compiling nom v7.1.3
[INFO] [stderr]    Compiling tokio-util v0.7.11
[INFO] [stderr]    Compiling h2 v0.4.5
[INFO] [stderr]    Compiling addr2line v0.21.0
[INFO] [stderr]    Compiling color-eyre v0.6.3
[INFO] [stderr]    Compiling hyper v1.3.1
[INFO] [stderr]    Compiling thiserror-impl v2.0.3
[INFO] [stderr]    Compiling thiserror-impl v1.0.61
[INFO] [stderr]    Compiling pin-project-internal v1.1.5
[INFO] [stderr]    Compiling maybe-async v0.2.10
[INFO] [stderr]    Compiling rustls-webpki v0.102.4
[INFO] [stderr]    Compiling pin-project v1.1.5
[INFO] [stderr]    Compiling tower v0.4.13
[INFO] [stderr]    Compiling hyper-util v0.1.5
[INFO] [stderr]    Compiling gix-hash v0.15.1
[INFO] [stderr]    Compiling gix-path v0.10.13
[INFO] [stderr]    Compiling gix-date v0.9.2
[INFO] [stderr]    Compiling gix-validate v0.9.2
[INFO] [stderr]    Compiling gix-chunk v0.4.10
[INFO] [stderr]    Compiling gix-quote v0.4.14
[INFO] [stderr]    Compiling gix-bitmap v0.2.13
[INFO] [stderr]    Compiling gix-packetline v0.18.1
[INFO] [stderr]    Compiling gix-packetline-blocking v0.18.1
[INFO] [stderr]    Compiling gix-actor v0.33.1
[INFO] [stderr]    Compiling gix-features v0.39.1
[INFO] [stderr]    Compiling gix-hashtable v0.6.0
[INFO] [stderr]    Compiling gix-config-value v0.14.10
[INFO] [stderr]    Compiling gix-command v0.3.11
[INFO] [stderr]    Compiling gix-fs v0.12.0
[INFO] [stderr]    Compiling gix-commitgraph v0.25.1
[INFO] [stderr]    Compiling gix-object v0.46.0
[INFO] [stderr]    Compiling gix-glob v0.17.1
[INFO] [stderr]    Compiling gix-url v0.28.1
[INFO] [stderr]    Compiling gix-prompt v0.8.9
[INFO] [stderr]    Compiling gix-tempfile v15.0.0
[INFO] [stderr]    Compiling gix-lock v15.0.0
[INFO] [stderr]    Compiling gix-attributes v0.23.1
[INFO] [stderr]    Compiling gix-credentials v0.25.1
[INFO] [stderr]    Compiling gix-ignore v0.12.1
[INFO] [stderr]    Compiling gix-pathspec v0.8.1
[INFO] [stderr]    Compiling gix-revwalk v0.17.0
[INFO] [stderr]    Compiling gix-ref v0.49.0
[INFO] [stderr]    Compiling gix-pack v0.55.0
[INFO] [stderr]    Compiling gix-filter v0.15.0
[INFO] [stderr]    Compiling gix-traverse v0.43.0
[INFO] [stderr]    Compiling gix-revision v0.31.0
[INFO] [stderr]    Compiling gix-negotiate v0.17.0
[INFO] [stderr]    Compiling gix-diff v0.48.0
[INFO] [stderr]    Compiling gix-index v0.37.0
[INFO] [stderr]    Compiling gix-refspec v0.27.0
[INFO] [stderr]    Compiling gix-config v0.42.0
[INFO] [stderr]    Compiling gix-discover v0.37.0
[INFO] [stderr]    Compiling gix-odb v0.65.0
[INFO] [stderr]    Compiling tokio-rustls v0.26.0
[INFO] [stderr]    Compiling gix-worktree v0.38.0
[INFO] [stderr]    Compiling hyper-rustls v0.27.2
[INFO] [stderr]    Compiling gix-worktree-state v0.15.0
[INFO] [stderr]    Compiling reqwest v0.12.5
[INFO] [stderr]    Compiling gix-submodule v0.16.0
[INFO] [stderr]    Compiling gix-transport v0.43.1
[INFO] [stderr]    Compiling gix-protocol v0.46.1
[INFO] [stderr]    Compiling gix v0.68.0
[INFO] [stderr]    Compiling quote-of-the-week v0.1.3 (/opt/rustwide/workdir)
[INFO] [stdout] warning: lint `pointer_structural_match` has been removed: converted into hard error, see RFC #3535 <https://rust-lang.github.io/rfcs/3535-constants-in-patterns.html> for more information
[INFO] [stdout]   |
[INFO] [stdout]   = note: requested on the command line with `-D pointer_structural_match`
[INFO] [stdout]   = note: `#[warn(renamed_and_removed_lints)]` on by default
[INFO] [stdout] 
[INFO] [stdout] 
[INFO] [stderr]     Finished `dev` profile [unoptimized + debuginfo] target(s) in 3m 13s
[INFO] running `Command { std: "docker" "inspect" "cd423f6602e574b8905beeac15fd734a368fb00a373986637b7883aa2fbe241d", kill_on_drop: false }`
[INFO] running `Command { std: "docker" "rm" "-f" "cd423f6602e574b8905beeac15fd734a368fb00a373986637b7883aa2fbe241d", kill_on_drop: false }`
[INFO] [stdout] cd423f6602e574b8905beeac15fd734a368fb00a373986637b7883aa2fbe241d
[INFO] running `Command { std: "docker" "create" "-v" "/var/lib/crater-agent-workspace/builds/worker-3-tc1/target:/opt/rustwide/target:rw,Z" "-v" "/var/lib/crater-agent-workspace/builds/worker-3-tc1/source:/opt/rustwide/workdir:ro,Z" "-v" "/var/lib/crater-agent-workspace/cargo-home:/opt/rustwide/cargo-home:ro,Z" "-v" "/var/lib/crater-agent-workspace/rustup-home:/opt/rustwide/rustup-home:ro,Z" "-e" "SOURCE_DIR=/opt/rustwide/workdir" "-e" "CARGO_TARGET_DIR=/opt/rustwide/target" "-e" "CARGO_INCREMENTAL=0" "-e" "RUST_BACKTRACE=full" "-e" "RUSTFLAGS=--cap-lints=warn" "-e" "RUSTDOCFLAGS=--cap-lints=warn" "-e" "CARGO_HOME=/opt/rustwide/cargo-home" "-e" "RUSTUP_HOME=/opt/rustwide/rustup-home" "-w" "/opt/rustwide/workdir" "-m" "1610612736" "--user" "0:0" "--network" "none" "ghcr.io/rust-lang/crates-build-env/linux@sha256:f3a9d4ad9d972b27faf3965f35b62e55ba32bbce8f20bc8fe909558a86702fde" "/opt/rustwide/cargo-home/bin/cargo" "+1.83.0" "test" "--frozen" "--no-run" "--message-format=json", kill_on_drop: false }`
[INFO] [stdout] 9a064dc790561f2b1bc3840cf77875c32056aaa477bb9f3e1ab8f16cafc1f4cc
[INFO] running `Command { std: "docker" "start" "-a" "9a064dc790561f2b1bc3840cf77875c32056aaa477bb9f3e1ab8f16cafc1f4cc", kill_on_drop: false }`
[INFO] [stderr]    Compiling diff v0.1.13
[INFO] [stderr]    Compiling yansi v1.0.1
[INFO] [stderr]    Compiling indoc v2.0.5
[INFO] [stderr]    Compiling pretty_assertions v1.4.1
[INFO] [stderr]    Compiling quote-of-the-week v0.1.3 (/opt/rustwide/workdir)
[INFO] [stdout] warning: lint `pointer_structural_match` has been removed: converted into hard error, see RFC #3535 <https://rust-lang.github.io/rfcs/3535-constants-in-patterns.html> for more information
[INFO] [stdout]   |
[INFO] [stdout]   = note: requested on the command line with `-D pointer_structural_match`
[INFO] [stdout]   = note: `#[warn(renamed_and_removed_lints)]` on by default
[INFO] [stdout] 
[INFO] [stdout] 
[INFO] [stderr]     Finished `test` profile [unoptimized + debuginfo] target(s) in 5.49s
[INFO] running `Command { std: "docker" "inspect" "9a064dc790561f2b1bc3840cf77875c32056aaa477bb9f3e1ab8f16cafc1f4cc", kill_on_drop: false }`
[INFO] running `Command { std: "docker" "rm" "-f" "9a064dc790561f2b1bc3840cf77875c32056aaa477bb9f3e1ab8f16cafc1f4cc", kill_on_drop: false }`
[INFO] [stdout] 9a064dc790561f2b1bc3840cf77875c32056aaa477bb9f3e1ab8f16cafc1f4cc
[INFO] running `Command { std: "docker" "create" "-v" "/var/lib/crater-agent-workspace/builds/worker-3-tc1/target:/opt/rustwide/target:rw,Z" "-v" "/var/lib/crater-agent-workspace/builds/worker-3-tc1/source:/opt/rustwide/workdir:ro,Z" "-v" "/var/lib/crater-agent-workspace/cargo-home:/opt/rustwide/cargo-home:ro,Z" "-v" "/var/lib/crater-agent-workspace/rustup-home:/opt/rustwide/rustup-home:ro,Z" "-e" "SOURCE_DIR=/opt/rustwide/workdir" "-e" "CARGO_TARGET_DIR=/opt/rustwide/target" "-e" "CARGO_INCREMENTAL=0" "-e" "RUST_BACKTRACE=full" "-e" "RUSTFLAGS=--cap-lints=warn" "-e" "RUSTDOCFLAGS=--cap-lints=warn" "-e" "CARGO_HOME=/opt/rustwide/cargo-home" "-e" "RUSTUP_HOME=/opt/rustwide/rustup-home" "-w" "/opt/rustwide/workdir" "-m" "1610612736" "--user" "0:0" "--network" "none" "ghcr.io/rust-lang/crates-build-env/linux@sha256:f3a9d4ad9d972b27faf3965f35b62e55ba32bbce8f20bc8fe909558a86702fde" "/opt/rustwide/cargo-home/bin/cargo" "+1.83.0" "test" "--frozen", kill_on_drop: false }`
[INFO] [stdout] 289d1d3a8938424c265ffd121cda523a2f9fbc7bad4ab41aa36a73098a00a490
[INFO] running `Command { std: "docker" "start" "-a" "289d1d3a8938424c265ffd121cda523a2f9fbc7bad4ab41aa36a73098a00a490", kill_on_drop: false }`
[INFO] [stderr] warning: lint `pointer_structural_match` has been removed: converted into hard error, see RFC #3535 <https://rust-lang.github.io/rfcs/3535-constants-in-patterns.html> for more information
[INFO] [stderr]   |
[INFO] [stderr]   = note: requested on the command line with `-D pointer_structural_match`
[INFO] [stderr]   = note: `#[warn(renamed_and_removed_lints)]` on by default
[INFO] [stderr] 
[INFO] [stderr] warning: `quote-of-the-week` (bin "quote-of-the-week" test) generated 1 warning
[INFO] [stderr]     Finished `test` profile [unoptimized + debuginfo] target(s) in 0.25s
[INFO] [stderr]      Running unittests src/main.rs (/opt/rustwide/target/debug/deps/quote_of_the_week-50875c11665001b9)
[INFO] [stdout] 
[INFO] [stdout] running 13 tests
[INFO] [stdout] test tests::extracts_quote_trimmed ... ok
[INFO] [stdout] test tests::fails_parsing_invalid_date ... ok
[INFO] [stdout] test tests::fails_creating_invalid_date ... ok
[INFO] [stdout] test tests::finds_quote_of_the_week_heading ... ok
[INFO] [stdout] test tests::finds_quotes_of_the_week_heading ... ok
[INFO] [stdout] test tests::opens_existing_repo ... ok
[INFO] [stdout] test tests::parses_valid_date ... ok
[INFO] [stdout] test tests::passes_if_no_quotes_of_the_week_heading ... ok
[INFO] [stdout] test tests::takes_quote_trimmed_from_remainder_with_call_to_action ... ok
[INFO] [stdout] test tests::takes_quote_trimmed_from_remainder_with_friendly_call_to_action ... ok
[INFO] [stdout] test tests::refuses_to_clone_if_dir_exists ... ok
[INFO] [stdout] test tests::takes_quote_trimmed_from_remainder_with_next_heading ... ok
[INFO] [stdout] test tests::clones_repo ... FAILED
[INFO] [stdout] 
[INFO] [stdout] failures:
[INFO] [stdout] 
[INFO] [stdout] ---- tests::clones_repo stdout ----
[INFO] [stdout] Cloning 'https://github.com/rust-lang/this-week-in-rust.git' into '/tmp/.tmpmiGl1v/this-week-in-rust'...
[INFO] [stdout] Error: failed to fetch, then checkout
[INFO] [stdout] 
[INFO] [stdout] Caused by:
[INFO] [stdout]    0: An IO error occurred when talking to the server
[INFO] [stdout]    1: error sending request for url (https://github.com/rust-lang/this-week-in-rust.git/info/refs?service=git-upload-pack)
[INFO] [stdout] 
[INFO] [stdout] Location:
[INFO] [stdout]     src/main.rs:210:6
[INFO] [stdout] 
[INFO] [stdout] 
[INFO] [stdout] failures:
[INFO] [stdout]     tests::clones_repo
[INFO] [stdout] 
[INFO] [stdout] test result: FAILED. 12 passed; 1 failed; 0 ignored; 0 measured; 0 filtered out; finished in 0.02s
[INFO] [stdout] 
[INFO] [stderr] error: test failed, to rerun pass `--bin quote-of-the-week`
[INFO] running `Command { std: "docker" "inspect" "289d1d3a8938424c265ffd121cda523a2f9fbc7bad4ab41aa36a73098a00a490", kill_on_drop: false }`
[INFO] running `Command { std: "docker" "rm" "-f" "289d1d3a8938424c265ffd121cda523a2f9fbc7bad4ab41aa36a73098a00a490", kill_on_drop: false }`
[INFO] [stdout] 289d1d3a8938424c265ffd121cda523a2f9fbc7bad4ab41aa36a73098a00a490
