[INFO] cloning repository https://github.com/Ellipsis-Labs/plasma
[INFO] running `Command { std: "git" "-c" "credential.helper=" "-c" "credential.helper=/workspace/cargo-home/bin/git-credential-null" "clone" "--bare" "https://github.com/Ellipsis-Labs/plasma" "/workspace/cache/git-repos/https%3A%2F%2Fgithub.com%2FEllipsis-Labs%2Fplasma", kill_on_drop: false }`
[INFO] [stderr] Cloning into bare repository '/workspace/cache/git-repos/https%3A%2F%2Fgithub.com%2FEllipsis-Labs%2Fplasma'...
[INFO] running `Command { std: "git" "rev-parse" "HEAD", kill_on_drop: false }`
[INFO] [stdout] 67a8bf4c7c8217d2a9abc7a02cc32aa306edad99
[INFO] testing Ellipsis-Labs/plasma against 1.83.0 for beta-1.84.0-4-retry
[INFO] running `Command { std: "git" "clone" "/workspace/cache/git-repos/https%3A%2F%2Fgithub.com%2FEllipsis-Labs%2Fplasma" "/workspace/builds/worker-7-tc1/source", kill_on_drop: false }`
[INFO] [stderr] Cloning into '/workspace/builds/worker-7-tc1/source'...
[INFO] [stderr] done.
[INFO] validating manifest of git repo https://github.com/Ellipsis-Labs/plasma on toolchain 1.83.0
[INFO] running `Command { std: CARGO_HOME="/workspace/cargo-home" RUSTUP_HOME="/workspace/rustup-home" "/workspace/cargo-home/bin/cargo" "+1.83.0" "metadata" "--manifest-path" "Cargo.toml" "--no-deps", kill_on_drop: false }`
[INFO] started tweaking git repo https://github.com/Ellipsis-Labs/plasma
[INFO] finished tweaking git repo https://github.com/Ellipsis-Labs/plasma
[INFO] tweaked toml for git repo https://github.com/Ellipsis-Labs/plasma written to /workspace/builds/worker-7-tc1/source/Cargo.toml
[INFO] crate git repo https://github.com/Ellipsis-Labs/plasma already has a lockfile, it will not be regenerated
[INFO] running `Command { std: CARGO_HOME="/workspace/cargo-home" RUSTUP_HOME="/workspace/rustup-home" "/workspace/cargo-home/bin/cargo" "+1.83.0" "fetch" "--manifest-path" "Cargo.toml", kill_on_drop: false }`
[INFO] [stderr]     Updating crates.io index
[INFO] [stderr]  Downloading crates ...
[INFO] [stderr]   Downloaded solana-curve25519 v2.0.0
[INFO] [stderr]   Downloaded solana-sdk-macro v2.0.0
[INFO] [stderr]   Downloaded ellipsis-macros v0.1.1
[INFO] [stderr]   Downloaded shank_macro v0.3.0
[INFO] [stderr]   Downloaded shank_render v0.3.0
[INFO] [stderr]   Downloaded aes-gcm-siv v0.11.1
[INFO] [stderr]   Downloaded shank v0.3.0
[INFO] [stderr]   Downloaded shank_macro_impl v0.3.0
[INFO] [stderr]   Downloaded fixed v1.27.0
[INFO] [stderr]   Downloaded solana-sdk v2.0.0
[INFO] [stderr]   Downloaded solana-program v2.0.0
[INFO] [stderr]   Downloaded solana-zk-token-sdk v2.0.0
[INFO] running `Command { std: "docker" "create" "-v" "/var/lib/crater-agent-workspace/builds/worker-7-tc1/target:/opt/rustwide/target:rw,Z" "-v" "/var/lib/crater-agent-workspace/builds/worker-7-tc1/source:/opt/rustwide/workdir:ro,Z" "-v" "/var/lib/crater-agent-workspace/cargo-home:/opt/rustwide/cargo-home:ro,Z" "-v" "/var/lib/crater-agent-workspace/rustup-home:/opt/rustwide/rustup-home:ro,Z" "-e" "SOURCE_DIR=/opt/rustwide/workdir" "-e" "CARGO_TARGET_DIR=/opt/rustwide/target" "-e" "CARGO_HOME=/opt/rustwide/cargo-home" "-e" "RUSTUP_HOME=/opt/rustwide/rustup-home" "-w" "/opt/rustwide/workdir" "-m" "1610612736" "--user" "0:0" "--network" "none" "ghcr.io/rust-lang/crates-build-env/linux@sha256:f3a9d4ad9d972b27faf3965f35b62e55ba32bbce8f20bc8fe909558a86702fde" "/opt/rustwide/cargo-home/bin/cargo" "+1.83.0" "metadata" "--no-deps" "--format-version=1", kill_on_drop: false }`
[INFO] [stdout] f48f79328cca8d67392270b26029d1be0902b9147a15fae3653367d92787dacb
[INFO] running `Command { std: "docker" "start" "-a" "f48f79328cca8d67392270b26029d1be0902b9147a15fae3653367d92787dacb", kill_on_drop: false }`
[INFO] running `Command { std: "docker" "inspect" "f48f79328cca8d67392270b26029d1be0902b9147a15fae3653367d92787dacb", kill_on_drop: false }`
[INFO] running `Command { std: "docker" "rm" "-f" "f48f79328cca8d67392270b26029d1be0902b9147a15fae3653367d92787dacb", kill_on_drop: false }`
[INFO] [stdout] f48f79328cca8d67392270b26029d1be0902b9147a15fae3653367d92787dacb
[INFO] running `Command { std: "docker" "create" "-v" "/var/lib/crater-agent-workspace/builds/worker-7-tc1/target:/opt/rustwide/target:rw,Z" "-v" "/var/lib/crater-agent-workspace/builds/worker-7-tc1/source:/opt/rustwide/workdir:ro,Z" "-v" "/var/lib/crater-agent-workspace/cargo-home:/opt/rustwide/cargo-home:ro,Z" "-v" "/var/lib/crater-agent-workspace/rustup-home:/opt/rustwide/rustup-home:ro,Z" "-e" "SOURCE_DIR=/opt/rustwide/workdir" "-e" "CARGO_TARGET_DIR=/opt/rustwide/target" "-e" "CARGO_INCREMENTAL=0" "-e" "RUST_BACKTRACE=full" "-e" "RUSTFLAGS=--cap-lints=warn" "-e" "RUSTDOCFLAGS=--cap-lints=warn" "-e" "CARGO_HOME=/opt/rustwide/cargo-home" "-e" "RUSTUP_HOME=/opt/rustwide/rustup-home" "-w" "/opt/rustwide/workdir" "-m" "1610612736" "--user" "0:0" "--network" "none" "ghcr.io/rust-lang/crates-build-env/linux@sha256:f3a9d4ad9d972b27faf3965f35b62e55ba32bbce8f20bc8fe909558a86702fde" "/opt/rustwide/cargo-home/bin/cargo" "+1.83.0" "build" "--frozen" "--message-format=json", kill_on_drop: false }`
[INFO] [stdout] 12e2038cc62af0bf72d5a9a59e3dfa296a514bc35cbf27f9a9d194592f0d3f23
[INFO] running `Command { std: "docker" "start" "-a" "12e2038cc62af0bf72d5a9a59e3dfa296a514bc35cbf27f9a9d194592f0d3f23", kill_on_drop: false }`
[INFO] [stderr]    Compiling proc-macro2 v1.0.86
[INFO] [stderr]    Compiling serde v1.0.203
[INFO] [stderr]    Compiling libc v0.2.155
[INFO] [stderr]    Compiling subtle v2.6.0
[INFO] [stderr]    Compiling syn v1.0.109
[INFO] [stderr]    Compiling once_cell v1.19.0
[INFO] [stderr]    Compiling autocfg v1.3.0
[INFO] [stderr]    Compiling cpufeatures v0.2.12
[INFO] [stderr]    Compiling semver v1.0.23
[INFO] [stderr]    Compiling either v1.12.0
[INFO] [stderr]    Compiling getrandom v0.1.16
[INFO] [stderr]    Compiling generic-array v0.14.7
[INFO] [stderr]    Compiling ahash v0.8.11
[INFO] [stderr]    Compiling paste v1.0.15
[INFO] [stderr]    Compiling zerocopy v0.7.34
[INFO] [stderr]    Compiling equivalent v1.0.1
[INFO] [stderr]    Compiling hashbrown v0.14.5
[INFO] [stderr]    Compiling opaque-debug v0.3.1
[INFO] [stderr]    Compiling winnow v0.5.40
[INFO] [stderr]    Compiling thiserror v1.0.61
[INFO] [stderr]    Compiling itertools v0.10.5
[INFO] [stderr]    Compiling toml_datetime v0.6.6
[INFO] [stderr]    Compiling crunchy v0.2.2
[INFO] [stderr]    Compiling proc-macro-error-attr v1.0.4
[INFO] [stderr]    Compiling log v0.4.21
[INFO] [stderr]    Compiling proc-macro-error v1.0.4
[INFO] [stderr]    Compiling num-traits v0.2.19
[INFO] [stderr]    Compiling block-padding v0.2.1
[INFO] [stderr]    Compiling feature-probe v0.1.1
[INFO] [stderr]    Compiling arrayref v0.3.7
[INFO] [stderr]    Compiling hashbrown v0.13.2
[INFO] [stderr]    Compiling keccak v0.1.5
[INFO] [stderr]    Compiling rustc_version v0.4.0
[INFO] [stderr]    Compiling rustversion v1.0.17
[INFO] [stderr]    Compiling lazy_static v1.5.0
[INFO] [stderr]    Compiling cfg_aliases v0.2.1
[INFO] [stderr]    Compiling bv v0.11.1
[INFO] [stderr]    Compiling memoffset v0.9.1
[INFO] [stderr]    Compiling constant_time_eq v0.3.0
[INFO] [stderr]    Compiling borsh v1.5.1
[INFO] [stderr]    Compiling base64 v0.12.3
[INFO] [stderr]    Compiling arrayvec v0.7.4
[INFO] [stderr]    Compiling indexmap v2.2.6
[INFO] [stderr]    Compiling quote v1.0.36
[INFO] [stderr]    Compiling byteorder v1.5.0
[INFO] [stderr]    Compiling bs58 v0.5.1
[INFO] [stderr]    Compiling solana-program v2.0.0
[INFO] [stderr]    Compiling base64 v0.22.1
[INFO] [stderr]    Compiling syn v2.0.67
[INFO] [stderr]    Compiling serde_json v1.0.117
[INFO] [stderr]    Compiling itoa v1.0.11
[INFO] [stderr]    Compiling ryu v1.0.18
[INFO] [stderr]    Compiling strsim v0.11.1
[INFO] [stderr]    Compiling ident_case v1.0.1
[INFO] [stderr]    Compiling crossbeam-utils v0.8.20
[INFO] [stderr]    Compiling signature v1.6.4
[INFO] [stderr]    Compiling anyhow v1.0.86
[INFO] [stderr]    Compiling ed25519 v1.5.3
[INFO] [stderr]    Compiling solana-sdk v2.0.0
[INFO] [stderr]    Compiling percent-encoding v2.3.1
[INFO] [stderr]    Compiling num-integer v0.1.46
[INFO] [stderr]    Compiling derivation-path v0.2.0
[INFO] [stderr]    Compiling qstring v0.7.2
[INFO] [stderr]    Compiling chrono v0.4.38
[INFO] [stderr]    Compiling uriparse v0.6.4
[INFO] [stderr]    Compiling itertools v0.12.1
[INFO] [stderr]    Compiling getrandom v0.2.15
[INFO] [stderr]    Compiling jobserver v0.1.31
[INFO] [stderr]    Compiling memmap2 v0.5.10
[INFO] [stderr]    Compiling rand_core v0.6.4
[INFO] [stderr]    Compiling num-bigint v0.4.5
[INFO] [stderr]    Compiling rand_core v0.5.1
[INFO] [stderr]    Compiling cc v1.0.99
[INFO] [stderr]    Compiling wasm-bindgen-shared v0.2.92
[INFO] [stderr]    Compiling rayon-core v1.12.1
[INFO] [stderr]    Compiling rand_chacha v0.3.1
[INFO] [stderr]    Compiling rand_chacha v0.2.2
[INFO] [stderr]    Compiling siphasher v0.3.11
[INFO] [stderr]    Compiling solana-frozen-abi-macro v1.18.17
[INFO] [stderr]    Compiling crossbeam-epoch v0.9.18
[INFO] [stderr]    Compiling rand v0.8.5
[INFO] [stderr]    Compiling rand v0.7.3
[INFO] [stderr]    Compiling bitmaps v2.1.0
[INFO] [stderr]    Compiling crossbeam-deque v0.8.5
[INFO] [stderr]    Compiling toml_edit v0.21.1
[INFO] [stderr]    Compiling ahash v0.7.8
[INFO] [stderr]    Compiling im v15.1.0
[INFO] [stderr]    Compiling tinyvec_macros v0.1.1
[INFO] [stderr]    Compiling bumpalo v3.16.0
[INFO] [stderr]    Compiling tinyvec v1.6.0
[INFO] [stderr]    Compiling rand_xoshiro v0.6.0
[INFO] [stderr]    Compiling solana-frozen-abi v1.18.17
[INFO] [stderr]    Compiling bs58 v0.4.0
[INFO] [stderr]    Compiling ark-std v0.4.0
[INFO] [stderr]    Compiling sized-chunks v0.6.5
[INFO] [stderr]    Compiling wasm-bindgen v0.2.92
[INFO] [stderr]    Compiling rayon v1.10.0
[INFO] [stderr]    Compiling toml_edit v0.19.15
[INFO] [stderr]    Compiling hashbrown v0.11.2
[INFO] [stderr]    Compiling base64 v0.21.7
[INFO] [stderr]    Compiling fixed v1.27.0
[INFO] [stderr]    Compiling half v2.4.1
[INFO] [stderr]    Compiling solana-security-txt v1.1.1
[INFO] [stderr]    Compiling assert_matches v1.5.0
[INFO] [stderr]    Compiling unicode-normalization v0.1.23
[INFO] [stderr]    Compiling blake3 v1.5.1
[INFO] [stderr]    Compiling solana-program v1.18.17
[INFO] [stderr]    Compiling proc-macro-crate v3.1.0
[INFO] [stderr]    Compiling proc-macro-crate v1.3.1
[INFO] [stderr]    Compiling borsh-schema-derive-internal v0.10.3
[INFO] [stderr]    Compiling borsh-derive-internal v0.10.3
[INFO] [stderr]    Compiling borsh-schema-derive-internal v0.9.3
[INFO] [stderr]    Compiling borsh-derive-internal v0.9.3
[INFO] [stderr]    Compiling darling_core v0.20.9
[INFO] [stderr]    Compiling wasm-bindgen-backend v0.2.92
[INFO] [stderr]    Compiling serde_derive v1.0.203
[INFO] [stderr]    Compiling zeroize_derive v1.4.2
[INFO] [stderr]    Compiling thiserror-impl v1.0.61
[INFO] [stderr]    Compiling bytemuck_derive v1.7.0
[INFO] [stderr]    Compiling syn_derive v0.1.8
[INFO] [stderr]    Compiling num-derive v0.4.2
[INFO] [stderr]    Compiling solana-sdk-macro v2.0.0
[INFO] [stderr]    Compiling num_enum_derive v0.7.2
[INFO] [stderr]    Compiling solana-sdk-macro v1.18.17
[INFO] [stderr]    Compiling ark-serialize-derive v0.4.2
[INFO] [stderr]    Compiling derivative v2.2.0
[INFO] [stderr]    Compiling ark-ff-asm v0.4.2
[INFO] [stderr]    Compiling ark-ff-macros v0.4.2
[INFO] [stderr]    Compiling num_enum_derive v0.5.11
[INFO] [stderr]    Compiling wasm-bindgen-macro-support v0.2.92
[INFO] [stderr]    Compiling num-derive v0.3.3
[INFO] [stderr]    Compiling borsh-derive v1.5.1
[INFO] [stderr]    Compiling zeroize v1.3.0
[INFO] [stderr]    Compiling merlin v3.0.0
[INFO] [stderr]    Compiling num_enum v0.7.2
[INFO] [stderr]    Compiling wasm-bindgen-macro v0.2.92
[INFO] [stderr]    Compiling bytemuck v1.16.1
[INFO] [stderr]    Compiling darling_macro v0.20.9
[INFO] [stderr]    Compiling num_enum v0.5.11
[INFO] [stderr]    Compiling darling v0.20.9
[INFO] [stderr]    Compiling serde_with_macros v2.3.3
[INFO] [stderr]    Compiling toml v0.5.11
[INFO] [stderr]    Compiling serde_bytes v0.11.14
[INFO] [stderr]    Compiling bitflags v2.5.0
[INFO] [stderr]    Compiling bincode v1.3.3
[INFO] [stderr]    Compiling serde_with v2.3.3
[INFO] [stderr]    Compiling shank_macro_impl v0.3.0
[INFO] [stderr]    Compiling shank_render v0.3.0
[INFO] [stderr]    Compiling block-buffer v0.10.4
[INFO] [stderr]    Compiling crypto-common v0.1.6
[INFO] [stderr]    Compiling digest v0.9.0
[INFO] [stderr]    Compiling crypto-mac v0.8.0
[INFO] [stderr]    Compiling block-buffer v0.9.0
[INFO] [stderr]    Compiling inout v0.1.3
[INFO] [stderr]    Compiling universal-hash v0.5.1
[INFO] [stderr]    Compiling aead v0.5.2
[INFO] [stderr]    Compiling libsecp256k1-core v0.2.2
[INFO] [stderr]    Compiling hmac v0.8.1
[INFO] [stderr]    Compiling sha2 v0.9.9
[INFO] [stderr]    Compiling curve25519-dalek v3.2.1
[INFO] [stderr]    Compiling digest v0.10.7
[INFO] [stderr]    Compiling hmac-drbg v0.3.0
[INFO] [stderr]    Compiling cipher v0.4.4
[INFO] [stderr]    Compiling polyval v0.6.2
[INFO] [stderr]    Compiling sha3 v0.9.1
[INFO] [stderr]    Compiling proc-macro-crate v0.1.5
[INFO] [stderr]    Compiling ark-serialize v0.4.2
[INFO] [stderr]    Compiling sha2 v0.10.8
[INFO] [stderr]    Compiling sha3 v0.10.8
[INFO] [stderr]    Compiling ark-ff v0.4.2
[INFO] [stderr]    Compiling hmac v0.12.1
[INFO] [stderr]    Compiling ctr v0.9.2
[INFO] [stderr]    Compiling aes v0.8.4
[INFO] [stderr]    Compiling pbkdf2 v0.11.0
[INFO] [stderr]    Compiling ed25519-dalek v1.0.1
[INFO] [stderr]    Compiling pbkdf2 v0.4.0
[INFO] [stderr]    Compiling libsecp256k1-gen-ecmult v0.2.1
[INFO] [stderr]    Compiling libsecp256k1-gen-genmult v0.2.1
[INFO] [stderr]    Compiling spl-discriminator-syn v0.1.2
[INFO] [stderr]    Compiling tiny-bip39 v0.8.2
[INFO] [stderr]    Compiling borsh-derive v0.10.3
[INFO] [stderr]    Compiling borsh-derive v0.9.3
[INFO] [stderr]    Compiling ed25519-dalek-bip32 v0.2.0
[INFO] [stderr]    Compiling libsecp256k1 v0.6.0
[INFO] [stderr]    Compiling spl-program-error-derive v0.3.2
[INFO] [stderr]    Compiling spl-discriminator-derive v0.1.2
[INFO] [stderr]    Compiling aes-gcm-siv v0.11.1
[INFO] [stderr]    Compiling shank_macro v0.3.0
[INFO] [stderr]    Compiling borsh v0.10.3
[INFO] [stderr]    Compiling borsh v0.9.3
[INFO] [stderr]    Compiling shank v0.3.0
[INFO] [stderr]    Compiling plasma_state v0.1.0 (/opt/rustwide/workdir/crates/plasma_state)
[INFO] [stderr]    Compiling ark-poly v0.4.2
[INFO] [stderr]    Compiling ark-ec v0.4.2
[INFO] [stderr]    Compiling ark-bn254 v0.4.0
[INFO] [stderr]    Compiling light-poseidon v0.2.0
[INFO] [stderr]    Compiling solana-curve25519 v2.0.0
[INFO] [stderr]    Compiling spl-program-error v0.3.1
[INFO] [stderr]    Compiling spl-discriminator v0.1.1
[INFO] [stderr]    Compiling spl-token v4.0.1
[INFO] [stderr]    Compiling spl-memo v4.0.1
[INFO] [stderr]    Compiling ellipsis-macros v0.1.1
[INFO] [stderr]    Compiling spl-token v3.5.0
[INFO] [stderr]    Compiling solana-zk-token-sdk v2.0.0
[INFO] [stderr]    Compiling spl-pod v0.1.1
[INFO] [stderr]    Compiling spl-type-length-value v0.3.1
[INFO] [stderr]    Compiling spl-token-group-interface v0.1.1
[INFO] [stderr]    Compiling spl-tlv-account-resolution v0.5.2
[INFO] [stderr]    Compiling spl-token-metadata-interface v0.2.1
[INFO] [stderr]    Compiling spl-transfer-hook-interface v0.5.1
[INFO] [stderr]    Compiling spl-token-2022 v2.0.2
[INFO] [stderr]    Compiling spl-associated-token-account v2.3.1
[INFO] [stderr]    Compiling plasma v0.1.0 (/opt/rustwide/workdir/program)
[INFO] [stderr]     Finished `dev` profile [unoptimized + debuginfo] target(s) in 53.57s
[INFO] running `Command { std: "docker" "inspect" "12e2038cc62af0bf72d5a9a59e3dfa296a514bc35cbf27f9a9d194592f0d3f23", kill_on_drop: false }`
[INFO] running `Command { std: "docker" "rm" "-f" "12e2038cc62af0bf72d5a9a59e3dfa296a514bc35cbf27f9a9d194592f0d3f23", kill_on_drop: false }`
[INFO] [stdout] 12e2038cc62af0bf72d5a9a59e3dfa296a514bc35cbf27f9a9d194592f0d3f23
[INFO] running `Command { std: "docker" "create" "-v" "/var/lib/crater-agent-workspace/builds/worker-7-tc1/target:/opt/rustwide/target:rw,Z" "-v" "/var/lib/crater-agent-workspace/builds/worker-7-tc1/source:/opt/rustwide/workdir:ro,Z" "-v" "/var/lib/crater-agent-workspace/cargo-home:/opt/rustwide/cargo-home:ro,Z" "-v" "/var/lib/crater-agent-workspace/rustup-home:/opt/rustwide/rustup-home:ro,Z" "-e" "SOURCE_DIR=/opt/rustwide/workdir" "-e" "CARGO_TARGET_DIR=/opt/rustwide/target" "-e" "CARGO_INCREMENTAL=0" "-e" "RUST_BACKTRACE=full" "-e" "RUSTFLAGS=--cap-lints=warn" "-e" "RUSTDOCFLAGS=--cap-lints=warn" "-e" "CARGO_HOME=/opt/rustwide/cargo-home" "-e" "RUSTUP_HOME=/opt/rustwide/rustup-home" "-w" "/opt/rustwide/workdir" "-m" "1610612736" "--user" "0:0" "--network" "none" "ghcr.io/rust-lang/crates-build-env/linux@sha256:f3a9d4ad9d972b27faf3965f35b62e55ba32bbce8f20bc8fe909558a86702fde" "/opt/rustwide/cargo-home/bin/cargo" "+1.83.0" "test" "--frozen" "--no-run" "--message-format=json", kill_on_drop: false }`
[INFO] [stdout] 0414491cf20cf025a3c2994b8c3e4075cfcc4b532eafe5315a4ddcccf7e442ee
[INFO] running `Command { std: "docker" "start" "-a" "0414491cf20cf025a3c2994b8c3e4075cfcc4b532eafe5315a4ddcccf7e442ee", kill_on_drop: false }`
[INFO] [stderr]    Compiling plasma_state v0.1.0 (/opt/rustwide/workdir/crates/plasma_state)
[INFO] [stderr]    Compiling plasma v0.1.0 (/opt/rustwide/workdir/program)
[INFO] [stderr]     Finished `test` profile [unoptimized + debuginfo] target(s) in 1.56s
[INFO] running `Command { std: "docker" "inspect" "0414491cf20cf025a3c2994b8c3e4075cfcc4b532eafe5315a4ddcccf7e442ee", kill_on_drop: false }`
[INFO] running `Command { std: "docker" "rm" "-f" "0414491cf20cf025a3c2994b8c3e4075cfcc4b532eafe5315a4ddcccf7e442ee", kill_on_drop: false }`
[INFO] [stdout] 0414491cf20cf025a3c2994b8c3e4075cfcc4b532eafe5315a4ddcccf7e442ee
[INFO] running `Command { std: "docker" "create" "-v" "/var/lib/crater-agent-workspace/builds/worker-7-tc1/target:/opt/rustwide/target:rw,Z" "-v" "/var/lib/crater-agent-workspace/builds/worker-7-tc1/source:/opt/rustwide/workdir:ro,Z" "-v" "/var/lib/crater-agent-workspace/cargo-home:/opt/rustwide/cargo-home:ro,Z" "-v" "/var/lib/crater-agent-workspace/rustup-home:/opt/rustwide/rustup-home:ro,Z" "-e" "SOURCE_DIR=/opt/rustwide/workdir" "-e" "CARGO_TARGET_DIR=/opt/rustwide/target" "-e" "CARGO_INCREMENTAL=0" "-e" "RUST_BACKTRACE=full" "-e" "RUSTFLAGS=--cap-lints=warn" "-e" "RUSTDOCFLAGS=--cap-lints=warn" "-e" "CARGO_HOME=/opt/rustwide/cargo-home" "-e" "RUSTUP_HOME=/opt/rustwide/rustup-home" "-w" "/opt/rustwide/workdir" "-m" "1610612736" "--user" "0:0" "--network" "none" "ghcr.io/rust-lang/crates-build-env/linux@sha256:f3a9d4ad9d972b27faf3965f35b62e55ba32bbce8f20bc8fe909558a86702fde" "/opt/rustwide/cargo-home/bin/cargo" "+1.83.0" "test" "--frozen", kill_on_drop: false }`
[INFO] [stdout] 1cc96c5916cb123e5d3fbca4aa4aded10693edcd0fe9a54c777986d054e0b99e
[INFO] running `Command { std: "docker" "start" "-a" "1cc96c5916cb123e5d3fbca4aa4aded10693edcd0fe9a54c777986d054e0b99e", kill_on_drop: false }`
[INFO] [stderr]     Finished `test` profile [unoptimized + debuginfo] target(s) in 0.15s
[INFO] [stderr]      Running unittests src/lib.rs (/opt/rustwide/target/debug/deps/plasma-bfa5c929d6a43071)
[INFO] [stdout] 
[INFO] [stdout] running 4 tests
[INFO] [stdout] test program::instruction::test_instruction_serialization ... ok
[INFO] [stdout] test plasma_log_authority::check_pda ... ok
[INFO] [stdout] test plasma_log_authority::test_id ... ok
[INFO] [stdout] test test_id ... ok
[INFO] [stdout] 
[INFO] [stdout] test result: ok. 4 passed; 0 failed; 0 ignored; 0 measured; 0 filtered out; finished in 0.00s
[INFO] [stdout] 
[INFO] [stderr]      Running unittests src/lib.rs (/opt/rustwide/target/debug/deps/plasma_state-f9f5f97ccfea35e1)
[INFO] [stdout] 
[INFO] [stdout] running 2 tests
[INFO] [stdout] test fixed::tests::test_floor ... ok
[INFO] [stdout] test fixed::tests::seeded_fixed_fuzz_test ... ok
[INFO] [stdout] 
[INFO] [stdout] test result: ok. 2 passed; 0 failed; 0 ignored; 0 measured; 0 filtered out; finished in 0.00s
[INFO] [stdout] 
[INFO] [stderr]    Doc-tests plasma
[INFO] [stdout] 
[INFO] [stdout] running 0 tests
[INFO] [stdout] 
[INFO] [stdout] test result: ok. 0 passed; 0 failed; 0 ignored; 0 measured; 0 filtered out; finished in 0.00s
[INFO] [stdout] 
[INFO] [stderr]    Doc-tests plasma_state
[INFO] [stdout] 
[INFO] [stdout] running 3 tests
[INFO] [stdout] test crates/plasma_state/src/amm.rs - amm::Amm::get_limit_order_size_in_base_and_quote (line 181) - compile ... FAILED
[INFO] [stdout] test crates/plasma_state/src/amm.rs - amm::Amm::get_limit_order_size_in_base_and_quote (line 175) - compile ... FAILED
[INFO] [stdout] test crates/plasma_state/src/amm.rs - amm::Amm::get_limit_order_size_in_base_and_quote (line 156) - compile ... FAILED
[INFO] [stdout] 
[INFO] [stdout] failures:
[INFO] [stdout] 
[INFO] [stdout] ---- crates/plasma_state/src/amm.rs - amm::Amm::get_limit_order_size_in_base_and_quote (line 181) stdout ----
[INFO] [stdout] error: unknown start of token: \u{2206}
[INFO] [stdout]  --> crates/plasma_state/src/amm.rs:182:1
[INFO] [stdout]   |
[INFO] [stdout] 3 | ∆_base = (quote_snapshot * base_reserves - base_snapshot * quote_reserves) / (2 * quote_snapshot)
[INFO] [stdout]   | ^
[INFO] [stdout] 
[INFO] [stdout] error: unknown start of token: \u{2206}
[INFO] [stdout]  --> crates/plasma_state/src/amm.rs:183:1
[INFO] [stdout]   |
[INFO] [stdout] 4 | ∆_quote = (quote_snapshot * base_reserves - base_snapshot * quote_reserves) / (2 * base_snapshot)
[INFO] [stdout]   | ^
[INFO] [stdout] 
[INFO] [stdout] error: expected `;`, found `_quote`
[INFO] [stdout]  --> crates/plasma_state/src/amm.rs:182:98
[INFO] [stdout]   |
[INFO] [stdout] 3 | ∆_base = (quote_snapshot * base_reserves - base_snapshot * quote_reserves) / (2 * quote_snapshot)
[INFO] [stdout]   |                                                                                                  ^ help: add `;` here
[INFO] [stdout] 4 | ∆_quote = (quote_snapshot * base_reserves - base_snapshot * quote_reserves) / (2 * base_snapshot)
[INFO] [stdout]   |  ------ unexpected token
[INFO] [stdout] 
[INFO] [stdout] error[E0425]: cannot find value `_quote` in this scope
[INFO] [stdout]  --> crates/plasma_state/src/amm.rs:183:2
[INFO] [stdout]   |
[INFO] [stdout] 4 | ∆_quote = (quote_snapshot * base_reserves - base_snapshot * quote_reserves) / (2 * base_snapshot)
[INFO] [stdout]   |  ^^^^^^
[INFO] [stdout]   |
[INFO] [stdout] help: you might have meant to introduce a new binding
[INFO] [stdout]   |
[INFO] [stdout] 4 | ∆let _quote = (quote_snapshot * base_reserves - base_snapshot * quote_reserves) / (2 * base_snapshot)
[INFO] [stdout]   |  +++
[INFO] [stdout] 
[INFO] [stdout] error[E0425]: cannot find value `quote_snapshot` in this scope
[INFO] [stdout]  --> crates/plasma_state/src/amm.rs:183:12
[INFO] [stdout]   |
[INFO] [stdout] 4 | ∆_quote = (quote_snapshot * base_reserves - base_snapshot * quote_reserves) / (2 * base_snapshot)
[INFO] [stdout]   |            ^^^^^^^^^^^^^^ not found in this scope
[INFO] [stdout] 
[INFO] [stdout] error[E0425]: cannot find value `base_reserves` in this scope
[INFO] [stdout]  --> crates/plasma_state/src/amm.rs:183:29
[INFO] [stdout]   |
[INFO] [stdout] 4 | ∆_quote = (quote_snapshot * base_reserves - base_snapshot * quote_reserves) / (2 * base_snapshot)
[INFO] [stdout]   |                             ^^^^^^^^^^^^^ not found in this scope
[INFO] [stdout] 
[INFO] [stdout] error[E0425]: cannot find value `base_snapshot` in this scope
[INFO] [stdout]  --> crates/plasma_state/src/amm.rs:183:45
[INFO] [stdout]   |
[INFO] [stdout] 4 | ∆_quote = (quote_snapshot * base_reserves - base_snapshot * quote_reserves) / (2 * base_snapshot)
[INFO] [stdout]   |                                             ^^^^^^^^^^^^^ not found in this scope
[INFO] [stdout] 
[INFO] [stdout] error[E0425]: cannot find value `quote_reserves` in this scope
[INFO] [stdout]  --> crates/plasma_state/src/amm.rs:183:61
[INFO] [stdout]   |
[INFO] [stdout] 4 | ∆_quote = (quote_snapshot * base_reserves - base_snapshot * quote_reserves) / (2 * base_snapshot)
[INFO] [stdout]   |                                                             ^^^^^^^^^^^^^^ not found in this scope
[INFO] [stdout] 
[INFO] [stdout] error[E0425]: cannot find value `base_snapshot` in this scope
[INFO] [stdout]  --> crates/plasma_state/src/amm.rs:183:84
[INFO] [stdout]   |
[INFO] [stdout] 4 | ∆_quote = (quote_snapshot * base_reserves - base_snapshot * quote_reserves) / (2 * base_snapshot)
[INFO] [stdout]   |                                                                                    ^^^^^^^^^^^^^ not found in this scope
[INFO] [stdout] 
[INFO] [stdout] error: aborting due to 9 previous errors
[INFO] [stdout] 
[INFO] [stdout] For more information about this error, try `rustc --explain E0425`.
[INFO] [stdout] Couldn't compile the test.
[INFO] [stdout] ---- crates/plasma_state/src/amm.rs - amm::Amm::get_limit_order_size_in_base_and_quote (line 175) stdout ----
[INFO] [stdout] error: unknown start of token: \u{2206}
[INFO] [stdout]  --> crates/plasma_state/src/amm.rs:176:1
[INFO] [stdout]   |
[INFO] [stdout] 3 | ∆_base = (base_snapshot * quote_reserves - quote_snapshot * base_reserves) / (2 * quote_snapshot)
[INFO] [stdout]   | ^
[INFO] [stdout] 
[INFO] [stdout] error: unknown start of token: \u{2206}
[INFO] [stdout]  --> crates/plasma_state/src/amm.rs:177:1
[INFO] [stdout]   |
[INFO] [stdout] 4 | ∆_quote = (base_snapshot * quote_reserves - quote_snapshot * base_reserves) / (2 * base_snapshot)
[INFO] [stdout]   | ^
[INFO] [stdout] 
[INFO] [stdout] error: expected `;`, found `_quote`
[INFO] [stdout]  --> crates/plasma_state/src/amm.rs:176:98
[INFO] [stdout]   |
[INFO] [stdout] 3 | ∆_base = (base_snapshot * quote_reserves - quote_snapshot * base_reserves) / (2 * quote_snapshot)
[INFO] [stdout]   |                                                                                                  ^ help: add `;` here
[INFO] [stdout] 4 | ∆_quote = (base_snapshot * quote_reserves - quote_snapshot * base_reserves) / (2 * base_snapshot)
[INFO] [stdout]   |  ------ unexpected token
[INFO] [stdout] 
[INFO] [stdout] error[E0425]: cannot find value `_quote` in this scope
[INFO] [stdout]  --> crates/plasma_state/src/amm.rs:177:2
[INFO] [stdout]   |
[INFO] [stdout] 4 | ∆_quote = (base_snapshot * quote_reserves - quote_snapshot * base_reserves) / (2 * base_snapshot)
[INFO] [stdout]   |  ^^^^^^
[INFO] [stdout]   |
[INFO] [stdout] help: you might have meant to introduce a new binding
[INFO] [stdout]   |
[INFO] [stdout] 4 | ∆let _quote = (base_snapshot * quote_reserves - quote_snapshot * base_reserves) / (2 * base_snapshot)
[INFO] [stdout]   |  +++
[INFO] [stdout] 
[INFO] [stdout] error[E0425]: cannot find value `base_snapshot` in this scope
[INFO] [stdout]  --> crates/plasma_state/src/amm.rs:177:12
[INFO] [stdout]   |
[INFO] [stdout] 4 | ∆_quote = (base_snapshot * quote_reserves - quote_snapshot * base_reserves) / (2 * base_snapshot)
[INFO] [stdout]   |            ^^^^^^^^^^^^^ not found in this scope
[INFO] [stdout] 
[INFO] [stdout] error[E0425]: cannot find value `quote_reserves` in this scope
[INFO] [stdout]  --> crates/plasma_state/src/amm.rs:177:28
[INFO] [stdout]   |
[INFO] [stdout] 4 | ∆_quote = (base_snapshot * quote_reserves - quote_snapshot * base_reserves) / (2 * base_snapshot)
[INFO] [stdout]   |                            ^^^^^^^^^^^^^^ not found in this scope
[INFO] [stdout] 
[INFO] [stdout] error[E0425]: cannot find value `quote_snapshot` in this scope
[INFO] [stdout]  --> crates/plasma_state/src/amm.rs:177:45
[INFO] [stdout]   |
[INFO] [stdout] 4 | ∆_quote = (base_snapshot * quote_reserves - quote_snapshot * base_reserves) / (2 * base_snapshot)
[INFO] [stdout]   |                                             ^^^^^^^^^^^^^^ not found in this scope
[INFO] [stdout] 
[INFO] [stdout] error[E0425]: cannot find value `base_reserves` in this scope
[INFO] [stdout]  --> crates/plasma_state/src/amm.rs:177:62
[INFO] [stdout]   |
[INFO] [stdout] 4 | ∆_quote = (base_snapshot * quote_reserves - quote_snapshot * base_reserves) / (2 * base_snapshot)
[INFO] [stdout]   |                                                              ^^^^^^^^^^^^^ not found in this scope
[INFO] [stdout] 
[INFO] [stdout] error[E0425]: cannot find value `base_snapshot` in this scope
[INFO] [stdout]  --> crates/plasma_state/src/amm.rs:177:84
[INFO] [stdout]   |
[INFO] [stdout] 4 | ∆_quote = (base_snapshot * quote_reserves - quote_snapshot * base_reserves) / (2 * base_snapshot)
[INFO] [stdout]   |                                                                                    ^^^^^^^^^^^^^ not found in this scope
[INFO] [stdout] 
[INFO] [stdout] error: aborting due to 9 previous errors
[INFO] [stdout] 
[INFO] [stdout] For more information about this error, try `rustc --explain E0425`.
[INFO] [stdout] Couldn't compile the test.
[INFO] [stdout] ---- crates/plasma_state/src/amm.rs - amm::Amm::get_limit_order_size_in_base_and_quote (line 156) stdout ----
[INFO] [stdout] error: unknown start of token: \u{2206}
[INFO] [stdout]  --> crates/plasma_state/src/amm.rs:157:54
[INFO] [stdout]   |
[INFO] [stdout] 3 | (quote_snapshot / base_snapshot) = (quote_reserves + ∆_quote) / (base_reserves + ∆_base)
[INFO] [stdout]   |                                                      ^
[INFO] [stdout] 
[INFO] [stdout] error: unknown start of token: \u{2206}
[INFO] [stdout]  --> crates/plasma_state/src/amm.rs:157:82
[INFO] [stdout]   |
[INFO] [stdout] 3 | (quote_snapshot / base_snapshot) = (quote_reserves + ∆_quote) / (base_reserves + ∆_base)
[INFO] [stdout]   |                                                                                  ^
[INFO] [stdout] 
[INFO] [stdout] error[E0425]: cannot find value `quote_snapshot` in this scope
[INFO] [stdout]  --> crates/plasma_state/src/amm.rs:157:2
[INFO] [stdout]   |
[INFO] [stdout] 3 | (quote_snapshot / base_snapshot) = (quote_reserves + ∆_quote) / (base_reserves + ∆_base)
[INFO] [stdout]   |  ^^^^^^^^^^^^^^ not found in this scope
[INFO] [stdout] 
[INFO] [stdout] error[E0425]: cannot find value `base_snapshot` in this scope
[INFO] [stdout]  --> crates/plasma_state/src/amm.rs:157:19
[INFO] [stdout]   |
[INFO] [stdout] 3 | (quote_snapshot / base_snapshot) = (quote_reserves + ∆_quote) / (base_reserves + ∆_base)
[INFO] [stdout]   |                   ^^^^^^^^^^^^^ not found in this scope
[INFO] [stdout] 
[INFO] [stdout] error[E0425]: cannot find value `quote_reserves` in this scope
[INFO] [stdout]  --> crates/plasma_state/src/amm.rs:157:37
[INFO] [stdout]   |
[INFO] [stdout] 3 | (quote_snapshot / base_snapshot) = (quote_reserves + ∆_quote) / (base_reserves + ∆_base)
[INFO] [stdout]   |                                     ^^^^^^^^^^^^^^ not found in this scope
[INFO] [stdout] 
[INFO] [stdout] error[E0425]: cannot find value `_quote` in this scope
[INFO] [stdout]  --> crates/plasma_state/src/amm.rs:157:55
[INFO] [stdout]   |
[INFO] [stdout] 3 | (quote_snapshot / base_snapshot) = (quote_reserves + ∆_quote) / (base_reserves + ∆_base)
[INFO] [stdout]   |                                                       ^^^^^^ not found in this scope
[INFO] [stdout] 
[INFO] [stdout] error[E0425]: cannot find value `base_reserves` in this scope
[INFO] [stdout]  --> crates/plasma_state/src/amm.rs:157:66
[INFO] [stdout]   |
[INFO] [stdout] 3 | (quote_snapshot / base_snapshot) = (quote_reserves + ∆_quote) / (base_reserves + ∆_base)
[INFO] [stdout]   |                                                                  ^^^^^^^^^^^^^ not found in this scope
[INFO] [stdout] 
[INFO] [stdout] error[E0425]: cannot find value `_base` in this scope
[INFO] [stdout]  --> crates/plasma_state/src/amm.rs:157:83
[INFO] [stdout]   |
[INFO] [stdout] 3 | (quote_snapshot / base_snapshot) = (quote_reserves + ∆_quote) / (base_reserves + ∆_base)
[INFO] [stdout]   |                                                                                   ^^^^^ not found in this scope
[INFO] [stdout] 
[INFO] [stdout] error[E0070]: invalid left-hand side of assignment
[INFO] [stdout]  --> crates/plasma_state/src/amm.rs:157:34
[INFO] [stdout]   |
[INFO] [stdout] 3 | (quote_snapshot / base_snapshot) = (quote_reserves + ∆_quote) / (base_reserves + ∆_base)
[INFO] [stdout]   | -------------------------------- ^
[INFO] [stdout]   | |
[INFO] [stdout]   | cannot assign to this expression
[INFO] [stdout] 
[INFO] [stdout] error: aborting due to 9 previous errors
[INFO] [stdout] 
[INFO] [stdout] Some errors have detailed explanations: E0070, E0425.
[INFO] [stdout] For more information about an error, try `rustc --explain E0070`.
[INFO] [stdout] Couldn't compile the test.
[INFO] [stdout] 
[INFO] [stdout] failures:
[INFO] [stdout]     crates/plasma_state/src/amm.rs - amm::Amm::get_limit_order_size_in_base_and_quote (line 156)
[INFO] [stdout]     crates/plasma_state/src/amm.rs - amm::Amm::get_limit_order_size_in_base_and_quote (line 175)
[INFO] [stdout]     crates/plasma_state/src/amm.rs - amm::Amm::get_limit_order_size_in_base_and_quote (line 181)
[INFO] [stdout] 
[INFO] [stdout] test result: FAILED. 0 passed; 3 failed; 0 ignored; 0 measured; 0 filtered out; finished in 0.06s
[INFO] [stdout] 
[INFO] [stderr] error: doctest failed, to rerun pass `-p plasma_state --doc`
[INFO] running `Command { std: "docker" "inspect" "1cc96c5916cb123e5d3fbca4aa4aded10693edcd0fe9a54c777986d054e0b99e", kill_on_drop: false }`
[INFO] running `Command { std: "docker" "rm" "-f" "1cc96c5916cb123e5d3fbca4aa4aded10693edcd0fe9a54c777986d054e0b99e", kill_on_drop: false }`
[INFO] [stdout] 1cc96c5916cb123e5d3fbca4aa4aded10693edcd0fe9a54c777986d054e0b99e
