[INFO] cloning repository https://github.com/DAC098/thoughts_server
[INFO] running `Command { std: "git" "-c" "credential.helper=" "-c" "credential.helper=/workspace/cargo-home/bin/git-credential-null" "clone" "--bare" "https://github.com/DAC098/thoughts_server" "/workspace/cache/git-repos/https%3A%2F%2Fgithub.com%2FDAC098%2Fthoughts_server", kill_on_drop: false }`
[INFO] [stderr] Cloning into bare repository '/workspace/cache/git-repos/https%3A%2F%2Fgithub.com%2FDAC098%2Fthoughts_server'...
[INFO] running `Command { std: "git" "rev-parse" "HEAD", kill_on_drop: false }`
[INFO] [stdout] 25772fb79cfb71d85deab91cbb0549e23ac48c45
[INFO] testing DAC098/thoughts_server against 1.83.0 for beta-1.84.0-4-retry
[INFO] running `Command { std: "git" "clone" "/workspace/cache/git-repos/https%3A%2F%2Fgithub.com%2FDAC098%2Fthoughts_server" "/workspace/builds/worker-6-tc1/source", kill_on_drop: false }`
[INFO] [stderr] Cloning into '/workspace/builds/worker-6-tc1/source'...
[INFO] [stderr] done.
[INFO] validating manifest of git repo https://github.com/DAC098/thoughts_server on toolchain 1.83.0
[INFO] running `Command { std: CARGO_HOME="/workspace/cargo-home" RUSTUP_HOME="/workspace/rustup-home" "/workspace/cargo-home/bin/cargo" "+1.83.0" "metadata" "--manifest-path" "Cargo.toml" "--no-deps", kill_on_drop: false }`
[INFO] started tweaking git repo https://github.com/DAC098/thoughts_server
[INFO] finished tweaking git repo https://github.com/DAC098/thoughts_server
[INFO] tweaked toml for git repo https://github.com/DAC098/thoughts_server written to /workspace/builds/worker-6-tc1/source/Cargo.toml
[INFO] crate git repo https://github.com/DAC098/thoughts_server already has a lockfile, it will not be regenerated
[INFO] running `Command { std: CARGO_HOME="/workspace/cargo-home" RUSTUP_HOME="/workspace/rustup-home" "/workspace/cargo-home/bin/cargo" "+1.83.0" "fetch" "--manifest-path" "Cargo.toml", kill_on_drop: false }`
[INFO] [stderr]     Updating git repository `https://github.com/dac098/shape-rs`
[INFO] [stderr]     Updating crates.io index
[INFO] [stderr]  Downloading crates ...
[INFO] [stderr]   Downloaded email_address v0.2.3
[INFO] [stderr]   Downloaded email-encoding v0.1.3
[INFO] [stderr]   Downloaded actix-web-codegen v4.1.0
[INFO] [stderr]   Downloaded lettre v0.10.1
[INFO] [stderr]   Downloaded refinery-core v0.8.7
[INFO] [stderr]   Downloaded twoway v0.2.2
[INFO] [stderr]   Downloaded actix-files v0.6.2
[INFO] [stderr]   Downloaded actix-session v0.6.2
[INFO] [stderr]   Downloaded pest v2.3.1
[INFO] [stderr]   Downloaded handlebars v4.3.4
[INFO] [stderr]   Downloaded actix-http v3.2.2
[INFO] [stderr]   Downloaded actix v0.13.0
[INFO] [stderr]   Downloaded actix-server v2.1.1
[INFO] [stderr]   Downloaded bytestring v1.1.0
[INFO] [stderr]   Downloaded actix-web-actors v4.1.0
[INFO] [stderr]   Downloaded actix-web v4.2.1
[INFO] [stderr]   Downloaded pest_derive v2.3.1
[INFO] [stderr]   Downloaded thiserror-impl v1.0.35
[INFO] [stderr]   Downloaded actix-multipart v0.4.0
[INFO] [stderr]   Downloaded bb8 v0.7.1
[INFO] [stderr]   Downloaded bb8-postgres v0.7.0
[INFO] [stderr]   Downloaded pest_meta v2.3.1
[INFO] [stderr]   Downloaded lipsum v0.8.2
[INFO] [stderr]   Downloaded refinery-macros v0.8.7
[INFO] [stderr]   Downloaded libc v0.2.133
[INFO] [stderr]   Downloaded refinery v0.8.7
[INFO] [stderr]   Downloaded unchecked-index v0.2.2
[INFO] [stderr]   Downloaded actix-rt v2.7.0
[INFO] [stderr]   Downloaded actix-tls v3.0.3
[INFO] [stderr]   Downloaded pest_generator v2.3.1
[INFO] [stderr]   Downloaded thiserror v1.0.35
[INFO] [stderr]   Downloaded syn v1.0.100
[INFO] [stderr]   Downloaded cookie v0.16.0
[INFO] [stderr]   Downloaded iana-time-zone v0.1.49
[INFO] [stderr]   Downloaded barrel v0.7.0
[INFO] [stderr]   Downloaded openssl-src v111.22.0+1.1.1q
[INFO] running `Command { std: "docker" "create" "-v" "/var/lib/crater-agent-workspace/builds/worker-6-tc1/target:/opt/rustwide/target:rw,Z" "-v" "/var/lib/crater-agent-workspace/builds/worker-6-tc1/source:/opt/rustwide/workdir:ro,Z" "-v" "/var/lib/crater-agent-workspace/cargo-home:/opt/rustwide/cargo-home:ro,Z" "-v" "/var/lib/crater-agent-workspace/rustup-home:/opt/rustwide/rustup-home:ro,Z" "-e" "SOURCE_DIR=/opt/rustwide/workdir" "-e" "CARGO_TARGET_DIR=/opt/rustwide/target" "-e" "CARGO_HOME=/opt/rustwide/cargo-home" "-e" "RUSTUP_HOME=/opt/rustwide/rustup-home" "-w" "/opt/rustwide/workdir" "-m" "1610612736" "--user" "0:0" "--network" "none" "ghcr.io/rust-lang/crates-build-env/linux@sha256:f3a9d4ad9d972b27faf3965f35b62e55ba32bbce8f20bc8fe909558a86702fde" "/opt/rustwide/cargo-home/bin/cargo" "+1.83.0" "metadata" "--no-deps" "--format-version=1", kill_on_drop: false }`
[INFO] [stdout] d6f2c995a0798e5089d56844e86c4fe88039a61fd1194791adf55d861e1b12da
[INFO] running `Command { std: "docker" "start" "-a" "d6f2c995a0798e5089d56844e86c4fe88039a61fd1194791adf55d861e1b12da", kill_on_drop: false }`
[INFO] running `Command { std: "docker" "inspect" "d6f2c995a0798e5089d56844e86c4fe88039a61fd1194791adf55d861e1b12da", kill_on_drop: false }`
[INFO] running `Command { std: "docker" "rm" "-f" "d6f2c995a0798e5089d56844e86c4fe88039a61fd1194791adf55d861e1b12da", kill_on_drop: false }`
[INFO] [stdout] d6f2c995a0798e5089d56844e86c4fe88039a61fd1194791adf55d861e1b12da
[INFO] running `Command { std: "docker" "create" "-v" "/var/lib/crater-agent-workspace/builds/worker-6-tc1/target:/opt/rustwide/target:rw,Z" "-v" "/var/lib/crater-agent-workspace/builds/worker-6-tc1/source:/opt/rustwide/workdir:ro,Z" "-v" "/var/lib/crater-agent-workspace/cargo-home:/opt/rustwide/cargo-home:ro,Z" "-v" "/var/lib/crater-agent-workspace/rustup-home:/opt/rustwide/rustup-home:ro,Z" "-e" "SOURCE_DIR=/opt/rustwide/workdir" "-e" "CARGO_TARGET_DIR=/opt/rustwide/target" "-e" "CARGO_INCREMENTAL=0" "-e" "RUST_BACKTRACE=full" "-e" "RUSTFLAGS=--cap-lints=warn" "-e" "RUSTDOCFLAGS=--cap-lints=warn" "-e" "CARGO_HOME=/opt/rustwide/cargo-home" "-e" "RUSTUP_HOME=/opt/rustwide/rustup-home" "-w" "/opt/rustwide/workdir" "-m" "1610612736" "--user" "0:0" "--network" "none" "ghcr.io/rust-lang/crates-build-env/linux@sha256:f3a9d4ad9d972b27faf3965f35b62e55ba32bbce8f20bc8fe909558a86702fde" "/opt/rustwide/cargo-home/bin/cargo" "+1.83.0" "build" "--frozen" "--message-format=json", kill_on_drop: false }`
[INFO] [stdout] 6871e035f1391b7e6c558923268c66731f804d31e5ba50d029831a4b14f027fb
[INFO] running `Command { std: "docker" "start" "-a" "6871e035f1391b7e6c558923268c66731f804d31e5ba50d029831a4b14f027fb", kill_on_drop: false }`
[INFO] [stderr]    Compiling libc v0.2.133
[INFO] [stderr]    Compiling proc-macro2 v1.0.43
[INFO] [stderr]    Compiling quote v1.0.21
[INFO] [stderr]    Compiling unicode-ident v1.0.4
[INFO] [stderr]    Compiling syn v1.0.100
[INFO] [stderr]    Compiling memchr v2.5.0
[INFO] [stderr]    Compiling typenum v1.15.0
[INFO] [stderr]    Compiling once_cell v1.15.0
[INFO] [stderr]    Compiling pin-project-lite v0.2.9
[INFO] [stderr]    Compiling log v0.4.17
[INFO] [stderr]    Compiling futures-core v0.3.24
[INFO] [stderr]    Compiling subtle v2.4.1
[INFO] [stderr]    Compiling bytes v1.2.1
[INFO] [stderr]    Compiling generic-array v0.14.6
[INFO] [stderr]    Compiling lock_api v0.4.9
[INFO] [stderr]    Compiling smallvec v1.9.0
[INFO] [stderr]    Compiling parking_lot_core v0.9.3
[INFO] [stderr]    Compiling scopeguard v1.1.0
[INFO] [stderr]    Compiling futures-sink v0.3.24
[INFO] [stderr]    Compiling tokio v1.21.1
[INFO] [stderr]    Compiling slab v0.4.7
[INFO] [stderr]    Compiling futures-task v0.3.24
[INFO] [stderr]    Compiling futures-channel v0.3.24
[INFO] [stderr]    Compiling serde_derive v1.0.145
[INFO] [stderr]    Compiling futures-util v0.3.24
[INFO] [stderr]    Compiling serde v1.0.145
[INFO] [stderr]    Compiling cpufeatures v0.2.5
[INFO] [stderr]    Compiling itoa v1.0.3
[INFO] [stderr]    Compiling futures-io v0.3.24
[INFO] [stderr]    Compiling tracing-core v0.1.29
[INFO] [stderr]    Compiling tinyvec_macros v0.1.0
[INFO] [stderr]    Compiling tinyvec v1.6.0
[INFO] [stderr]    Compiling ppv-lite86 v0.2.16
[INFO] [stderr]    Compiling base64 v0.13.0
[INFO] [stderr]    Compiling unicode-bidi v0.3.8
[INFO] [stderr]    Compiling percent-encoding v2.2.0
[INFO] [stderr]    Compiling ryu v1.0.11
[INFO] [stderr]    Compiling serde_json v1.0.85
[INFO] [stderr]    Compiling jobserver v0.1.24
[INFO] [stderr]    Compiling socket2 v0.4.7
[INFO] [stderr]    Compiling num_cpus v1.13.1
[INFO] [stderr]    Compiling mio v0.8.4
[INFO] [stderr]    Compiling signal-hook-registry v1.4.0
[INFO] [stderr]    Compiling parking_lot v0.12.1
[INFO] [stderr]    Compiling getrandom v0.2.7
[INFO] [stderr]    Compiling tracing v0.1.36
[INFO] [stderr]    Compiling cc v1.0.73
[INFO] [stderr]    Compiling rand_core v0.6.4
[INFO] [stderr]    Compiling indexmap v1.9.1
[INFO] [stderr]    Compiling aho-corasick v0.7.19
[INFO] [stderr]    Compiling pkg-config v0.3.25
[INFO] [stderr]    Compiling regex-syntax v0.6.27
[INFO] [stderr]    Compiling rand_chacha v0.3.1
[INFO] [stderr]    Compiling hashbrown v0.12.3
[INFO] [stderr]    Compiling http v0.2.8
[INFO] [stderr]    Compiling alloc-no-stdlib v2.0.4
[INFO] [stderr]    Compiling local-waker v0.1.3
[INFO] [stderr]    Compiling unicode-normalization v0.1.22
[INFO] [stderr]    Compiling crc32fast v1.3.2
[INFO] [stderr]    Compiling mime v0.3.16
[INFO] [stderr]    Compiling zstd-safe v5.0.2+zstd.1.5.2
[INFO] [stderr]    Compiling bytestring v1.1.0
[INFO] [stderr]    Compiling alloc-stdlib v0.2.2
[INFO] [stderr]    Compiling rand v0.8.5
[INFO] [stderr]    Compiling ahash v0.7.6
[INFO] [stderr]    Compiling num-traits v0.2.15
[INFO] [stderr]    Compiling httparse v1.8.0
[INFO] [stderr]    Compiling encoding_rs v0.8.31
[INFO] [stderr]    Compiling httpdate v1.0.2
[INFO] [stderr]    Compiling adler v1.0.2
[INFO] [stderr]    Compiling paste v1.0.9
[INFO] [stderr]    Compiling async-trait v0.1.57
[INFO] [stderr]    Compiling miniz_oxide v0.5.4
[INFO] [stderr]    Compiling brotli-decompressor v2.3.2
[INFO] [stderr]    Compiling zstd-sys v2.0.1+zstd.1.5.2
[INFO] [stderr]    Compiling openssl-sys v0.9.75
[INFO] [stderr]    Compiling actix-utils v3.0.0
[INFO] [stderr]    Compiling form_urlencoded v1.1.0
[INFO] [stderr]    Compiling num-integer v0.1.45
[INFO] [stderr]    Compiling cookie v0.16.0
[INFO] [stderr]    Compiling thiserror v1.0.35
[INFO] [stderr]    Compiling time-macros v0.2.4
[INFO] [stderr]    Compiling convert_case v0.4.0
[INFO] [stderr]    Compiling block-buffer v0.10.3
[INFO] [stderr]    Compiling crypto-common v0.1.6
[INFO] [stderr]    Compiling cipher v0.3.0
[INFO] [stderr]    Compiling digest v0.10.5
[INFO] [stderr]    Compiling universal-hash v0.4.1
[INFO] [stderr]    Compiling polyval v0.5.3
[INFO] [stderr]    Compiling actix-service v2.0.2
[INFO] [stderr]    Compiling aead v0.4.3
[INFO] [stderr]    Compiling aes v0.7.5
[INFO] [stderr]    Compiling ctr v0.8.0
[INFO] [stderr]    Compiling hmac v0.12.1
[INFO] [stderr]    Compiling sha2 v0.10.6
[INFO] [stderr]    Compiling sha1 v0.10.5
[INFO] [stderr]    Compiling ghash v0.4.4
[INFO] [stderr]    Compiling num_threads v0.1.6
[INFO] [stderr]    Compiling brotli v3.3.4
[INFO] [stderr]    Compiling flate2 v1.0.24
[INFO] [stderr]    Compiling hkdf v0.12.3
[INFO] [stderr]    Compiling idna v0.3.0
[INFO] [stderr]    Compiling unicase v2.6.0
[INFO] [stderr]    Compiling language-tags v0.3.2
[INFO] [stderr]    Compiling openssl v0.10.41
[INFO] [stderr]    Compiling aes-gcm v0.9.4
[INFO] [stderr]    Compiling crossbeam-utils v0.8.11
[INFO] [stderr]    Compiling md-5 v0.10.5
[INFO] [stderr]    Compiling stringprep v0.1.2
[INFO] [stderr]    Compiling time v0.1.44
[INFO] [stderr]    Compiling siphasher v0.3.10
[INFO] [stderr]    Compiling fallible-iterator v0.2.0
[INFO] [stderr]    Compiling regex v1.6.0
[INFO] [stderr]    Compiling url v2.3.1
[INFO] [stderr]    Compiling parking_lot_core v0.8.5
[INFO] [stderr]    Compiling byteorder v1.4.3
[INFO] [stderr]    Compiling native-tls v0.2.10
[INFO] [stderr]    Compiling ucd-trie v0.1.5
[INFO] [stderr]    Compiling iana-time-zone v0.1.49
[INFO] [stderr]    Compiling time v0.3.14
[INFO] [stderr]    Compiling phf_shared v0.11.1
[INFO] [stderr]    Compiling postgres-protocol v0.6.4
[INFO] [stderr]    Compiling instant v0.1.12
[INFO] [stderr]    Compiling constant_time_eq v0.1.5
[INFO] [stderr]    Compiling phf v0.11.1
[INFO] [stderr]    Compiling match_cfg v0.1.0
[INFO] [stderr]    Compiling anyhow v1.0.65
[INFO] [stderr]    Compiling matches v0.1.9
[INFO] [stderr]    Compiling linked-hash-map v0.5.6
[INFO] [stderr]    Compiling arrayref v0.3.6
[INFO] [stderr]    Compiling idna v0.2.3
[INFO] [stderr]    Compiling mime_guess v2.0.4
[INFO] [stderr]    Compiling yaml-rust v0.4.5
[INFO] [stderr]    Compiling parking_lot v0.11.2
[INFO] [stderr]    Compiling crossbeam-channel v0.5.6
[INFO] [stderr]    Compiling hostname v0.3.1
[INFO] [stderr]    Compiling nom v7.1.1
[INFO] [stderr]    Compiling blake3 v1.3.1
[INFO] [stderr]    Compiling email-encoding v0.1.3
[INFO] [stderr]    Compiling atty v0.2.14
[INFO] [stderr]    Compiling unchecked-index v0.2.2
[INFO] [stderr]    Compiling termcolor v1.1.3
[INFO] [stderr]    Compiling fastrand v1.8.0
[INFO] [stderr]    Compiling email_address v0.2.3
[INFO] [stderr]    Compiling arrayvec v0.5.2
[INFO] [stderr]    Compiling quoted_printable v0.4.5
[INFO] [stderr]    Compiling keccak v0.1.2
[INFO] [stderr]    Compiling env_logger v0.9.1
[INFO] [stderr]    Compiling sha3 v0.10.6
[INFO] [stderr]    Compiling blake2b_simd v0.5.11
[INFO] [stderr]    Compiling twoway v0.2.2
[INFO] [stderr]    Compiling arrayvec v0.7.2
[INFO] [stderr]    Compiling http-range v0.1.5
[INFO] [stderr]    Compiling askama_escape v0.10.3
[INFO] [stderr]    Compiling shape-rs v0.1.0 (https://github.com/dac098/shape-rs#a26c0920)
[INFO] [stderr]    Compiling rust-otp v0.1.0 (https://github.com/dac098/rust-otp#64df8d2d)
[INFO] [stderr]    Compiling lipsum v0.8.2
[INFO] [stderr]    Compiling data-encoding v2.3.2
[INFO] [stderr]    Compiling urlencoding v2.1.2
[INFO] [stderr]    Compiling rust-argon2 v0.8.3
[INFO] [stderr]    Compiling tokio-util v0.7.4
[INFO] [stderr]    Compiling actix-rt v2.7.0
[INFO] [stderr]    Compiling actix-codec v0.5.0
[INFO] [stderr]    Compiling futures-macro v0.3.24
[INFO] [stderr]    Compiling derive_more v0.99.17
[INFO] [stderr]    Compiling thiserror-impl v1.0.35
[INFO] [stderr]    Compiling actix-macros v0.2.3
[INFO] [stderr]    Compiling openssl-macros v0.1.0
[INFO] [stderr]    Compiling pest v2.3.1
[INFO] [stderr]    Compiling pest_meta v2.3.1
[INFO] [stderr]    Compiling tokio-native-tls v0.3.0
[INFO] [stderr]    Compiling pest_generator v2.3.1
[INFO] [stderr]    Compiling local-channel v0.1.3
[INFO] [stderr]    Compiling h2 v0.3.14
[INFO] [stderr]    Compiling actix-server v2.1.1
[INFO] [stderr]    Compiling actix v0.13.0
[INFO] [stderr]    Compiling lettre v0.10.1
[INFO] [stderr]    Compiling futures-executor v0.3.24
[INFO] [stderr]    Compiling bb8 v0.7.1
[INFO] [stderr]    Compiling futures v0.3.24
[INFO] [stderr]    Compiling pest_derive v2.3.1
[INFO] [stderr]    Compiling actix-router v0.5.1
[INFO] [stderr]    Compiling serde_urlencoded v0.7.1
[INFO] [stderr]    Compiling chrono v0.4.22
[INFO] [stderr]    Compiling uuid v0.8.2
[INFO] [stderr]    Compiling serde_yaml v0.8.26
[INFO] [stderr]    Compiling postgres-types v0.2.4
[INFO] [stderr]    Compiling handlebars v4.3.4
[INFO] [stderr]    Compiling actix-web-codegen v4.1.0
[INFO] [stderr]    Compiling tokio-postgres v0.7.7
[INFO] [stderr]    Compiling bb8-postgres v0.7.0
[INFO] [stderr]    Compiling tlib v0.1.0 (/opt/rustwide/workdir/tlib)
[INFO] [stderr]    Compiling zstd v0.11.2+zstd.1.5.2
[INFO] [stderr]    Compiling actix-http v3.2.2
[INFO] [stderr]    Compiling actix-web v4.2.1
[INFO] [stderr]    Compiling actix-session v0.6.2
[INFO] [stderr]    Compiling actix-files v0.6.2
[INFO] [stderr]    Compiling actix-multipart v0.4.0
[INFO] [stderr]    Compiling actix-web-actors v4.1.0
[INFO] [stderr]    Compiling thoughts_server v1.0.0 (/opt/rustwide/workdir)
[INFO] [stdout] warning: unused import: `totp`
[INFO] [stdout]  --> src/security/otp.rs:5:26
[INFO] [stdout]   |
[INFO] [stdout] 5 | pub use rust_otp::{Algo, totp, verify_totp_code, TotpSettings, VerifyResult};
[INFO] [stdout]   |                          ^^^^
[INFO] [stdout]   |
[INFO] [stdout]   = note: `#[warn(unused_imports)]` on by default
[INFO] [stdout] 
[INFO] [stdout] 
[INFO] [stdout] warning: unused import: `util`
[INFO] [stdout]  --> src/security/otp.rs:7:35
[INFO] [stdout]   |
[INFO] [stdout] 7 | use crate::{db::tables::auth_otp, util};
[INFO] [stdout]   |                                   ^^^^
[INFO] [stdout] 
[INFO] [stdout] 
[INFO] [stdout] warning: fields `key` and `cert` are never read
[INFO] [stdout]    --> src/config/mod.rs:180:9
[INFO] [stdout]     |
[INFO] [stdout] 179 | pub struct BindInterfaceSsl {
[INFO] [stdout]     |            ---------------- fields in this struct
[INFO] [stdout] 180 |     pub key: PathBuf,
[INFO] [stdout]     |         ^^^
[INFO] [stdout] 181 |     pub cert: PathBuf
[INFO] [stdout]     |         ^^^^
[INFO] [stdout]     |
[INFO] [stdout]     = note: `BindInterfaceSsl` has derived impls for the traits `Clone` and `Debug`, but these are intentionally ignored during dead code analysis
[INFO] [stdout]     = note: `#[warn(dead_code)]` on by default
[INFO] [stdout] 
[INFO] [stdout] 
[INFO] [stdout] warning: field `directory` is never read
[INFO] [stdout]    --> src/config/mod.rs:227:9
[INFO] [stdout]     |
[INFO] [stdout] 226 | pub struct FileServingConfig {
[INFO] [stdout]     |            ----------------- field in this struct
[INFO] [stdout] 227 |     pub directory: PathBuf,
[INFO] [stdout]     |         ^^^^^^^^^
[INFO] [stdout]     |
[INFO] [stdout]     = note: `FileServingConfig` has derived impls for the traits `Clone` and `Debug`, but these are intentionally ignored during dead code analysis
[INFO] [stdout] 
[INFO] [stdout] 
[INFO] [stdout] warning: fields `key` and `cert` are never read
[INFO] [stdout]    --> src/config/mod.rs:294:9
[INFO] [stdout]     |
[INFO] [stdout] 293 | pub struct SslConfig {
[INFO] [stdout]     |            --------- fields in this struct
[INFO] [stdout] 294 |     pub key: Option<PathBuf>,
[INFO] [stdout]     |         ^^^
[INFO] [stdout] 295 |     pub cert: Option<PathBuf>
[INFO] [stdout]     |         ^^^^
[INFO] [stdout]     |
[INFO] [stdout]     = note: `SslConfig` has derived impls for the traits `Clone` and `Debug`, but these are intentionally ignored during dead code analysis
[INFO] [stdout] 
[INFO] [stdout] 
[INFO] [stdout] warning: field `0` is never read
[INFO] [stdout]   --> src/security/initiator.rs:67:21
[INFO] [stdout]    |
[INFO] [stdout] 67 |     SessionNotFound(String),
[INFO] [stdout]    |     --------------- ^^^^^^
[INFO] [stdout]    |     |
[INFO] [stdout]    |     field in this variant
[INFO] [stdout]    |
[INFO] [stdout] help: consider changing the field to be of unit type to suppress this warning while preserving the field numbering, or remove the field
[INFO] [stdout]    |
[INFO] [stdout] 67 |     SessionNotFound(()),
[INFO] [stdout]    |                     ~~
[INFO] [stdout] 
[INFO] [stdout] 
[INFO] [stdout] warning: field `0` is never read
[INFO] [stdout]   --> src/security/initiator.rs:70:18
[INFO] [stdout]    |
[INFO] [stdout] 70 |     UserNotFound(UserSession),
[INFO] [stdout]    |     ------------ ^^^^^^^^^^^
[INFO] [stdout]    |     |
[INFO] [stdout]    |     field in this variant
[INFO] [stdout]    |
[INFO] [stdout] help: consider changing the field to be of unit type to suppress this warning while preserving the field numbering, or remove the field
[INFO] [stdout]    |
[INFO] [stdout] 70 |     UserNotFound(()),
[INFO] [stdout]    |                  ~~
[INFO] [stdout] 
[INFO] [stdout] 
[INFO] [stdout] warning: field `name` is never read
[INFO] [stdout]  --> src/state/server_info.rs:8:9
[INFO] [stdout]   |
[INFO] [stdout] 5 | pub struct ServerInfoState {
[INFO] [stdout]   |            --------------- field in this struct
[INFO] [stdout] ...
[INFO] [stdout] 8 |     pub name: String
[INFO] [stdout]   |         ^^^^
[INFO] [stdout] 
[INFO] [stdout] 
[INFO] [stdout] warning: function `unix_epoch_sec_now` is never used
[INFO] [stdout]   --> src/util/time.rs:13:8
[INFO] [stdout]    |
[INFO] [stdout] 13 | pub fn unix_epoch_sec_now() -> Option<u64> {
[INFO] [stdout]    |        ^^^^^^^^^^^^^^^^^^
[INFO] [stdout] 
[INFO] [stdout] 
[INFO] [stdout] warning: fields `user_id` and `entry_id` are never read
[INFO] [stdout]   --> src/routing/path.rs:27:13
[INFO] [stdout]    |
[INFO] [stdout] 26 |     pub struct UserEntryPath {
[INFO] [stdout]    |                ------------- fields in this struct
[INFO] [stdout] 27 |         pub user_id: i32,
[INFO] [stdout]    |             ^^^^^^^
[INFO] [stdout] 28 |         pub entry_id: i32
[INFO] [stdout]    |             ^^^^^^^^
[INFO] [stdout] 
[INFO] [stdout] 
[INFO] [stdout] warning: fields `user_id` and `field_id` are never read
[INFO] [stdout]   --> src/routing/path.rs:33:13
[INFO] [stdout]    |
[INFO] [stdout] 32 |     pub struct UserFieldPath {
[INFO] [stdout]    |                ------------- fields in this struct
[INFO] [stdout] 33 |         pub user_id: i32,
[INFO] [stdout]    |             ^^^^^^^
[INFO] [stdout] 34 |         pub field_id: i32
[INFO] [stdout]    |             ^^^^^^^^
[INFO] [stdout] 
[INFO] [stdout] 
[INFO] [stdout] warning: call to `.clone()` on a reference in this situation does nothing
[INFO] [stdout]    --> src/config/mod.rs:493:43
[INFO] [stdout]     |
[INFO] [stdout] 493 |                 let mut with_root = parent.clone().to_owned();
[INFO] [stdout]     |                                           ^^^^^^^^
[INFO] [stdout]     |
[INFO] [stdout]     = note: the type `std::path::Path` does not implement `Clone`, so calling `clone` on `&std::path::Path` copies the reference, which does not do anything and can be removed
[INFO] [stdout]     = note: `#[warn(noop_method_call)]` on by default
[INFO] [stdout] help: remove this redundant call
[INFO] [stdout]     |
[INFO] [stdout] 493 -                 let mut with_root = parent.clone().to_owned();
[INFO] [stdout] 493 +                 let mut with_root = parent.to_owned();
[INFO] [stdout]     |
[INFO] [stdout] 
[INFO] [stdout] 
[INFO] [stdout] warning: call to `.clone()` on a reference in this situation does nothing
[INFO] [stdout]    --> src/config/shapes.rs:331:37
[INFO] [stdout]     |
[INFO] [stdout] 331 |         let mut with_root = conf_dir.clone().to_owned();
[INFO] [stdout]     |                                     ^^^^^^^^
[INFO] [stdout]     |
[INFO] [stdout]     = note: the type `std::path::Path` does not implement `Clone`, so calling `clone` on `&std::path::Path` copies the reference, which does not do anything and can be removed
[INFO] [stdout] help: remove this redundant call
[INFO] [stdout]     |
[INFO] [stdout] 331 -         let mut with_root = conf_dir.clone().to_owned();
[INFO] [stdout] 331 +         let mut with_root = conf_dir.to_owned();
[INFO] [stdout]     |
[INFO] [stdout] 
[INFO] [stdout] 
[INFO] [stderr]     Finished `dev` profile [unoptimized + debuginfo] target(s) in 2m 00s
[INFO] running `Command { std: "docker" "inspect" "6871e035f1391b7e6c558923268c66731f804d31e5ba50d029831a4b14f027fb", kill_on_drop: false }`
[INFO] running `Command { std: "docker" "rm" "-f" "6871e035f1391b7e6c558923268c66731f804d31e5ba50d029831a4b14f027fb", kill_on_drop: false }`
[INFO] [stdout] 6871e035f1391b7e6c558923268c66731f804d31e5ba50d029831a4b14f027fb
[INFO] running `Command { std: "docker" "create" "-v" "/var/lib/crater-agent-workspace/builds/worker-6-tc1/target:/opt/rustwide/target:rw,Z" "-v" "/var/lib/crater-agent-workspace/builds/worker-6-tc1/source:/opt/rustwide/workdir:ro,Z" "-v" "/var/lib/crater-agent-workspace/cargo-home:/opt/rustwide/cargo-home:ro,Z" "-v" "/var/lib/crater-agent-workspace/rustup-home:/opt/rustwide/rustup-home:ro,Z" "-e" "SOURCE_DIR=/opt/rustwide/workdir" "-e" "CARGO_TARGET_DIR=/opt/rustwide/target" "-e" "CARGO_INCREMENTAL=0" "-e" "RUST_BACKTRACE=full" "-e" "RUSTFLAGS=--cap-lints=warn" "-e" "RUSTDOCFLAGS=--cap-lints=warn" "-e" "CARGO_HOME=/opt/rustwide/cargo-home" "-e" "RUSTUP_HOME=/opt/rustwide/rustup-home" "-w" "/opt/rustwide/workdir" "-m" "1610612736" "--user" "0:0" "--network" "none" "ghcr.io/rust-lang/crates-build-env/linux@sha256:f3a9d4ad9d972b27faf3965f35b62e55ba32bbce8f20bc8fe909558a86702fde" "/opt/rustwide/cargo-home/bin/cargo" "+1.83.0" "test" "--frozen" "--no-run" "--message-format=json", kill_on_drop: false }`
[INFO] [stdout] 7a4d05a22127578c2b27c1de2e750af6dd0d96be1cecce9286633b4c8172b4e9
[INFO] running `Command { std: "docker" "start" "-a" "7a4d05a22127578c2b27c1de2e750af6dd0d96be1cecce9286633b4c8172b4e9", kill_on_drop: false }`
[INFO] [stderr]    Compiling try-lock v0.2.4
[INFO] [stderr]    Compiling http-body v0.4.5
[INFO] [stderr]    Compiling psl-types v2.0.11
[INFO] [stderr]    Compiling base64 v0.21.0
[INFO] [stderr]    Compiling ipnet v2.7.1
[INFO] [stdout] warning: unused import: `totp`
[INFO] [stdout]  --> src/security/otp.rs:5:26
[INFO] [stdout]   |
[INFO] [stdout] 5 | pub use rust_otp::{Algo, totp, verify_totp_code, TotpSettings, VerifyResult};
[INFO] [stdout]   |                          ^^^^
[INFO] [stdout]   |
[INFO] [stdout]   = note: `#[warn(unused_imports)]` on by default
[INFO] [stdout] 
[INFO] [stdout] 
[INFO] [stdout] warning: unused import: `util`
[INFO] [stdout]  --> src/security/otp.rs:7:35
[INFO] [stdout]   |
[INFO] [stdout] 7 | use crate::{db::tables::auth_otp, util};
[INFO] [stdout]   |                                   ^^^^
[INFO] [stdout] 
[INFO] [stdout] 
[INFO] [stdout] warning: fields `key` and `cert` are never read
[INFO] [stdout]    --> src/config/mod.rs:180:9
[INFO] [stdout]     |
[INFO] [stdout] 179 | pub struct BindInterfaceSsl {
[INFO] [stdout]     |            ---------------- fields in this struct
[INFO] [stdout] 180 |     pub key: PathBuf,
[INFO] [stdout]     |         ^^^
[INFO] [stdout] 181 |     pub cert: PathBuf
[INFO] [stdout]     |         ^^^^
[INFO] [stdout]     |
[INFO] [stdout]     = note: `BindInterfaceSsl` has derived impls for the traits `Clone` and `Debug`, but these are intentionally ignored during dead code analysis
[INFO] [stdout]     = note: `#[warn(dead_code)]` on by default
[INFO] [stdout] 
[INFO] [stdout] 
[INFO] [stdout] warning: field `directory` is never read
[INFO] [stdout]    --> src/config/mod.rs:227:9
[INFO] [stdout]     |
[INFO] [stdout] 226 | pub struct FileServingConfig {
[INFO] [stdout]     |            ----------------- field in this struct
[INFO] [stdout] 227 |     pub directory: PathBuf,
[INFO] [stdout]     |         ^^^^^^^^^
[INFO] [stdout]     |
[INFO] [stdout]     = note: `FileServingConfig` has derived impls for the traits `Clone` and `Debug`, but these are intentionally ignored during dead code analysis
[INFO] [stdout] 
[INFO] [stdout] 
[INFO] [stdout] warning: fields `key` and `cert` are never read
[INFO] [stdout]    --> src/config/mod.rs:294:9
[INFO] [stdout]     |
[INFO] [stdout] 293 | pub struct SslConfig {
[INFO] [stdout]     |            --------- fields in this struct
[INFO] [stdout] 294 |     pub key: Option<PathBuf>,
[INFO] [stdout]     |         ^^^
[INFO] [stdout] 295 |     pub cert: Option<PathBuf>
[INFO] [stdout]     |         ^^^^
[INFO] [stdout]     |
[INFO] [stdout]     = note: `SslConfig` has derived impls for the traits `Clone` and `Debug`, but these are intentionally ignored during dead code analysis
[INFO] [stdout] 
[INFO] [stdout] 
[INFO] [stdout] warning: field `0` is never read
[INFO] [stdout]   --> src/security/initiator.rs:67:21
[INFO] [stdout]    |
[INFO] [stdout] 67 |     SessionNotFound(String),
[INFO] [stdout]    |     --------------- ^^^^^^
[INFO] [stdout]    |     |
[INFO] [stdout]    |     field in this variant
[INFO] [stdout]    |
[INFO] [stdout] help: consider changing the field to be of unit type to suppress this warning while preserving the field numbering, or remove the field
[INFO] [stdout]    |
[INFO] [stdout] 67 |     SessionNotFound(()),
[INFO] [stdout]    |                     ~~
[INFO] [stdout] 
[INFO] [stdout] 
[INFO] [stdout] warning: field `0` is never read
[INFO] [stdout]   --> src/security/initiator.rs:70:18
[INFO] [stdout]    |
[INFO] [stdout] 70 |     UserNotFound(UserSession),
[INFO] [stdout]    |     ------------ ^^^^^^^^^^^
[INFO] [stdout]    |     |
[INFO] [stdout]    |     field in this variant
[INFO] [stdout]    |
[INFO] [stdout] help: consider changing the field to be of unit type to suppress this warning while preserving the field numbering, or remove the field
[INFO] [stdout]    |
[INFO] [stdout] 70 |     UserNotFound(()),
[INFO] [stdout]    |                  ~~
[INFO] [stdout] 
[INFO] [stdout] 
[INFO] [stdout] warning: field `name` is never read
[INFO] [stdout]  --> src/state/server_info.rs:8:9
[INFO] [stdout]   |
[INFO] [stdout] 5 | pub struct ServerInfoState {
[INFO] [stdout]   |            --------------- field in this struct
[INFO] [stdout] ...
[INFO] [stdout] 8 |     pub name: String
[INFO] [stdout]   |         ^^^^
[INFO] [stdout] 
[INFO] [stdout] 
[INFO] [stdout] warning: function `unix_epoch_sec_now` is never used
[INFO] [stdout]   --> src/util/time.rs:13:8
[INFO] [stdout]    |
[INFO] [stdout] 13 | pub fn unix_epoch_sec_now() -> Option<u64> {
[INFO] [stdout]    |        ^^^^^^^^^^^^^^^^^^
[INFO] [stdout] 
[INFO] [stdout] 
[INFO] [stdout] warning: fields `user_id` and `entry_id` are never read
[INFO] [stdout]   --> src/routing/path.rs:27:13
[INFO] [stdout]    |
[INFO] [stdout] 26 |     pub struct UserEntryPath {
[INFO] [stdout]    |                ------------- fields in this struct
[INFO] [stdout] 27 |         pub user_id: i32,
[INFO] [stdout]    |             ^^^^^^^
[INFO] [stdout] 28 |         pub entry_id: i32
[INFO] [stdout]    |             ^^^^^^^^
[INFO] [stdout] 
[INFO] [stdout] 
[INFO] [stdout] warning: fields `user_id` and `field_id` are never read
[INFO] [stdout]   --> src/routing/path.rs:33:13
[INFO] [stdout]    |
[INFO] [stdout] 32 |     pub struct UserFieldPath {
[INFO] [stdout]    |                ------------- fields in this struct
[INFO] [stdout] 33 |         pub user_id: i32,
[INFO] [stdout]    |             ^^^^^^^
[INFO] [stdout] 34 |         pub field_id: i32
[INFO] [stdout]    |             ^^^^^^^^
[INFO] [stdout] 
[INFO] [stdout] 
[INFO] [stdout] warning: call to `.clone()` on a reference in this situation does nothing
[INFO] [stdout]    --> src/config/mod.rs:493:43
[INFO] [stdout]     |
[INFO] [stdout] 493 |                 let mut with_root = parent.clone().to_owned();
[INFO] [stdout]     |                                           ^^^^^^^^
[INFO] [stdout]     |
[INFO] [stdout]     = note: the type `std::path::Path` does not implement `Clone`, so calling `clone` on `&std::path::Path` copies the reference, which does not do anything and can be removed
[INFO] [stdout]     = note: `#[warn(noop_method_call)]` on by default
[INFO] [stdout] help: remove this redundant call
[INFO] [stdout]     |
[INFO] [stdout] 493 -                 let mut with_root = parent.clone().to_owned();
[INFO] [stdout] 493 +                 let mut with_root = parent.to_owned();
[INFO] [stdout]     |
[INFO] [stdout] 
[INFO] [stdout] 
[INFO] [stdout] warning: call to `.clone()` on a reference in this situation does nothing
[INFO] [stdout]    --> src/config/shapes.rs:331:37
[INFO] [stdout]     |
[INFO] [stdout] 331 |         let mut with_root = conf_dir.clone().to_owned();
[INFO] [stdout]     |                                     ^^^^^^^^
[INFO] [stdout]     |
[INFO] [stdout]     = note: the type `std::path::Path` does not implement `Clone`, so calling `clone` on `&std::path::Path` copies the reference, which does not do anything and can be removed
[INFO] [stdout] help: remove this redundant call
[INFO] [stdout]     |
[INFO] [stdout] 331 -         let mut with_root = conf_dir.clone().to_owned();
[INFO] [stdout] 331 +         let mut with_root = conf_dir.to_owned();
[INFO] [stdout]     |
[INFO] [stdout] 
[INFO] [stdout] 
[INFO] [stderr]    Compiling want v0.3.0
[INFO] [stderr]    Compiling publicsuffix v2.2.3
[INFO] [stderr]    Compiling cookie_store v0.16.1
[INFO] [stderr]    Compiling hyper v0.14.24
[INFO] [stderr]    Compiling hyper-tls v0.5.0
[INFO] [stderr]    Compiling reqwest v0.11.14
[INFO] [stderr]    Compiling thoughts_server v1.0.0 (/opt/rustwide/workdir)
[INFO] [stdout] warning: variant `Totp` is never constructed
[INFO] [stdout]    --> tests/common/mod.rs:136:5
[INFO] [stdout]     |
[INFO] [stdout] 135 | pub enum VerifySession {
[INFO] [stdout]     |          ------------- variant in this enum
[INFO] [stdout] 136 |     Totp {
[INFO] [stdout]     |     ^^^^
[INFO] [stdout]     |
[INFO] [stdout]     = note: `#[warn(dead_code)]` on by default
[INFO] [stdout] 
[INFO] [stdout] 
[INFO] [stdout] warning: struct `Totp` is never constructed
[INFO] [stdout]    --> tests/common/mod.rs:141:12
[INFO] [stdout]     |
[INFO] [stdout] 141 | pub struct Totp {
[INFO] [stdout]     |            ^^^^
[INFO] [stdout] 
[INFO] [stdout] 
[INFO] [stdout] warning: struct `User` is never constructed
[INFO] [stdout]    --> tests/common/mod.rs:148:12
[INFO] [stdout]     |
[INFO] [stdout] 148 | pub struct User {
[INFO] [stdout]     |            ^^^^
[INFO] [stdout] 
[INFO] [stdout] 
[INFO] [stdout] warning: struct `UserClient` is never constructed
[INFO] [stdout]    --> tests/common/mod.rs:154:12
[INFO] [stdout]     |
[INFO] [stdout] 154 | pub struct UserClient {
[INFO] [stdout]     |            ^^^^^^^^^^
[INFO] [stdout] 
[INFO] [stdout] 
[INFO] [stdout] warning: multiple associated items are never used
[INFO] [stdout]    --> tests/common/mod.rs:163:12
[INFO] [stdout]     |
[INFO] [stdout] 162 | impl UserClient {
[INFO] [stdout]     | --------------- associated items in this implementation
[INFO] [stdout] 163 |     pub fn new(user: User, base_url: Url) -> UserClient {
[INFO] [stdout]     |            ^^^
[INFO] [stdout] ...
[INFO] [stdout] 179 |     fn handle_verify(&mut self, json: Value) {
[INFO] [stdout]     |        ^^^^^^^^^^^^^
[INFO] [stdout] ...
[INFO] [stdout] 232 |     pub fn get_session(&mut self) {
[INFO] [stdout]     |            ^^^^^^^^^^^
[INFO] [stdout] ...
[INFO] [stdout] 264 |     pub fn has_active_session(&self) -> bool {
[INFO] [stdout]     |            ^^^^^^^^^^^^^^^^^^
[INFO] [stdout] ...
[INFO] [stdout] 268 |     pub fn get_url<S>(&self, url: S) -> Url
[INFO] [stdout]     |            ^^^^^^^
[INFO] [stdout] ...
[INFO] [stdout] 278 |     pub fn get<S>(&self, url: S) -> RequestBuilder
[INFO] [stdout]     |            ^^^
[INFO] [stdout] ...
[INFO] [stdout] 285 |     pub fn post<S>(&self, url: S) -> RequestBuilder
[INFO] [stdout]     |            ^^^^
[INFO] [stdout] ...
[INFO] [stdout] 292 |     pub fn put<S>(&self, url: S) -> RequestBuilder
[INFO] [stdout]     |            ^^^
[INFO] [stdout] ...
[INFO] [stdout] 299 |     pub fn patch<S>(&self, url: S) -> RequestBuilder
[INFO] [stdout]     |            ^^^^^
[INFO] [stdout] ...
[INFO] [stdout] 306 |     pub fn delete<S>(&self, url: S) -> RequestBuilder
[INFO] [stdout]     |            ^^^^^^
[INFO] [stdout] ...
[INFO] [stdout] 313 |     pub fn head<S>(&self, url: S) -> RequestBuilder
[INFO] [stdout]     |            ^^^^
[INFO] [stdout] 
[INFO] [stdout] 
[INFO] [stdout] warning: unused import: `totp`
[INFO] [stdout]  --> src/security/otp.rs:5:26
[INFO] [stdout]   |
[INFO] [stdout] 5 | pub use rust_otp::{Algo, totp, verify_totp_code, TotpSettings, VerifyResult};
[INFO] [stdout]   |                          ^^^^
[INFO] [stdout]   |
[INFO] [stdout]   = note: `#[warn(unused_imports)]` on by default
[INFO] [stdout] 
[INFO] [stdout] 
[INFO] [stdout] warning: unused import: `util`
[INFO] [stdout]  --> src/security/otp.rs:7:35
[INFO] [stdout]   |
[INFO] [stdout] 7 | use crate::{db::tables::auth_otp, util};
[INFO] [stdout]   |                                   ^^^^
[INFO] [stdout] 
[INFO] [stdout] 
[INFO] [stdout] warning: fields `key` and `cert` are never read
[INFO] [stdout]    --> src/config/mod.rs:180:9
[INFO] [stdout]     |
[INFO] [stdout] 179 | pub struct BindInterfaceSsl {
[INFO] [stdout]     |            ---------------- fields in this struct
[INFO] [stdout] 180 |     pub key: PathBuf,
[INFO] [stdout]     |         ^^^
[INFO] [stdout] 181 |     pub cert: PathBuf
[INFO] [stdout]     |         ^^^^
[INFO] [stdout]     |
[INFO] [stdout]     = note: `BindInterfaceSsl` has derived impls for the traits `Clone` and `Debug`, but these are intentionally ignored during dead code analysis
[INFO] [stdout]     = note: `#[warn(dead_code)]` on by default
[INFO] [stdout] 
[INFO] [stdout] 
[INFO] [stdout] warning: field `directory` is never read
[INFO] [stdout]    --> src/config/mod.rs:227:9
[INFO] [stdout]     |
[INFO] [stdout] 226 | pub struct FileServingConfig {
[INFO] [stdout]     |            ----------------- field in this struct
[INFO] [stdout] 227 |     pub directory: PathBuf,
[INFO] [stdout]     |         ^^^^^^^^^
[INFO] [stdout]     |
[INFO] [stdout]     = note: `FileServingConfig` has derived impls for the traits `Clone` and `Debug`, but these are intentionally ignored during dead code analysis
[INFO] [stdout] 
[INFO] [stdout] 
[INFO] [stdout] warning: fields `key` and `cert` are never read
[INFO] [stdout]    --> src/config/mod.rs:294:9
[INFO] [stdout]     |
[INFO] [stdout] 293 | pub struct SslConfig {
[INFO] [stdout]     |            --------- fields in this struct
[INFO] [stdout] 294 |     pub key: Option<PathBuf>,
[INFO] [stdout]     |         ^^^
[INFO] [stdout] 295 |     pub cert: Option<PathBuf>
[INFO] [stdout]     |         ^^^^
[INFO] [stdout]     |
[INFO] [stdout]     = note: `SslConfig` has derived impls for the traits `Clone` and `Debug`, but these are intentionally ignored during dead code analysis
[INFO] [stdout] 
[INFO] [stdout] 
[INFO] [stdout] warning: field `0` is never read
[INFO] [stdout]   --> src/security/initiator.rs:67:21
[INFO] [stdout]    |
[INFO] [stdout] 67 |     SessionNotFound(String),
[INFO] [stdout]    |     --------------- ^^^^^^
[INFO] [stdout]    |     |
[INFO] [stdout]    |     field in this variant
[INFO] [stdout]    |
[INFO] [stdout] help: consider changing the field to be of unit type to suppress this warning while preserving the field numbering, or remove the field
[INFO] [stdout]    |
[INFO] [stdout] 67 |     SessionNotFound(()),
[INFO] [stdout]    |                     ~~
[INFO] [stdout] 
[INFO] [stdout] 
[INFO] [stdout] warning: field `0` is never read
[INFO] [stdout]   --> src/security/initiator.rs:70:18
[INFO] [stdout]    |
[INFO] [stdout] 70 |     UserNotFound(UserSession),
[INFO] [stdout]    |     ------------ ^^^^^^^^^^^
[INFO] [stdout]    |     |
[INFO] [stdout]    |     field in this variant
[INFO] [stdout]    |
[INFO] [stdout] help: consider changing the field to be of unit type to suppress this warning while preserving the field numbering, or remove the field
[INFO] [stdout]    |
[INFO] [stdout] 70 |     UserNotFound(()),
[INFO] [stdout]    |                  ~~
[INFO] [stdout] 
[INFO] [stdout] 
[INFO] [stdout] warning: field `name` is never read
[INFO] [stdout]  --> src/state/server_info.rs:8:9
[INFO] [stdout]   |
[INFO] [stdout] 5 | pub struct ServerInfoState {
[INFO] [stdout]   |            --------------- field in this struct
[INFO] [stdout] ...
[INFO] [stdout] 8 |     pub name: String
[INFO] [stdout]   |         ^^^^
[INFO] [stdout] 
[INFO] [stdout] 
[INFO] [stdout] warning: function `unix_epoch_sec_now` is never used
[INFO] [stdout]   --> src/util/time.rs:13:8
[INFO] [stdout]    |
[INFO] [stdout] 13 | pub fn unix_epoch_sec_now() -> Option<u64> {
[INFO] [stdout]    |        ^^^^^^^^^^^^^^^^^^
[INFO] [stdout] 
[INFO] [stdout] 
[INFO] [stdout] warning: fields `user_id` and `entry_id` are never read
[INFO] [stdout]   --> src/routing/path.rs:27:13
[INFO] [stdout]    |
[INFO] [stdout] 26 |     pub struct UserEntryPath {
[INFO] [stdout]    |                ------------- fields in this struct
[INFO] [stdout] 27 |         pub user_id: i32,
[INFO] [stdout]    |             ^^^^^^^
[INFO] [stdout] 28 |         pub entry_id: i32
[INFO] [stdout]    |             ^^^^^^^^
[INFO] [stdout] 
[INFO] [stdout] 
[INFO] [stdout] warning: fields `user_id` and `field_id` are never read
[INFO] [stdout]   --> src/routing/path.rs:33:13
[INFO] [stdout]    |
[INFO] [stdout] 32 |     pub struct UserFieldPath {
[INFO] [stdout]    |                ------------- fields in this struct
[INFO] [stdout] 33 |         pub user_id: i32,
[INFO] [stdout]    |             ^^^^^^^
[INFO] [stdout] 34 |         pub field_id: i32
[INFO] [stdout]    |             ^^^^^^^^
[INFO] [stdout] 
[INFO] [stdout] 
[INFO] [stdout] warning: call to `.clone()` on a reference in this situation does nothing
[INFO] [stdout]    --> src/config/mod.rs:493:43
[INFO] [stdout]     |
[INFO] [stdout] 493 |                 let mut with_root = parent.clone().to_owned();
[INFO] [stdout]     |                                           ^^^^^^^^
[INFO] [stdout]     |
[INFO] [stdout]     = note: the type `std::path::Path` does not implement `Clone`, so calling `clone` on `&std::path::Path` copies the reference, which does not do anything and can be removed
[INFO] [stdout]     = note: `#[warn(noop_method_call)]` on by default
[INFO] [stdout] help: remove this redundant call
[INFO] [stdout]     |
[INFO] [stdout] 493 -                 let mut with_root = parent.clone().to_owned();
[INFO] [stdout] 493 +                 let mut with_root = parent.to_owned();
[INFO] [stdout]     |
[INFO] [stdout] 
[INFO] [stdout] 
[INFO] [stdout] warning: call to `.clone()` on a reference in this situation does nothing
[INFO] [stdout]    --> src/config/shapes.rs:331:37
[INFO] [stdout]     |
[INFO] [stdout] 331 |         let mut with_root = conf_dir.clone().to_owned();
[INFO] [stdout]     |                                     ^^^^^^^^
[INFO] [stdout]     |
[INFO] [stdout]     = note: the type `std::path::Path` does not implement `Clone`, so calling `clone` on `&std::path::Path` copies the reference, which does not do anything and can be removed
[INFO] [stdout] help: remove this redundant call
[INFO] [stdout]     |
[INFO] [stdout] 331 -         let mut with_root = conf_dir.clone().to_owned();
[INFO] [stdout] 331 +         let mut with_root = conf_dir.to_owned();
[INFO] [stdout]     |
[INFO] [stdout] 
[INFO] [stdout] 
[INFO] [stderr]     Finished `test` profile [unoptimized + debuginfo] target(s) in 18.15s
[INFO] running `Command { std: "docker" "inspect" "7a4d05a22127578c2b27c1de2e750af6dd0d96be1cecce9286633b4c8172b4e9", kill_on_drop: false }`
[INFO] running `Command { std: "docker" "rm" "-f" "7a4d05a22127578c2b27c1de2e750af6dd0d96be1cecce9286633b4c8172b4e9", kill_on_drop: false }`
[INFO] [stdout] 7a4d05a22127578c2b27c1de2e750af6dd0d96be1cecce9286633b4c8172b4e9
[INFO] running `Command { std: "docker" "create" "-v" "/var/lib/crater-agent-workspace/builds/worker-6-tc1/target:/opt/rustwide/target:rw,Z" "-v" "/var/lib/crater-agent-workspace/builds/worker-6-tc1/source:/opt/rustwide/workdir:ro,Z" "-v" "/var/lib/crater-agent-workspace/cargo-home:/opt/rustwide/cargo-home:ro,Z" "-v" "/var/lib/crater-agent-workspace/rustup-home:/opt/rustwide/rustup-home:ro,Z" "-e" "SOURCE_DIR=/opt/rustwide/workdir" "-e" "CARGO_TARGET_DIR=/opt/rustwide/target" "-e" "CARGO_INCREMENTAL=0" "-e" "RUST_BACKTRACE=full" "-e" "RUSTFLAGS=--cap-lints=warn" "-e" "RUSTDOCFLAGS=--cap-lints=warn" "-e" "CARGO_HOME=/opt/rustwide/cargo-home" "-e" "RUSTUP_HOME=/opt/rustwide/rustup-home" "-w" "/opt/rustwide/workdir" "-m" "1610612736" "--user" "0:0" "--network" "none" "ghcr.io/rust-lang/crates-build-env/linux@sha256:f3a9d4ad9d972b27faf3965f35b62e55ba32bbce8f20bc8fe909558a86702fde" "/opt/rustwide/cargo-home/bin/cargo" "+1.83.0" "test" "--frozen", kill_on_drop: false }`
[INFO] [stdout] 3bdb1ea13edee53472468c15387809ffdb39167d756eddf10f5a448531ff81fa
[INFO] running `Command { std: "docker" "start" "-a" "3bdb1ea13edee53472468c15387809ffdb39167d756eddf10f5a448531ff81fa", kill_on_drop: false }`
[INFO] [stderr] warning: unused import: `totp`
[INFO] [stderr]  --> src/security/otp.rs:5:26
[INFO] [stderr]   |
[INFO] [stderr] 5 | pub use rust_otp::{Algo, totp, verify_totp_code, TotpSettings, VerifyResult};
[INFO] [stderr]   |                          ^^^^
[INFO] [stderr]   |
[INFO] [stderr]   = note: `#[warn(unused_imports)]` on by default
[INFO] [stderr] 
[INFO] [stderr] warning: unused import: `util`
[INFO] [stderr]  --> src/security/otp.rs:7:35
[INFO] [stderr]   |
[INFO] [stderr] 7 | use crate::{db::tables::auth_otp, util};
[INFO] [stderr]   |                                   ^^^^
[INFO] [stderr] 
[INFO] [stderr] warning: fields `key` and `cert` are never read
[INFO] [stderr]    --> src/config/mod.rs:180:9
[INFO] [stderr]     |
[INFO] [stderr] 179 | pub struct BindInterfaceSsl {
[INFO] [stderr]     |            ---------------- fields in this struct
[INFO] [stderr] 180 |     pub key: PathBuf,
[INFO] [stderr]     |         ^^^
[INFO] [stderr] 181 |     pub cert: PathBuf
[INFO] [stderr]     |         ^^^^
[INFO] [stderr]     |
[INFO] [stderr]     = note: `BindInterfaceSsl` has derived impls for the traits `Clone` and `Debug`, but these are intentionally ignored during dead code analysis
[INFO] [stderr]     = note: `#[warn(dead_code)]` on by default
[INFO] [stderr] 
[INFO] [stderr] warning: field `directory` is never read
[INFO] [stderr]    --> src/config/mod.rs:227:9
[INFO] [stderr]     |
[INFO] [stderr] 226 | pub struct FileServingConfig {
[INFO] [stderr]     |            ----------------- field in this struct
[INFO] [stderr] 227 |     pub directory: PathBuf,
[INFO] [stderr]     |         ^^^^^^^^^
[INFO] [stderr]     |
[INFO] [stderr]     = note: `FileServingConfig` has derived impls for the traits `Clone` and `Debug`, but these are intentionally ignored during dead code analysis
[INFO] [stderr] 
[INFO] [stderr] warning: fields `key` and `cert` are never read
[INFO] [stderr]    --> src/config/mod.rs:294:9
[INFO] [stderr]     |
[INFO] [stderr] 293 | pub struct SslConfig {
[INFO] [stderr]     |            --------- fields in this struct
[INFO] [stderr] 294 |     pub key: Option<PathBuf>,
[INFO] [stderr]     |         ^^^
[INFO] [stderr] 295 |     pub cert: Option<PathBuf>
[INFO] [stderr]     |         ^^^^
[INFO] [stderr]     |
[INFO] [stderr]     = note: `SslConfig` has derived impls for the traits `Clone` and `Debug`, but these are intentionally ignored during dead code analysis
[INFO] [stderr] 
[INFO] [stderr] warning: field `0` is never read
[INFO] [stderr]   --> src/security/initiator.rs:67:21
[INFO] [stderr]    |
[INFO] [stderr] 67 |     SessionNotFound(String),
[INFO] [stderr]    |     --------------- ^^^^^^
[INFO] [stderr]    |     |
[INFO] [stderr]    |     field in this variant
[INFO] [stderr]    |
[INFO] [stderr] help: consider changing the field to be of unit type to suppress this warning while preserving the field numbering, or remove the field
[INFO] [stderr]    |
[INFO] [stderr] 67 |     SessionNotFound(()),
[INFO] [stderr]    |                     ~~
[INFO] [stderr] 
[INFO] [stderr] warning: field `0` is never read
[INFO] [stderr]   --> src/security/initiator.rs:70:18
[INFO] [stderr]    |
[INFO] [stderr] 70 |     UserNotFound(UserSession),
[INFO] [stderr]    |     ------------ ^^^^^^^^^^^
[INFO] [stderr]    |     |
[INFO] [stderr]    |     field in this variant
[INFO] [stderr]    |
[INFO] [stderr] help: consider changing the field to be of unit type to suppress this warning while preserving the field numbering, or remove the field
[INFO] [stderr]    |
[INFO] [stderr] 70 |     UserNotFound(()),
[INFO] [stderr]    |                  ~~
[INFO] [stderr] 
[INFO] [stderr] warning: field `name` is never read
[INFO] [stderr]  --> src/state/server_info.rs:8:9
[INFO] [stderr]   |
[INFO] [stderr] 5 | pub struct ServerInfoState {
[INFO] [stderr]   |            --------------- field in this struct
[INFO] [stderr] ...
[INFO] [stderr] 8 |     pub name: String
[INFO] [stderr]   |         ^^^^
[INFO] [stderr] 
[INFO] [stderr] warning: function `unix_epoch_sec_now` is never used
[INFO] [stderr]   --> src/util/time.rs:13:8
[INFO] [stderr]    |
[INFO] [stderr] 13 | pub fn unix_epoch_sec_now() -> Option<u64> {
[INFO] [stderr]    |        ^^^^^^^^^^^^^^^^^^
[INFO] [stderr] 
[INFO] [stderr] warning: fields `user_id` and `entry_id` are never read
[INFO] [stderr]   --> src/routing/path.rs:27:13
[INFO] [stderr]    |
[INFO] [stderr] 26 |     pub struct UserEntryPath {
[INFO] [stderr]    |                ------------- fields in this struct
[INFO] [stderr] 27 |         pub user_id: i32,
[INFO] [stderr]    |             ^^^^^^^
[INFO] [stderr] 28 |         pub entry_id: i32
[INFO] [stderr]    |             ^^^^^^^^
[INFO] [stderr] 
[INFO] [stderr] warning: fields `user_id` and `field_id` are never read
[INFO] [stderr]   --> src/routing/path.rs:33:13
[INFO] [stderr]    |
[INFO] [stderr] 32 |     pub struct UserFieldPath {
[INFO] [stderr]    |                ------------- fields in this struct
[INFO] [stderr] 33 |         pub user_id: i32,
[INFO] [stderr]    |             ^^^^^^^
[INFO] [stderr] 34 |         pub field_id: i32
[INFO] [stderr]    |             ^^^^^^^^
[INFO] [stderr] 
[INFO] [stderr] warning: call to `.clone()` on a reference in this situation does nothing
[INFO] [stderr]    --> src/config/mod.rs:493:43
[INFO] [stderr]     |
[INFO] [stderr] 493 |                 let mut with_root = parent.clone().to_owned();
[INFO] [stderr]     |                                           ^^^^^^^^
[INFO] [stderr]     |
[INFO] [stderr]     = note: the type `std::path::Path` does not implement `Clone`, so calling `clone` on `&std::path::Path` copies the reference, which does not do anything and can be removed
[INFO] [stderr]     = note: `#[warn(noop_method_call)]` on by default
[INFO] [stderr] help: remove this redundant call
[INFO] [stderr]     |
[INFO] [stderr] 493 -                 let mut with_root = parent.clone().to_owned();
[INFO] [stderr] 493 +                 let mut with_root = parent.to_owned();
[INFO] [stderr]     |
[INFO] [stderr] 
[INFO] [stderr] warning: call to `.clone()` on a reference in this situation does nothing
[INFO] [stderr]    --> src/config/shapes.rs:331:37
[INFO] [stderr]     |
[INFO] [stderr] 331 |         let mut with_root = conf_dir.clone().to_owned();
[INFO] [stderr]     |                                     ^^^^^^^^
[INFO] [stderr]     |
[INFO] [stderr]     = note: the type `std::path::Path` does not implement `Clone`, so calling `clone` on `&std::path::Path` copies the reference, which does not do anything and can be removed
[INFO] [stderr] help: remove this redundant call
[INFO] [stderr]     |
[INFO] [stderr] 331 -         let mut with_root = conf_dir.clone().to_owned();
[INFO] [stderr] 331 +         let mut with_root = conf_dir.to_owned();
[INFO] [stderr]     |
[INFO] [stderr] 
[INFO] [stderr] warning: `thoughts_server` (bin "thoughts_server") generated 13 warnings (run `cargo fix --bin "thoughts_server"` to apply 4 suggestions)
[INFO] [stderr] warning: variant `Totp` is never constructed
[INFO] [stderr]    --> tests/common/mod.rs:136:5
[INFO] [stderr]     |
[INFO] [stderr] 135 | pub enum VerifySession {
[INFO] [stderr]     |          ------------- variant in this enum
[INFO] [stderr] 136 |     Totp {
[INFO] [stderr]     |     ^^^^
[INFO] [stderr]     |
[INFO] [stderr]     = note: `#[warn(dead_code)]` on by default
[INFO] [stderr] 
[INFO] [stderr] warning: struct `Totp` is never constructed
[INFO] [stderr]    --> tests/common/mod.rs:141:12
[INFO] [stderr]     |
[INFO] [stderr] 141 | pub struct Totp {
[INFO] [stderr]     |            ^^^^
[INFO] [stderr] 
[INFO] [stderr] warning: struct `User` is never constructed
[INFO] [stderr]    --> tests/common/mod.rs:148:12
[INFO] [stderr]     |
[INFO] [stderr] 148 | pub struct User {
[INFO] [stderr]     |            ^^^^
[INFO] [stderr] 
[INFO] [stderr] warning: struct `UserClient` is never constructed
[INFO] [stderr]    --> tests/common/mod.rs:154:12
[INFO] [stderr]     |
[INFO] [stderr] 154 | pub struct UserClient {
[INFO] [stderr]     |            ^^^^^^^^^^
[INFO] [stderr] 
[INFO] [stderr] warning: multiple associated items are never used
[INFO] [stderr]    --> tests/common/mod.rs:163:12
[INFO] [stderr]     |
[INFO] [stderr] 162 | impl UserClient {
[INFO] [stderr]     | --------------- associated items in this implementation
[INFO] [stderr] 163 |     pub fn new(user: User, base_url: Url) -> UserClient {
[INFO] [stderr]     |            ^^^
[INFO] [stderr] ...
[INFO] [stderr] 179 |     fn handle_verify(&mut self, json: Value) {
[INFO] [stderr]     |        ^^^^^^^^^^^^^
[INFO] [stderr] ...
[INFO] [stderr] 232 |     pub fn get_session(&mut self) {
[INFO] [stderr]     |            ^^^^^^^^^^^
[INFO] [stderr] ...
[INFO] [stderr] 264 |     pub fn has_active_session(&self) -> bool {
[INFO] [stderr]     |            ^^^^^^^^^^^^^^^^^^
[INFO] [stderr] ...
[INFO] [stderr] 268 |     pub fn get_url<S>(&self, url: S) -> Url
[INFO] [stderr]     |            ^^^^^^^
[INFO] [stderr] ...
[INFO] [stderr] 278 |     pub fn get<S>(&self, url: S) -> RequestBuilder
[INFO] [stderr]     |            ^^^
[INFO] [stderr] ...
[INFO] [stderr] 285 |     pub fn post<S>(&self, url: S) -> RequestBuilder
[INFO] [stderr]     |            ^^^^
[INFO] [stderr] ...
[INFO] [stderr] 292 |     pub fn put<S>(&self, url: S) -> RequestBuilder
[INFO] [stderr]     |            ^^^
[INFO] [stderr] ...
[INFO] [stderr] 299 |     pub fn patch<S>(&self, url: S) -> RequestBuilder
[INFO] [stderr]     |            ^^^^^
[INFO] [stderr] ...
[INFO] [stderr] 306 |     pub fn delete<S>(&self, url: S) -> RequestBuilder
[INFO] [stderr]     |            ^^^^^^
[INFO] [stderr] ...
[INFO] [stderr] 313 |     pub fn head<S>(&self, url: S) -> RequestBuilder
[INFO] [stderr]     |            ^^^^
[INFO] [stderr] 
[INFO] [stderr] warning: `thoughts_server` (test "http_api") generated 5 warnings
[INFO] [stderr] warning: `thoughts_server` (bin "thoughts_server" test) generated 13 warnings (13 duplicates)
[INFO] [stderr]     Finished `test` profile [unoptimized + debuginfo] target(s) in 0.29s
[INFO] [stderr]      Running unittests src/main.rs (/opt/rustwide/target/debug/deps/thoughts_server-52e3211e6742fca0)
[INFO] [stdout] 
[INFO] [stdout] running 0 tests
[INFO] [stdout] 
[INFO] [stdout] test result: ok. 0 passed; 0 failed; 0 ignored; 0 measured; 0 filtered out; finished in 0.00s
[INFO] [stdout] 
[INFO] [stderr]      Running tests/http_api.rs (/opt/rustwide/target/debug/deps/http_api-096d7f357ac2a4d5)
[INFO] [stdout] 
[INFO] [stdout] running 4 tests
[INFO] [stdout] test status::ping::ping_server ... FAILED
[INFO] [stdout] test auth::password::login ... FAILED
[INFO] [stdout] test auth::password::login_with_totp_recovery ... FAILED
[INFO] [stdout] test auth::password::login_with_totp ... FAILED
[INFO] [stdout] 
[INFO] [stdout] failures:
[INFO] [stdout] 
[INFO] [stdout] ---- status::ping::ping_server stdout ----
[INFO] [stdout] thread 'status::ping::ping_server' panicked at tests/common/mod.rs:11:25:
[INFO] [stdout] failed to send ping request
[INFO] [stdout] reqwest::Error {
[INFO] [stdout]     kind: Request,
[INFO] [stdout]     url: Url {
[INFO] [stdout]         scheme: "http",
[INFO] [stdout]         cannot_be_a_base: false,
[INFO] [stdout]         username: "",
[INFO] [stdout]         password: None,
[INFO] [stdout]         host: Some(
[INFO] [stdout]             Domain(
[INFO] [stdout]                 "localhost",
[INFO] [stdout]             ),
[INFO] [stdout]         ),
[INFO] [stdout]         port: None,
[INFO] [stdout]         path: "/ping",
[INFO] [stdout]         query: None,
[INFO] [stdout]         fragment: None,
[INFO] [stdout]     },
[INFO] [stdout]     source: hyper::Error(
[INFO] [stdout]         Connect,
[INFO] [stdout]         ConnectError(
[INFO] [stdout]             "tcp connect error",
[INFO] [stdout]             Os {
[INFO] [stdout]                 code: 111,
[INFO] [stdout]                 kind: ConnectionRefused,
[INFO] [stdout]                 message: "Connection refused",
[INFO] [stdout]             },
[INFO] [stdout]         ),
[INFO] [stdout]     ),
[INFO] [stdout] }
[INFO] [stdout] stack backtrace:
[INFO] [stdout]    0:     0x5b1d74228daa - std::backtrace_rs::backtrace::libunwind::trace::h5a5b8284f2d0c266
[INFO] [stdout]                                at /rustc/90b35a6239c3d8bdabc530a6a0816f7ff89a0aaf/library/std/src/../../backtrace/src/backtrace/libunwind.rs:116:5
[INFO] [stdout]    1:     0x5b1d74228daa - std::backtrace_rs::backtrace::trace_unsynchronized::h76d4f1c9b0b875e3
[INFO] [stdout]                                at /rustc/90b35a6239c3d8bdabc530a6a0816f7ff89a0aaf/library/std/src/../../backtrace/src/backtrace/mod.rs:66:5
[INFO] [stdout]    2:     0x5b1d74228daa - std::sys::backtrace::_print_fmt::hc4546b8364a537c6
[INFO] [stdout]                                at /rustc/90b35a6239c3d8bdabc530a6a0816f7ff89a0aaf/library/std/src/sys/backtrace.rs:66:9
[INFO] [stdout]    3:     0x5b1d74228daa - <std::sys::backtrace::BacktraceLock::print::DisplayBacktrace as core::fmt::Display>::fmt::h5b6bd5631a6d1f6b
[INFO] [stdout]                                at /rustc/90b35a6239c3d8bdabc530a6a0816f7ff89a0aaf/library/std/src/sys/backtrace.rs:39:26
[INFO] [stdout]    4:     0x5b1d74251ba3 - core::fmt::rt::Argument::fmt::h270f6602a2b96f62
[INFO] [stdout]                                at /rustc/90b35a6239c3d8bdabc530a6a0816f7ff89a0aaf/library/core/src/fmt/rt.rs:177:76
[INFO] [stdout]    5:     0x5b1d74251ba3 - core::fmt::write::h7550c97b06c86515
[INFO] [stdout]                                at /rustc/90b35a6239c3d8bdabc530a6a0816f7ff89a0aaf/library/core/src/fmt/mod.rs:1186:21
[INFO] [stdout]    6:     0x5b1d74225443 - std::io::Write::write_fmt::h509ff860e5956e5e
[INFO] [stdout]                                at /rustc/90b35a6239c3d8bdabc530a6a0816f7ff89a0aaf/library/std/src/io/mod.rs:1839:15
[INFO] [stdout]    7:     0x5b1d74228bf2 - std::sys::backtrace::BacktraceLock::print::h2395ccd2c84ba3aa
[INFO] [stdout]                                at /rustc/90b35a6239c3d8bdabc530a6a0816f7ff89a0aaf/library/std/src/sys/backtrace.rs:42:9
[INFO] [stdout]    8:     0x5b1d7422a20a - std::panicking::default_hook::{{closure}}::he19d4c7230e07961
[INFO] [stdout]                                at /rustc/90b35a6239c3d8bdabc530a6a0816f7ff89a0aaf/library/std/src/panicking.rs:268:22
[INFO] [stdout]    9:     0x5b1d7422a014 - std::panicking::default_hook::hf614597d3c67bbdb
[INFO] [stdout]                                at /rustc/90b35a6239c3d8bdabc530a6a0816f7ff89a0aaf/library/std/src/panicking.rs:292:9
[INFO] [stdout]   10:     0x5b1d73c561b9 - <alloc::boxed::Box<F,A> as core::ops::function::Fn<Args>>::call::h39b51ce4599c23d1
[INFO] [stdout]                                at /rustc/90b35a6239c3d8bdabc530a6a0816f7ff89a0aaf/library/alloc/src/boxed.rs:2468:9
[INFO] [stdout]   11:     0x5b1d73c561b9 - test::test_main::{{closure}}::he977ae839a582784
[INFO] [stdout]                                at /rustc/90b35a6239c3d8bdabc530a6a0816f7ff89a0aaf/library/test/src/lib.rs:133:21
[INFO] [stdout]   12:     0x5b1d7422a8a8 - <alloc::boxed::Box<F,A> as core::ops::function::Fn<Args>>::call::h9455091b6b06f9fb
[INFO] [stdout]                                at /rustc/90b35a6239c3d8bdabc530a6a0816f7ff89a0aaf/library/alloc/src/boxed.rs:2468:9
[INFO] [stdout]   13:     0x5b1d7422a8a8 - std::panicking::rust_panic_with_hook::h8942133a8b252070
[INFO] [stdout]                                at /rustc/90b35a6239c3d8bdabc530a6a0816f7ff89a0aaf/library/std/src/panicking.rs:809:13
[INFO] [stdout]   14:     0x5b1d7422a66a - std::panicking::begin_panic_handler::{{closure}}::hb5f5963570096b29
[INFO] [stdout]                                at /rustc/90b35a6239c3d8bdabc530a6a0816f7ff89a0aaf/library/std/src/panicking.rs:674:13
[INFO] [stdout]   15:     0x5b1d74229289 - std::sys::backtrace::__rust_end_short_backtrace::h6208cedc1922feda
[INFO] [stdout]                                at /rustc/90b35a6239c3d8bdabc530a6a0816f7ff89a0aaf/library/std/src/sys/backtrace.rs:170:18
[INFO] [stdout]   16:     0x5b1d7422a2fc - rust_begin_unwind
[INFO] [stdout]                                at /rustc/90b35a6239c3d8bdabc530a6a0816f7ff89a0aaf/library/std/src/panicking.rs:665:5
[INFO] [stdout]   17:     0x5b1d73be72a0 - core::panicking::panic_fmt::h0c3082644d1bf418
[INFO] [stdout]                                at /rustc/90b35a6239c3d8bdabc530a6a0816f7ff89a0aaf/library/core/src/panicking.rs:74:14
[INFO] [stdout]   18:     0x5b1d73c02cb8 - http_api::common::result::expect_with_err::h6fc19cbef34e115d
[INFO] [stdout]                                at /opt/rustwide/workdir/tests/common/mod.rs:11:25
[INFO] [stdout]   19:     0x5b1d73c05d2e - http_api::status::ping::ping_server::h7fca249b374bc508
[INFO] [stdout]                                at /opt/rustwide/workdir/tests/status/ping.rs:10:15
[INFO] [stdout]   20:     0x5b1d73c05bc7 - http_api::status::ping::ping_server::{{closure}}::he32c0b5455865257
[INFO] [stdout]                                at /opt/rustwide/workdir/tests/status/ping.rs:4:17
[INFO] [stdout]   21:     0x5b1d73bfd7e6 - core::ops::function::FnOnce::call_once::h4458a95df08a77ee
[INFO] [stdout]                                at /rustc/90b35a6239c3d8bdabc530a6a0816f7ff89a0aaf/library/core/src/ops/function.rs:250:5
[INFO] [stdout]   22:     0x5b1d73c5ab7b - core::ops::function::FnOnce::call_once::h109cf8051a59b34e
[INFO] [stdout]                                at /rustc/90b35a6239c3d8bdabc530a6a0816f7ff89a0aaf/library/core/src/ops/function.rs:250:5
[INFO] [stdout]   23:     0x5b1d73c5ab7b - test::__rust_begin_short_backtrace::hf4fff89d377446ba
[INFO] [stdout]                                at /rustc/90b35a6239c3d8bdabc530a6a0816f7ff89a0aaf/library/test/src/lib.rs:621:18
[INFO] [stdout]   24:     0x5b1d73c5a3b7 - test::run_test_in_process::{{closure}}::h0e39181dd7ee5a43
[INFO] [stdout]                                at /rustc/90b35a6239c3d8bdabc530a6a0816f7ff89a0aaf/library/test/src/lib.rs:644:60
[INFO] [stdout]   25:     0x5b1d73c5a3b7 - <core::panic::unwind_safe::AssertUnwindSafe<F> as core::ops::function::FnOnce<()>>::call_once::hc5a66a30f0bdfd1f
[INFO] [stdout]                                at /rustc/90b35a6239c3d8bdabc530a6a0816f7ff89a0aaf/library/core/src/panic/unwind_safe.rs:272:9
[INFO] [stdout]   26:     0x5b1d73c5a3b7 - std::panicking::try::do_call::h873b7cf639554a5e
[INFO] [stdout]                                at /rustc/90b35a6239c3d8bdabc530a6a0816f7ff89a0aaf/library/std/src/panicking.rs:557:40
[INFO] [stdout]   27:     0x5b1d73c5a3b7 - std::panicking::try::hdb19862fad9c8bd1
[INFO] [stdout]                                at /rustc/90b35a6239c3d8bdabc530a6a0816f7ff89a0aaf/library/std/src/panicking.rs:520:19
[INFO] [stdout]   28:     0x5b1d73c5a3b7 - std::panic::catch_unwind::h281fe732d236d260
[INFO] [stdout]                                at /rustc/90b35a6239c3d8bdabc530a6a0816f7ff89a0aaf/library/std/src/panic.rs:358:14
[INFO] [stdout]   29:     0x5b1d73c5a3b7 - test::run_test_in_process::h949b6df8457ed338
[INFO] [stdout]                                at /rustc/90b35a6239c3d8bdabc530a6a0816f7ff89a0aaf/library/test/src/lib.rs:644:27
[INFO] [stdout]   30:     0x5b1d73c5a3b7 - test::run_test::{{closure}}::h52c556a6d4740e10
[INFO] [stdout]                                at /rustc/90b35a6239c3d8bdabc530a6a0816f7ff89a0aaf/library/test/src/lib.rs:565:43
[INFO] [stdout]   31:     0x5b1d73c1f694 - test::run_test::{{closure}}::h4237f6381c45ccb9
[INFO] [stdout]                                at /rustc/90b35a6239c3d8bdabc530a6a0816f7ff89a0aaf/library/test/src/lib.rs:595:41
[INFO] [stdout]   32:     0x5b1d73c1f694 - std::sys::backtrace::__rust_begin_short_backtrace::h505c97a579eca628
[INFO] [stdout]                                at /rustc/90b35a6239c3d8bdabc530a6a0816f7ff89a0aaf/library/std/src/sys/backtrace.rs:154:18
[INFO] [stdout]   33:     0x5b1d73c22d5e - std::thread::Builder::spawn_unchecked_::{{closure}}::{{closure}}::h9e86b2e2bc107ea3
[INFO] [stdout]                                at /rustc/90b35a6239c3d8bdabc530a6a0816f7ff89a0aaf/library/std/src/thread/mod.rs:538:17
[INFO] [stdout]   34:     0x5b1d73c22d5e - <core::panic::unwind_safe::AssertUnwindSafe<F> as core::ops::function::FnOnce<()>>::call_once::h8b06ddb275ff4a25
[INFO] [stdout]                                at /rustc/90b35a6239c3d8bdabc530a6a0816f7ff89a0aaf/library/core/src/panic/unwind_safe.rs:272:9
[INFO] [stdout]   35:     0x5b1d73c22d5e - std::panicking::try::do_call::hb26ecd7cd9a9355d
[INFO] [stdout]                                at /rustc/90b35a6239c3d8bdabc530a6a0816f7ff89a0aaf/library/std/src/panicking.rs:557:40
[INFO] [stdout]   36:     0x5b1d73c22d5e - std::panicking::try::h8ddeca9d705f9069
[INFO] [stdout]                                at /rustc/90b35a6239c3d8bdabc530a6a0816f7ff89a0aaf/library/std/src/panicking.rs:520:19
[INFO] [stdout]   37:     0x5b1d73c22d5e - std::panic::catch_unwind::h49e1c33078844c46
[INFO] [stdout]                                at /rustc/90b35a6239c3d8bdabc530a6a0816f7ff89a0aaf/library/std/src/panic.rs:358:14
[INFO] [stdout]   38:     0x5b1d73c22d5e - std::thread::Builder::spawn_unchecked_::{{closure}}::h6073db6ff56ad35d
[INFO] [stdout]                                at /rustc/90b35a6239c3d8bdabc530a6a0816f7ff89a0aaf/library/std/src/thread/mod.rs:537:30
[INFO] [stdout]   39:     0x5b1d73c22d5e - core::ops::function::FnOnce::call_once{{vtable.shim}}::h2c5a5f3779c774f1
[INFO] [stdout]                                at /rustc/90b35a6239c3d8bdabc530a6a0816f7ff89a0aaf/library/core/src/ops/function.rs:250:5
[INFO] [stdout]   40:     0x5b1d7422eb6b - <alloc::boxed::Box<F,A> as core::ops::function::FnOnce<Args>>::call_once::hf75717d9f28faebf
[INFO] [stdout]                                at /rustc/90b35a6239c3d8bdabc530a6a0816f7ff89a0aaf/library/alloc/src/boxed.rs:2454:9
[INFO] [stdout]   41:     0x5b1d7422eb6b - <alloc::boxed::Box<F,A> as core::ops::function::FnOnce<Args>>::call_once::h7bd883a5f3c5f3c1
[INFO] [stdout]                                at /rustc/90b35a6239c3d8bdabc530a6a0816f7ff89a0aaf/library/alloc/src/boxed.rs:2454:9
[INFO] [stdout]   42:     0x5b1d7422eb6b - std::sys::pal::unix::thread::Thread::new::thread_start::hcc78f3943333fa94
[INFO] [stdout]                                at /rustc/90b35a6239c3d8bdabc530a6a0816f7ff89a0aaf/library/std/src/sys/pal/unix/thread.rs:105:17
[INFO] [stdout]   43:     0x78388c342ac3 - <unknown>
[INFO] [stdout]   44:     0x78388c3d3a04 - clone
[INFO] [stdout]   45:                0x0 - <unknown>
[INFO] [stdout] 
[INFO] [stdout] ---- auth::password::login stdout ----
[INFO] [stdout] thread 'auth::password::login' panicked at tests/common/mod.rs:11:25:
[INFO] [stdout] failed to send post request to server
[INFO] [stdout] reqwest::Error {
[INFO] [stdout]     kind: Request,
[INFO] [stdout]     url: Url {
[INFO] [stdout]         scheme: "http",
[INFO] [stdout]         cannot_be_a_base: false,
[INFO] [stdout]         username: "",
[INFO] [stdout]         password: None,
[INFO] [stdout]         host: Some(
[INFO] [stdout]             Domain(
[INFO] [stdout]                 "localhost",
[INFO] [stdout]             ),
[INFO] [stdout]         ),
[INFO] [stdout]         port: None,
[INFO] [stdout]         path: "/auth/session",
[INFO] [stdout]         query: None,
[INFO] [stdout]         fragment: None,
[INFO] [stdout]     },
[INFO] [stdout]     source: hyper::Error(
[INFO] [stdout]         Connect,
[INFO] [stdout]         ConnectError(
[INFO] [stdout]             "tcp connect error",
[INFO] [stdout]             Os {
[INFO] [stdout]                 code: 111,
[INFO] [stdout]                 kind: ConnectionRefused,
[INFO] [stdout]                 message: "Connection refused",
[INFO] [stdout]             },
[INFO] [stdout]         ),
[INFO] [stdout]     ),
[INFO] [stdout] }
[INFO] [stdout] stack backtrace:
[INFO] [stdout]    0:     0x5b1d74228daa - std::backtrace_rs::backtrace::libunwind::trace::h5a5b8284f2d0c266
[INFO] [stdout]                                at /rustc/90b35a6239c3d8bdabc530a6a0816f7ff89a0aaf/library/std/src/../../backtrace/src/backtrace/libunwind.rs:116:5
[INFO] [stdout]    1:     0x5b1d74228daa - std::backtrace_rs::backtrace::trace_unsynchronized::h76d4f1c9b0b875e3
[INFO] [stdout]                                at /rustc/90b35a6239c3d8bdabc530a6a0816f7ff89a0aaf/library/std/src/../../backtrace/src/backtrace/mod.rs:66:5
[INFO] [stdout]    2:     0x5b1d74228daa - std::sys::backtrace::_print_fmt::hc4546b8364a537c6
[INFO] [stdout]                                at /rustc/90b35a6239c3d8bdabc530a6a0816f7ff89a0aaf/library/std/src/sys/backtrace.rs:66:9
[INFO] [stdout]    3:     0x5b1d74228daa - <std::sys::backtrace::BacktraceLock::print::DisplayBacktrace as core::fmt::Display>::fmt::h5b6bd5631a6d1f6b
[INFO] [stdout]                                at /rustc/90b35a6239c3d8bdabc530a6a0816f7ff89a0aaf/library/std/src/sys/backtrace.rs:39:26
[INFO] [stdout]    4:     0x5b1d74251ba3 - core::fmt::rt::Argument::fmt::h270f6602a2b96f62
[INFO] [stdout]                                at /rustc/90b35a6239c3d8bdabc530a6a0816f7ff89a0aaf/library/core/src/fmt/rt.rs:177:76
[INFO] [stdout]    5:     0x5b1d74251ba3 - core::fmt::write::h7550c97b06c86515
[INFO] [stdout]                                at /rustc/90b35a6239c3d8bdabc530a6a0816f7ff89a0aaf/library/core/src/fmt/mod.rs:1186:21
[INFO] [stdout]    6:     0x5b1d74225443 - std::io::Write::write_fmt::h509ff860e5956e5e
[INFO] [stdout]                                at /rustc/90b35a6239c3d8bdabc530a6a0816f7ff89a0aaf/library/std/src/io/mod.rs:1839:15
[INFO] [stdout]    7:     0x5b1d74228bf2 - std::sys::backtrace::BacktraceLock::print::h2395ccd2c84ba3aa
[INFO] [stdout]                                at /rustc/90b35a6239c3d8bdabc530a6a0816f7ff89a0aaf/library/std/src/sys/backtrace.rs:42:9
[INFO] [stdout]    8:     0x5b1d7422a20a - std::panicking::default_hook::{{closure}}::he19d4c7230e07961
[INFO] [stdout]                                at /rustc/90b35a6239c3d8bdabc530a6a0816f7ff89a0aaf/library/std/src/panicking.rs:268:22
[INFO] [stdout]    9:     0x5b1d7422a014 - std::panicking::default_hook::hf614597d3c67bbdb
[INFO] [stdout]                                at /rustc/90b35a6239c3d8bdabc530a6a0816f7ff89a0aaf/library/std/src/panicking.rs:292:9
[INFO] [stdout]   10:     0x5b1d73c561b9 - <alloc::boxed::Box<F,A> as core::ops::function::Fn<Args>>::call::h39b51ce4599c23d1
[INFO] [stdout]                                at /rustc/90b35a6239c3d8bdabc530a6a0816f7ff89a0aaf/library/alloc/src/boxed.rs:2468:9
[INFO] [stdout]   11:     0x5b1d73c561b9 - test::test_main::{{closure}}::he977ae839a582784
[INFO] [stdout]                                at /rustc/90b35a6239c3d8bdabc530a6a0816f7ff89a0aaf/library/test/src/lib.rs:133:21
[INFO] [stdout]   12:     0x5b1d7422a8a8 - <alloc::boxed::Box<F,A> as core::ops::function::Fn<Args>>::call::h9455091b6b06f9fb
[INFO] [stdout]                                at /rustc/90b35a6239c3d8bdabc530a6a0816f7ff89a0aaf/library/alloc/src/boxed.rs:2468:9
[INFO] [stdout]   13:     0x5b1d7422a8a8 - std::panicking::rust_panic_with_hook::h8942133a8b252070
[INFO] [stdout]                                at /rustc/90b35a6239c3d8bdabc530a6a0816f7ff89a0aaf/library/std/src/panicking.rs:809:13
[INFO] [stdout]   14:     0x5b1d7422a66a - std::panicking::begin_panic_handler::{{closure}}::hb5f5963570096b29
[INFO] [stdout]                                at /rustc/90b35a6239c3d8bdabc530a6a0816f7ff89a0aaf/library/std/src/panicking.rs:674:13
[INFO] [stdout]   15:     0x5b1d74229289 - std::sys::backtrace::__rust_end_short_backtrace::h6208cedc1922feda
[INFO] [stdout]                                at /rustc/90b35a6239c3d8bdabc530a6a0816f7ff89a0aaf/library/std/src/sys/backtrace.rs:170:18
[INFO] [stdout]   16:     0x5b1d7422a2fc - rust_begin_unwind
[INFO] [stdout]                                at /rustc/90b35a6239c3d8bdabc530a6a0816f7ff89a0aaf/library/std/src/panicking.rs:665:5
[INFO] [stdout]   17:     0x5b1d73be72a0 - core::panicking::panic_fmt::h0c3082644d1bf418
[INFO] [stdout]                                at /rustc/90b35a6239c3d8bdabc530a6a0816f7ff89a0aaf/library/core/src/panicking.rs:74:14
[INFO] [stdout]   18:     0x5b1d73c02cb8 - http_api::common::result::expect_with_err::h6fc19cbef34e115d
[INFO] [stdout]                                at /opt/rustwide/workdir/tests/common/mod.rs:11:25
[INFO] [stdout]   19:     0x5b1d73bf9414 - http_api::auth::password::login::h29a7d932a4060ee8
[INFO] [stdout]                                at /opt/rustwide/workdir/tests/auth/password.rs:35:15
[INFO] [stdout]   20:     0x5b1d73bf91c7 - http_api::auth::password::login::{{closure}}::h0724e502ed4946f1
[INFO] [stdout]                                at /opt/rustwide/workdir/tests/auth/password.rs:24:11
[INFO] [stdout]   21:     0x5b1d73bfd906 - core::ops::function::FnOnce::call_once::hc01cc1469078ed71
[INFO] [stdout]                                at /rustc/90b35a6239c3d8bdabc530a6a0816f7ff89a0aaf/library/core/src/ops/function.rs:250:5
[INFO] [stdout]   22:     0x5b1d73c5ab7b - core::ops::function::FnOnce::call_once::h109cf8051a59b34e
[INFO] [stdout]                                at /rustc/90b35a6239c3d8bdabc530a6a0816f7ff89a0aaf/library/core/src/ops/function.rs:250:5
[INFO] [stdout]   23:     0x5b1d73c5ab7b - test::__rust_begin_short_backtrace::hf4fff89d377446ba
[INFO] [stdout]                                at /rustc/90b35a6239c3d8bdabc530a6a0816f7ff89a0aaf/library/test/src/lib.rs:621:18
[INFO] [stdout]   24:     0x5b1d73c5a3b7 - test::run_test_in_process::{{closure}}::h0e39181dd7ee5a43
[INFO] [stdout]                                at /rustc/90b35a6239c3d8bdabc530a6a0816f7ff89a0aaf/library/test/src/lib.rs:644:60
[INFO] [stdout]   25:     0x5b1d73c5a3b7 - <core::panic::unwind_safe::AssertUnwindSafe<F> as core::ops::function::FnOnce<()>>::call_once::hc5a66a30f0bdfd1f
[INFO] [stdout]                                at /rustc/90b35a6239c3d8bdabc530a6a0816f7ff89a0aaf/library/core/src/panic/unwind_safe.rs:272:9
[INFO] [stdout]   26:     0x5b1d73c5a3b7 - std::panicking::try::do_call::h873b7cf639554a5e
[INFO] [stdout]                                at /rustc/90b35a6239c3d8bdabc530a6a0816f7ff89a0aaf/library/std/src/panicking.rs:557:40
[INFO] [stdout]   27:     0x5b1d73c5a3b7 - std::panicking::try::hdb19862fad9c8bd1
[INFO] [stdout]                                at /rustc/90b35a6239c3d8bdabc530a6a0816f7ff89a0aaf/library/std/src/panicking.rs:520:19
[INFO] [stdout]   28:     0x5b1d73c5a3b7 - std::panic::catch_unwind::h281fe732d236d260
[INFO] [stdout]                                at /rustc/90b35a6239c3d8bdabc530a6a0816f7ff89a0aaf/library/std/src/panic.rs:358:14
[INFO] [stdout]   29:     0x5b1d73c5a3b7 - test::run_test_in_process::h949b6df8457ed338
[INFO] [stdout]                                at /rustc/90b35a6239c3d8bdabc530a6a0816f7ff89a0aaf/library/test/src/lib.rs:644:27
[INFO] [stdout]   30:     0x5b1d73c5a3b7 - test::run_test::{{closure}}::h52c556a6d4740e10
[INFO] [stdout]                                at /rustc/90b35a6239c3d8bdabc530a6a0816f7ff89a0aaf/library/test/src/lib.rs:565:43
[INFO] [stdout]   31:     0x5b1d73c1f694 - test::run_test::{{closure}}::h4237f6381c45ccb9
[INFO] [stdout]                                at /rustc/90b35a6239c3d8bdabc530a6a0816f7ff89a0aaf/library/test/src/lib.rs:595:41
[INFO] [stdout]   32:     0x5b1d73c1f694 - std::sys::backtrace::__rust_begin_short_backtrace::h505c97a579eca628
[INFO] [stdout]                                at /rustc/90b35a6239c3d8bdabc530a6a0816f7ff89a0aaf/library/std/src/sys/backtrace.rs:154:18
[INFO] [stdout]   33:     0x5b1d73c22d5e - std::thread::Builder::spawn_unchecked_::{{closure}}::{{closure}}::h9e86b2e2bc107ea3
[INFO] [stdout]                                at /rustc/90b35a6239c3d8bdabc530a6a0816f7ff89a0aaf/library/std/src/thread/mod.rs:538:17
[INFO] [stdout]   34:     0x5b1d73c22d5e - <core::panic::unwind_safe::AssertUnwindSafe<F> as core::ops::function::FnOnce<()>>::call_once::h8b06ddb275ff4a25
[INFO] [stdout]                                at /rustc/90b35a6239c3d8bdabc530a6a0816f7ff89a0aaf/library/core/src/panic/unwind_safe.rs:272:9
[INFO] [stdout]   35:     0x5b1d73c22d5e - std::panicking::try::do_call::hb26ecd7cd9a9355d
[INFO] [stdout]                                at /rustc/90b35a6239c3d8bdabc530a6a0816f7ff89a0aaf/library/std/src/panicking.rs:557:40
[INFO] [stdout]   36:     0x5b1d73c22d5e - std::panicking::try::h8ddeca9d705f9069
[INFO] [stdout]                                at /rustc/90b35a6239c3d8bdabc530a6a0816f7ff89a0aaf/library/std/src/panicking.rs:520:19
[INFO] [stdout]   37:     0x5b1d73c22d5e - std::panic::catch_unwind::h49e1c33078844c46
[INFO] [stdout]                                at /rustc/90b35a6239c3d8bdabc530a6a0816f7ff89a0aaf/library/std/src/panic.rs:358:14
[INFO] [stdout]   38:     0x5b1d73c22d5e - std::thread::Builder::spawn_unchecked_::{{closure}}::h6073db6ff56ad35d
[INFO] [stdout]                                at /rustc/90b35a6239c3d8bdabc530a6a0816f7ff89a0aaf/library/std/src/thread/mod.rs:537:30
[INFO] [stdout]   39:     0x5b1d73c22d5e - core::ops::function::FnOnce::call_once{{vtable.shim}}::h2c5a5f3779c774f1
[INFO] [stdout]                                at /rustc/90b35a6239c3d8bdabc530a6a0816f7ff89a0aaf/library/core/src/ops/function.rs:250:5
[INFO] [stdout]   40:     0x5b1d7422eb6b - <alloc::boxed::Box<F,A> as core::ops::function::FnOnce<Args>>::call_once::hf75717d9f28faebf
[INFO] [stdout]                                at /rustc/90b35a6239c3d8bdabc530a6a0816f7ff89a0aaf/library/alloc/src/boxed.rs:2454:9
[INFO] [stdout]   41:     0x5b1d7422eb6b - <alloc::boxed::Box<F,A> as core::ops::function::FnOnce<Args>>::call_once::h7bd883a5f3c5f3c1
[INFO] [stdout]                                at /rustc/90b35a6239c3d8bdabc530a6a0816f7ff89a0aaf/library/alloc/src/boxed.rs:2454:9
[INFO] [stdout]   42:     0x5b1d7422eb6b - std::sys::pal::unix::thread::Thread::new::thread_start::hcc78f3943333fa94
[INFO] [stdout]                                at /rustc/90b35a6239c3d8bdabc530a6a0816f7ff89a0aaf/library/std/src/sys/pal/unix/thread.rs:105:17
[INFO] [stdout]   43:     0x78388c342ac3 - <unknown>
[INFO] [stdout]   44:     0x78388c3d3a04 - clone
[INFO] [stdout]   45:                0x0 - <unknown>
[INFO] [stdout] 
[INFO] [stdout] ---- auth::password::login_with_totp_recovery stdout ----
[INFO] [stdout] thread 'auth::password::login_with_totp_recovery' panicked at tests/common/mod.rs:11:25:
[INFO] [stdout] failed to send post request to server
[INFO] [stdout] reqwest::Error {
[INFO] [stdout]     kind: Request,
[INFO] [stdout]     url: Url {
[INFO] [stdout]         scheme: "http",
[INFO] [stdout]         cannot_be_a_base: false,
[INFO] [stdout]         username: "",
[INFO] [stdout]         password: None,
[INFO] [stdout]         host: Some(
[INFO] [stdout]             Domain(
[INFO] [stdout]                 "localhost",
[INFO] [stdout]             ),
[INFO] [stdout]         ),
[INFO] [stdout]         port: None,
[INFO] [stdout]         path: "/auth/session",
[INFO] [stdout]         query: None,
[INFO] [stdout]         fragment: None,
[INFO] [stdout]     },
[INFO] [stdout]     source: hyper::Error(
[INFO] [stdout]         Connect,
[INFO] [stdout]         ConnectError(
[INFO] [stdout]             "tcp connect error",
[INFO] [stdout]             Os {
[INFO] [stdout]                 code: 111,
[INFO] [stdout]                 kind: ConnectionRefused,
[INFO] [stdout]                 message: "Connection refused",
[INFO] [stdout]             },
[INFO] [stdout]         ),
[INFO] [stdout]     ),
[INFO] [stdout] }
[INFO] [stdout] stack backtrace:
[INFO] [stdout]    0:     0x5b1d74228daa - std::backtrace_rs::backtrace::libunwind::trace::h5a5b8284f2d0c266
[INFO] [stdout]                                at /rustc/90b35a6239c3d8bdabc530a6a0816f7ff89a0aaf/library/std/src/../../backtrace/src/backtrace/libunwind.rs:116:5
[INFO] [stdout]    1:     0x5b1d74228daa - std::backtrace_rs::backtrace::trace_unsynchronized::h76d4f1c9b0b875e3
[INFO] [stdout]                                at /rustc/90b35a6239c3d8bdabc530a6a0816f7ff89a0aaf/library/std/src/../../backtrace/src/backtrace/mod.rs:66:5
[INFO] [stdout]    2:     0x5b1d74228daa - std::sys::backtrace::_print_fmt::hc4546b8364a537c6
[INFO] [stdout]                                at /rustc/90b35a6239c3d8bdabc530a6a0816f7ff89a0aaf/library/std/src/sys/backtrace.rs:66:9
[INFO] [stdout]    3:     0x5b1d74228daa - <std::sys::backtrace::BacktraceLock::print::DisplayBacktrace as core::fmt::Display>::fmt::h5b6bd5631a6d1f6b
[INFO] [stdout]                                at /rustc/90b35a6239c3d8bdabc530a6a0816f7ff89a0aaf/library/std/src/sys/backtrace.rs:39:26
[INFO] [stdout]    4:     0x5b1d74251ba3 - core::fmt::rt::Argument::fmt::h270f6602a2b96f62
[INFO] [stdout]                                at /rustc/90b35a6239c3d8bdabc530a6a0816f7ff89a0aaf/library/core/src/fmt/rt.rs:177:76
[INFO] [stdout]    5:     0x5b1d74251ba3 - core::fmt::write::h7550c97b06c86515
[INFO] [stdout]                                at /rustc/90b35a6239c3d8bdabc530a6a0816f7ff89a0aaf/library/core/src/fmt/mod.rs:1186:21
[INFO] [stdout]    6:     0x5b1d74225443 - std::io::Write::write_fmt::h509ff860e5956e5e
[INFO] [stdout]                                at /rustc/90b35a6239c3d8bdabc530a6a0816f7ff89a0aaf/library/std/src/io/mod.rs:1839:15
[INFO] [stdout]    7:     0x5b1d74228bf2 - std::sys::backtrace::BacktraceLock::print::h2395ccd2c84ba3aa
[INFO] [stdout]                                at /rustc/90b35a6239c3d8bdabc530a6a0816f7ff89a0aaf/library/std/src/sys/backtrace.rs:42:9
[INFO] [stdout]    8:     0x5b1d7422a20a - std::panicking::default_hook::{{closure}}::he19d4c7230e07961
[INFO] [stdout]                                at /rustc/90b35a6239c3d8bdabc530a6a0816f7ff89a0aaf/library/std/src/panicking.rs:268:22
[INFO] [stdout]    9:     0x5b1d7422a014 - std::panicking::default_hook::hf614597d3c67bbdb
[INFO] [stdout]                                at /rustc/90b35a6239c3d8bdabc530a6a0816f7ff89a0aaf/library/std/src/panicking.rs:292:9
[INFO] [stdout]   10:     0x5b1d73c561b9 - <alloc::boxed::Box<F,A> as core::ops::function::Fn<Args>>::call::h39b51ce4599c23d1
[INFO] [stdout]                                at /rustc/90b35a6239c3d8bdabc530a6a0816f7ff89a0aaf/library/alloc/src/boxed.rs:2468:9
[INFO] [stdout]   11:     0x5b1d73c561b9 - test::test_main::{{closure}}::he977ae839a582784
[INFO] [stdout]                                at /rustc/90b35a6239c3d8bdabc530a6a0816f7ff89a0aaf/library/test/src/lib.rs:133:21
[INFO] [stdout]   12:     0x5b1d7422a8a8 - <alloc::boxed::Box<F,A> as core::ops::function::Fn<Args>>::call::h9455091b6b06f9fb
[INFO] [stdout]                                at /rustc/90b35a6239c3d8bdabc530a6a0816f7ff89a0aaf/library/alloc/src/boxed.rs:2468:9
[INFO] [stdout]   13:     0x5b1d7422a8a8 - std::panicking::rust_panic_with_hook::h8942133a8b252070
[INFO] [stdout]                                at /rustc/90b35a6239c3d8bdabc530a6a0816f7ff89a0aaf/library/std/src/panicking.rs:809:13
[INFO] [stdout]   14:     0x5b1d7422a66a - std::panicking::begin_panic_handler::{{closure}}::hb5f5963570096b29
[INFO] [stdout]                                at /rustc/90b35a6239c3d8bdabc530a6a0816f7ff89a0aaf/library/std/src/panicking.rs:674:13
[INFO] [stdout]   15:     0x5b1d74229289 - std::sys::backtrace::__rust_end_short_backtrace::h6208cedc1922feda
[INFO] [stdout]                                at /rustc/90b35a6239c3d8bdabc530a6a0816f7ff89a0aaf/library/std/src/sys/backtrace.rs:170:18
[INFO] [stdout]   16:     0x5b1d7422a2fc - rust_begin_unwind
[INFO] [stdout]                                at /rustc/90b35a6239c3d8bdabc530a6a0816f7ff89a0aaf/library/std/src/panicking.rs:665:5
[INFO] [stdout]   17:     0x5b1d73be72a0 - core::panicking::panic_fmt::h0c3082644d1bf418
[INFO] [stdout]                                at /rustc/90b35a6239c3d8bdabc530a6a0816f7ff89a0aaf/library/core/src/panicking.rs:74:14
[INFO] [stdout]   18:     0x5b1d73c02cb8 - http_api::common::result::expect_with_err::h6fc19cbef34e115d
[INFO] [stdout]                                at /opt/rustwide/workdir/tests/common/mod.rs:11:25
[INFO] [stdout]   19:     0x5b1d73bfb0f7 - http_api::auth::password::login_with_totp_recovery::hc62ab6666f906913
[INFO] [stdout]                                at /opt/rustwide/workdir/tests/auth/password.rs:157:15
[INFO] [stdout]   20:     0x5b1d73bfac97 - http_api::auth::password::login_with_totp_recovery::{{closure}}::h9ba117a60d3146a5
[INFO] [stdout]                                at /opt/rustwide/workdir/tests/auth/password.rs:132:30
[INFO] [stdout]   21:     0x5b1d73bfd866 - core::ops::function::FnOnce::call_once::h8719bf20d882e242
[INFO] [stdout]                                at /rustc/90b35a6239c3d8bdabc530a6a0816f7ff89a0aaf/library/core/src/ops/function.rs:250:5
[INFO] [stdout]   22:     0x5b1d73c5ab7b - core::ops::function::FnOnce::call_once::h109cf8051a59b34e
[INFO] [stdout]                                at /rustc/90b35a6239c3d8bdabc530a6a0816f7ff89a0aaf/library/core/src/ops/function.rs:250:5
[INFO] [stdout]   23:     0x5b1d73c5ab7b - test::__rust_begin_short_backtrace::hf4fff89d377446ba
[INFO] [stdout]                                at /rustc/90b35a6239c3d8bdabc530a6a0816f7ff89a0aaf/library/test/src/lib.rs:621:18
[INFO] [stdout]   24:     0x5b1d73c5a3b7 - test::run_test_in_process::{{closure}}::h0e39181dd7ee5a43
[INFO] [stdout]                                at /rustc/90b35a6239c3d8bdabc530a6a0816f7ff89a0aaf/library/test/src/lib.rs:644:60
[INFO] [stdout]   25:     0x5b1d73c5a3b7 - <core::panic::unwind_safe::AssertUnwindSafe<F> as core::ops::function::FnOnce<()>>::call_once::hc5a66a30f0bdfd1f
[INFO] [stdout]                                at /rustc/90b35a6239c3d8bdabc530a6a0816f7ff89a0aaf/library/core/src/panic/unwind_safe.rs:272:9
[INFO] [stdout]   26:     0x5b1d73c5a3b7 - std::panicking::try::do_call::h873b7cf639554a5e
[INFO] [stdout]                                at /rustc/90b35a6239c3d8bdabc530a6a0816f7ff89a0aaf/library/std/src/panicking.rs:557:40
[INFO] [stdout]   27:     0x5b1d73c5a3b7 - std::panicking::try::hdb19862fad9c8bd1
[INFO] [stdout]                                at /rustc/90b35a6239c3d8bdabc530a6a0816f7ff89a0aaf/library/std/src/panicking.rs:520:19
[INFO] [stdout]   28:     0x5b1d73c5a3b7 - std::panic::catch_unwind::h281fe732d236d260
[INFO] [stdout]                                at /rustc/90b35a6239c3d8bdabc530a6a0816f7ff89a0aaf/library/std/src/panic.rs:358:14
[INFO] [stdout]   29:     0x5b1d73c5a3b7 - test::run_test_in_process::h949b6df8457ed338
[INFO] [stdout]                                at /rustc/90b35a6239c3d8bdabc530a6a0816f7ff89a0aaf/library/test/src/lib.rs:644:27
[INFO] [stdout]   30:     0x5b1d73c5a3b7 - test::run_test::{{closure}}::h52c556a6d4740e10
[INFO] [stdout]                                at /rustc/90b35a6239c3d8bdabc530a6a0816f7ff89a0aaf/library/test/src/lib.rs:565:43
[INFO] [stdout]   31:     0x5b1d73c1f694 - test::run_test::{{closure}}::h4237f6381c45ccb9
[INFO] [stdout]                                at /rustc/90b35a6239c3d8bdabc530a6a0816f7ff89a0aaf/library/test/src/lib.rs:595:41
[INFO] [stdout]   32:     0x5b1d73c1f694 - std::sys::backtrace::__rust_begin_short_backtrace::h505c97a579eca628
[INFO] [stdout]                                at /rustc/90b35a6239c3d8bdabc530a6a0816f7ff89a0aaf/library/std/src/sys/backtrace.rs:154:18
[INFO] [stdout]   33:     0x5b1d73c22d5e - std::thread::Builder::spawn_unchecked_::{{closure}}::{{closure}}::h9e86b2e2bc107ea3
[INFO] [stdout]                                at /rustc/90b35a6239c3d8bdabc530a6a0816f7ff89a0aaf/library/std/src/thread/mod.rs:538:17
[INFO] [stdout]   34:     0x5b1d73c22d5e - <core::panic::unwind_safe::AssertUnwindSafe<F> as core::ops::function::FnOnce<()>>::call_once::h8b06ddb275ff4a25
[INFO] [stdout]                                at /rustc/90b35a6239c3d8bdabc530a6a0816f7ff89a0aaf/library/core/src/panic/unwind_safe.rs:272:9
[INFO] [stdout]   35:     0x5b1d73c22d5e - std::panicking::try::do_call::hb26ecd7cd9a9355d
[INFO] [stdout]                                at /rustc/90b35a6239c3d8bdabc530a6a0816f7ff89a0aaf/library/std/src/panicking.rs:557:40
[INFO] [stdout]   36:     0x5b1d73c22d5e - std::panicking::try::h8ddeca9d705f9069
[INFO] [stdout]                                at /rustc/90b35a6239c3d8bdabc530a6a0816f7ff89a0aaf/library/std/src/panicking.rs:520:19
[INFO] [stdout]   37:     0x5b1d73c22d5e - std::panic::catch_unwind::h49e1c33078844c46
[INFO] [stdout]                                at /rustc/90b35a6239c3d8bdabc530a6a0816f7ff89a0aaf/library/std/src/panic.rs:358:14
[INFO] [stdout]   38:     0x5b1d73c22d5e - std::thread::Builder::spawn_unchecked_::{{closure}}::h6073db6ff56ad35d
[INFO] [stdout]                                at /rustc/90b35a6239c3d8bdabc530a6a0816f7ff89a0aaf/library/std/src/thread/mod.rs:537:30
[INFO] [stdout]   39:     0x5b1d73c22d5e - core::ops::function::FnOnce::call_once{{vtable.shim}}::h2c5a5f3779c774f1
[INFO] [stdout]                                at /rustc/90b35a6239c3d8bdabc530a6a0816f7ff89a0aaf/library/core/src/ops/function.rs:250:5
[INFO] [stdout]   40:     0x5b1d7422eb6b - <alloc::boxed::Box<F,A> as core::ops::function::FnOnce<Args>>::call_once::hf75717d9f28faebf
[INFO] [stdout]                                at /rustc/90b35a6239c3d8bdabc530a6a0816f7ff89a0aaf/library/alloc/src/boxed.rs:2454:9
[INFO] [stdout]   41:     0x5b1d7422eb6b - <alloc::boxed::Box<F,A> as core::ops::function::FnOnce<Args>>::call_once::h7bd883a5f3c5f3c1
[INFO] [stdout]                                at /rustc/90b35a6239c3d8bdabc530a6a0816f7ff89a0aaf/library/alloc/src/boxed.rs:2454:9
[INFO] [stdout]   42:     0x5b1d7422eb6b - std::sys::pal::unix::thread::Thread::new::thread_start::hcc78f3943333fa94
[INFO] [stdout]                                at /rustc/90b35a6239c3d8bdabc530a6a0816f7ff89a0aaf/library/std/src/sys/pal/unix/thread.rs:105:17
[INFO] [stdout]   43:     0x78388c342ac3 - <unknown>
[INFO] [stdout]   44:     0x78388c3d3a04 - clone
[INFO] [stdout]   45:                0x0 - <unknown>
[INFO] [stdout] 
[INFO] [stdout] ---- auth::password::login_with_totp stdout ----
[INFO] [stdout] thread 'auth::password::login_with_totp' panicked at tests/common/mod.rs:11:25:
[INFO] [stdout] failed to send post request to server
[INFO] [stdout] reqwest::Error {
[INFO] [stdout]     kind: Request,
[INFO] [stdout]     url: Url {
[INFO] [stdout]         scheme: "http",
[INFO] [stdout]         cannot_be_a_base: false,
[INFO] [stdout]         username: "",
[INFO] [stdout]         password: None,
[INFO] [stdout]         host: Some(
[INFO] [stdout]             Domain(
[INFO] [stdout]                 "localhost",
[INFO] [stdout]             ),
[INFO] [stdout]         ),
[INFO] [stdout]         port: None,
[INFO] [stdout]         path: "/auth/session",
[INFO] [stdout]         query: None,
[INFO] [stdout]         fragment: None,
[INFO] [stdout]     },
[INFO] [stdout]     source: hyper::Error(
[INFO] [stdout]         Connect,
[INFO] [stdout]         ConnectError(
[INFO] [stdout]             "tcp connect error",
[INFO] [stdout]             Os {
[INFO] [stdout]                 code: 111,
[INFO] [stdout]                 kind: ConnectionRefused,
[INFO] [stdout]                 message: "Connection refused",
[INFO] [stdout]             },
[INFO] [stdout]         ),
[INFO] [stdout]     ),
[INFO] [stdout] }
[INFO] [stdout] stack backtrace:
[INFO] [stdout]    0:     0x5b1d74228daa - std::backtrace_rs::backtrace::libunwind::trace::h5a5b8284f2d0c266
[INFO] [stdout]                                at /rustc/90b35a6239c3d8bdabc530a6a0816f7ff89a0aaf/library/std/src/../../backtrace/src/backtrace/libunwind.rs:116:5
[INFO] [stdout]    1:     0x5b1d74228daa - std::backtrace_rs::backtrace::trace_unsynchronized::h76d4f1c9b0b875e3
[INFO] [stdout]                                at /rustc/90b35a6239c3d8bdabc530a6a0816f7ff89a0aaf/library/std/src/../../backtrace/src/backtrace/mod.rs:66:5
[INFO] [stdout]    2:     0x5b1d74228daa - std::sys::backtrace::_print_fmt::hc4546b8364a537c6
[INFO] [stdout]                                at /rustc/90b35a6239c3d8bdabc530a6a0816f7ff89a0aaf/library/std/src/sys/backtrace.rs:66:9
[INFO] [stdout]    3:     0x5b1d74228daa - <std::sys::backtrace::BacktraceLock::print::DisplayBacktrace as core::fmt::Display>::fmt::h5b6bd5631a6d1f6b
[INFO] [stdout]                                at /rustc/90b35a6239c3d8bdabc530a6a0816f7ff89a0aaf/library/std/src/sys/backtrace.rs:39:26
[INFO] [stdout]    4:     0x5b1d74251ba3 - core::fmt::rt::Argument::fmt::h270f6602a2b96f62
[INFO] [stdout]                                at /rustc/90b35a6239c3d8bdabc530a6a0816f7ff89a0aaf/library/core/src/fmt/rt.rs:177:76
[INFO] [stdout]    5:     0x5b1d74251ba3 - core::fmt::write::h7550c97b06c86515
[INFO] [stdout]                                at /rustc/90b35a6239c3d8bdabc530a6a0816f7ff89a0aaf/library/core/src/fmt/mod.rs:1186:21
[INFO] [stdout]    6:     0x5b1d74225443 - std::io::Write::write_fmt::h509ff860e5956e5e
[INFO] [stdout]                                at /rustc/90b35a6239c3d8bdabc530a6a0816f7ff89a0aaf/library/std/src/io/mod.rs:1839:15
[INFO] [stdout]    7:     0x5b1d74228bf2 - std::sys::backtrace::BacktraceLock::print::h2395ccd2c84ba3aa
[INFO] [stdout]                                at /rustc/90b35a6239c3d8bdabc530a6a0816f7ff89a0aaf/library/std/src/sys/backtrace.rs:42:9
[INFO] [stdout]    8:     0x5b1d7422a20a - std::panicking::default_hook::{{closure}}::he19d4c7230e07961
[INFO] [stdout]                                at /rustc/90b35a6239c3d8bdabc530a6a0816f7ff89a0aaf/library/std/src/panicking.rs:268:22
[INFO] [stdout]    9:     0x5b1d7422a014 - std::panicking::default_hook::hf614597d3c67bbdb
[INFO] [stdout]                                at /rustc/90b35a6239c3d8bdabc530a6a0816f7ff89a0aaf/library/std/src/panicking.rs:292:9
[INFO] [stdout]   10:     0x5b1d73c561b9 - <alloc::boxed::Box<F,A> as core::ops::function::Fn<Args>>::call::h39b51ce4599c23d1
[INFO] [stdout]                                at /rustc/90b35a6239c3d8bdabc530a6a0816f7ff89a0aaf/library/alloc/src/boxed.rs:2468:9
[INFO] [stdout]   11:     0x5b1d73c561b9 - test::test_main::{{closure}}::he977ae839a582784
[INFO] [stdout]                                at /rustc/90b35a6239c3d8bdabc530a6a0816f7ff89a0aaf/library/test/src/lib.rs:133:21
[INFO] [stdout]   12:     0x5b1d7422a8a8 - <alloc::boxed::Box<F,A> as core::ops::function::Fn<Args>>::call::h9455091b6b06f9fb
[INFO] [stdout]                                at /rustc/90b35a6239c3d8bdabc530a6a0816f7ff89a0aaf/library/alloc/src/boxed.rs:2468:9
[INFO] [stdout]   13:     0x5b1d7422a8a8 - std::panicking::rust_panic_with_hook::h8942133a8b252070
[INFO] [stdout]                                at /rustc/90b35a6239c3d8bdabc530a6a0816f7ff89a0aaf/library/std/src/panicking.rs:809:13
[INFO] [stdout]   14:     0x5b1d7422a66a - std::panicking::begin_panic_handler::{{closure}}::hb5f5963570096b29
[INFO] [stdout]                                at /rustc/90b35a6239c3d8bdabc530a6a0816f7ff89a0aaf/library/std/src/panicking.rs:674:13
[INFO] [stdout]   15:     0x5b1d74229289 - std::sys::backtrace::__rust_end_short_backtrace::h6208cedc1922feda
[INFO] [stdout]                                at /rustc/90b35a6239c3d8bdabc530a6a0816f7ff89a0aaf/library/std/src/sys/backtrace.rs:170:18
[INFO] [stdout]   16:     0x5b1d7422a2fc - rust_begin_unwind
[INFO] [stdout]                                at /rustc/90b35a6239c3d8bdabc530a6a0816f7ff89a0aaf/library/std/src/panicking.rs:665:5
[INFO] [stdout]   17:     0x5b1d73be72a0 - core::panicking::panic_fmt::h0c3082644d1bf418
[INFO] [stdout]                                at /rustc/90b35a6239c3d8bdabc530a6a0816f7ff89a0aaf/library/core/src/panicking.rs:74:14
[INFO] [stdout]   18:     0x5b1d73c02cb8 - http_api::common::result::expect_with_err::h6fc19cbef34e115d
[INFO] [stdout]                                at /opt/rustwide/workdir/tests/common/mod.rs:11:25
[INFO] [stdout]   19:     0x5b1d73bf9b77 - http_api::auth::password::login_with_totp::h84b795699d710894
[INFO] [stdout]                                at /opt/rustwide/workdir/tests/auth/password.rs:67:15
[INFO] [stdout]   20:     0x5b1d73bf9797 - http_api::auth::password::login_with_totp::{{closure}}::hf9e70d2b0a4865a3
[INFO] [stdout]                                at /opt/rustwide/workdir/tests/auth/password.rs:51:21
[INFO] [stdout]   21:     0x5b1d73bfd946 - core::ops::function::FnOnce::call_once::hcbeb4b3a40d1e5b5
[INFO] [stdout]                                at /rustc/90b35a6239c3d8bdabc530a6a0816f7ff89a0aaf/library/core/src/ops/function.rs:250:5
[INFO] [stdout]   22:     0x5b1d73c5ab7b - core::ops::function::FnOnce::call_once::h109cf8051a59b34e
[INFO] [stdout]                                at /rustc/90b35a6239c3d8bdabc530a6a0816f7ff89a0aaf/library/core/src/ops/function.rs:250:5
[INFO] [stdout]   23:     0x5b1d73c5ab7b - test::__rust_begin_short_backtrace::hf4fff89d377446ba
[INFO] [stdout]                                at /rustc/90b35a6239c3d8bdabc530a6a0816f7ff89a0aaf/library/test/src/lib.rs:621:18
[INFO] [stdout]   24:     0x5b1d73c5a3b7 - test::run_test_in_process::{{closure}}::h0e39181dd7ee5a43
[INFO] [stdout]                                at /rustc/90b35a6239c3d8bdabc530a6a0816f7ff89a0aaf/library/test/src/lib.rs:644:60
[INFO] [stdout]   25:     0x5b1d73c5a3b7 - <core::panic::unwind_safe::AssertUnwindSafe<F> as core::ops::function::FnOnce<()>>::call_once::hc5a66a30f0bdfd1f
[INFO] [stdout]                                at /rustc/90b35a6239c3d8bdabc530a6a0816f7ff89a0aaf/library/core/src/panic/unwind_safe.rs:272:9
[INFO] [stdout]   26:     0x5b1d73c5a3b7 - std::panicking::try::do_call::h873b7cf639554a5e
[INFO] [stdout]                                at /rustc/90b35a6239c3d8bdabc530a6a0816f7ff89a0aaf/library/std/src/panicking.rs:557:40
[INFO] [stdout]   27:     0x5b1d73c5a3b7 - std::panicking::try::hdb19862fad9c8bd1
[INFO] [stdout]                                at /rustc/90b35a6239c3d8bdabc530a6a0816f7ff89a0aaf/library/std/src/panicking.rs:520:19
[INFO] [stdout]   28:     0x5b1d73c5a3b7 - std::panic::catch_unwind::h281fe732d236d260
[INFO] [stdout]                                at /rustc/90b35a6239c3d8bdabc530a6a0816f7ff89a0aaf/library/std/src/panic.rs:358:14
[INFO] [stdout]   29:     0x5b1d73c5a3b7 - test::run_test_in_process::h949b6df8457ed338
[INFO] [stdout]                                at /rustc/90b35a6239c3d8bdabc530a6a0816f7ff89a0aaf/library/test/src/lib.rs:644:27
[INFO] [stdout]   30:     0x5b1d73c5a3b7 - test::run_test::{{closure}}::h52c556a6d4740e10
[INFO] [stdout]                                at /rustc/90b35a6239c3d8bdabc530a6a0816f7ff89a0aaf/library/test/src/lib.rs:565:43
[INFO] [stdout]   31:     0x5b1d73c1f694 - test::run_test::{{closure}}::h4237f6381c45ccb9
[INFO] [stdout]                                at /rustc/90b35a6239c3d8bdabc530a6a0816f7ff89a0aaf/library/test/src/lib.rs:595:41
[INFO] [stdout]   32:     0x5b1d73c1f694 - std::sys::backtrace::__rust_begin_short_backtrace::h505c97a579eca628
[INFO] [stdout]                                at /rustc/90b35a6239c3d8bdabc530a6a0816f7ff89a0aaf/library/std/src/sys/backtrace.rs:154:18
[INFO] [stdout]   33:     0x5b1d73c22d5e - std::thread::Builder::spawn_unchecked_::{{closure}}::{{closure}}::h9e86b2e2bc107ea3
[INFO] [stdout]                                at /rustc/90b35a6239c3d8bdabc530a6a0816f7ff89a0aaf/library/std/src/thread/mod.rs:538:17
[INFO] [stdout]   34:     0x5b1d73c22d5e - <core::panic::unwind_safe::AssertUnwindSafe<F> as core::ops::function::FnOnce<()>>::call_once::h8b06ddb275ff4a25
[INFO] [stdout]                                at /rustc/90b35a6239c3d8bdabc530a6a0816f7ff89a0aaf/library/core/src/panic/unwind_safe.rs:272:9
[INFO] [stdout]   35:     0x5b1d73c22d5e - std::panicking::try::do_call::hb26ecd7cd9a9355d
[INFO] [stdout]                                at /rustc/90b35a6239c3d8bdabc530a6a0816f7ff89a0aaf/library/std/src/panicking.rs:557:40
[INFO] [stdout]   36:     0x5b1d73c22d5e - std::panicking::try::h8ddeca9d705f9069
[INFO] [stdout]                                at /rustc/90b35a6239c3d8bdabc530a6a0816f7ff89a0aaf/library/std/src/panicking.rs:520:19
[INFO] [stdout]   37:     0x5b1d73c22d5e - std::panic::catch_unwind::h49e1c33078844c46
[INFO] [stdout]                                at /rustc/90b35a6239c3d8bdabc530a6a0816f7ff89a0aaf/library/std/src/panic.rs:358:14
[INFO] [stdout]   38:     0x5b1d73c22d5e - std::thread::Builder::spawn_unchecked_::{{closure}}::h6073db6ff56ad35d
[INFO] [stdout]                                at /rustc/90b35a6239c3d8bdabc530a6a0816f7ff89a0aaf/library/std/src/thread/mod.rs:537:30
[INFO] [stdout]   39:     0x5b1d73c22d5e - core::ops::function::FnOnce::call_once{{vtable.shim}}::h2c5a5f3779c774f1
[INFO] [stdout]                                at /rustc/90b35a6239c3d8bdabc530a6a0816f7ff89a0aaf/library/core/src/ops/function.rs:250:5
[INFO] [stdout]   40:     0x5b1d7422eb6b - <alloc::boxed::Box<F,A> as core::ops::function::FnOnce<Args>>::call_once::hf75717d9f28faebf
[INFO] [stdout]                                at /rustc/90b35a6239c3d8bdabc530a6a0816f7ff89a0aaf/library/alloc/src/boxed.rs:2454:9
[INFO] [stdout]   41:     0x5b1d7422eb6b - <alloc::boxed::Box<F,A> as core::ops::function::FnOnce<Args>>::call_once::h7bd883a5f3c5f3c1
[INFO] [stdout]                                at /rustc/90b35a6239c3d8bdabc530a6a0816f7ff89a0aaf/library/alloc/src/boxed.rs:2454:9
[INFO] [stdout]   42:     0x5b1d7422eb6b - std::sys::pal::unix::thread::Thread::new::thread_start::hcc78f3943333fa94
[INFO] [stdout]                                at /rustc/90b35a6239c3d8bdabc530a6a0816f7ff89a0aaf/library/std/src/sys/pal/unix/thread.rs:105:17
[INFO] [stdout]   43:     0x78388c342ac3 - <unknown>
[INFO] [stdout]   44:     0x78388c3d3a04 - clone
[INFO] [stdout]   45:                0x0 - <unknown>
[INFO] [stdout] 
[INFO] [stdout] 
[INFO] [stdout] failures:
[INFO] [stdout]     auth::password::login
[INFO] [stdout]     auth::password::login_with_totp
[INFO] [stdout]     auth::password::login_with_totp_recovery
[INFO] [stdout]     status::ping::ping_server
[INFO] [stdout] 
[INFO] [stdout] test result: FAILED. 0 passed; 4 failed; 0 ignored; 0 measured; 0 filtered out; finished in 0.21s
[INFO] [stdout] 
[INFO] [stderr] error: test failed, to rerun pass `--test http_api`
[INFO] running `Command { std: "docker" "inspect" "3bdb1ea13edee53472468c15387809ffdb39167d756eddf10f5a448531ff81fa", kill_on_drop: false }`
[INFO] running `Command { std: "docker" "rm" "-f" "3bdb1ea13edee53472468c15387809ffdb39167d756eddf10f5a448531ff81fa", kill_on_drop: false }`
[INFO] [stdout] 3bdb1ea13edee53472468c15387809ffdb39167d756eddf10f5a448531ff81fa
