[INFO] cloning repository https://github.com/CosmosBowen/Evolve_Intelligence
[INFO] running `Command { std: "git" "-c" "credential.helper=" "-c" "credential.helper=/workspace/cargo-home/bin/git-credential-null" "clone" "--bare" "https://github.com/CosmosBowen/Evolve_Intelligence" "/workspace/cache/git-repos/https%3A%2F%2Fgithub.com%2FCosmosBowen%2FEvolve_Intelligence", kill_on_drop: false }`
[INFO] [stderr] Cloning into bare repository '/workspace/cache/git-repos/https%3A%2F%2Fgithub.com%2FCosmosBowen%2FEvolve_Intelligence'...
[INFO] running `Command { std: "git" "rev-parse" "HEAD", kill_on_drop: false }`
[INFO] [stdout] c704528381144f4d33603d6d71e97c803d2dcdd7
[INFO] testing CosmosBowen/Evolve_Intelligence against 1.83.0 for beta-1.84.0-4-retry
[INFO] running `Command { std: "git" "clone" "/workspace/cache/git-repos/https%3A%2F%2Fgithub.com%2FCosmosBowen%2FEvolve_Intelligence" "/workspace/builds/worker-3-tc1/source", kill_on_drop: false }`
[INFO] [stderr] Cloning into '/workspace/builds/worker-3-tc1/source'...
[INFO] [stderr] done.
[INFO] validating manifest of git repo https://github.com/CosmosBowen/Evolve_Intelligence on toolchain 1.83.0
[INFO] running `Command { std: CARGO_HOME="/workspace/cargo-home" RUSTUP_HOME="/workspace/rustup-home" "/workspace/cargo-home/bin/cargo" "+1.83.0" "metadata" "--manifest-path" "Cargo.toml" "--no-deps", kill_on_drop: false }`
[INFO] started tweaking git repo https://github.com/CosmosBowen/Evolve_Intelligence
[INFO] finished tweaking git repo https://github.com/CosmosBowen/Evolve_Intelligence
[INFO] tweaked toml for git repo https://github.com/CosmosBowen/Evolve_Intelligence written to /workspace/builds/worker-3-tc1/source/Cargo.toml
[INFO] crate git repo https://github.com/CosmosBowen/Evolve_Intelligence already has a lockfile, it will not be regenerated
[INFO] running `Command { std: CARGO_HOME="/workspace/cargo-home" RUSTUP_HOME="/workspace/rustup-home" "/workspace/cargo-home/bin/cargo" "+1.83.0" "fetch" "--manifest-path" "Cargo.toml", kill_on_drop: false }`
[INFO] [stderr]     Updating crates.io index
[INFO] [stderr]  Downloading crates ...
[INFO] [stderr]   Downloaded test-case v3.3.1
[INFO] [stderr]   Downloaded test-case-macros v3.3.1
[INFO] [stderr]   Downloaded test-case-core v3.3.1
[INFO] [stderr]   Downloaded matrixmultiply v0.3.9
[INFO] [stderr]   Downloaded float_next_after v1.0.0
[INFO] [stderr]   Downloaded simba v0.4.0
[INFO] [stderr]   Downloaded ordered-float v4.2.2
[INFO] [stderr]   Downloaded lyon_path v1.0.5
[INFO] [stderr]   Downloaded serde_derive v1.0.207
[INFO] [stderr]   Downloaded camino v1.1.7
[INFO] [stderr]   Downloaded glyph_brush_draw_cache v0.1.6
[INFO] [stderr]   Downloaded serde v1.0.207
[INFO] [stderr]   Downloaded pulldown-cmark v0.9.6
[INFO] [stderr]   Downloaded serde_json v1.0.124
[INFO] [stderr]   Downloaded lyon_tessellation v1.0.15
[INFO] [stderr]   Downloaded cc v1.1.10
[INFO] [stderr]   Downloaded ggez v0.9.3
[INFO] [stderr]   Downloaded nalgebra v0.26.2
[INFO] [stderr]   Downloaded bytecount v0.6.8
[INFO] [stderr]   Downloaded num-complex v0.3.1
[INFO] [stderr]   Downloaded glyph_brush v0.7.9
[INFO] running `Command { std: "docker" "create" "-v" "/var/lib/crater-agent-workspace/builds/worker-3-tc1/target:/opt/rustwide/target:rw,Z" "-v" "/var/lib/crater-agent-workspace/builds/worker-3-tc1/source:/opt/rustwide/workdir:ro,Z" "-v" "/var/lib/crater-agent-workspace/cargo-home:/opt/rustwide/cargo-home:ro,Z" "-v" "/var/lib/crater-agent-workspace/rustup-home:/opt/rustwide/rustup-home:ro,Z" "-e" "SOURCE_DIR=/opt/rustwide/workdir" "-e" "CARGO_TARGET_DIR=/opt/rustwide/target" "-e" "CARGO_HOME=/opt/rustwide/cargo-home" "-e" "RUSTUP_HOME=/opt/rustwide/rustup-home" "-w" "/opt/rustwide/workdir" "-m" "1610612736" "--user" "0:0" "--network" "none" "ghcr.io/rust-lang/crates-build-env/linux@sha256:f3a9d4ad9d972b27faf3965f35b62e55ba32bbce8f20bc8fe909558a86702fde" "/opt/rustwide/cargo-home/bin/cargo" "+1.83.0" "metadata" "--no-deps" "--format-version=1", kill_on_drop: false }`
[INFO] [stdout] 5d392d39b475562161112dd9c54cdc9395f6b4cf34e7057734aa56e4109e550b
[INFO] running `Command { std: "docker" "start" "-a" "5d392d39b475562161112dd9c54cdc9395f6b4cf34e7057734aa56e4109e550b", kill_on_drop: false }`
[INFO] running `Command { std: "docker" "inspect" "5d392d39b475562161112dd9c54cdc9395f6b4cf34e7057734aa56e4109e550b", kill_on_drop: false }`
[INFO] running `Command { std: "docker" "rm" "-f" "5d392d39b475562161112dd9c54cdc9395f6b4cf34e7057734aa56e4109e550b", kill_on_drop: false }`
[INFO] [stdout] 5d392d39b475562161112dd9c54cdc9395f6b4cf34e7057734aa56e4109e550b
[INFO] running `Command { std: "docker" "create" "-v" "/var/lib/crater-agent-workspace/builds/worker-3-tc1/target:/opt/rustwide/target:rw,Z" "-v" "/var/lib/crater-agent-workspace/builds/worker-3-tc1/source:/opt/rustwide/workdir:ro,Z" "-v" "/var/lib/crater-agent-workspace/cargo-home:/opt/rustwide/cargo-home:ro,Z" "-v" "/var/lib/crater-agent-workspace/rustup-home:/opt/rustwide/rustup-home:ro,Z" "-e" "SOURCE_DIR=/opt/rustwide/workdir" "-e" "CARGO_TARGET_DIR=/opt/rustwide/target" "-e" "CARGO_INCREMENTAL=0" "-e" "RUST_BACKTRACE=full" "-e" "RUSTFLAGS=--cap-lints=warn" "-e" "RUSTDOCFLAGS=--cap-lints=warn" "-e" "CARGO_HOME=/opt/rustwide/cargo-home" "-e" "RUSTUP_HOME=/opt/rustwide/rustup-home" "-w" "/opt/rustwide/workdir" "-m" "1610612736" "--user" "0:0" "--network" "none" "ghcr.io/rust-lang/crates-build-env/linux@sha256:f3a9d4ad9d972b27faf3965f35b62e55ba32bbce8f20bc8fe909558a86702fde" "/opt/rustwide/cargo-home/bin/cargo" "+1.83.0" "build" "--frozen" "--message-format=json", kill_on_drop: false }`
[INFO] [stdout] aaaa7c315b1eb7ae7fb8a0d498796abbb509982496f9e4e0cb984f3920bfb0e3
[INFO] running `Command { std: "docker" "start" "-a" "aaaa7c315b1eb7ae7fb8a0d498796abbb509982496f9e4e0cb984f3920bfb0e3", kill_on_drop: false }`
[INFO] [stderr]    Compiling proc-macro2 v1.0.86
[INFO] [stderr]    Compiling unicode-ident v1.0.12
[INFO] [stderr]    Compiling autocfg v1.3.0
[INFO] [stderr]    Compiling libc v0.2.155
[INFO] [stderr]    Compiling libm v0.2.8
[INFO] [stderr]    Compiling version_check v0.9.5
[INFO] [stderr]    Compiling log v0.4.22
[INFO] [stderr]    Compiling once_cell v1.19.0
[INFO] [stderr]    Compiling xml-rs v0.8.21
[INFO] [stderr]    Compiling lazy_static v1.5.0
[INFO] [stderr]    Compiling libloading v0.8.5
[INFO] [stderr]    Compiling serde v1.0.207
[INFO] [stderr]    Compiling num-traits v0.2.19
[INFO] [stderr]    Compiling memoffset v0.6.5
[INFO] [stderr]    Compiling bitflags v2.6.0
[INFO] [stderr]    Compiling smallvec v1.13.2
[INFO] [stderr]    Compiling quote v1.0.36
[INFO] [stderr]    Compiling thiserror v1.0.63
[INFO] [stderr]    Compiling syn v2.0.72
[INFO] [stderr]    Compiling wayland-scanner v0.29.5
[INFO] [stderr]    Compiling simd-adler32 v0.3.7
[INFO] [stderr]    Compiling jobserver v0.1.32
[INFO] [stderr]    Compiling wayland-sys v0.29.5
[INFO] [stderr]    Compiling crossbeam-utils v0.8.20
[INFO] [stderr]    Compiling adler v1.0.2
[INFO] [stderr]    Compiling miniz_oxide v0.7.4
[INFO] [stderr]    Compiling cc v1.1.10
[INFO] [stderr]    Compiling dlib v0.5.2
[INFO] [stderr]    Compiling crc32fast v1.4.2
[INFO] [stderr]    Compiling ahash v0.8.11
[INFO] [stderr]    Compiling getrandom v0.2.15
[INFO] [stderr]    Compiling nix v0.24.3
[INFO] [stderr]    Compiling wayland-client v0.29.5
[INFO] [stderr]    Compiling flate2 v1.0.31
[INFO] [stderr]    Compiling rand_core v0.6.4
[INFO] [stderr]    Compiling ttf-parser v0.24.1
[INFO] [stderr]    Compiling lock_api v0.4.12
[INFO] [stderr]    Compiling indexmap v1.9.3
[INFO] [stderr]    Compiling unicase v2.7.0
[INFO] [stderr]    Compiling slotmap v1.0.7
[INFO] [stderr]    Compiling memchr v2.7.4
[INFO] [stderr]    Compiling serde_json v1.0.124
[INFO] [stderr]    Compiling rustix v0.38.34
[INFO] [stderr]    Compiling camino v1.1.7
[INFO] [stderr]    Compiling zstd-sys v2.0.13+zstd.1.5.6
[INFO] [stderr]    Compiling semver v1.0.23
[INFO] [stderr]    Compiling ab_glyph_rasterizer v0.1.8
[INFO] [stderr]    Compiling scoped-tls v1.0.1
[INFO] [stderr]    Compiling parking_lot_core v0.9.10
[INFO] [stderr]    Compiling downcast-rs v1.2.1
[INFO] [stderr]    Compiling vec_map v0.8.2
[INFO] [stderr]    Compiling wayland-commons v0.29.5
[INFO] [stderr]    Compiling crossbeam-epoch v0.9.18
[INFO] [stderr]    Compiling wayland-protocols v0.29.5
[INFO] [stderr]    Compiling zerocopy-derive v0.7.35
[INFO] [stderr]    Compiling bytemuck_derive v1.7.0
[INFO] [stderr]    Compiling serde_derive v1.0.207
[INFO] [stderr]    Compiling thiserror-impl v1.0.63
[INFO] [stderr]    Compiling euclid v0.22.10
[INFO] [stderr]    Compiling zerocopy v0.7.35
[INFO] [stderr]    Compiling ppv-lite86 v0.2.20
[INFO] [stderr]    Compiling owned_ttf_parser v0.24.0
[INFO] [stderr]    Compiling bytemuck v1.16.3
[INFO] [stderr]    Compiling ab_glyph v0.2.28
[INFO] [stderr]    Compiling rand_chacha v0.3.1
[INFO] [stderr]    Compiling fdeflate v0.3.4
[INFO] [stderr]    Compiling rand v0.8.5
[INFO] [stderr]    Compiling error-chain v0.12.4
[INFO] [stderr]    Compiling libloading v0.7.4
[INFO] [stderr]    Compiling rayon-core v1.12.1
[INFO] [stderr]    Compiling allocator-api2 v0.2.18
[INFO] [stderr]    Compiling ash v0.37.3+1.3.251
[INFO] [stderr]    Compiling itoa v1.0.11
[INFO] [stderr]    Compiling cfg_aliases v0.2.1
[INFO] [stderr]    Compiling pulldown-cmark v0.9.6
[INFO] [stderr]    Compiling bit-vec v0.6.3
[INFO] [stderr]    Compiling termcolor v1.4.1
[INFO] [stderr]    Compiling ryu v1.0.18
[INFO] [stderr]    Compiling unicode-width v0.1.13
[INFO] [stderr]    Compiling linux-raw-sys v0.4.14
[INFO] [stderr]    Compiling khronos-egl v4.1.0
[INFO] [stderr]    Compiling codespan-reporting v0.11.1
[INFO] [stderr]    Compiling hashbrown v0.14.5
[INFO] [stderr]    Compiling bit-set v0.5.3
[INFO] [stderr]    Compiling nix v0.29.0
[INFO] [stderr]    Compiling png v0.17.13
[INFO] [stderr]    Compiling symphonia-core v0.5.4
[INFO] [stderr]    Compiling lyon_geom v1.0.5
[INFO] [stderr]    Compiling crossbeam-deque v0.8.5
[INFO] [stderr]    Compiling bzip2-sys v0.1.11+1.0.8
[INFO] [stderr]    Compiling nix v0.25.1
[INFO] [stderr]    Compiling spirv v0.2.0+1.5.4
[INFO] [stderr]    Compiling gpu-descriptor-types v0.1.2
[INFO] [stderr]    Compiling gpu-alloc-types v0.2.0
[INFO] [stderr]    Compiling encoding_rs v0.8.34
[INFO] [stderr]    Compiling libudev-sys v0.1.4
[INFO] [stderr]    Compiling smithay-client-toolkit v0.16.1
[INFO] [stderr]    Compiling zstd-safe v5.0.2+zstd.1.5.2
[INFO] [stderr]    Compiling syn v1.0.109
[INFO] [stderr]    Compiling paste v1.0.15
[INFO] [stderr]    Compiling hexf-parse v0.2.1
[INFO] [stderr]    Compiling strict-num v0.1.1
[INFO] [stderr]    Compiling unicode-xid v0.2.4
[INFO] [stderr]    Compiling raw-window-handle v0.5.2
[INFO] [stderr]    Compiling arrayref v0.3.8
[INFO] [stderr]    Compiling fastrand v2.1.0
[INFO] [stderr]    Compiling same-file v1.0.6
[INFO] [stderr]    Compiling xcursor v0.3.8
[INFO] [stderr]    Compiling rustc-hash v1.1.0
[INFO] [stderr]    Compiling naga v0.12.3
[INFO] [stderr]    Compiling tempfile v3.12.0
[INFO] [stderr]    Compiling calloop v0.10.6
[INFO] [stderr]    Compiling symphonia-metadata v0.5.4
[INFO] [stderr]    Compiling wayland-cursor v0.29.5
[INFO] [stderr]    Compiling walkdir v2.5.0
[INFO] [stderr]    Compiling tiny-skia-path v0.8.4
[INFO] [stderr]    Compiling gpu-alloc v0.5.4
[INFO] [stderr]    Compiling gpu-descriptor v0.2.4
[INFO] [stderr]    Compiling parking_lot v0.12.3
[INFO] [stderr]    Compiling cargo-platform v0.1.8
[INFO] [stderr]    Compiling lyon_path v1.0.5
[INFO] [stderr]    Compiling alsa-sys v0.3.1
[INFO] [stderr]    Compiling cargo_metadata v0.14.2
[INFO] [stderr]    Compiling inotify-sys v0.1.5
[INFO] [stderr]    Compiling memmap2 v0.5.10
[INFO] [stderr]    Compiling wgpu-types v0.16.1
[INFO] [stderr]    Compiling matrixmultiply v0.3.9
[INFO] [stderr]    Compiling num-rational v0.3.2
[INFO] [stderr]    Compiling x11-dl v2.21.0
[INFO] [stderr]    Compiling bytecount v0.6.8
[INFO] [stderr]    Compiling static_assertions v1.1.0
[INFO] [stderr]    Compiling glob v0.3.1
[INFO] [stderr]    Compiling renderdoc-sys v1.1.0
[INFO] [stderr]    Compiling either v1.13.0
[INFO] [stderr]    Compiling glow v0.12.3
[INFO] [stderr]    Compiling typenum v1.17.0
[INFO] [stderr]    Compiling cfg_aliases v0.1.1
[INFO] [stderr]    Compiling profiling v1.0.15
[INFO] [stderr]    Compiling weezl v0.1.8
[INFO] [stderr]    Compiling winit v0.28.7
[INFO] [stderr]    Compiling rayon v1.10.0
[INFO] [stderr]    Compiling skeptic v0.13.7
[INFO] [stderr]    Compiling tinyvec v1.8.0
[INFO] [stderr]    Compiling inotify v0.10.2
[INFO] [stderr]    Compiling alsa v0.9.0
[INFO] [stderr]    Compiling tiny-skia v0.8.4
[INFO] [stderr]    Compiling symphonia-bundle-mp3 v0.5.4
[INFO] [stderr]    Compiling crossbeam-channel v0.5.13
[INFO] [stderr]    Compiling num-complex v0.3.1
[INFO] [stderr]    Compiling approx v0.4.0
[INFO] [stderr]    Compiling approx v0.5.1
[INFO] [stderr]    Compiling num-integer v0.1.46
[INFO] [stderr]    Compiling memoffset v0.8.0
[INFO] [stderr]    Compiling rustc-hash v2.0.0
[INFO] [stderr]    Compiling xi-unicode v0.3.0
[INFO] [stderr]    Compiling rawpointer v0.2.1
[INFO] [stderr]    Compiling gilrs v0.10.9
[INFO] [stderr]    Compiling option-ext v0.2.0
[INFO] [stderr]    Compiling color_quant v1.1.0
[INFO] [stderr]    Compiling uuid v1.10.0
[INFO] [stderr]    Compiling jpeg-decoder v0.3.1
[INFO] [stderr]    Compiling mint v0.5.9
[INFO] [stderr]    Compiling float_next_after v1.0.0
[INFO] [stderr]    Compiling linked-hash-map v0.5.6
[INFO] [stderr]    Compiling lyon_tessellation v1.0.15
[INFO] [stderr]    Compiling crevice-derive v0.10.0
[INFO] [stderr]    Compiling gilrs-core v0.5.13
[INFO] [stderr]    Compiling glyph_brush_draw_cache v0.1.6
[INFO] [stderr]    Compiling gif v0.13.1
[INFO] [stderr]    Compiling glyph_brush_layout v0.2.4
[INFO] [stderr]    Compiling dirs-sys v0.4.1
[INFO] [stderr]    Compiling tiff v0.9.1
[INFO] [stderr]    Compiling cpal v0.15.3
[INFO] [stderr]    Compiling lewton v0.10.2
[INFO] [stderr]    Compiling simba v0.4.0
[INFO] [stderr]    Compiling symphonia v0.5.4
[INFO] [stderr]    Compiling bzip2 v0.4.4
[INFO] [stderr]    Compiling zstd v0.11.2+zstd.1.5.2
[INFO] [stderr]    Compiling ggez v0.9.3
[INFO] [stderr]    Compiling twox-hash v1.6.3
[INFO] [stderr]    Compiling lyon_algorithms v1.0.4
[INFO] [stderr]    Compiling mio v0.8.11
[INFO] [stderr]    Compiling ordered-float v4.2.2
[INFO] [stderr]    Compiling instant v0.1.13
[INFO] [stderr]    Compiling percent-encoding v2.3.1
[INFO] [stderr]    Compiling rodio v0.17.3
[INFO] [stderr]    Compiling wgpu-hal v0.16.2
[INFO] [stderr]    Compiling glyph_brush v0.7.9
[INFO] [stderr]    Compiling lyon v1.0.1
[INFO] [stderr]    Compiling image v0.24.9
[INFO] [stderr]    Compiling zip v0.6.6
[INFO] [stderr]    Compiling directories v5.0.1
[INFO] [stderr]    Compiling crevice v0.13.0
[INFO] [stderr]    Compiling glam v0.24.2
[INFO] [stderr]    Compiling toml v0.5.11
[INFO] [stderr]    Compiling neural-network v0.1.0 (/opt/rustwide/workdir/libs/neural-network)
[INFO] [stderr]    Compiling smart-default v0.7.1
[INFO] [stderr]    Compiling wgpu-core v0.16.1
[INFO] [stderr]    Compiling ordered-float v3.9.2
[INFO] [stderr]    Compiling nalgebra v0.26.2
[INFO] [stderr]    Compiling pollster v0.3.0
[INFO] [stderr]    Compiling typed-arena v2.0.2
[INFO] [stderr]    Compiling genetic-algorithm v0.1.0 (/opt/rustwide/workdir/libs/genetic-algorithm)
[INFO] [stderr]    Compiling wgpu v0.16.3
[INFO] [stderr]    Compiling simulation v0.1.0 (/opt/rustwide/workdir/libs/simulation)
[INFO] [stdout] warning: struct `World` is never constructed
[INFO] [stdout]  --> libs/simulation/src/lib.rs:6:8
[INFO] [stdout]   |
[INFO] [stdout] 6 | struct World {
[INFO] [stdout]   |        ^^^^^
[INFO] [stdout]   |
[INFO] [stdout]   = note: `#[warn(dead_code)]` on by default
[INFO] [stdout] 
[INFO] [stdout] 
[INFO] [stdout] warning: struct `Environment` is never constructed
[INFO] [stdout]   --> libs/simulation/src/lib.rs:11:8
[INFO] [stdout]    |
[INFO] [stdout] 11 | struct Environment {
[INFO] [stdout]    |        ^^^^^^^^^^^
[INFO] [stdout] 
[INFO] [stdout] 
[INFO] [stdout] warning: struct `Creature` is never constructed
[INFO] [stdout]   --> libs/simulation/src/lib.rs:15:8
[INFO] [stdout]    |
[INFO] [stdout] 15 | struct Creature {
[INFO] [stdout]    |        ^^^^^^^^
[INFO] [stdout] 
[INFO] [stdout] 
[INFO] [stdout] warning: struct `Body` is never constructed
[INFO] [stdout]   --> libs/simulation/src/lib.rs:22:8
[INFO] [stdout]    |
[INFO] [stdout] 22 | struct Body {
[INFO] [stdout]    |        ^^^^
[INFO] [stdout] 
[INFO] [stdout] 
[INFO] [stdout] warning: struct `Food` is never constructed
[INFO] [stdout]   --> libs/simulation/src/lib.rs:30:8
[INFO] [stdout]    |
[INFO] [stdout] 30 | struct Food {
[INFO] [stdout]    |        ^^^^
[INFO] [stdout] 
[INFO] [stdout] 
[INFO] [stdout] warning: struct `Eye` is never constructed
[INFO] [stdout]   --> libs/simulation/src/lib.rs:35:8
[INFO] [stdout]    |
[INFO] [stdout] 35 | struct Eye {
[INFO] [stdout]    |        ^^^
[INFO] [stdout] 
[INFO] [stdout] 
[INFO] [stdout] warning: method `inside_fov` is never used
[INFO] [stdout]   --> libs/simulation/src/lib.rs:57:8
[INFO] [stdout]    |
[INFO] [stdout] 46 | impl Eye {
[INFO] [stdout]    | -------- method in this implementation
[INFO] [stdout] ...
[INFO] [stdout] 57 |     fn inside_fov<O>(&self, object_position: na::Point2<f32>, position: na::Point2<f32>, rotation: na::Rotation2<f32>) -> bool {
[INFO] [stdout]    |        ^^^^^^^^^^
[INFO] [stdout] 
[INFO] [stdout] 
[INFO] [stdout] warning: struct `Brain` is never constructed
[INFO] [stdout]   --> libs/simulation/src/lib.rs:75:8
[INFO] [stdout]    |
[INFO] [stdout] 75 | struct Brain {
[INFO] [stdout]    |        ^^^^^
[INFO] [stdout] 
[INFO] [stdout] 
[INFO] [stderr]    Compiling sctk-adwaita v0.5.4
[INFO] [stderr]    Compiling evolution_sim v0.1.0 (/opt/rustwide/workdir/libs/evolution_sim)
[INFO] [stdout] warning: constant `EYE_CELLS` is never used
[INFO] [stdout]   --> libs/evolution_sim/src/eye.rs:89:7
[INFO] [stdout]    |
[INFO] [stdout] 89 | const EYE_CELLS: usize = 13; //13
[INFO] [stdout]    |       ^^^^^^^^^
[INFO] [stdout]    |
[INFO] [stdout]    = note: `#[warn(dead_code)]` on by default
[INFO] [stdout] 
[INFO] [stdout] 
[INFO] [stdout] warning: function `food` is never used
[INFO] [stdout]   --> libs/evolution_sim/src/eye.rs:91:4
[INFO] [stdout]    |
[INFO] [stdout] 91 | fn food(x: f32, y: f32) -> Food {
[INFO] [stdout]    |    ^^^^
[INFO] [stdout] 
[INFO] [stdout] 
[INFO] [stderr]     Finished `dev` profile [unoptimized + debuginfo] target(s) in 5m 15s
[INFO] [stderr] warning: the following packages contain code that will be rejected by a future version of Rust: nalgebra v0.26.2
[INFO] [stderr] note: to see what the problems were, use the option `--future-incompat-report`, or run `cargo report future-incompatibilities --id 1`
[INFO] running `Command { std: "docker" "inspect" "aaaa7c315b1eb7ae7fb8a0d498796abbb509982496f9e4e0cb984f3920bfb0e3", kill_on_drop: false }`
[INFO] running `Command { std: "docker" "rm" "-f" "aaaa7c315b1eb7ae7fb8a0d498796abbb509982496f9e4e0cb984f3920bfb0e3", kill_on_drop: false }`
[INFO] [stdout] aaaa7c315b1eb7ae7fb8a0d498796abbb509982496f9e4e0cb984f3920bfb0e3
[INFO] running `Command { std: "docker" "create" "-v" "/var/lib/crater-agent-workspace/builds/worker-3-tc1/target:/opt/rustwide/target:rw,Z" "-v" "/var/lib/crater-agent-workspace/builds/worker-3-tc1/source:/opt/rustwide/workdir:ro,Z" "-v" "/var/lib/crater-agent-workspace/cargo-home:/opt/rustwide/cargo-home:ro,Z" "-v" "/var/lib/crater-agent-workspace/rustup-home:/opt/rustwide/rustup-home:ro,Z" "-e" "SOURCE_DIR=/opt/rustwide/workdir" "-e" "CARGO_TARGET_DIR=/opt/rustwide/target" "-e" "CARGO_INCREMENTAL=0" "-e" "RUST_BACKTRACE=full" "-e" "RUSTFLAGS=--cap-lints=warn" "-e" "RUSTDOCFLAGS=--cap-lints=warn" "-e" "CARGO_HOME=/opt/rustwide/cargo-home" "-e" "RUSTUP_HOME=/opt/rustwide/rustup-home" "-w" "/opt/rustwide/workdir" "-m" "1610612736" "--user" "0:0" "--network" "none" "ghcr.io/rust-lang/crates-build-env/linux@sha256:f3a9d4ad9d972b27faf3965f35b62e55ba32bbce8f20bc8fe909558a86702fde" "/opt/rustwide/cargo-home/bin/cargo" "+1.83.0" "test" "--frozen" "--no-run" "--message-format=json", kill_on_drop: false }`
[INFO] [stdout] 42d3960a1a6ae3057f9f8605e0cf434aa4160c4b906384cc3b8b5ec6144d1427
[INFO] running `Command { std: "docker" "start" "-a" "42d3960a1a6ae3057f9f8605e0cf434aa4160c4b906384cc3b8b5ec6144d1427", kill_on_drop: false }`
[INFO] [stderr]    Compiling syn v2.0.72
[INFO] [stderr]    Compiling approx v0.4.0
[INFO] [stderr]    Compiling simba v0.4.0
[INFO] [stderr]    Compiling test-case-core v3.3.1
[INFO] [stderr]    Compiling zerocopy-derive v0.7.35
[INFO] [stderr]    Compiling bytemuck_derive v1.7.0
[INFO] [stderr]    Compiling serde_derive v1.0.207
[INFO] [stderr]    Compiling thiserror-impl v1.0.63
[INFO] [stderr]    Compiling smart-default v0.7.1
[INFO] [stderr]    Compiling test-case-macros v3.3.1
[INFO] [stderr]    Compiling nalgebra v0.26.2
[INFO] [stderr]    Compiling test-case v3.3.1
[INFO] [stderr]    Compiling zerocopy v0.7.35
[INFO] [stderr]    Compiling bytemuck v1.16.3
[INFO] [stderr]    Compiling thiserror v1.0.63
[INFO] [stderr]    Compiling naga v0.12.3
[INFO] [stderr]    Compiling calloop v0.10.6
[INFO] [stderr]    Compiling symphonia-core v0.5.4
[INFO] [stderr]    Compiling tiny-skia-path v0.8.4
[INFO] [stderr]    Compiling image v0.24.9
[INFO] [stderr]    Compiling ppv-lite86 v0.2.20
[INFO] [stderr]    Compiling ahash v0.8.11
[INFO] [stderr]    Compiling hashbrown v0.14.5
[INFO] [stderr]    Compiling rand_chacha v0.3.1
[INFO] [stderr]    Compiling tiny-skia v0.8.4
[INFO] [stderr]    Compiling rand v0.8.5
[INFO] [stderr]    Compiling gpu-descriptor v0.2.4
[INFO] [stderr]    Compiling symphonia-metadata v0.5.4
[INFO] [stderr]    Compiling smithay-client-toolkit v0.16.1
[INFO] [stderr]    Compiling neural-network v0.1.0 (/opt/rustwide/workdir/libs/neural-network)
[INFO] [stderr]    Compiling symphonia-bundle-mp3 v0.5.4
[INFO] [stderr]    Compiling twox-hash v1.6.3
[INFO] [stderr]    Compiling glyph_brush v0.7.9
[INFO] [stderr]    Compiling serde v1.0.207
[INFO] [stderr]    Compiling symphonia v0.5.4
[INFO] [stderr]    Compiling rodio v0.17.3
[INFO] [stderr]    Compiling sctk-adwaita v0.5.4
[INFO] [stderr]    Compiling genetic-algorithm v0.1.0 (/opt/rustwide/workdir/libs/genetic-algorithm)
[INFO] [stderr]    Compiling crevice v0.13.0
[INFO] [stderr]    Compiling wgpu-hal v0.16.2
[INFO] [stderr]    Compiling semver v1.0.23
[INFO] [stderr]    Compiling serde_json v1.0.124
[INFO] [stderr]    Compiling cargo-platform v0.1.8
[INFO] [stderr]    Compiling camino v1.1.7
[INFO] [stderr]    Compiling wgpu-core v0.16.1
[INFO] [stderr]    Compiling toml v0.5.11
[INFO] [stderr]    Compiling cargo_metadata v0.14.2
[INFO] [stderr]    Compiling winit v0.28.7
[INFO] [stderr]    Compiling simulation v0.1.0 (/opt/rustwide/workdir/libs/simulation)
[INFO] [stdout] warning: struct `World` is never constructed
[INFO] [stdout]  --> libs/simulation/src/lib.rs:6:8
[INFO] [stdout]   |
[INFO] [stdout] 6 | struct World {
[INFO] [stdout]   |        ^^^^^
[INFO] [stdout]   |
[INFO] [stdout]   = note: `#[warn(dead_code)]` on by default
[INFO] [stdout] 
[INFO] [stdout] 
[INFO] [stdout] warning: struct `Environment` is never constructed
[INFO] [stdout]   --> libs/simulation/src/lib.rs:11:8
[INFO] [stdout]    |
[INFO] [stdout] 11 | struct Environment {
[INFO] [stdout]    |        ^^^^^^^^^^^
[INFO] [stdout] 
[INFO] [stdout] 
[INFO] [stdout] warning: struct `Creature` is never constructed
[INFO] [stdout]   --> libs/simulation/src/lib.rs:15:8
[INFO] [stdout]    |
[INFO] [stdout] 15 | struct Creature {
[INFO] [stdout]    |        ^^^^^^^^
[INFO] [stdout] 
[INFO] [stdout] 
[INFO] [stdout] warning: struct `Body` is never constructed
[INFO] [stdout]   --> libs/simulation/src/lib.rs:22:8
[INFO] [stdout]    |
[INFO] [stdout] 22 | struct Body {
[INFO] [stdout]    |        ^^^^
[INFO] [stdout] 
[INFO] [stdout] 
[INFO] [stdout] warning: struct `Food` is never constructed
[INFO] [stdout]   --> libs/simulation/src/lib.rs:30:8
[INFO] [stdout]    |
[INFO] [stdout] 30 | struct Food {
[INFO] [stdout]    |        ^^^^
[INFO] [stdout] 
[INFO] [stdout] 
[INFO] [stdout] warning: struct `Eye` is never constructed
[INFO] [stdout]   --> libs/simulation/src/lib.rs:35:8
[INFO] [stdout]    |
[INFO] [stdout] 35 | struct Eye {
[INFO] [stdout]    |        ^^^
[INFO] [stdout] 
[INFO] [stdout] 
[INFO] [stdout] warning: method `inside_fov` is never used
[INFO] [stdout]   --> libs/simulation/src/lib.rs:57:8
[INFO] [stdout]    |
[INFO] [stdout] 46 | impl Eye {
[INFO] [stdout]    | -------- method in this implementation
[INFO] [stdout] ...
[INFO] [stdout] 57 |     fn inside_fov<O>(&self, object_position: na::Point2<f32>, position: na::Point2<f32>, rotation: na::Rotation2<f32>) -> bool {
[INFO] [stdout]    |        ^^^^^^^^^^
[INFO] [stdout] 
[INFO] [stdout] 
[INFO] [stdout] warning: struct `Brain` is never constructed
[INFO] [stdout]   --> libs/simulation/src/lib.rs:75:8
[INFO] [stdout]    |
[INFO] [stdout] 75 | struct Brain {
[INFO] [stdout]    |        ^^^^^
[INFO] [stdout] 
[INFO] [stdout] 
[INFO] [stdout] warning: struct `World` is never constructed
[INFO] [stdout]  --> libs/simulation/src/lib.rs:6:8
[INFO] [stdout]   |
[INFO] [stdout] 6 | struct World {
[INFO] [stdout]   |        ^^^^^
[INFO] [stdout]   |
[INFO] [stdout]   = note: `#[warn(dead_code)]` on by default
[INFO] [stdout] 
[INFO] [stdout] 
[INFO] [stdout] warning: struct `Environment` is never constructed
[INFO] [stdout]   --> libs/simulation/src/lib.rs:11:8
[INFO] [stdout]    |
[INFO] [stdout] 11 | struct Environment {
[INFO] [stdout]    |        ^^^^^^^^^^^
[INFO] [stdout] 
[INFO] [stdout] 
[INFO] [stdout] warning: struct `Creature` is never constructed
[INFO] [stdout]   --> libs/simulation/src/lib.rs:15:8
[INFO] [stdout]    |
[INFO] [stdout] 15 | struct Creature {
[INFO] [stdout]    |        ^^^^^^^^
[INFO] [stdout] 
[INFO] [stdout] 
[INFO] [stdout] warning: struct `Body` is never constructed
[INFO] [stdout]   --> libs/simulation/src/lib.rs:22:8
[INFO] [stdout]    |
[INFO] [stdout] 22 | struct Body {
[INFO] [stdout]    |        ^^^^
[INFO] [stdout] 
[INFO] [stdout] 
[INFO] [stdout] warning: struct `Food` is never constructed
[INFO] [stdout]   --> libs/simulation/src/lib.rs:30:8
[INFO] [stdout]    |
[INFO] [stdout] 30 | struct Food {
[INFO] [stdout]    |        ^^^^
[INFO] [stdout] 
[INFO] [stdout] 
[INFO] [stdout] warning: struct `Eye` is never constructed
[INFO] [stdout]   --> libs/simulation/src/lib.rs:35:8
[INFO] [stdout]    |
[INFO] [stdout] 35 | struct Eye {
[INFO] [stdout]    |        ^^^
[INFO] [stdout] 
[INFO] [stdout] 
[INFO] [stdout] warning: method `inside_fov` is never used
[INFO] [stdout]   --> libs/simulation/src/lib.rs:57:8
[INFO] [stdout]    |
[INFO] [stdout] 46 | impl Eye {
[INFO] [stdout]    | -------- method in this implementation
[INFO] [stdout] ...
[INFO] [stdout] 57 |     fn inside_fov<O>(&self, object_position: na::Point2<f32>, position: na::Point2<f32>, rotation: na::Rotation2<f32>) -> bool {
[INFO] [stdout]    |        ^^^^^^^^^^
[INFO] [stdout] 
[INFO] [stdout] 
[INFO] [stdout] warning: struct `Brain` is never constructed
[INFO] [stdout]   --> libs/simulation/src/lib.rs:75:8
[INFO] [stdout]    |
[INFO] [stdout] 75 | struct Brain {
[INFO] [stdout]    |        ^^^^^
[INFO] [stdout] 
[INFO] [stdout] 
[INFO] [stderr]    Compiling skeptic v0.13.7
[INFO] [stderr]    Compiling ggez v0.9.3
[INFO] [stderr]    Compiling wgpu v0.16.3
[INFO] [stderr]    Compiling evolution_sim v0.1.0 (/opt/rustwide/workdir/libs/evolution_sim)
[INFO] [stdout] warning: function `fov_ranges` is never used
[INFO] [stdout]    --> libs/evolution_sim/src/eye.rs:156:8
[INFO] [stdout]     |
[INFO] [stdout] 156 |     fn fov_ranges(fov_range: f32, expected_vision: &'static str) {
[INFO] [stdout]     |        ^^^^^^^^^^
[INFO] [stdout]     |
[INFO] [stdout]     = note: `#[warn(dead_code)]` on by default
[INFO] [stdout] 
[INFO] [stdout] 
[INFO] [stdout] warning: function `fov_angle` is never used
[INFO] [stdout]    --> libs/evolution_sim/src/eye.rs:183:8
[INFO] [stdout]     |
[INFO] [stdout] 183 |     fn fov_angle(rotation: f32, expected_vision: &'static str) {
[INFO] [stdout]     |        ^^^^^^^^^
[INFO] [stdout] 
[INFO] [stdout] 
[INFO] [stdout] warning: function `y` is never used
[INFO] [stdout]    --> libs/evolution_sim/src/eye.rs:206:8
[INFO] [stdout]     |
[INFO] [stdout] 206 |     fn y(y: f32, expected_vision: &'static str) {
[INFO] [stdout]     |        ^
[INFO] [stdout] 
[INFO] [stdout] 
[INFO] [stdout] warning: function `x` is never used
[INFO] [stdout]    --> libs/evolution_sim/src/eye.rs:229:8
[INFO] [stdout]     |
[INFO] [stdout] 229 |     fn x(x: f32, expected_vision: &'static str) {
[INFO] [stdout]     |        ^
[INFO] [stdout] 
[INFO] [stdout] 
[INFO] [stdout] warning: function `fov_angles` is never used
[INFO] [stdout]    --> libs/evolution_sim/src/eye.rs:254:8
[INFO] [stdout]     |
[INFO] [stdout] 254 |     fn fov_angles(fov_angle: f32, expected_vision: &'static str) {
[INFO] [stdout]     |        ^^^^^^^^^^
[INFO] [stdout] 
[INFO] [stdout] 
[INFO] [stdout] warning: function `positions` is never used
[INFO] [stdout]    --> libs/evolution_sim/src/eye.rs:289:8
[INFO] [stdout]     |
[INFO] [stdout] 289 |     fn positions(x: f32, y: f32, expected_vision: &'static str) {
[INFO] [stdout]     |        ^^^^^^^^^
[INFO] [stdout] 
[INFO] [stdout] 
[INFO] [stderr]     Finished `test` profile [unoptimized + debuginfo] target(s) in 1m 54s
[INFO] [stderr] warning: the following packages contain code that will be rejected by a future version of Rust: nalgebra v0.26.2
[INFO] [stderr] note: to see what the problems were, use the option `--future-incompat-report`, or run `cargo report future-incompatibilities --id 1`
[INFO] running `Command { std: "docker" "inspect" "42d3960a1a6ae3057f9f8605e0cf434aa4160c4b906384cc3b8b5ec6144d1427", kill_on_drop: false }`
[INFO] running `Command { std: "docker" "rm" "-f" "42d3960a1a6ae3057f9f8605e0cf434aa4160c4b906384cc3b8b5ec6144d1427", kill_on_drop: false }`
[INFO] [stdout] 42d3960a1a6ae3057f9f8605e0cf434aa4160c4b906384cc3b8b5ec6144d1427
[INFO] running `Command { std: "docker" "create" "-v" "/var/lib/crater-agent-workspace/builds/worker-3-tc1/target:/opt/rustwide/target:rw,Z" "-v" "/var/lib/crater-agent-workspace/builds/worker-3-tc1/source:/opt/rustwide/workdir:ro,Z" "-v" "/var/lib/crater-agent-workspace/cargo-home:/opt/rustwide/cargo-home:ro,Z" "-v" "/var/lib/crater-agent-workspace/rustup-home:/opt/rustwide/rustup-home:ro,Z" "-e" "SOURCE_DIR=/opt/rustwide/workdir" "-e" "CARGO_TARGET_DIR=/opt/rustwide/target" "-e" "CARGO_INCREMENTAL=0" "-e" "RUST_BACKTRACE=full" "-e" "RUSTFLAGS=--cap-lints=warn" "-e" "RUSTDOCFLAGS=--cap-lints=warn" "-e" "CARGO_HOME=/opt/rustwide/cargo-home" "-e" "RUSTUP_HOME=/opt/rustwide/rustup-home" "-w" "/opt/rustwide/workdir" "-m" "1610612736" "--user" "0:0" "--network" "none" "ghcr.io/rust-lang/crates-build-env/linux@sha256:f3a9d4ad9d972b27faf3965f35b62e55ba32bbce8f20bc8fe909558a86702fde" "/opt/rustwide/cargo-home/bin/cargo" "+1.83.0" "test" "--frozen", kill_on_drop: false }`
[INFO] [stdout] 8117fdb3509a513d34d58fe341aefced76c3f9cd37633fb968ce1db0822733a6
[INFO] running `Command { std: "docker" "start" "-a" "8117fdb3509a513d34d58fe341aefced76c3f9cd37633fb968ce1db0822733a6", kill_on_drop: false }`
[INFO] [stderr] warning: struct `World` is never constructed
[INFO] [stderr]  --> libs/simulation/src/lib.rs:6:8
[INFO] [stderr]   |
[INFO] [stderr] 6 | struct World {
[INFO] [stderr]   |        ^^^^^
[INFO] [stderr]   |
[INFO] [stderr]   = note: `#[warn(dead_code)]` on by default
[INFO] [stderr] 
[INFO] [stderr] warning: struct `Environment` is never constructed
[INFO] [stderr]   --> libs/simulation/src/lib.rs:11:8
[INFO] [stderr]    |
[INFO] [stderr] 11 | struct Environment {
[INFO] [stderr]    |        ^^^^^^^^^^^
[INFO] [stderr] 
[INFO] [stderr] warning: struct `Creature` is never constructed
[INFO] [stderr]   --> libs/simulation/src/lib.rs:15:8
[INFO] [stderr]    |
[INFO] [stderr] 15 | struct Creature {
[INFO] [stderr]    |        ^^^^^^^^
[INFO] [stderr] 
[INFO] [stderr] warning: struct `Body` is never constructed
[INFO] [stderr]   --> libs/simulation/src/lib.rs:22:8
[INFO] [stderr]    |
[INFO] [stderr] 22 | struct Body {
[INFO] [stderr]    |        ^^^^
[INFO] [stderr] 
[INFO] [stderr] warning: struct `Food` is never constructed
[INFO] [stderr]   --> libs/simulation/src/lib.rs:30:8
[INFO] [stderr]    |
[INFO] [stderr] 30 | struct Food {
[INFO] [stderr]    |        ^^^^
[INFO] [stderr] 
[INFO] [stderr] warning: struct `Eye` is never constructed
[INFO] [stderr]   --> libs/simulation/src/lib.rs:35:8
[INFO] [stderr]    |
[INFO] [stderr] 35 | struct Eye {
[INFO] [stderr]    |        ^^^
[INFO] [stderr] 
[INFO] [stderr] warning: method `inside_fov` is never used
[INFO] [stderr]   --> libs/simulation/src/lib.rs:57:8
[INFO] [stderr]    |
[INFO] [stderr] 46 | impl Eye {
[INFO] [stderr]    | -------- method in this implementation
[INFO] [stderr] ...
[INFO] [stderr] 57 |     fn inside_fov<O>(&self, object_position: na::Point2<f32>, position: na::Point2<f32>, rotation: na::Rotation2<f32>) -> bool {
[INFO] [stderr]    |        ^^^^^^^^^^
[INFO] [stderr] 
[INFO] [stderr] warning: struct `Brain` is never constructed
[INFO] [stderr]   --> libs/simulation/src/lib.rs:75:8
[INFO] [stderr]    |
[INFO] [stderr] 75 | struct Brain {
[INFO] [stderr]    |        ^^^^^
[INFO] [stderr] 
[INFO] [stderr] warning: `simulation` (lib) generated 8 warnings
[INFO] [stderr] warning: `simulation` (lib test) generated 8 warnings (8 duplicates)
[INFO] [stderr] warning: function `fov_ranges` is never used
[INFO] [stderr]    --> libs/evolution_sim/src/eye.rs:156:8
[INFO] [stderr]     |
[INFO] [stderr] 156 |     fn fov_ranges(fov_range: f32, expected_vision: &'static str) {
[INFO] [stderr]     |        ^^^^^^^^^^
[INFO] [stderr]     |
[INFO] [stderr]     = note: `#[warn(dead_code)]` on by default
[INFO] [stderr] 
[INFO] [stderr] warning: function `fov_angle` is never used
[INFO] [stderr]    --> libs/evolution_sim/src/eye.rs:183:8
[INFO] [stderr]     |
[INFO] [stderr] 183 |     fn fov_angle(rotation: f32, expected_vision: &'static str) {
[INFO] [stderr]     |        ^^^^^^^^^
[INFO] [stderr] 
[INFO] [stderr] warning: function `y` is never used
[INFO] [stderr]    --> libs/evolution_sim/src/eye.rs:206:8
[INFO] [stderr]     |
[INFO] [stderr] 206 |     fn y(y: f32, expected_vision: &'static str) {
[INFO] [stderr]     |        ^
[INFO] [stderr] 
[INFO] [stderr] warning: function `x` is never used
[INFO] [stderr]    --> libs/evolution_sim/src/eye.rs:229:8
[INFO] [stderr]     |
[INFO] [stderr] 229 |     fn x(x: f32, expected_vision: &'static str) {
[INFO] [stderr]     |        ^
[INFO] [stderr] 
[INFO] [stderr] warning: function `fov_angles` is never used
[INFO] [stderr]    --> libs/evolution_sim/src/eye.rs:254:8
[INFO] [stderr]     |
[INFO] [stderr] 254 |     fn fov_angles(fov_angle: f32, expected_vision: &'static str) {
[INFO] [stderr]     |        ^^^^^^^^^^
[INFO] [stderr] 
[INFO] [stderr] warning: function `positions` is never used
[INFO] [stderr]    --> libs/evolution_sim/src/eye.rs:289:8
[INFO] [stderr]     |
[INFO] [stderr] 289 |     fn positions(x: f32, y: f32, expected_vision: &'static str) {
[INFO] [stderr]     |        ^^^^^^^^^
[INFO] [stderr] 
[INFO] [stderr] warning: `evolution_sim` (bin "evolution_sim" test) generated 6 warnings
[INFO] [stderr]     Finished `test` profile [unoptimized + debuginfo] target(s) in 0.56s
[INFO] [stderr] warning: the following packages contain code that will be rejected by a future version of Rust: nalgebra v0.26.2
[INFO] [stderr] note: to see what the problems were, use the option `--future-incompat-report`, or run `cargo report future-incompatibilities --id 1`
[INFO] [stderr]      Running unittests src/main.rs (/opt/rustwide/target/debug/deps/evolution_sim-790dd45a6898ccd9)
[INFO] [stdout] 
[INFO] [stdout] running 8 tests
[INFO] [stdout] test eye::tests::fov_angles_test::_1_50_pi_expects ... ok
[INFO] [stdout] test eye::tests::fov_angles_test::_0_50_pi_expects ... ok
[INFO] [stdout] test eye::tests::fov_angles_test::_1_75_pi_expects ... ok
[INFO] [stdout] test eye::tests::fov_angles_test::_0_75_pi_expects ... ok
[INFO] [stdout] test eye::tests::fov_angles_test::_1_25_pi_expects ... ok
[INFO] [stdout] test eye::tests::fov_angles_test::_1_00_pi_expects ... ok
[INFO] [stdout] test eye::tests::fov_angles_test::_2_00_pi_expects ... ok
[INFO] [stdout] test eye::tests::fov_angles_test::_0_25_pi_expects ... ok
[INFO] [stdout] 
[INFO] [stdout] test result: ok. 8 passed; 0 failed; 0 ignored; 0 measured; 0 filtered out; finished in 0.02s
[INFO] [stdout] 
[INFO] [stderr]      Running unittests src/lib.rs (/opt/rustwide/target/debug/deps/genetic_algorithm-7c61bbafc2604690)
[INFO] [stdout] 
[INFO] [stdout] running 9 tests
[INFO] [stdout] test tests::guassian_mutation::given_half_chance::and_nonzero_coeff::slightly_change_on_original_chromosome ... ok
[INFO] [stdout] test tests::guassian_mutation::given_half_chance::and_zero_coeff::no_change_on_original_chromosome ... ok
[INFO] [stdout] test tests::guassian_mutation::given_max_chance::and_nonzero_coeff::entirely_change_on_original_chromosome ... ok
[INFO] [stdout] test tests::guassian_mutation::given_zero_chance::and_zero_coeff::no_change_on_original_chromosome ... ok
[INFO] [stdout] test tests::uniform_crossover ... ok
[INFO] [stdout] test tests::guassian_mutation::given_max_chance::and_zero_coeff::no_change_on_original_chromosome ... ok
[INFO] [stdout] test tests::guassian_mutation::given_zero_chance::and_nonzero_coeff::no_change_on_original_chromosome ... ok
[INFO] [stdout] test tests::roulette_wheel_selection ... FAILED
[INFO] [stdout] test tests::genetic_algorithm ... FAILED
[INFO] [stdout] 
[INFO] [stdout] failures:
[INFO] [stdout] 
[INFO] [stdout] ---- tests::roulette_wheel_selection stdout ----
[INFO] [stdout] thread 'tests::roulette_wheel_selection' panicked at libs/genetic-algorithm/src/lib.rs:443:9:
[INFO] [stdout] assertion `left == right` failed: 
[INFO] [stdout] we are testing comparison between 
[INFO] [stdout] {1: 95, 2: 183, 3: 300, 4: 422} 
[INFO] [stdout] and 
[INFO] [stdout] {1: 102, 2: 198, 3: 301, 4: 399}
[INFO] [stdout]   left: {1: 95, 2: 183, 3: 300, 4: 422}
[INFO] [stdout]  right: {1: 102, 2: 198, 3: 301, 4: 399}
[INFO] [stdout] stack backtrace:
[INFO] [stdout]    0:     0x576e23bf6e4a - std::backtrace_rs::backtrace::libunwind::trace::h5a5b8284f2d0c266
[INFO] [stdout]                                at /rustc/90b35a6239c3d8bdabc530a6a0816f7ff89a0aaf/library/std/src/../../backtrace/src/backtrace/libunwind.rs:116:5
[INFO] [stdout]    1:     0x576e23bf6e4a - std::backtrace_rs::backtrace::trace_unsynchronized::h76d4f1c9b0b875e3
[INFO] [stdout]                                at /rustc/90b35a6239c3d8bdabc530a6a0816f7ff89a0aaf/library/std/src/../../backtrace/src/backtrace/mod.rs:66:5
[INFO] [stdout]    2:     0x576e23bf6e4a - std::sys::backtrace::_print_fmt::hc4546b8364a537c6
[INFO] [stdout]                                at /rustc/90b35a6239c3d8bdabc530a6a0816f7ff89a0aaf/library/std/src/sys/backtrace.rs:66:9
[INFO] [stdout]    3:     0x576e23bf6e4a - <std::sys::backtrace::BacktraceLock::print::DisplayBacktrace as core::fmt::Display>::fmt::h5b6bd5631a6d1f6b
[INFO] [stdout]                                at /rustc/90b35a6239c3d8bdabc530a6a0816f7ff89a0aaf/library/std/src/sys/backtrace.rs:39:26
[INFO] [stdout]    4:     0x576e23c1cf53 - core::fmt::rt::Argument::fmt::h270f6602a2b96f62
[INFO] [stdout]                                at /rustc/90b35a6239c3d8bdabc530a6a0816f7ff89a0aaf/library/core/src/fmt/rt.rs:177:76
[INFO] [stdout]    5:     0x576e23c1cf53 - core::fmt::write::h7550c97b06c86515
[INFO] [stdout]                                at /rustc/90b35a6239c3d8bdabc530a6a0816f7ff89a0aaf/library/core/src/fmt/mod.rs:1186:21
[INFO] [stdout]    6:     0x576e23bf4013 - std::io::Write::write_fmt::h509ff860e5956e5e
[INFO] [stdout]                                at /rustc/90b35a6239c3d8bdabc530a6a0816f7ff89a0aaf/library/std/src/io/mod.rs:1839:15
[INFO] [stdout]    7:     0x576e23bf6c92 - std::sys::backtrace::BacktraceLock::print::h2395ccd2c84ba3aa
[INFO] [stdout]                                at /rustc/90b35a6239c3d8bdabc530a6a0816f7ff89a0aaf/library/std/src/sys/backtrace.rs:42:9
[INFO] [stdout]    8:     0x576e23bf82aa - std::panicking::default_hook::{{closure}}::he19d4c7230e07961
[INFO] [stdout]                                at /rustc/90b35a6239c3d8bdabc530a6a0816f7ff89a0aaf/library/std/src/panicking.rs:268:22
[INFO] [stdout]    9:     0x576e23bf80b4 - std::panicking::default_hook::hf614597d3c67bbdb
[INFO] [stdout]                                at /rustc/90b35a6239c3d8bdabc530a6a0816f7ff89a0aaf/library/std/src/panicking.rs:292:9
[INFO] [stdout]   10:     0x576e23b90c39 - <alloc::boxed::Box<F,A> as core::ops::function::Fn<Args>>::call::h39b51ce4599c23d1
[INFO] [stdout]                                at /rustc/90b35a6239c3d8bdabc530a6a0816f7ff89a0aaf/library/alloc/src/boxed.rs:2468:9
[INFO] [stdout]   11:     0x576e23b90c39 - test::test_main::{{closure}}::he977ae839a582784
[INFO] [stdout]                                at /rustc/90b35a6239c3d8bdabc530a6a0816f7ff89a0aaf/library/test/src/lib.rs:133:21
[INFO] [stdout]   12:     0x576e23bf8948 - <alloc::boxed::Box<F,A> as core::ops::function::Fn<Args>>::call::h9455091b6b06f9fb
[INFO] [stdout]                                at /rustc/90b35a6239c3d8bdabc530a6a0816f7ff89a0aaf/library/alloc/src/boxed.rs:2468:9
[INFO] [stdout]   13:     0x576e23bf8948 - std::panicking::rust_panic_with_hook::h8942133a8b252070
[INFO] [stdout]                                at /rustc/90b35a6239c3d8bdabc530a6a0816f7ff89a0aaf/library/std/src/panicking.rs:809:13
[INFO] [stdout]   14:     0x576e23bf870a - std::panicking::begin_panic_handler::{{closure}}::hb5f5963570096b29
[INFO] [stdout]                                at /rustc/90b35a6239c3d8bdabc530a6a0816f7ff89a0aaf/library/std/src/panicking.rs:674:13
[INFO] [stdout]   15:     0x576e23bf7329 - std::sys::backtrace::__rust_end_short_backtrace::h6208cedc1922feda
[INFO] [stdout]                                at /rustc/90b35a6239c3d8bdabc530a6a0816f7ff89a0aaf/library/std/src/sys/backtrace.rs:170:18
[INFO] [stdout]   16:     0x576e23bf839c - rust_begin_unwind
[INFO] [stdout]                                at /rustc/90b35a6239c3d8bdabc530a6a0816f7ff89a0aaf/library/std/src/panicking.rs:665:5
[INFO] [stdout]   17:     0x576e23b38010 - core::panicking::panic_fmt::h0c3082644d1bf418
[INFO] [stdout]                                at /rustc/90b35a6239c3d8bdabc530a6a0816f7ff89a0aaf/library/core/src/panicking.rs:74:14
[INFO] [stdout]   18:     0x576e23b383db - core::panicking::assert_failed_inner::h2ddf1fcc067fa858
[INFO] [stdout]   19:     0x576e23b5683c - core::panicking::assert_failed::h032ec83996848a9a
[INFO] [stdout]                                at /rustc/90b35a6239c3d8bdabc530a6a0816f7ff89a0aaf/library/core/src/panicking.rs:367:5
[INFO] [stdout]   20:     0x576e23b463d5 - genetic_algorithm::tests::roulette_wheel_selection::h037919570f74e6b2
[INFO] [stdout]                                at /opt/rustwide/workdir/libs/genetic-algorithm/src/lib.rs:443:9
[INFO] [stdout]   21:     0x576e23b45e97 - genetic_algorithm::tests::roulette_wheel_selection::{{closure}}::h0f15431c8105d85c
[INFO] [stdout]                                at /opt/rustwide/workdir/libs/genetic-algorithm/src/lib.rs:412:34
[INFO] [stdout]   22:     0x576e23b4df66 - core::ops::function::FnOnce::call_once::h6ec80b589b6adb2b
[INFO] [stdout]                                at /rustc/90b35a6239c3d8bdabc530a6a0816f7ff89a0aaf/library/core/src/ops/function.rs:250:5
[INFO] [stdout]   23:     0x576e23b955fb - core::ops::function::FnOnce::call_once::h109cf8051a59b34e
[INFO] [stdout]                                at /rustc/90b35a6239c3d8bdabc530a6a0816f7ff89a0aaf/library/core/src/ops/function.rs:250:5
[INFO] [stdout]   24:     0x576e23b955fb - test::__rust_begin_short_backtrace::hf4fff89d377446ba
[INFO] [stdout]                                at /rustc/90b35a6239c3d8bdabc530a6a0816f7ff89a0aaf/library/test/src/lib.rs:621:18
[INFO] [stdout]   25:     0x576e23b94e37 - test::run_test_in_process::{{closure}}::h0e39181dd7ee5a43
[INFO] [stdout]                                at /rustc/90b35a6239c3d8bdabc530a6a0816f7ff89a0aaf/library/test/src/lib.rs:644:60
[INFO] [stdout]   26:     0x576e23b94e37 - <core::panic::unwind_safe::AssertUnwindSafe<F> as core::ops::function::FnOnce<()>>::call_once::hc5a66a30f0bdfd1f
[INFO] [stdout]                                at /rustc/90b35a6239c3d8bdabc530a6a0816f7ff89a0aaf/library/core/src/panic/unwind_safe.rs:272:9
[INFO] [stdout]   27:     0x576e23b94e37 - std::panicking::try::do_call::h873b7cf639554a5e
[INFO] [stdout]                                at /rustc/90b35a6239c3d8bdabc530a6a0816f7ff89a0aaf/library/std/src/panicking.rs:557:40
[INFO] [stdout]   28:     0x576e23b94e37 - std::panicking::try::hdb19862fad9c8bd1
[INFO] [stdout]                                at /rustc/90b35a6239c3d8bdabc530a6a0816f7ff89a0aaf/library/std/src/panicking.rs:520:19
[INFO] [stdout]   29:     0x576e23b94e37 - std::panic::catch_unwind::h281fe732d236d260
[INFO] [stdout]                                at /rustc/90b35a6239c3d8bdabc530a6a0816f7ff89a0aaf/library/std/src/panic.rs:358:14
[INFO] [stdout]   30:     0x576e23b94e37 - test::run_test_in_process::h949b6df8457ed338
[INFO] [stdout]                                at /rustc/90b35a6239c3d8bdabc530a6a0816f7ff89a0aaf/library/test/src/lib.rs:644:27
[INFO] [stdout]   31:     0x576e23b94e37 - test::run_test::{{closure}}::h52c556a6d4740e10
[INFO] [stdout]                                at /rustc/90b35a6239c3d8bdabc530a6a0816f7ff89a0aaf/library/test/src/lib.rs:565:43
[INFO] [stdout]   32:     0x576e23b5a114 - test::run_test::{{closure}}::h4237f6381c45ccb9
[INFO] [stdout]                                at /rustc/90b35a6239c3d8bdabc530a6a0816f7ff89a0aaf/library/test/src/lib.rs:595:41
[INFO] [stdout]   33:     0x576e23b5a114 - std::sys::backtrace::__rust_begin_short_backtrace::h505c97a579eca628
[INFO] [stdout]                                at /rustc/90b35a6239c3d8bdabc530a6a0816f7ff89a0aaf/library/std/src/sys/backtrace.rs:154:18
[INFO] [stdout]   34:     0x576e23b5d7de - std::thread::Builder::spawn_unchecked_::{{closure}}::{{closure}}::h9e86b2e2bc107ea3
[INFO] [stdout]                                at /rustc/90b35a6239c3d8bdabc530a6a0816f7ff89a0aaf/library/std/src/thread/mod.rs:538:17
[INFO] [stdout]   35:     0x576e23b5d7de - <core::panic::unwind_safe::AssertUnwindSafe<F> as core::ops::function::FnOnce<()>>::call_once::h8b06ddb275ff4a25
[INFO] [stdout]                                at /rustc/90b35a6239c3d8bdabc530a6a0816f7ff89a0aaf/library/core/src/panic/unwind_safe.rs:272:9
[INFO] [stdout]   36:     0x576e23b5d7de - std::panicking::try::do_call::hb26ecd7cd9a9355d
[INFO] [stdout]                                at /rustc/90b35a6239c3d8bdabc530a6a0816f7ff89a0aaf/library/std/src/panicking.rs:557:40
[INFO] [stdout]   37:     0x576e23b5d7de - std::panicking::try::h8ddeca9d705f9069
[INFO] [stdout]                                at /rustc/90b35a6239c3d8bdabc530a6a0816f7ff89a0aaf/library/std/src/panicking.rs:520:19
[INFO] [stdout]   38:     0x576e23b5d7de - std::panic::catch_unwind::h49e1c33078844c46
[INFO] [stdout]                                at /rustc/90b35a6239c3d8bdabc530a6a0816f7ff89a0aaf/library/std/src/panic.rs:358:14
[INFO] [stdout]   39:     0x576e23b5d7de - std::thread::Builder::spawn_unchecked_::{{closure}}::h6073db6ff56ad35d
[INFO] [stdout]                                at /rustc/90b35a6239c3d8bdabc530a6a0816f7ff89a0aaf/library/std/src/thread/mod.rs:537:30
[INFO] [stdout]   40:     0x576e23b5d7de - core::ops::function::FnOnce::call_once{{vtable.shim}}::h2c5a5f3779c774f1
[INFO] [stdout]                                at /rustc/90b35a6239c3d8bdabc530a6a0816f7ff89a0aaf/library/core/src/ops/function.rs:250:5
[INFO] [stdout]   41:     0x576e23bfc69b - <alloc::boxed::Box<F,A> as core::ops::function::FnOnce<Args>>::call_once::hf75717d9f28faebf
[INFO] [stdout]                                at /rustc/90b35a6239c3d8bdabc530a6a0816f7ff89a0aaf/library/alloc/src/boxed.rs:2454:9
[INFO] [stdout]   42:     0x576e23bfc69b - <alloc::boxed::Box<F,A> as core::ops::function::FnOnce<Args>>::call_once::h7bd883a5f3c5f3c1
[INFO] [stdout]                                at /rustc/90b35a6239c3d8bdabc530a6a0816f7ff89a0aaf/library/alloc/src/boxed.rs:2454:9
[INFO] [stdout]   43:     0x576e23bfc69b - std::sys::pal::unix::thread::Thread::new::thread_start::hcc78f3943333fa94
[INFO] [stdout]                                at /rustc/90b35a6239c3d8bdabc530a6a0816f7ff89a0aaf/library/std/src/sys/pal/unix/thread.rs:105:17
[INFO] [stdout]   44:     0x75a3d9627ac3 - <unknown>
[INFO] [stdout]   45:     0x75a3d96b8a04 - clone
[INFO] [stdout]   46:                0x0 - <unknown>
[INFO] [stdout] 
[INFO] [stdout] ---- tests::genetic_algorithm stdout ----
[INFO] [stdout] thread 'tests::genetic_algorithm' panicked at libs/genetic-algorithm/src/lib.rs:77:9:
[INFO] [stdout] assertion failed: !population.is_empty()
[INFO] [stdout] stack backtrace:
[INFO] [stdout]    0:     0x576e23bf6e4a - std::backtrace_rs::backtrace::libunwind::trace::h5a5b8284f2d0c266
[INFO] [stdout]                                at /rustc/90b35a6239c3d8bdabc530a6a0816f7ff89a0aaf/library/std/src/../../backtrace/src/backtrace/libunwind.rs:116:5
[INFO] [stdout]    1:     0x576e23bf6e4a - std::backtrace_rs::backtrace::trace_unsynchronized::h76d4f1c9b0b875e3
[INFO] [stdout]                                at /rustc/90b35a6239c3d8bdabc530a6a0816f7ff89a0aaf/library/std/src/../../backtrace/src/backtrace/mod.rs:66:5
[INFO] [stdout]    2:     0x576e23bf6e4a - std::sys::backtrace::_print_fmt::hc4546b8364a537c6
[INFO] [stdout]                                at /rustc/90b35a6239c3d8bdabc530a6a0816f7ff89a0aaf/library/std/src/sys/backtrace.rs:66:9
[INFO] [stdout]    3:     0x576e23bf6e4a - <std::sys::backtrace::BacktraceLock::print::DisplayBacktrace as core::fmt::Display>::fmt::h5b6bd5631a6d1f6b
[INFO] [stdout]                                at /rustc/90b35a6239c3d8bdabc530a6a0816f7ff89a0aaf/library/std/src/sys/backtrace.rs:39:26
[INFO] [stdout]    4:     0x576e23c1cf53 - core::fmt::rt::Argument::fmt::h270f6602a2b96f62
[INFO] [stdout]                                at /rustc/90b35a6239c3d8bdabc530a6a0816f7ff89a0aaf/library/core/src/fmt/rt.rs:177:76
[INFO] [stdout]    5:     0x576e23c1cf53 - core::fmt::write::h7550c97b06c86515
[INFO] [stdout]                                at /rustc/90b35a6239c3d8bdabc530a6a0816f7ff89a0aaf/library/core/src/fmt/mod.rs:1186:21
[INFO] [stdout]    6:     0x576e23bf4013 - std::io::Write::write_fmt::h509ff860e5956e5e
[INFO] [stdout]                                at /rustc/90b35a6239c3d8bdabc530a6a0816f7ff89a0aaf/library/std/src/io/mod.rs:1839:15
[INFO] [stdout]    7:     0x576e23bf6c92 - std::sys::backtrace::BacktraceLock::print::h2395ccd2c84ba3aa
[INFO] [stdout]                                at /rustc/90b35a6239c3d8bdabc530a6a0816f7ff89a0aaf/library/std/src/sys/backtrace.rs:42:9
[INFO] [stdout]    8:     0x576e23bf82aa - std::panicking::default_hook::{{closure}}::he19d4c7230e07961
[INFO] [stdout]                                at /rustc/90b35a6239c3d8bdabc530a6a0816f7ff89a0aaf/library/std/src/panicking.rs:268:22
[INFO] [stdout]    9:     0x576e23bf80b4 - std::panicking::default_hook::hf614597d3c67bbdb
[INFO] [stdout]                                at /rustc/90b35a6239c3d8bdabc530a6a0816f7ff89a0aaf/library/std/src/panicking.rs:292:9
[INFO] [stdout]   10:     0x576e23b90c39 - <alloc::boxed::Box<F,A> as core::ops::function::Fn<Args>>::call::h39b51ce4599c23d1
[INFO] [stdout]                                at /rustc/90b35a6239c3d8bdabc530a6a0816f7ff89a0aaf/library/alloc/src/boxed.rs:2468:9
[INFO] [stdout]   11:     0x576e23b90c39 - test::test_main::{{closure}}::he977ae839a582784
[INFO] [stdout]                                at /rustc/90b35a6239c3d8bdabc530a6a0816f7ff89a0aaf/library/test/src/lib.rs:133:21
[INFO] [stdout]   12:     0x576e23bf8948 - <alloc::boxed::Box<F,A> as core::ops::function::Fn<Args>>::call::h9455091b6b06f9fb
[INFO] [stdout]                                at /rustc/90b35a6239c3d8bdabc530a6a0816f7ff89a0aaf/library/alloc/src/boxed.rs:2468:9
[INFO] [stdout]   13:     0x576e23bf8948 - std::panicking::rust_panic_with_hook::h8942133a8b252070
[INFO] [stdout]                                at /rustc/90b35a6239c3d8bdabc530a6a0816f7ff89a0aaf/library/std/src/panicking.rs:809:13
[INFO] [stdout]   14:     0x576e23bf86d6 - std::panicking::begin_panic_handler::{{closure}}::hb5f5963570096b29
[INFO] [stdout]                                at /rustc/90b35a6239c3d8bdabc530a6a0816f7ff89a0aaf/library/std/src/panicking.rs:667:13
[INFO] [stdout]   15:     0x576e23bf7329 - std::sys::backtrace::__rust_end_short_backtrace::h6208cedc1922feda
[INFO] [stdout]                                at /rustc/90b35a6239c3d8bdabc530a6a0816f7ff89a0aaf/library/std/src/sys/backtrace.rs:170:18
[INFO] [stdout]   16:     0x576e23bf839c - rust_begin_unwind
[INFO] [stdout]                                at /rustc/90b35a6239c3d8bdabc530a6a0816f7ff89a0aaf/library/std/src/panicking.rs:665:5
[INFO] [stdout]   17:     0x576e23b38010 - core::panicking::panic_fmt::h0c3082644d1bf418
[INFO] [stdout]                                at /rustc/90b35a6239c3d8bdabc530a6a0816f7ff89a0aaf/library/core/src/panicking.rs:74:14
[INFO] [stdout]   18:     0x576e23b3809c - core::panicking::panic::h957f98c65a3b3074
[INFO] [stdout]                                at /rustc/90b35a6239c3d8bdabc530a6a0816f7ff89a0aaf/library/core/src/panicking.rs:148:5
[INFO] [stdout]   19:     0x576e23b57c23 - genetic_algorithm::GenericAlgorithm<S>::evolve::h415e1e0990fc0968
[INFO] [stdout]                                at /opt/rustwide/workdir/libs/genetic-algorithm/src/lib.rs:77:9
[INFO] [stdout]   20:     0x576e23b451a6 - genetic_algorithm::tests::genetic_algorithm::ha7b399477c5ee04b
[INFO] [stdout]                                at /opt/rustwide/workdir/libs/genetic-algorithm/src/lib.rs:255:26
[INFO] [stdout]   21:     0x576e23b44447 - genetic_algorithm::tests::genetic_algorithm::{{closure}}::hd35371038da45956
[INFO] [stdout]                                at /opt/rustwide/workdir/libs/genetic-algorithm/src/lib.rs:232:27
[INFO] [stdout]   22:     0x576e23b4deb6 - core::ops::function::FnOnce::call_once::h242e64e9785bad39
[INFO] [stdout]                                at /rustc/90b35a6239c3d8bdabc530a6a0816f7ff89a0aaf/library/core/src/ops/function.rs:250:5
[INFO] [stdout]   23:     0x576e23b955fb - core::ops::function::FnOnce::call_once::h109cf8051a59b34e
[INFO] [stdout]                                at /rustc/90b35a6239c3d8bdabc530a6a0816f7ff89a0aaf/library/core/src/ops/function.rs:250:5
[INFO] [stdout]   24:     0x576e23b955fb - test::__rust_begin_short_backtrace::hf4fff89d377446ba
[INFO] [stdout]                                at /rustc/90b35a6239c3d8bdabc530a6a0816f7ff89a0aaf/library/test/src/lib.rs:621:18
[INFO] [stdout]   25:     0x576e23b94e37 - test::run_test_in_process::{{closure}}::h0e39181dd7ee5a43
[INFO] [stdout]                                at /rustc/90b35a6239c3d8bdabc530a6a0816f7ff89a0aaf/library/test/src/lib.rs:644:60
[INFO] [stdout]   26:     0x576e23b94e37 - <core::panic::unwind_safe::AssertUnwindSafe<F> as core::ops::function::FnOnce<()>>::call_once::hc5a66a30f0bdfd1f
[INFO] [stdout]                                at /rustc/90b35a6239c3d8bdabc530a6a0816f7ff89a0aaf/library/core/src/panic/unwind_safe.rs:272:9
[INFO] [stdout]   27:     0x576e23b94e37 - std::panicking::try::do_call::h873b7cf639554a5e
[INFO] [stdout]                                at /rustc/90b35a6239c3d8bdabc530a6a0816f7ff89a0aaf/library/std/src/panicking.rs:557:40
[INFO] [stdout]   28:     0x576e23b94e37 - std::panicking::try::hdb19862fad9c8bd1
[INFO] [stdout]                                at /rustc/90b35a6239c3d8bdabc530a6a0816f7ff89a0aaf/library/std/src/panicking.rs:520:19
[INFO] [stdout]   29:     0x576e23b94e37 - std::panic::catch_unwind::h281fe732d236d260
[INFO] [stdout]                                at /rustc/90b35a6239c3d8bdabc530a6a0816f7ff89a0aaf/library/std/src/panic.rs:358:14
[INFO] [stdout]   30:     0x576e23b94e37 - test::run_test_in_process::h949b6df8457ed338
[INFO] [stdout]                                at /rustc/90b35a6239c3d8bdabc530a6a0816f7ff89a0aaf/library/test/src/lib.rs:644:27
[INFO] [stdout]   31:     0x576e23b94e37 - test::run_test::{{closure}}::h52c556a6d4740e10
[INFO] [stdout]                                at /rustc/90b35a6239c3d8bdabc530a6a0816f7ff89a0aaf/library/test/src/lib.rs:565:43
[INFO] [stdout]   32:     0x576e23b5a114 - test::run_test::{{closure}}::h4237f6381c45ccb9
[INFO] [stdout]                                at /rustc/90b35a6239c3d8bdabc530a6a0816f7ff89a0aaf/library/test/src/lib.rs:595:41
[INFO] [stdout]   33:     0x576e23b5a114 - std::sys::backtrace::__rust_begin_short_backtrace::h505c97a579eca628
[INFO] [stdout]                                at /rustc/90b35a6239c3d8bdabc530a6a0816f7ff89a0aaf/library/std/src/sys/backtrace.rs:154:18
[INFO] [stdout]   34:     0x576e23b5d7de - std::thread::Builder::spawn_unchecked_::{{closure}}::{{closure}}::h9e86b2e2bc107ea3
[INFO] [stdout]                                at /rustc/90b35a6239c3d8bdabc530a6a0816f7ff89a0aaf/library/std/src/thread/mod.rs:538:17
[INFO] [stdout]   35:     0x576e23b5d7de - <core::panic::unwind_safe::AssertUnwindSafe<F> as core::ops::function::FnOnce<()>>::call_once::h8b06ddb275ff4a25
[INFO] [stdout]                                at /rustc/90b35a6239c3d8bdabc530a6a0816f7ff89a0aaf/library/core/src/panic/unwind_safe.rs:272:9
[INFO] [stdout]   36:     0x576e23b5d7de - std::panicking::try::do_call::hb26ecd7cd9a9355d
[INFO] [stdout]                                at /rustc/90b35a6239c3d8bdabc530a6a0816f7ff89a0aaf/library/std/src/panicking.rs:557:40
[INFO] [stdout]   37:     0x576e23b5d7de - std::panicking::try::h8ddeca9d705f9069
[INFO] [stdout]                                at /rustc/90b35a6239c3d8bdabc530a6a0816f7ff89a0aaf/library/std/src/panicking.rs:520:19
[INFO] [stdout]   38:     0x576e23b5d7de - std::panic::catch_unwind::h49e1c33078844c46
[INFO] [stdout]                                at /rustc/90b35a6239c3d8bdabc530a6a0816f7ff89a0aaf/library/std/src/panic.rs:358:14
[INFO] [stdout]   39:     0x576e23b5d7de - std::thread::Builder::spawn_unchecked_::{{closure}}::h6073db6ff56ad35d
[INFO] [stdout]                                at /rustc/90b35a6239c3d8bdabc530a6a0816f7ff89a0aaf/library/std/src/thread/mod.rs:537:30
[INFO] [stdout]   40:     0x576e23b5d7de - core::ops::function::FnOnce::call_once{{vtable.shim}}::h2c5a5f3779c774f1
[INFO] [stdout]                                at /rustc/90b35a6239c3d8bdabc530a6a0816f7ff89a0aaf/library/core/src/ops/function.rs:250:5
[INFO] [stdout]   41:     0x576e23bfc69b - <alloc::boxed::Box<F,A> as core::ops::function::FnOnce<Args>>::call_once::hf75717d9f28faebf
[INFO] [stdout]                                at /rustc/90b35a6239c3d8bdabc530a6a0816f7ff89a0aaf/library/alloc/src/boxed.rs:2454:9
[INFO] [stdout]   42:     0x576e23bfc69b - <alloc::boxed::Box<F,A> as core::ops::function::FnOnce<Args>>::call_once::h7bd883a5f3c5f3c1
[INFO] [stdout]                                at /rustc/90b35a6239c3d8bdabc530a6a0816f7ff89a0aaf/library/alloc/src/boxed.rs:2454:9
[INFO] [stdout]   43:     0x576e23bfc69b - std::sys::pal::unix::thread::Thread::new::thread_start::hcc78f3943333fa94
[INFO] [stdout]                                at /rustc/90b35a6239c3d8bdabc530a6a0816f7ff89a0aaf/library/std/src/sys/pal/unix/thread.rs:105:17
[INFO] [stdout]   44:     0x75a3d9627ac3 - <unknown>
[INFO] [stdout]   45:     0x75a3d96b8a04 - clone
[INFO] [stdout]   46:                0x0 - <unknown>
[INFO] [stdout] 
[INFO] [stdout] 
[INFO] [stdout] failures:
[INFO] [stdout]     tests::genetic_algorithm
[INFO] [stdout]     tests::roulette_wheel_selection
[INFO] [stdout] 
[INFO] [stdout] test result: FAILED. 7 passed; 2 failed; 0 ignored; 0 measured; 0 filtered out; finished in 0.08s
[INFO] [stdout] 
[INFO] [stderr] error: test failed, to rerun pass `-p genetic-algorithm --lib`
[INFO] running `Command { std: "docker" "inspect" "8117fdb3509a513d34d58fe341aefced76c3f9cd37633fb968ce1db0822733a6", kill_on_drop: false }`
[INFO] running `Command { std: "docker" "rm" "-f" "8117fdb3509a513d34d58fe341aefced76c3f9cd37633fb968ce1db0822733a6", kill_on_drop: false }`
[INFO] [stdout] 8117fdb3509a513d34d58fe341aefced76c3f9cd37633fb968ce1db0822733a6
