[INFO] cloning repository https://github.com/CertainLach/immigrant
[INFO] running `Command { std: "git" "-c" "credential.helper=" "-c" "credential.helper=/workspace/cargo-home/bin/git-credential-null" "clone" "--bare" "https://github.com/CertainLach/immigrant" "/workspace/cache/git-repos/https%3A%2F%2Fgithub.com%2FCertainLach%2Fimmigrant", kill_on_drop: false }`
[INFO] [stderr] Cloning into bare repository '/workspace/cache/git-repos/https%3A%2F%2Fgithub.com%2FCertainLach%2Fimmigrant'...
[INFO] running `Command { std: "git" "rev-parse" "HEAD", kill_on_drop: false }`
[INFO] [stdout] 8761d3165267bb88b9b5574d68dcac4374fb54ea
[INFO] testing CertainLach/immigrant against 1.83.0 for beta-1.84.0-4-retry
[INFO] running `Command { std: "git" "clone" "/workspace/cache/git-repos/https%3A%2F%2Fgithub.com%2FCertainLach%2Fimmigrant" "/workspace/builds/worker-7-tc1/source", kill_on_drop: false }`
[INFO] [stderr] Cloning into '/workspace/builds/worker-7-tc1/source'...
[INFO] [stderr] done.
[INFO] validating manifest of git repo https://github.com/CertainLach/immigrant on toolchain 1.83.0
[INFO] running `Command { std: CARGO_HOME="/workspace/cargo-home" RUSTUP_HOME="/workspace/rustup-home" "/workspace/cargo-home/bin/cargo" "+1.83.0" "metadata" "--manifest-path" "Cargo.toml" "--no-deps", kill_on_drop: false }`
[INFO] removed /workspace/builds/worker-7-tc1/source/rust-toolchain.toml
[INFO] started tweaking git repo https://github.com/CertainLach/immigrant
[INFO] finished tweaking git repo https://github.com/CertainLach/immigrant
[INFO] tweaked toml for git repo https://github.com/CertainLach/immigrant written to /workspace/builds/worker-7-tc1/source/Cargo.toml
[INFO] crate git repo https://github.com/CertainLach/immigrant already has a lockfile, it will not be regenerated
[INFO] running `Command { std: CARGO_HOME="/workspace/cargo-home" RUSTUP_HOME="/workspace/rustup-home" "/workspace/cargo-home/bin/cargo" "+1.83.0" "fetch" "--manifest-path" "Cargo.toml", kill_on_drop: false }`
[INFO] [stderr]     Updating git repository `https://github.com/CertainLach/ass-stroke`
[INFO] [stderr]     Updating crates.io index
[INFO] [stderr]  Downloading crates ...
[INFO] [stderr]   Downloaded peg v0.8.1
[INFO] [stderr]   Downloaded peg-macros v0.8.1
[INFO] [stderr]   Downloaded replace_with v0.1.7
[INFO] [stderr]   Downloaded equivalent v1.0.0
[INFO] [stderr]   Downloaded tempfile v3.7.1
[INFO] [stderr]   Downloaded peg-runtime v0.8.1
[INFO] [stderr]   Downloaded slug v0.1.5
[INFO] [stderr]   Downloaded random_color v0.6.1
[INFO] [stderr]   Downloaded color-print v0.3.4
[INFO] [stderr]   Downloaded color-print-proc-macro v0.3.4
[INFO] [stderr]   Downloaded yansi-term v0.1.2
[INFO] [stderr]   Downloaded annotate-snippets v0.9.1
[INFO] [stderr]   Downloaded jrsonnet-evaluator v0.5.0-pre9
[INFO] [stderr]   Downloaded nom_locate v4.1.0
[INFO] [stderr]   Downloaded deunicode v1.4.2
[INFO] [stderr]   Downloaded jrsonnet-parser v0.5.0-pre9
[INFO] [stderr]   Downloaded anstyle-parse v0.2.0
[INFO] [stderr]   Downloaded anstream v0.6.8
[INFO] [stderr]   Downloaded rust-format v0.3.4
[INFO] [stderr]   Downloaded anstyle v1.0.0
[INFO] [stderr]   Downloaded range-map v0.2.0
[INFO] [stderr]   Downloaded permutation v0.4.1
[INFO] [stderr]   Downloaded patch v0.7.0
[INFO] [stderr]   Downloaded base32 v0.4.0
[INFO] [stderr]   Downloaded jrsonnet-interner v0.5.0-pre9
[INFO] [stderr]   Downloaded jrsonnet-gcmodule-derive v0.3.5
[INFO] [stderr]   Downloaded jrsonnet-types v0.5.0-pre9
[INFO] [stderr]   Downloaded jrsonnet-macros v0.5.0-pre9
[INFO] [stderr]   Downloaded jrsonnet-gcmodule v0.3.5
[INFO] running `Command { std: "docker" "create" "-v" "/var/lib/crater-agent-workspace/builds/worker-7-tc1/target:/opt/rustwide/target:rw,Z" "-v" "/var/lib/crater-agent-workspace/builds/worker-7-tc1/source:/opt/rustwide/workdir:ro,Z" "-v" "/var/lib/crater-agent-workspace/cargo-home:/opt/rustwide/cargo-home:ro,Z" "-v" "/var/lib/crater-agent-workspace/rustup-home:/opt/rustwide/rustup-home:ro,Z" "-e" "SOURCE_DIR=/opt/rustwide/workdir" "-e" "CARGO_TARGET_DIR=/opt/rustwide/target" "-e" "CARGO_HOME=/opt/rustwide/cargo-home" "-e" "RUSTUP_HOME=/opt/rustwide/rustup-home" "-w" "/opt/rustwide/workdir" "-m" "1610612736" "--user" "0:0" "--network" "none" "ghcr.io/rust-lang/crates-build-env/linux@sha256:f3a9d4ad9d972b27faf3965f35b62e55ba32bbce8f20bc8fe909558a86702fde" "/opt/rustwide/cargo-home/bin/cargo" "+1.83.0" "metadata" "--no-deps" "--format-version=1", kill_on_drop: false }`
[INFO] [stdout] 58fc89ef2c96dab04c1eb3374f20aa0ec7f0c95d3c7d6265c6818fafb618e2e1
[INFO] running `Command { std: "docker" "start" "-a" "58fc89ef2c96dab04c1eb3374f20aa0ec7f0c95d3c7d6265c6818fafb618e2e1", kill_on_drop: false }`
[INFO] running `Command { std: "docker" "inspect" "58fc89ef2c96dab04c1eb3374f20aa0ec7f0c95d3c7d6265c6818fafb618e2e1", kill_on_drop: false }`
[INFO] running `Command { std: "docker" "rm" "-f" "58fc89ef2c96dab04c1eb3374f20aa0ec7f0c95d3c7d6265c6818fafb618e2e1", kill_on_drop: false }`
[INFO] [stdout] 58fc89ef2c96dab04c1eb3374f20aa0ec7f0c95d3c7d6265c6818fafb618e2e1
[INFO] running `Command { std: "docker" "create" "-v" "/var/lib/crater-agent-workspace/builds/worker-7-tc1/target:/opt/rustwide/target:rw,Z" "-v" "/var/lib/crater-agent-workspace/builds/worker-7-tc1/source:/opt/rustwide/workdir:ro,Z" "-v" "/var/lib/crater-agent-workspace/cargo-home:/opt/rustwide/cargo-home:ro,Z" "-v" "/var/lib/crater-agent-workspace/rustup-home:/opt/rustwide/rustup-home:ro,Z" "-e" "SOURCE_DIR=/opt/rustwide/workdir" "-e" "CARGO_TARGET_DIR=/opt/rustwide/target" "-e" "CARGO_INCREMENTAL=0" "-e" "RUST_BACKTRACE=full" "-e" "RUSTFLAGS=--cap-lints=warn" "-e" "RUSTDOCFLAGS=--cap-lints=warn" "-e" "CARGO_HOME=/opt/rustwide/cargo-home" "-e" "RUSTUP_HOME=/opt/rustwide/rustup-home" "-w" "/opt/rustwide/workdir" "-m" "1610612736" "--user" "0:0" "--network" "none" "ghcr.io/rust-lang/crates-build-env/linux@sha256:f3a9d4ad9d972b27faf3965f35b62e55ba32bbce8f20bc8fe909558a86702fde" "/opt/rustwide/cargo-home/bin/cargo" "+1.83.0" "build" "--frozen" "--message-format=json", kill_on_drop: false }`
[INFO] [stdout] 5a5c2cd06a10e384222d71c78402c81fb2d3e1bd32d1e54eefd95afd2562e618
[INFO] running `Command { std: "docker" "start" "-a" "5a5c2cd06a10e384222d71c78402c81fb2d3e1bd32d1e54eefd95afd2562e618", kill_on_drop: false }`
[INFO] [stderr]    Compiling proc-macro2 v1.0.69
[INFO] [stderr]    Compiling unicode-ident v1.0.9
[INFO] [stderr]    Compiling libc v0.2.152
[INFO] [stderr]    Compiling once_cell v1.18.0
[INFO] [stderr]    Compiling syn v1.0.109
[INFO] [stderr]    Compiling smallvec v1.10.0
[INFO] [stderr]    Compiling typenum v1.17.0
[INFO] [stderr]    Compiling pin-project-lite v0.2.13
[INFO] [stderr]    Compiling zerocopy v0.7.32
[INFO] [stderr]    Compiling memchr v2.5.0
[INFO] [stderr]    Compiling serde v1.0.193
[INFO] [stderr]    Compiling subtle v2.5.0
[INFO] [stderr]    Compiling ahash v0.8.7
[INFO] [stderr]    Compiling generic-array v0.14.7
[INFO] [stderr]    Compiling parking_lot_core v0.9.8
[INFO] [stderr]    Compiling minimal-lexical v0.2.1
[INFO] [stderr]    Compiling lock_api v0.4.10
[INFO] [stderr]    Compiling thiserror v1.0.40
[INFO] [stderr]    Compiling futures-core v0.3.30
[INFO] [stderr]    Compiling num-traits v0.2.15
[INFO] [stderr]    Compiling paste v1.0.12
[INFO] [stderr]    Compiling allocator-api2 v0.2.16
[INFO] [stderr]    Compiling bitflags v2.4.0
[INFO] [stderr]    Compiling tracing-core v0.1.31
[INFO] [stderr]    Compiling slab v0.4.9
[INFO] [stderr]    Compiling log v0.4.19
[INFO] [stderr]    Compiling getrandom v0.1.16
[INFO] [stderr]    Compiling bytes v1.5.0
[INFO] [stderr]    Compiling futures-io v0.3.30
[INFO] [stderr]    Compiling pin-utils v0.1.0
[INFO] [stderr]    Compiling rustix v0.38.30
[INFO] [stderr]    Compiling futures-task v0.3.30
[INFO] [stderr]    Compiling peg-runtime v0.8.1
[INFO] [stderr]    Compiling proc-macro-error-attr v1.0.4
[INFO] [stderr]    Compiling linux-raw-sys v0.4.13
[INFO] [stderr]    Compiling crossbeam-utils v0.8.19
[INFO] [stderr]    Compiling unicode-bidi v0.3.14
[INFO] [stderr]    Compiling cpufeatures v0.2.12
[INFO] [stderr]    Compiling quote v1.0.33
[INFO] [stderr]    Compiling nom v7.1.3
[INFO] [stderr]    Compiling aho-corasick v1.0.2
[INFO] [stderr]    Compiling equivalent v1.0.0
[INFO] [stderr]    Compiling regex-syntax v0.7.2
[INFO] [stderr]    Compiling syn v2.0.38
[INFO] [stderr]    Compiling proc-macro-error v1.0.4
[INFO] [stderr]    Compiling fastrand v2.0.0
[INFO] [stderr]    Compiling serde_json v1.0.109
[INFO] [stderr]    Compiling getrandom v0.2.10
[INFO] [stderr]    Compiling rand_core v0.6.4
[INFO] [stderr]    Compiling peg-macros v0.8.1
[INFO] [stderr]    Compiling rand_core v0.5.1
[INFO] [stderr]    Compiling percent-encoding v2.3.1
[INFO] [stderr]    Compiling parking_lot v0.12.1
[INFO] [stderr]    Compiling rand_chacha v0.3.1
[INFO] [stderr]    Compiling regex-syntax v0.6.29
[INFO] [stderr]    Compiling unicode_categories v0.1.1
[INFO] [stderr]    Compiling rand_pcg v0.2.1
[INFO] [stderr]    Compiling rand_chacha v0.2.2
[INFO] [stderr]    Compiling form_urlencoded v1.2.1
[INFO] [stderr]    Compiling heck v0.4.1
[INFO] [stderr]    Compiling block-buffer v0.10.4
[INFO] [stderr]    Compiling crypto-common v0.1.6
[INFO] [stderr]    Compiling rand v0.8.5
[INFO] [stderr]    Compiling digest v0.10.7
[INFO] [stderr]    Compiling idna v0.5.0
[INFO] [stderr]    Compiling itoa v1.0.10
[INFO] [stderr]    Compiling crc-catalog v2.4.0
[INFO] [stderr]    Compiling overload v0.1.1
[INFO] [stderr]    Compiling ryu v1.0.16
[INFO] [stderr]    Compiling nu-ansi-term v0.46.0
[INFO] [stderr]    Compiling crc v3.0.1
[INFO] [stderr]    Compiling hashbrown v0.14.0
[INFO] [stderr]    Compiling rand v0.7.3
[INFO] [stderr]    Compiling crossbeam-queue v0.3.11
[INFO] [stderr]    Compiling url v2.5.0
[INFO] [stderr]    Compiling mio v0.8.10
[INFO] [stderr]    Compiling socket2 v0.5.5
[INFO] [stderr]    Compiling time v0.1.45
[INFO] [stderr]    Compiling tracing-log v0.2.0
[INFO] [stderr]    Compiling sharded-slab v0.1.4
[INFO] [stderr]    Compiling tempfile v3.7.1
[INFO] [stderr]    Compiling peg v0.8.1
[INFO] [stderr]    Compiling thread_local v1.1.7
[INFO] [stderr]    Compiling dotenvy v0.15.7
[INFO] [stderr]    Compiling futures-sink v0.3.30
[INFO] [stderr]    Compiling bytecount v0.6.3
[INFO] [stderr]    Compiling event-listener v2.5.3
[INFO] [stderr]    Compiling byteorder v1.5.0
[INFO] [stderr]    Compiling iana-time-zone v0.1.57
[INFO] [stderr]    Compiling utf8parse v0.2.1
[INFO] [stderr]    Compiling hex v0.4.3
[INFO] [stderr]    Compiling Inflector v0.11.4
[INFO] [stderr]    Compiling anstyle-parse v0.2.0
[INFO] [stderr]    Compiling nom_locate v4.1.0
[INFO] [stderr]    Compiling regex-automata v0.1.10
[INFO] [stderr]    Compiling chrono v0.4.26
[INFO] [stderr]    Compiling regex v1.8.4
[INFO] [stderr]    Compiling futures-channel v0.3.30
[INFO] [stderr]    Compiling tokio v1.35.1
[INFO] [stderr]    Compiling random_color v0.6.1
[INFO] [stderr]    Compiling hmac v0.12.1
[INFO] [stderr]    Compiling blake2 v0.10.6
[INFO] [stderr]    Compiling range-map v0.2.0
[INFO] [stderr]    Compiling anstyle v1.0.0
[INFO] [stderr]    Compiling replace_with v0.1.7
[INFO] [stderr]    Compiling base32 v0.4.0
[INFO] [stderr]    Compiling matchers v0.1.0
[INFO] [stderr]    Compiling colorchoice v1.0.0
[INFO] [stderr]    Compiling aliasable v0.1.3
[INFO] [stderr]    Compiling anstyle-query v1.0.0
[INFO] [stderr]    Compiling finl_unicode v1.2.0
[INFO] [stderr]    Compiling anyhow v1.0.79
[INFO] [stderr]    Compiling hashbrown v0.12.3
[INFO] [stderr]    Compiling strsim v0.10.0
[INFO] [stderr]    Compiling immigrant-generator-postgres v0.1.2 (/opt/rustwide/workdir/crates/generator-postgres)
[INFO] [stderr]    Compiling anstream v0.6.8
[INFO] [stderr]    Compiling stringprep v0.1.4
[INFO] [stderr]    Compiling atoi v2.0.0
[INFO] [stderr]    Compiling futures-intrusive v0.5.0
[INFO] [stderr]    Compiling ass-stroke v0.1.0 (https://github.com/CertainLach/ass-stroke#c98c0213)
[INFO] [stderr]    Compiling hkdf v0.12.4
[INFO] [stderr]    Compiling futures-util v0.3.30
[INFO] [stderr]    Compiling hashlink v0.8.4
[INFO] [stderr]    Compiling imara-diff v0.1.5
[INFO] [stderr]    Compiling indexmap v2.0.0
[INFO] [stderr]    Compiling sha1 v0.10.6
[INFO] [stderr]    Compiling sha2 v0.10.8
[INFO] [stderr]    Compiling md-5 v0.10.6
[INFO] [stderr]    Compiling patch v0.7.0
[INFO] [stderr]    Compiling whoami v1.4.1
[INFO] [stderr]    Compiling base64 v0.21.7
[INFO] [stderr]    Compiling home v0.5.9
[INFO] [stderr]    Compiling permutation v0.4.1
[INFO] [stderr]    Compiling clap_lex v0.6.0
[INFO] [stderr]    Compiling nix v0.27.1
[INFO] [stderr]    Compiling clap_builder v4.4.18
[INFO] [stderr]    Compiling hashbrown v0.13.2
[INFO] [stderr]    Compiling prettyplease v0.1.25
[INFO] [stderr]    Compiling tracing-test-macro v0.2.4
[INFO] [stderr]    Compiling ouroboros_macro v0.15.6
[INFO] [stderr]    Compiling derivative v2.2.0
[INFO] [stderr]    Compiling jrsonnet-gcmodule-derive v0.3.5
[INFO] [stderr]    Compiling deunicode v1.4.2
[INFO] [stderr]    Compiling yansi-term v0.1.2
[INFO] [stderr]    Compiling static_assertions v1.1.0
[INFO] [stderr]    Compiling unicode-width v0.1.10
[INFO] [stderr]    Compiling prettyplease v0.2.15
[INFO] [stderr]    Compiling jrsonnet-macros v0.5.0-pre9
[INFO] [stderr]    Compiling color-print-proc-macro v0.3.4
[INFO] [stderr]    Compiling annotate-snippets v0.9.1
[INFO] [stderr]    Compiling slug v0.1.5
[INFO] [stderr]    Compiling atomic-write-file v0.1.2
[INFO] [stderr]    Compiling pathdiff v0.2.1
[INFO] [stderr]    Compiling serde_derive v1.0.193
[INFO] [stderr]    Compiling tracing-attributes v0.1.26
[INFO] [stderr]    Compiling thiserror-impl v1.0.40
[INFO] [stderr]    Compiling futures-macro v0.3.30
[INFO] [stderr]    Compiling tokio-macros v2.2.0
[INFO] [stderr]    Compiling jrsonnet-gcmodule v0.3.5
[INFO] [stderr]    Compiling clap_derive v4.4.7
[INFO] [stderr]    Compiling tokio-stream v0.1.14
[INFO] [stderr]    Compiling jrsonnet-interner v0.5.0-pre9
[INFO] [stderr]    Compiling ouroboros v0.15.6
[INFO] [stderr]    Compiling jrsonnet-types v0.5.0-pre9
[INFO] [stderr]    Compiling jrsonnet-parser v0.5.0-pre9
[INFO] [stderr]    Compiling color-print v0.3.4
[INFO] [stderr]    Compiling rust-format v0.3.4
[INFO] [stderr]    Compiling immigrant-file-diffs v0.1.2 (/opt/rustwide/workdir/crates/file-diffs)
[INFO] [stderr]    Compiling tracing v0.1.37
[INFO] [stderr]    Compiling tracing-subscriber v0.3.18
[INFO] [stderr]    Compiling clap v4.4.18
[INFO] [stderr]    Compiling tracing-test v0.2.4
[INFO] [stderr]    Compiling futures-executor v0.3.30
[INFO] [stderr]    Compiling futures v0.3.30
[INFO] [stderr]    Compiling either v1.9.0
[INFO] [stderr]    Compiling jrsonnet-evaluator v0.5.0-pre9
[INFO] [stderr]    Compiling itertools v0.12.0
[INFO] [stderr]    Compiling itertools v0.11.0
[INFO] [stderr]    Compiling immigrant-schema v0.1.2 (/opt/rustwide/workdir/crates/schema)
[INFO] [stderr]    Compiling sqlformat v0.2.3
[INFO] [stdout] warning: unused import: `itertools::Itertools`
[INFO] [stdout]  --> crates/schema/src/lib.rs:5:5
[INFO] [stdout]   |
[INFO] [stdout] 5 | use itertools::Itertools;
[INFO] [stdout]   |     ^^^^^^^^^^^^^^^^^^^^
[INFO] [stdout]   |
[INFO] [stdout]   = note: `#[warn(unused_imports)]` on by default
[INFO] [stdout] 
[INFO] [stdout] 
[INFO] [stdout] warning: unused import: `SchemaTableOrView`
[INFO] [stdout]   --> crates/schema/src/process.rs:23:69
[INFO] [stdout]    |
[INFO] [stdout] 23 |     w, HasIdent, SchemaComposite, SchemaEnum, SchemaItem, SchemaTable, SchemaTableOrView,
[INFO] [stdout]    |                                                                        ^^^^^^^^^^^^^^^^^
[INFO] [stdout] 
[INFO] [stdout] 
[INFO] [stdout] warning: unused imports: `IsCompatible`, `SchemaDiff`, `changelist::ChangeList`, and `mk_change_list`
[INFO] [stdout]   --> crates/schema/src/root.rs:8:2
[INFO] [stdout]    |
[INFO] [stdout] 8  |     changelist::ChangeList,
[INFO] [stdout]    |     ^^^^^^^^^^^^^^^^^^^^^^
[INFO] [stdout] ...
[INFO] [stdout] 11 |     mk_change_list,
[INFO] [stdout]    |     ^^^^^^^^^^^^^^
[INFO] [stdout] ...
[INFO] [stdout] 18 |     HasIdent, IsCompatible, SchemaComposite, SchemaDiff, SchemaEnum, SchemaItem, SchemaScalar,
[INFO] [stdout]    |               ^^^^^^^^^^^^                   ^^^^^^^^^^
[INFO] [stdout] 
[INFO] [stdout] 
[INFO] [stdout] warning: elided lifetime has a name
[INFO] [stdout]    --> crates/schema/src/root.rs:321:54
[INFO] [stdout]     |
[INFO] [stdout] 321 |     pub fn sql<'a>(&'a self, sql: &'a Sql) -> SchemaSql<'_> {
[INFO] [stdout]     |                -- lifetime `'a` declared here           ^^ this elided lifetime gets resolved as `'a`
[INFO] [stdout]     |
[INFO] [stdout]     = note: `#[warn(elided_named_lifetimes)]` on by default
[INFO] [stdout] 
[INFO] [stdout] 
[INFO] [stdout] warning: unused import: `Display`
[INFO] [stdout]  --> crates/schema/src/ids.rs:5:21
[INFO] [stdout]   |
[INFO] [stdout] 5 |     fmt::{self, Debug, Display},
[INFO] [stdout]   |                        ^^^^^^^
[INFO] [stdout] 
[INFO] [stdout] 
[INFO] [stdout] warning: field `enum_` is never read
[INFO] [stdout]   --> crates/schema/src/scalar.rs:39:2
[INFO] [stdout]    |
[INFO] [stdout] 38 | pub struct EnumItemHandle<'a> {
[INFO] [stdout]    |            -------------- field in this struct
[INFO] [stdout] 39 |     enum_: SchemaEnum<'a>,
[INFO] [stdout]    |     ^^^^^
[INFO] [stdout]    |
[INFO] [stdout]    = note: `EnumItemHandle` has derived impls for the traits `Clone` and `Debug`, but these are intentionally ignored during dead code analysis
[INFO] [stdout]    = note: `#[warn(dead_code)]` on by default
[INFO] [stdout] 
[INFO] [stdout] 
[INFO] [stdout] warning: fields `uid` and `name` are never read
[INFO] [stdout]  --> crates/schema/src/trigger.rs:4:2
[INFO] [stdout]   |
[INFO] [stdout] 3 | pub struct Trigger {
[INFO] [stdout]   |            ------- fields in this struct
[INFO] [stdout] 4 |     uid: Uid,
[INFO] [stdout]   |     ^^^
[INFO] [stdout] 5 |     name: TriggerDefName,
[INFO] [stdout]   |     ^^^^
[INFO] [stdout] 
[INFO] [stdout] 
[INFO] [stdout] warning: function `escape_literal` is never used
[INFO] [stdout]   --> crates/generator-postgres/src/escape.rs:16:8
[INFO] [stdout]    |
[INFO] [stdout] 16 | pub fn escape_literal(input: &str) -> String {
[INFO] [stdout]    |        ^^^^^^^^^^^^^^
[INFO] [stdout]    |
[INFO] [stdout]    = note: `#[warn(dead_code)]` on by default
[INFO] [stdout] 
[INFO] [stdout] 
[INFO] [stderr]    Compiling immigrant-cli v0.1.2 (/opt/rustwide/workdir/crates/cli)
[INFO] [stderr]    Compiling immigrant-diesel v0.1.2 (/opt/rustwide/workdir/cmds/immigrant-diesel)
[INFO] [stderr]    Compiling immigrant-dmdl v0.1.2 (/opt/rustwide/workdir/cmds/immigrant-dmdl)
[INFO] [stderr]    Compiling immigrant v0.1.2 (/opt/rustwide/workdir/cmds/immigrant)
[INFO] [stderr]    Compiling sqlx-core v0.7.3
[INFO] [stderr]    Compiling sqlx-postgres v0.7.3
[INFO] [stderr]    Compiling sqlx-macros-core v0.7.3
[INFO] [stderr]    Compiling sqlx-macros v0.7.3
[INFO] [stderr]    Compiling sqlx v0.7.3
[INFO] [stderr]    Compiling immigrant-migrate v0.1.2 (/opt/rustwide/workdir/cmds/immigrant-migrate)
[INFO] [stderr]     Finished `dev` profile [unoptimized + debuginfo] target(s) in 1m 00s
[INFO] running `Command { std: "docker" "inspect" "5a5c2cd06a10e384222d71c78402c81fb2d3e1bd32d1e54eefd95afd2562e618", kill_on_drop: false }`
[INFO] running `Command { std: "docker" "rm" "-f" "5a5c2cd06a10e384222d71c78402c81fb2d3e1bd32d1e54eefd95afd2562e618", kill_on_drop: false }`
[INFO] [stdout] 5a5c2cd06a10e384222d71c78402c81fb2d3e1bd32d1e54eefd95afd2562e618
[INFO] running `Command { std: "docker" "create" "-v" "/var/lib/crater-agent-workspace/builds/worker-7-tc1/target:/opt/rustwide/target:rw,Z" "-v" "/var/lib/crater-agent-workspace/builds/worker-7-tc1/source:/opt/rustwide/workdir:ro,Z" "-v" "/var/lib/crater-agent-workspace/cargo-home:/opt/rustwide/cargo-home:ro,Z" "-v" "/var/lib/crater-agent-workspace/rustup-home:/opt/rustwide/rustup-home:ro,Z" "-e" "SOURCE_DIR=/opt/rustwide/workdir" "-e" "CARGO_TARGET_DIR=/opt/rustwide/target" "-e" "CARGO_INCREMENTAL=0" "-e" "RUST_BACKTRACE=full" "-e" "RUSTFLAGS=--cap-lints=warn" "-e" "RUSTDOCFLAGS=--cap-lints=warn" "-e" "CARGO_HOME=/opt/rustwide/cargo-home" "-e" "RUSTUP_HOME=/opt/rustwide/rustup-home" "-w" "/opt/rustwide/workdir" "-m" "1610612736" "--user" "0:0" "--network" "none" "ghcr.io/rust-lang/crates-build-env/linux@sha256:f3a9d4ad9d972b27faf3965f35b62e55ba32bbce8f20bc8fe909558a86702fde" "/opt/rustwide/cargo-home/bin/cargo" "+1.83.0" "test" "--frozen" "--no-run" "--message-format=json", kill_on_drop: false }`
[INFO] [stdout] 5bbd594dda11ee252c8c6e6d1af1d3518218cb48a2898e4a8f01b169926e6295
[INFO] running `Command { std: "docker" "start" "-a" "5bbd594dda11ee252c8c6e6d1af1d3518218cb48a2898e4a8f01b169926e6295", kill_on_drop: false }`
[INFO] [stdout] warning: unused import: `itertools::Itertools`
[INFO] [stdout]  --> crates/schema/src/lib.rs:5:5
[INFO] [stdout]   |
[INFO] [stdout] 5 | use itertools::Itertools;
[INFO] [stdout]   |     ^^^^^^^^^^^^^^^^^^^^
[INFO] [stdout]   |
[INFO] [stdout]   = note: `#[warn(unused_imports)]` on by default
[INFO] [stdout] 
[INFO] [stdout] 
[INFO] [stdout] warning: unused import: `SchemaTableOrView`
[INFO] [stdout]   --> crates/schema/src/process.rs:23:69
[INFO] [stdout]    |
[INFO] [stdout] 23 |     w, HasIdent, SchemaComposite, SchemaEnum, SchemaItem, SchemaTable, SchemaTableOrView,
[INFO] [stdout]    |                                                                        ^^^^^^^^^^^^^^^^^
[INFO] [stdout] 
[INFO] [stdout] 
[INFO] [stdout] warning: unused imports: `IsCompatible`, `SchemaDiff`, `changelist::ChangeList`, and `mk_change_list`
[INFO] [stdout]   --> crates/schema/src/root.rs:8:2
[INFO] [stdout]    |
[INFO] [stdout] 8  |     changelist::ChangeList,
[INFO] [stdout]    |     ^^^^^^^^^^^^^^^^^^^^^^
[INFO] [stdout] ...
[INFO] [stdout] 11 |     mk_change_list,
[INFO] [stdout]    |     ^^^^^^^^^^^^^^
[INFO] [stdout] ...
[INFO] [stdout] 18 |     HasIdent, IsCompatible, SchemaComposite, SchemaDiff, SchemaEnum, SchemaItem, SchemaScalar,
[INFO] [stdout]    |               ^^^^^^^^^^^^                   ^^^^^^^^^^
[INFO] [stdout] 
[INFO] [stdout] 
[INFO] [stdout] warning: elided lifetime has a name
[INFO] [stdout]    --> crates/schema/src/root.rs:321:54
[INFO] [stdout]     |
[INFO] [stdout] 321 |     pub fn sql<'a>(&'a self, sql: &'a Sql) -> SchemaSql<'_> {
[INFO] [stdout]     |                -- lifetime `'a` declared here           ^^ this elided lifetime gets resolved as `'a`
[INFO] [stdout]     |
[INFO] [stdout]     = note: `#[warn(elided_named_lifetimes)]` on by default
[INFO] [stdout] 
[INFO] [stdout] 
[INFO] [stdout] warning: unused import: `Display`
[INFO] [stdout]  --> crates/schema/src/ids.rs:5:21
[INFO] [stdout]   |
[INFO] [stdout] 5 |     fmt::{self, Debug, Display},
[INFO] [stdout]   |                        ^^^^^^^
[INFO] [stdout] 
[INFO] [stdout] 
[INFO] [stdout] warning: field `enum_` is never read
[INFO] [stdout]   --> crates/schema/src/scalar.rs:39:2
[INFO] [stdout]    |
[INFO] [stdout] 38 | pub struct EnumItemHandle<'a> {
[INFO] [stdout]    |            -------------- field in this struct
[INFO] [stdout] 39 |     enum_: SchemaEnum<'a>,
[INFO] [stdout]    |     ^^^^^
[INFO] [stdout]    |
[INFO] [stdout]    = note: `EnumItemHandle` has derived impls for the traits `Clone` and `Debug`, but these are intentionally ignored during dead code analysis
[INFO] [stdout]    = note: `#[warn(dead_code)]` on by default
[INFO] [stdout] 
[INFO] [stdout] 
[INFO] [stdout] warning: fields `uid` and `name` are never read
[INFO] [stdout]  --> crates/schema/src/trigger.rs:4:2
[INFO] [stdout]   |
[INFO] [stdout] 3 | pub struct Trigger {
[INFO] [stdout]   |            ------- fields in this struct
[INFO] [stdout] 4 |     uid: Uid,
[INFO] [stdout]   |     ^^^
[INFO] [stdout] 5 |     name: TriggerDefName,
[INFO] [stdout]   |     ^^^^
[INFO] [stdout] 
[INFO] [stdout] 
[INFO] [stdout] warning: function `escape_literal` is never used
[INFO] [stdout]   --> crates/generator-postgres/src/escape.rs:16:8
[INFO] [stdout]    |
[INFO] [stdout] 16 | pub fn escape_literal(input: &str) -> String {
[INFO] [stdout]    |        ^^^^^^^^^^^^^^
[INFO] [stdout]    |
[INFO] [stdout]    = note: `#[warn(dead_code)]` on by default
[INFO] [stdout] 
[INFO] [stdout] 
[INFO] [stderr]    Compiling immigrant-dmdl v0.1.2 (/opt/rustwide/workdir/cmds/immigrant-dmdl)
[INFO] [stderr]    Compiling immigrant-cli v0.1.2 (/opt/rustwide/workdir/crates/cli)
[INFO] [stderr]    Compiling immigrant-generator-postgres v0.1.2 (/opt/rustwide/workdir/crates/generator-postgres)
[INFO] [stderr]    Compiling immigrant-file-diffs v0.1.2 (/opt/rustwide/workdir/crates/file-diffs)
[INFO] [stderr]    Compiling immigrant-schema v0.1.2 (/opt/rustwide/workdir/crates/schema)
[INFO] [stderr]    Compiling immigrant v0.1.2 (/opt/rustwide/workdir/cmds/immigrant)
[INFO] [stderr]    Compiling immigrant-diesel v0.1.2 (/opt/rustwide/workdir/cmds/immigrant-diesel)
[INFO] [stderr]    Compiling immigrant-migrate v0.1.2 (/opt/rustwide/workdir/cmds/immigrant-migrate)
[INFO] [stdout] warning: unused import: `itertools::Itertools`
[INFO] [stdout]  --> crates/schema/src/lib.rs:5:5
[INFO] [stdout]   |
[INFO] [stdout] 5 | use itertools::Itertools;
[INFO] [stdout]   |     ^^^^^^^^^^^^^^^^^^^^
[INFO] [stdout]   |
[INFO] [stdout]   = note: `#[warn(unused_imports)]` on by default
[INFO] [stdout] 
[INFO] [stdout] 
[INFO] [stdout] warning: unused import: `SchemaTableOrView`
[INFO] [stdout]   --> crates/schema/src/process.rs:23:69
[INFO] [stdout]    |
[INFO] [stdout] 23 |     w, HasIdent, SchemaComposite, SchemaEnum, SchemaItem, SchemaTable, SchemaTableOrView,
[INFO] [stdout]    |                                                                        ^^^^^^^^^^^^^^^^^
[INFO] [stdout] 
[INFO] [stdout] 
[INFO] [stdout] warning: unused imports: `IsCompatible`, `SchemaDiff`, `changelist::ChangeList`, and `mk_change_list`
[INFO] [stdout]   --> crates/schema/src/root.rs:8:2
[INFO] [stdout]    |
[INFO] [stdout] 8  |     changelist::ChangeList,
[INFO] [stdout]    |     ^^^^^^^^^^^^^^^^^^^^^^
[INFO] [stdout] ...
[INFO] [stdout] 11 |     mk_change_list,
[INFO] [stdout]    |     ^^^^^^^^^^^^^^
[INFO] [stdout] ...
[INFO] [stdout] 18 |     HasIdent, IsCompatible, SchemaComposite, SchemaDiff, SchemaEnum, SchemaItem, SchemaScalar,
[INFO] [stdout]    |               ^^^^^^^^^^^^                   ^^^^^^^^^^
[INFO] [stdout] 
[INFO] [stdout] 
[INFO] [stdout] warning: elided lifetime has a name
[INFO] [stdout]    --> crates/schema/src/root.rs:321:54
[INFO] [stdout]     |
[INFO] [stdout] 321 |     pub fn sql<'a>(&'a self, sql: &'a Sql) -> SchemaSql<'_> {
[INFO] [stdout]     |                -- lifetime `'a` declared here           ^^ this elided lifetime gets resolved as `'a`
[INFO] [stdout]     |
[INFO] [stdout]     = note: `#[warn(elided_named_lifetimes)]` on by default
[INFO] [stdout] 
[INFO] [stdout] 
[INFO] [stdout] warning: unused import: `Display`
[INFO] [stdout]  --> crates/schema/src/ids.rs:5:21
[INFO] [stdout]   |
[INFO] [stdout] 5 |     fmt::{self, Debug, Display},
[INFO] [stdout]   |                        ^^^^^^^
[INFO] [stdout] 
[INFO] [stdout] 
[INFO] [stdout] warning: function `escape_literal` is never used
[INFO] [stdout]   --> crates/generator-postgres/src/escape.rs:16:8
[INFO] [stdout]    |
[INFO] [stdout] 16 | pub fn escape_literal(input: &str) -> String {
[INFO] [stdout]    |        ^^^^^^^^^^^^^^
[INFO] [stdout]    |
[INFO] [stdout]    = note: `#[warn(dead_code)]` on by default
[INFO] [stdout] 
[INFO] [stdout] 
[INFO] [stdout] warning: field `enum_` is never read
[INFO] [stdout]   --> crates/schema/src/scalar.rs:39:2
[INFO] [stdout]    |
[INFO] [stdout] 38 | pub struct EnumItemHandle<'a> {
[INFO] [stdout]    |            -------------- field in this struct
[INFO] [stdout] 39 |     enum_: SchemaEnum<'a>,
[INFO] [stdout]    |     ^^^^^
[INFO] [stdout]    |
[INFO] [stdout]    = note: `EnumItemHandle` has derived impls for the traits `Clone` and `Debug`, but these are intentionally ignored during dead code analysis
[INFO] [stdout]    = note: `#[warn(dead_code)]` on by default
[INFO] [stdout] 
[INFO] [stdout] 
[INFO] [stdout] warning: fields `uid` and `name` are never read
[INFO] [stdout]  --> crates/schema/src/trigger.rs:4:2
[INFO] [stdout]   |
[INFO] [stdout] 3 | pub struct Trigger {
[INFO] [stdout]   |            ------- fields in this struct
[INFO] [stdout] 4 |     uid: Uid,
[INFO] [stdout]   |     ^^^
[INFO] [stdout] 5 |     name: TriggerDefName,
[INFO] [stdout]   |     ^^^^
[INFO] [stdout] 
[INFO] [stdout] 
[INFO] [stderr]     Finished `test` profile [unoptimized + debuginfo] target(s) in 8.73s
[INFO] running `Command { std: "docker" "inspect" "5bbd594dda11ee252c8c6e6d1af1d3518218cb48a2898e4a8f01b169926e6295", kill_on_drop: false }`
[INFO] running `Command { std: "docker" "rm" "-f" "5bbd594dda11ee252c8c6e6d1af1d3518218cb48a2898e4a8f01b169926e6295", kill_on_drop: false }`
[INFO] [stdout] 5bbd594dda11ee252c8c6e6d1af1d3518218cb48a2898e4a8f01b169926e6295
[INFO] running `Command { std: "docker" "create" "-v" "/var/lib/crater-agent-workspace/builds/worker-7-tc1/target:/opt/rustwide/target:rw,Z" "-v" "/var/lib/crater-agent-workspace/builds/worker-7-tc1/source:/opt/rustwide/workdir:ro,Z" "-v" "/var/lib/crater-agent-workspace/cargo-home:/opt/rustwide/cargo-home:ro,Z" "-v" "/var/lib/crater-agent-workspace/rustup-home:/opt/rustwide/rustup-home:ro,Z" "-e" "SOURCE_DIR=/opt/rustwide/workdir" "-e" "CARGO_TARGET_DIR=/opt/rustwide/target" "-e" "CARGO_INCREMENTAL=0" "-e" "RUST_BACKTRACE=full" "-e" "RUSTFLAGS=--cap-lints=warn" "-e" "RUSTDOCFLAGS=--cap-lints=warn" "-e" "CARGO_HOME=/opt/rustwide/cargo-home" "-e" "RUSTUP_HOME=/opt/rustwide/rustup-home" "-w" "/opt/rustwide/workdir" "-m" "1610612736" "--user" "0:0" "--network" "none" "ghcr.io/rust-lang/crates-build-env/linux@sha256:f3a9d4ad9d972b27faf3965f35b62e55ba32bbce8f20bc8fe909558a86702fde" "/opt/rustwide/cargo-home/bin/cargo" "+1.83.0" "test" "--frozen", kill_on_drop: false }`
[INFO] [stdout] 54286d9d9ee5e0bcd15c0a35d80448008619e0a645e92783537c8ae02ccd07c8
[INFO] running `Command { std: "docker" "start" "-a" "54286d9d9ee5e0bcd15c0a35d80448008619e0a645e92783537c8ae02ccd07c8", kill_on_drop: false }`
[INFO] [stderr] warning: unused import: `itertools::Itertools`
[INFO] [stderr]  --> crates/schema/src/lib.rs:5:5
[INFO] [stderr]   |
[INFO] [stderr] 5 | use itertools::Itertools;
[INFO] [stderr]   |     ^^^^^^^^^^^^^^^^^^^^
[INFO] [stderr]   |
[INFO] [stderr]   = note: `#[warn(unused_imports)]` on by default
[INFO] [stderr] 
[INFO] [stderr] warning: unused import: `SchemaTableOrView`
[INFO] [stderr]   --> crates/schema/src/process.rs:23:69
[INFO] [stderr]    |
[INFO] [stderr] 23 |     w, HasIdent, SchemaComposite, SchemaEnum, SchemaItem, SchemaTable, SchemaTableOrView,
[INFO] [stderr]    |                                                                        ^^^^^^^^^^^^^^^^^
[INFO] [stderr] 
[INFO] [stderr] warning: unused imports: `IsCompatible`, `SchemaDiff`, `changelist::ChangeList`, and `mk_change_list`
[INFO] [stderr]   --> crates/schema/src/root.rs:8:2
[INFO] [stderr]    |
[INFO] [stderr] 8  |     changelist::ChangeList,
[INFO] [stderr]    |     ^^^^^^^^^^^^^^^^^^^^^^
[INFO] [stderr] ...
[INFO] [stderr] 11 |     mk_change_list,
[INFO] [stderr]    |     ^^^^^^^^^^^^^^
[INFO] [stderr] ...
[INFO] [stderr] 18 |     HasIdent, IsCompatible, SchemaComposite, SchemaDiff, SchemaEnum, SchemaItem, SchemaScalar,
[INFO] [stderr]    |               ^^^^^^^^^^^^                   ^^^^^^^^^^
[INFO] [stderr] 
[INFO] [stderr] warning: elided lifetime has a name
[INFO] [stderr]    --> crates/schema/src/root.rs:321:54
[INFO] [stderr]     |
[INFO] [stderr] 321 |     pub fn sql<'a>(&'a self, sql: &'a Sql) -> SchemaSql<'_> {
[INFO] [stderr]     |                -- lifetime `'a` declared here           ^^ this elided lifetime gets resolved as `'a`
[INFO] [stderr]     |
[INFO] [stderr]     = note: `#[warn(elided_named_lifetimes)]` on by default
[INFO] [stderr] 
[INFO] [stderr] warning: unused import: `Display`
[INFO] [stderr]  --> crates/schema/src/ids.rs:5:21
[INFO] [stderr]   |
[INFO] [stderr] 5 |     fmt::{self, Debug, Display},
[INFO] [stderr]   |                        ^^^^^^^
[INFO] [stderr] 
[INFO] [stderr] warning: field `enum_` is never read
[INFO] [stderr]   --> crates/schema/src/scalar.rs:39:2
[INFO] [stderr]    |
[INFO] [stderr] 38 | pub struct EnumItemHandle<'a> {
[INFO] [stderr]    |            -------------- field in this struct
[INFO] [stderr] 39 |     enum_: SchemaEnum<'a>,
[INFO] [stderr]    |     ^^^^^
[INFO] [stderr]    |
[INFO] [stderr]    = note: `EnumItemHandle` has derived impls for the traits `Clone` and `Debug`, but these are intentionally ignored during dead code analysis
[INFO] [stderr]    = note: `#[warn(dead_code)]` on by default
[INFO] [stderr] 
[INFO] [stderr] warning: fields `uid` and `name` are never read
[INFO] [stderr]  --> crates/schema/src/trigger.rs:4:2
[INFO] [stderr]   |
[INFO] [stderr] 3 | pub struct Trigger {
[INFO] [stderr]   |            ------- fields in this struct
[INFO] [stderr] 4 |     uid: Uid,
[INFO] [stderr]   |     ^^^
[INFO] [stderr] 5 |     name: TriggerDefName,
[INFO] [stderr]   |     ^^^^
[INFO] [stderr] 
[INFO] [stderr] warning: `immigrant-schema` (lib) generated 7 warnings (run `cargo fix --lib -p immigrant-schema` to apply 4 suggestions)
[INFO] [stderr] warning: function `escape_literal` is never used
[INFO] [stderr]   --> crates/generator-postgres/src/escape.rs:16:8
[INFO] [stderr]    |
[INFO] [stderr] 16 | pub fn escape_literal(input: &str) -> String {
[INFO] [stderr]    |        ^^^^^^^^^^^^^^
[INFO] [stderr]    |
[INFO] [stderr]    = note: `#[warn(dead_code)]` on by default
[INFO] [stderr] 
[INFO] [stderr] warning: `immigrant-generator-postgres` (lib) generated 1 warning
[INFO] [stderr] warning: `immigrant-generator-postgres` (lib test) generated 1 warning (1 duplicate)
[INFO] [stderr] warning: `immigrant-schema` (lib test) generated 7 warnings (7 duplicates)
[INFO] [stderr]     Finished `test` profile [unoptimized + debuginfo] target(s) in 0.30s
[INFO] [stderr]      Running unittests src/main.rs (/opt/rustwide/target/debug/deps/immigrant-31a18910a087e660)
[INFO] [stdout] 
[INFO] [stdout] running 0 tests
[INFO] [stdout] 
[INFO] [stdout] test result: ok. 0 passed; 0 failed; 0 ignored; 0 measured; 0 filtered out; finished in 0.00s
[INFO] [stdout] 
[INFO] [stderr]      Running unittests src/lib.rs (/opt/rustwide/target/debug/deps/immigrant_cli-aaeae13db6039701)
[INFO] [stdout] 
[INFO] [stdout] running 0 tests
[INFO] [stdout] 
[INFO] [stdout] test result: ok. 0 passed; 0 failed; 0 ignored; 0 measured; 0 filtered out; finished in 0.00s
[INFO] [stdout] 
[INFO] [stderr]      Running unittests src/main.rs (/opt/rustwide/target/debug/deps/immigrant_diesel-ae396fb138d11878)
[INFO] [stdout] 
[INFO] [stdout] running 2 tests
[INFO] [stdout] test util::disjoint_union_works ... ok
[INFO] [stdout] test tests::test_basic ... FAILED
[INFO] [stdout] 
[INFO] [stdout] failures:
[INFO] [stdout] 
[INFO] [stdout] ---- tests::test_basic stdout ----
[INFO] [stdout] thread 'tests::test_basic' panicked at cmds/immigrant-diesel/src/main.rs:819:10:
[INFO] [stdout] rustfmt: BadSourceCode("error: 'rustfmt' is not installed for the toolchain '1.83.0-x86_64-unknown-linux-gnu'.\nTo install, run `rustup component add --toolchain 1.83.0-x86_64-unknown-linux-gnu rustfmt`\n")
[INFO] [stdout] stack backtrace:
[INFO] [stdout]    0:     0x60987b21069a - std::backtrace_rs::backtrace::libunwind::trace::h5a5b8284f2d0c266
[INFO] [stdout]                                at /rustc/90b35a6239c3d8bdabc530a6a0816f7ff89a0aaf/library/std/src/../../backtrace/src/backtrace/libunwind.rs:116:5
[INFO] [stdout]    1:     0x60987b21069a - std::backtrace_rs::backtrace::trace_unsynchronized::h76d4f1c9b0b875e3
[INFO] [stdout]                                at /rustc/90b35a6239c3d8bdabc530a6a0816f7ff89a0aaf/library/std/src/../../backtrace/src/backtrace/mod.rs:66:5
[INFO] [stdout]    2:     0x60987b21069a - std::sys::backtrace::_print_fmt::hc4546b8364a537c6
[INFO] [stdout]                                at /rustc/90b35a6239c3d8bdabc530a6a0816f7ff89a0aaf/library/std/src/sys/backtrace.rs:66:9
[INFO] [stdout]    3:     0x60987b21069a - <std::sys::backtrace::BacktraceLock::print::DisplayBacktrace as core::fmt::Display>::fmt::h5b6bd5631a6d1f6b
[INFO] [stdout]                                at /rustc/90b35a6239c3d8bdabc530a6a0816f7ff89a0aaf/library/std/src/sys/backtrace.rs:39:26
[INFO] [stdout]    4:     0x60987b236583 - core::fmt::rt::Argument::fmt::h270f6602a2b96f62
[INFO] [stdout]                                at /rustc/90b35a6239c3d8bdabc530a6a0816f7ff89a0aaf/library/core/src/fmt/rt.rs:177:76
[INFO] [stdout]    5:     0x60987b236583 - core::fmt::write::h7550c97b06c86515
[INFO] [stdout]                                at /rustc/90b35a6239c3d8bdabc530a6a0816f7ff89a0aaf/library/core/src/fmt/mod.rs:1186:21
[INFO] [stdout]    6:     0x60987b20d343 - std::io::Write::write_fmt::h509ff860e5956e5e
[INFO] [stdout]                                at /rustc/90b35a6239c3d8bdabc530a6a0816f7ff89a0aaf/library/std/src/io/mod.rs:1839:15
[INFO] [stdout]    7:     0x60987b2104e2 - std::sys::backtrace::BacktraceLock::print::h2395ccd2c84ba3aa
[INFO] [stdout]                                at /rustc/90b35a6239c3d8bdabc530a6a0816f7ff89a0aaf/library/std/src/sys/backtrace.rs:42:9
[INFO] [stdout]    8:     0x60987b211afa - std::panicking::default_hook::{{closure}}::he19d4c7230e07961
[INFO] [stdout]                                at /rustc/90b35a6239c3d8bdabc530a6a0816f7ff89a0aaf/library/std/src/panicking.rs:268:22
[INFO] [stdout]    9:     0x60987b211904 - std::panicking::default_hook::hf614597d3c67bbdb
[INFO] [stdout]                                at /rustc/90b35a6239c3d8bdabc530a6a0816f7ff89a0aaf/library/std/src/panicking.rs:292:9
[INFO] [stdout]   10:     0x60987adf0519 - <alloc::boxed::Box<F,A> as core::ops::function::Fn<Args>>::call::h39b51ce4599c23d1
[INFO] [stdout]                                at /rustc/90b35a6239c3d8bdabc530a6a0816f7ff89a0aaf/library/alloc/src/boxed.rs:2468:9
[INFO] [stdout]   11:     0x60987adf0519 - test::test_main::{{closure}}::he977ae839a582784
[INFO] [stdout]                                at /rustc/90b35a6239c3d8bdabc530a6a0816f7ff89a0aaf/library/test/src/lib.rs:133:21
[INFO] [stdout]   12:     0x60987b212198 - <alloc::boxed::Box<F,A> as core::ops::function::Fn<Args>>::call::h9455091b6b06f9fb
[INFO] [stdout]                                at /rustc/90b35a6239c3d8bdabc530a6a0816f7ff89a0aaf/library/alloc/src/boxed.rs:2468:9
[INFO] [stdout]   13:     0x60987b212198 - std::panicking::rust_panic_with_hook::h8942133a8b252070
[INFO] [stdout]                                at /rustc/90b35a6239c3d8bdabc530a6a0816f7ff89a0aaf/library/std/src/panicking.rs:809:13
[INFO] [stdout]   14:     0x60987b211f5a - std::panicking::begin_panic_handler::{{closure}}::hb5f5963570096b29
[INFO] [stdout]                                at /rustc/90b35a6239c3d8bdabc530a6a0816f7ff89a0aaf/library/std/src/panicking.rs:674:13
[INFO] [stdout]   15:     0x60987b210b79 - std::sys::backtrace::__rust_end_short_backtrace::h6208cedc1922feda
[INFO] [stdout]                                at /rustc/90b35a6239c3d8bdabc530a6a0816f7ff89a0aaf/library/std/src/sys/backtrace.rs:170:18
[INFO] [stdout]   16:     0x60987b211bec - rust_begin_unwind
[INFO] [stdout]                                at /rustc/90b35a6239c3d8bdabc530a6a0816f7ff89a0aaf/library/std/src/panicking.rs:665:5
[INFO] [stdout]   17:     0x60987ad63d70 - core::panicking::panic_fmt::h0c3082644d1bf418
[INFO] [stdout]                                at /rustc/90b35a6239c3d8bdabc530a6a0816f7ff89a0aaf/library/core/src/panicking.rs:74:14
[INFO] [stdout]   18:     0x60987ad641f6 - core::result::unwrap_failed::hd20b4aa073bda1e2
[INFO] [stdout]                                at /rustc/90b35a6239c3d8bdabc530a6a0816f7ff89a0aaf/library/core/src/result.rs:1700:5
[INFO] [stdout]   19:     0x60987adaf4b6 - core::result::Result<T,E>::expect::h21b34980afa6b8e7
[INFO] [stdout]                                at /rustc/90b35a6239c3d8bdabc530a6a0816f7ff89a0aaf/library/core/src/result.rs:1061:23
[INFO] [stdout]   20:     0x60987ad7f59a - immigrant_diesel::generate_schema::h88b4bb16225bb1f8
[INFO] [stdout]                                at /opt/rustwide/workdir/cmds/immigrant-diesel/src/main.rs:817:12
[INFO] [stdout]   21:     0x60987adb7d4e - immigrant_diesel::tests::test_generator::heec642d21a70ae8a
[INFO] [stdout]                                at /opt/rustwide/workdir/cmds/immigrant-diesel/src/main.rs:842:19
[INFO] [stdout]   22:     0x60987adb8242 - immigrant_diesel::tests::test_basic::hd12a6f097cf0dd5a
[INFO] [stdout]                                at /opt/rustwide/workdir/cmds/immigrant-diesel/src/main.rs:848:3
[INFO] [stdout]   23:     0x60987adb8217 - immigrant_diesel::tests::test_basic::{{closure}}::h4c6b51f5584e0989
[INFO] [stdout]                                at /opt/rustwide/workdir/cmds/immigrant-diesel/src/main.rs:847:17
[INFO] [stdout]   24:     0x60987adb5336 - core::ops::function::FnOnce::call_once::h5d820f974c39da6e
[INFO] [stdout]                                at /rustc/90b35a6239c3d8bdabc530a6a0816f7ff89a0aaf/library/core/src/ops/function.rs:250:5
[INFO] [stdout]   25:     0x60987adf4edb - core::ops::function::FnOnce::call_once::h109cf8051a59b34e
[INFO] [stdout]                                at /rustc/90b35a6239c3d8bdabc530a6a0816f7ff89a0aaf/library/core/src/ops/function.rs:250:5
[INFO] [stdout]   26:     0x60987adf4edb - test::__rust_begin_short_backtrace::hf4fff89d377446ba
[INFO] [stdout]                                at /rustc/90b35a6239c3d8bdabc530a6a0816f7ff89a0aaf/library/test/src/lib.rs:621:18
[INFO] [stdout]   27:     0x60987adf4717 - test::run_test_in_process::{{closure}}::h0e39181dd7ee5a43
[INFO] [stdout]                                at /rustc/90b35a6239c3d8bdabc530a6a0816f7ff89a0aaf/library/test/src/lib.rs:644:60
[INFO] [stdout]   28:     0x60987adf4717 - <core::panic::unwind_safe::AssertUnwindSafe<F> as core::ops::function::FnOnce<()>>::call_once::hc5a66a30f0bdfd1f
[INFO] [stdout]                                at /rustc/90b35a6239c3d8bdabc530a6a0816f7ff89a0aaf/library/core/src/panic/unwind_safe.rs:272:9
[INFO] [stdout]   29:     0x60987adf4717 - std::panicking::try::do_call::h873b7cf639554a5e
[INFO] [stdout]                                at /rustc/90b35a6239c3d8bdabc530a6a0816f7ff89a0aaf/library/std/src/panicking.rs:557:40
[INFO] [stdout]   30:     0x60987adf4717 - std::panicking::try::hdb19862fad9c8bd1
[INFO] [stdout]                                at /rustc/90b35a6239c3d8bdabc530a6a0816f7ff89a0aaf/library/std/src/panicking.rs:520:19
[INFO] [stdout]   31:     0x60987adf4717 - std::panic::catch_unwind::h281fe732d236d260
[INFO] [stdout]                                at /rustc/90b35a6239c3d8bdabc530a6a0816f7ff89a0aaf/library/std/src/panic.rs:358:14
[INFO] [stdout]   32:     0x60987adf4717 - test::run_test_in_process::h949b6df8457ed338
[INFO] [stdout]                                at /rustc/90b35a6239c3d8bdabc530a6a0816f7ff89a0aaf/library/test/src/lib.rs:644:27
[INFO] [stdout]   33:     0x60987adf4717 - test::run_test::{{closure}}::h52c556a6d4740e10
[INFO] [stdout]                                at /rustc/90b35a6239c3d8bdabc530a6a0816f7ff89a0aaf/library/test/src/lib.rs:565:43
[INFO] [stdout]   34:     0x60987adb99f4 - test::run_test::{{closure}}::h4237f6381c45ccb9
[INFO] [stdout]                                at /rustc/90b35a6239c3d8bdabc530a6a0816f7ff89a0aaf/library/test/src/lib.rs:595:41
[INFO] [stdout]   35:     0x60987adb99f4 - std::sys::backtrace::__rust_begin_short_backtrace::h505c97a579eca628
[INFO] [stdout]                                at /rustc/90b35a6239c3d8bdabc530a6a0816f7ff89a0aaf/library/std/src/sys/backtrace.rs:154:18
[INFO] [stdout]   36:     0x60987adbd0be - std::thread::Builder::spawn_unchecked_::{{closure}}::{{closure}}::h9e86b2e2bc107ea3
[INFO] [stdout]                                at /rustc/90b35a6239c3d8bdabc530a6a0816f7ff89a0aaf/library/std/src/thread/mod.rs:538:17
[INFO] [stdout]   37:     0x60987adbd0be - <core::panic::unwind_safe::AssertUnwindSafe<F> as core::ops::function::FnOnce<()>>::call_once::h8b06ddb275ff4a25
[INFO] [stdout]                                at /rustc/90b35a6239c3d8bdabc530a6a0816f7ff89a0aaf/library/core/src/panic/unwind_safe.rs:272:9
[INFO] [stdout]   38:     0x60987adbd0be - std::panicking::try::do_call::hb26ecd7cd9a9355d
[INFO] [stdout]                                at /rustc/90b35a6239c3d8bdabc530a6a0816f7ff89a0aaf/library/std/src/panicking.rs:557:40
[INFO] [stdout]   39:     0x60987adbd0be - std::panicking::try::h8ddeca9d705f9069
[INFO] [stdout]                                at /rustc/90b35a6239c3d8bdabc530a6a0816f7ff89a0aaf/library/std/src/panicking.rs:520:19
[INFO] [stdout]   40:     0x60987adbd0be - std::panic::catch_unwind::h49e1c33078844c46
[INFO] [stdout]                                at /rustc/90b35a6239c3d8bdabc530a6a0816f7ff89a0aaf/library/std/src/panic.rs:358:14
[INFO] [stdout]   41:     0x60987adbd0be - std::thread::Builder::spawn_unchecked_::{{closure}}::h6073db6ff56ad35d
[INFO] [stdout]                                at /rustc/90b35a6239c3d8bdabc530a6a0816f7ff89a0aaf/library/std/src/thread/mod.rs:537:30
[INFO] [stdout]   42:     0x60987adbd0be - core::ops::function::FnOnce::call_once{{vtable.shim}}::h2c5a5f3779c774f1
[INFO] [stdout]                                at /rustc/90b35a6239c3d8bdabc530a6a0816f7ff89a0aaf/library/core/src/ops/function.rs:250:5
[INFO] [stdout]   43:     0x60987b21611b - <alloc::boxed::Box<F,A> as core::ops::function::FnOnce<Args>>::call_once::hf75717d9f28faebf
[INFO] [stdout]                                at /rustc/90b35a6239c3d8bdabc530a6a0816f7ff89a0aaf/library/alloc/src/boxed.rs:2454:9
[INFO] [stdout]   44:     0x60987b21611b - <alloc::boxed::Box<F,A> as core::ops::function::FnOnce<Args>>::call_once::h7bd883a5f3c5f3c1
[INFO] [stdout]                                at /rustc/90b35a6239c3d8bdabc530a6a0816f7ff89a0aaf/library/alloc/src/boxed.rs:2454:9
[INFO] [stdout]   45:     0x60987b21611b - std::sys::pal::unix::thread::Thread::new::thread_start::hcc78f3943333fa94
[INFO] [stdout]                                at /rustc/90b35a6239c3d8bdabc530a6a0816f7ff89a0aaf/library/std/src/sys/pal/unix/thread.rs:105:17
[INFO] [stdout]   46:     0x798cc8a32ac3 - <unknown>
[INFO] [stdout]   47:     0x798cc8ac3a04 - clone
[INFO] [stdout]   48:                0x0 - <unknown>
[INFO] [stdout] 
[INFO] [stdout] 
[INFO] [stdout] failures:
[INFO] [stdout]     tests::test_basic
[INFO] [stdout] 
[INFO] [stdout] test result: FAILED. 1 passed; 1 failed; 0 ignored; 0 measured; 0 filtered out; finished in 1.60s
[INFO] [stdout] 
[INFO] [stderr] error: test failed, to rerun pass `-p immigrant-diesel --bin immigrant-diesel`
[INFO] running `Command { std: "docker" "inspect" "54286d9d9ee5e0bcd15c0a35d80448008619e0a645e92783537c8ae02ccd07c8", kill_on_drop: false }`
[INFO] running `Command { std: "docker" "rm" "-f" "54286d9d9ee5e0bcd15c0a35d80448008619e0a645e92783537c8ae02ccd07c8", kill_on_drop: false }`
[INFO] [stdout] 54286d9d9ee5e0bcd15c0a35d80448008619e0a645e92783537c8ae02ccd07c8
