[INFO] cloning repository https://github.com/CarloMicieli/trenako-web-api
[INFO] running `Command { std: "git" "-c" "credential.helper=" "-c" "credential.helper=/workspace/cargo-home/bin/git-credential-null" "clone" "--bare" "https://github.com/CarloMicieli/trenako-web-api" "/workspace/cache/git-repos/https%3A%2F%2Fgithub.com%2FCarloMicieli%2Ftrenako-web-api", kill_on_drop: false }`
[INFO] [stderr] Cloning into bare repository '/workspace/cache/git-repos/https%3A%2F%2Fgithub.com%2FCarloMicieli%2Ftrenako-web-api'...
[INFO] running `Command { std: "git" "rev-parse" "HEAD", kill_on_drop: false }`
[INFO] [stdout] fa9e4db4ab4246d343e84dabdbc331a3ebc3ed40
[INFO] testing CarloMicieli/trenako-web-api against 1.83.0 for beta-1.84.0-4-retry
[INFO] running `Command { std: "git" "clone" "/workspace/cache/git-repos/https%3A%2F%2Fgithub.com%2FCarloMicieli%2Ftrenako-web-api" "/workspace/builds/worker-1-tc1/source", kill_on_drop: false }`
[INFO] [stderr] Cloning into '/workspace/builds/worker-1-tc1/source'...
[INFO] [stderr] done.
[INFO] validating manifest of git repo https://github.com/CarloMicieli/trenako-web-api on toolchain 1.83.0
[INFO] running `Command { std: CARGO_HOME="/workspace/cargo-home" RUSTUP_HOME="/workspace/rustup-home" "/workspace/cargo-home/bin/cargo" "+1.83.0" "metadata" "--manifest-path" "Cargo.toml" "--no-deps", kill_on_drop: false }`
[INFO] removed /workspace/builds/worker-1-tc1/source/rust-toolchain.toml
[INFO] started tweaking git repo https://github.com/CarloMicieli/trenako-web-api
[INFO] finished tweaking git repo https://github.com/CarloMicieli/trenako-web-api
[INFO] tweaked toml for git repo https://github.com/CarloMicieli/trenako-web-api written to /workspace/builds/worker-1-tc1/source/Cargo.toml
[INFO] crate git repo https://github.com/CarloMicieli/trenako-web-api already has a lockfile, it will not be regenerated
[INFO] running `Command { std: CARGO_HOME="/workspace/cargo-home" RUSTUP_HOME="/workspace/rustup-home" "/workspace/cargo-home/bin/cargo" "+1.83.0" "fetch" "--manifest-path" "Cargo.toml", kill_on_drop: false }`
[INFO] [stderr] warning: virtual workspace defaulting to `resolver = "1"` despite one or more workspace members being on edition 2021 which implies `resolver = "2"`
[INFO] [stderr] note: to keep the current resolver, specify `workspace.resolver = "1"` in the workspace root's manifest
[INFO] [stderr] note: to use the edition 2021 resolver, specify `workspace.resolver = "2"` in the workspace root's manifest
[INFO] [stderr] note: for more details see https://doc.rust-lang.org/cargo/reference/resolver.html#resolver-versions
[INFO] [stderr]     Updating crates.io index
[INFO] [stderr]  Downloading crates ...
[INFO] [stderr]   Downloaded validator_types v0.14.0
[INFO] [stderr]   Downloaded uuid v0.8.2
[INFO] [stderr]   Downloaded rust_decimal_macros v1.24.0
[INFO] [stderr]   Downloaded slug v0.1.4
[INFO] [stderr]   Downloaded percent-encoding v1.0.1
[INFO] [stderr]   Downloaded futures-sink v0.3.21
[INFO] [stderr]   Downloaded isocountry v0.3.2
[INFO] [stderr]   Downloaded darling_core v0.12.4
[INFO] [stderr]   Downloaded security-framework v2.6.1
[INFO] [stderr]   Downloaded itertools v0.8.2
[INFO] [stderr]   Downloaded url v1.7.2
[INFO] [stderr]   Downloaded rust_decimal v1.24.0
[INFO] [stderr]   Downloaded http v0.2.7
[INFO] [stderr]   Downloaded reqwest v0.11.10
[INFO] [stderr]   Downloaded hyper v0.14.19
[INFO] [stderr]   Downloaded tracing-subscriber v0.3.11
[INFO] [stderr]   Downloaded openssl v0.10.40
[INFO] [stderr]   Downloaded actix-web v4.0.1
[INFO] [stderr]   Downloaded idna v0.1.5
[INFO] [stderr]   Downloaded sqlx-core v0.5.13
[INFO] [stderr]   Downloaded tracing-bunyan-formatter v0.3.2
[INFO] [stderr]   Downloaded regex-syntax v0.6.26
[INFO] [stderr]   Downloaded regex v1.5.6
[INFO] [stderr]   Downloaded hkdf v0.12.3
[INFO] [stderr]   Downloaded actix-http v3.0.4
[INFO] [stderr]   Downloaded deunicode v0.4.3
[INFO] [stderr]   Downloaded sqlx v0.5.13
[INFO] [stderr]   Downloaded miniz_oxide v0.5.3
[INFO] [stderr]   Downloaded tokio-util v0.7.2
[INFO] [stderr]   Downloaded mio v0.8.3
[INFO] [stderr]   Downloaded pin-project v1.0.10
[INFO] [stderr]   Downloaded time v0.3.9
[INFO] [stderr]   Downloaded serde_json v1.0.81
[INFO] [stderr]   Downloaded pretty_assertions v1.2.1
[INFO] [stderr]   Downloaded tokio v1.18.2
[INFO] [stderr]   Downloaded config v0.12.0
[INFO] [stderr]   Downloaded pretty_assertions v0.7.2
[INFO] [stderr]   Downloaded openssl-sys v0.9.74
[INFO] [stderr]   Downloaded fastrand v1.7.0
[INFO] [stderr]   Downloaded unicode-segmentation v1.9.0
[INFO] [stderr]   Downloaded bumpalo v3.10.0
[INFO] [stderr]   Downloaded indexmap v1.8.2
[INFO] [stderr]   Downloaded once_cell v1.12.0
[INFO] [stderr]   Downloaded tracing v0.1.34
[INFO] [stderr]   Downloaded tracing-core v0.1.26
[INFO] [stderr]   Downloaded native-tls v0.2.10
[INFO] [stderr]   Downloaded hmac v0.12.1
[INFO] [stderr]   Downloaded flate2 v1.0.24
[INFO] [stderr]   Downloaded semver v1.0.9
[INFO] [stderr]   Downloaded tracing-actix-web v0.5.1
[INFO] [stderr]   Downloaded derive_builder v0.10.2
[INFO] [stderr]   Downloaded schannel v0.1.20
[INFO] [stderr]   Downloaded tokio-native-tls v0.3.0
[INFO] [stderr]   Downloaded time v0.1.43
[INFO] [stderr]   Downloaded crossbeam-utils v0.8.8
[INFO] [stderr]   Downloaded hashlink v0.7.0
[INFO] [stderr]   Downloaded testcontainers v0.12.0
[INFO] [stderr]   Downloaded generic-array v0.14.5
[INFO] [stderr]   Downloaded zstd v0.10.2+zstd.1.5.2
[INFO] [stderr]   Downloaded num_cpus v1.13.1
[INFO] [stderr]   Downloaded tokio-macros v1.7.0
[INFO] [stderr]   Downloaded pin-project-internal v1.0.10
[INFO] [stderr]   Downloaded encoding_rs v0.8.31
[INFO] [stderr]   Downloaded tracing-attributes v0.1.21
[INFO] [stderr]   Downloaded zstd-sys v1.6.3+zstd.1.5.2
[INFO] [stderr]   Downloaded async-trait v0.1.53
[INFO] [stderr]   Downloaded linked-hash-map v0.5.4
[INFO] [stderr]   Downloaded derive_builder_core v0.10.2
[INFO] [stderr]   Downloaded ipnet v2.5.0
[INFO] [stderr]   Downloaded crossbeam-queue v0.3.5
[INFO] [stderr]   Downloaded whoami v1.2.1
[INFO] [stderr]   Downloaded ppv-lite86 v0.2.16
[INFO] [stderr]   Downloaded crypto-common v0.1.3
[INFO] [stderr]   Downloaded sha-1 v0.10.0
[INFO] [stderr]   Downloaded zstd-safe v4.1.6+zstd.1.5.2
[INFO] [stderr]   Downloaded actix-web-codegen v4.0.0
[INFO] [stderr]   Downloaded thread_local v1.1.4
[INFO] [stderr]   Downloaded if_chain v1.0.2
[INFO] [stderr]   Downloaded validator_derive v0.14.0
[INFO] [stderr]   Downloaded validator v0.14.0
[INFO] [stderr]   Downloaded darling v0.12.4
[INFO] [stderr]   Downloaded ctor v0.1.22
[INFO] [stderr]   Downloaded output_vt100 v0.1.3
[INFO] [stderr]   Downloaded hyper-tls v0.5.0
[INFO] [stderr]   Downloaded pkg-config v0.3.25
[INFO] [stderr]   Downloaded security-framework-sys v2.6.1
[INFO] [stderr]   Downloaded event-listener v2.5.2
[INFO] [stderr]   Downloaded md-5 v0.10.1
[INFO] [stderr]   Downloaded sha2 v0.10.2
[INFO] [stderr]   Downloaded sqlformat v0.1.8
[INFO] [stderr]   Downloaded sqlx-macros v0.5.13
[INFO] [stderr]   Downloaded sha2 v0.9.9
[INFO] [stderr]   Downloaded tracing-log v0.1.3
[INFO] [stderr]   Downloaded darling_macro v0.12.4
[INFO] [stderr]   Downloaded derive_builder_macro v0.10.2
[INFO] [stderr]   Downloaded openssl-macros v0.1.0
[INFO] [stderr]   Downloaded atoi v0.4.0
[INFO] [stderr]   Downloaded sqlx-rt v0.5.13
[INFO] running `Command { std: "docker" "create" "-v" "/var/lib/crater-agent-workspace/builds/worker-1-tc1/target:/opt/rustwide/target:rw,Z" "-v" "/var/lib/crater-agent-workspace/builds/worker-1-tc1/source:/opt/rustwide/workdir:ro,Z" "-v" "/var/lib/crater-agent-workspace/cargo-home:/opt/rustwide/cargo-home:ro,Z" "-v" "/var/lib/crater-agent-workspace/rustup-home:/opt/rustwide/rustup-home:ro,Z" "-e" "SOURCE_DIR=/opt/rustwide/workdir" "-e" "CARGO_TARGET_DIR=/opt/rustwide/target" "-e" "CARGO_HOME=/opt/rustwide/cargo-home" "-e" "RUSTUP_HOME=/opt/rustwide/rustup-home" "-w" "/opt/rustwide/workdir" "-m" "1610612736" "--user" "0:0" "--network" "none" "ghcr.io/rust-lang/crates-build-env/linux@sha256:f3a9d4ad9d972b27faf3965f35b62e55ba32bbce8f20bc8fe909558a86702fde" "/opt/rustwide/cargo-home/bin/cargo" "+1.83.0" "metadata" "--no-deps" "--format-version=1", kill_on_drop: false }`
[INFO] [stdout] 6ea59fe1ac8d0eedacc6ba00cb2b6447503f66bbc45f7591d4f7f99d73c6bd42
[INFO] running `Command { std: "docker" "start" "-a" "6ea59fe1ac8d0eedacc6ba00cb2b6447503f66bbc45f7591d4f7f99d73c6bd42", kill_on_drop: false }`
[INFO] running `Command { std: "docker" "inspect" "6ea59fe1ac8d0eedacc6ba00cb2b6447503f66bbc45f7591d4f7f99d73c6bd42", kill_on_drop: false }`
[INFO] running `Command { std: "docker" "rm" "-f" "6ea59fe1ac8d0eedacc6ba00cb2b6447503f66bbc45f7591d4f7f99d73c6bd42", kill_on_drop: false }`
[INFO] [stdout] 6ea59fe1ac8d0eedacc6ba00cb2b6447503f66bbc45f7591d4f7f99d73c6bd42
[INFO] running `Command { std: "docker" "create" "-v" "/var/lib/crater-agent-workspace/builds/worker-1-tc1/target:/opt/rustwide/target:rw,Z" "-v" "/var/lib/crater-agent-workspace/builds/worker-1-tc1/source:/opt/rustwide/workdir:ro,Z" "-v" "/var/lib/crater-agent-workspace/cargo-home:/opt/rustwide/cargo-home:ro,Z" "-v" "/var/lib/crater-agent-workspace/rustup-home:/opt/rustwide/rustup-home:ro,Z" "-e" "SOURCE_DIR=/opt/rustwide/workdir" "-e" "CARGO_TARGET_DIR=/opt/rustwide/target" "-e" "CARGO_INCREMENTAL=0" "-e" "RUST_BACKTRACE=full" "-e" "RUSTFLAGS=--cap-lints=warn" "-e" "RUSTDOCFLAGS=--cap-lints=warn" "-e" "CARGO_HOME=/opt/rustwide/cargo-home" "-e" "RUSTUP_HOME=/opt/rustwide/rustup-home" "-w" "/opt/rustwide/workdir" "-m" "1610612736" "--user" "0:0" "--network" "none" "ghcr.io/rust-lang/crates-build-env/linux@sha256:f3a9d4ad9d972b27faf3965f35b62e55ba32bbce8f20bc8fe909558a86702fde" "/opt/rustwide/cargo-home/bin/cargo" "+1.83.0" "build" "--frozen" "--message-format=json", kill_on_drop: false }`
[INFO] [stdout] a9773d9022d7e80ed91fc75467c88f89883e445deeeb1e911c6aa234e43cca0e
[INFO] running `Command { std: "docker" "start" "-a" "a9773d9022d7e80ed91fc75467c88f89883e445deeeb1e911c6aa234e43cca0e", kill_on_drop: false }`
[INFO] [stderr] warning: virtual workspace defaulting to `resolver = "1"` despite one or more workspace members being on edition 2021 which implies `resolver = "2"`
[INFO] [stderr] note: to keep the current resolver, specify `workspace.resolver = "1"` in the workspace root's manifest
[INFO] [stderr] note: to use the edition 2021 resolver, specify `workspace.resolver = "2"` in the workspace root's manifest
[INFO] [stderr] note: for more details see https://doc.rust-lang.org/cargo/reference/resolver.html#resolver-versions
[INFO] [stderr]    Compiling proc-macro2 v1.0.39
[INFO] [stderr]    Compiling unicode-ident v1.0.0
[INFO] [stderr]    Compiling syn v1.0.95
[INFO] [stderr]    Compiling libc v0.2.126
[INFO] [stderr]    Compiling once_cell v1.12.0
[INFO] [stderr]    Compiling serde_derive v1.0.137
[INFO] [stderr]    Compiling serde v1.0.137
[INFO] [stderr]    Compiling smallvec v1.8.0
[INFO] [stderr]    Compiling lock_api v0.4.7
[INFO] [stderr]    Compiling bytes v1.1.0
[INFO] [stderr]    Compiling futures-core v0.3.21
[INFO] [stderr]    Compiling itoa v1.0.2
[INFO] [stderr]    Compiling parking_lot_core v0.9.3
[INFO] [stderr]    Compiling typenum v1.15.0
[INFO] [stderr]    Compiling generic-array v0.14.5
[INFO] [stderr]    Compiling tinyvec_macros v0.1.0
[INFO] [stderr]    Compiling tinyvec v1.6.0
[INFO] [stderr]    Compiling fnv v1.0.7
[INFO] [stderr]    Compiling matches v0.1.9
[INFO] [stderr]    Compiling unicode-bidi v0.3.8
[INFO] [stderr]    Compiling futures-sink v0.3.21
[INFO] [stderr]    Compiling regex-syntax v0.6.26
[INFO] [stderr]    Compiling percent-encoding v2.1.0
[INFO] [stderr]    Compiling tracing-core v0.1.26
[INFO] [stderr]    Compiling num-traits v0.2.15
[INFO] [stderr]    Compiling ahash v0.7.6
[INFO] [stderr]    Compiling futures-task v0.3.21
[INFO] [stderr]    Compiling subtle v2.4.1
[INFO] [stderr]    Compiling aho-corasick v0.7.18
[INFO] [stderr]    Compiling serde_json v1.0.81
[INFO] [stderr]    Compiling futures-util v0.3.21
[INFO] [stderr]    Compiling ryu v1.0.10
[INFO] [stderr]    Compiling form_urlencoded v1.0.1
[INFO] [stderr]    Compiling untrusted v0.7.1
[INFO] [stderr]    Compiling pin-utils v0.1.0
[INFO] [stderr]    Compiling indexmap v1.8.2
[INFO] [stderr]    Compiling cpufeatures v0.2.2
[INFO] [stderr]    Compiling ppv-lite86 v0.2.16
[INFO] [stderr]    Compiling paste v1.0.7
[INFO] [stderr]    Compiling proc-macro-error-attr v1.0.4
[INFO] [stderr]    Compiling ident_case v1.0.1
[INFO] [stderr]    Compiling parking_lot_core v0.8.5
[INFO] [stderr]    Compiling strsim v0.10.0
[INFO] [stderr]    Compiling quote v1.0.18
[INFO] [stderr]    Compiling http v0.2.7
[INFO] [stderr]    Compiling instant v0.1.12
[INFO] [stderr]    Compiling proc-macro-error v1.0.4
[INFO] [stderr]    Compiling num-integer v0.1.45
[INFO] [stderr]    Compiling local-waker v0.1.3
[INFO] [stderr]    Compiling alloc-no-stdlib v2.0.3
[INFO] [stderr]    Compiling jobserver v0.1.24
[INFO] [stderr]    Compiling getrandom v0.2.6
[INFO] [stderr]    Compiling socket2 v0.4.4
[INFO] [stderr]    Compiling mio v0.8.3
[INFO] [stderr]    Compiling signal-hook-registry v1.4.0
[INFO] [stderr]    Compiling num_cpus v1.13.1
[INFO] [stderr]    Compiling unicode-normalization v0.1.19
[INFO] [stderr]    Compiling cc v1.0.73
[INFO] [stderr]    Compiling parking_lot v0.12.1
[INFO] [stderr]    Compiling rand_core v0.6.3
[INFO] [stderr]    Compiling zstd-safe v4.1.6+zstd.1.5.2
[INFO] [stderr]    Compiling hashbrown v0.11.2
[INFO] [stderr]    Compiling crossbeam-utils v0.8.8
[INFO] [stderr]    Compiling crc32fast v1.3.2
[INFO] [stderr]    Compiling rand_chacha v0.3.1
[INFO] [stderr]    Compiling nom v7.1.1
[INFO] [stderr]    Compiling idna v0.2.3
[INFO] [stderr]    Compiling rand v0.8.5
[INFO] [stderr]    Compiling alloc-stdlib v0.2.1
[INFO] [stderr]    Compiling bytestring v1.0.0
[INFO] [stderr]    Compiling crossbeam-queue v0.3.5
[INFO] [stderr]    Compiling num_threads v0.1.6
[INFO] [stderr]    Compiling httparse v1.7.1
[INFO] [stderr]    Compiling url v2.2.2
[INFO] [stderr]    Compiling crypto-common v0.1.3
[INFO] [stderr]    Compiling block-buffer v0.10.2
[INFO] [stderr]    Compiling rust_decimal v1.24.0
[INFO] [stderr]    Compiling futures-channel v0.3.21
[INFO] [stderr]    Compiling digest v0.10.3
[INFO] [stderr]    Compiling unicode-segmentation v1.9.0
[INFO] [stderr]    Compiling time-macros v0.2.4
[INFO] [stderr]    Compiling adler v1.0.2
[INFO] [stderr]    Compiling encoding_rs v0.8.31
[INFO] [stderr]    Compiling miniz_oxide v0.5.3
[INFO] [stderr]    Compiling regex v1.5.6
[INFO] [stderr]    Compiling sha-1 v0.10.0
[INFO] [stderr]    Compiling hmac v0.12.1
[INFO] [stderr]    Compiling ring v0.16.20
[INFO] [stderr]    Compiling zstd-sys v1.6.3+zstd.1.5.2
[INFO] [stderr]    Compiling parking_lot v0.11.2
[INFO] [stderr]    Compiling brotli-decompressor v2.3.2
[INFO] [stderr]    Compiling actix-service v2.0.2
[INFO] [stderr]    Compiling time v0.1.43
[INFO] [stderr]    Compiling dirs-sys v0.3.7
[INFO] [stderr]    Compiling actix-utils v3.0.0
[INFO] [stderr]    Compiling cookie v0.16.0
[INFO] [stderr]    Compiling arrayvec v0.7.2
[INFO] [stderr]    Compiling convert_case v0.4.0
[INFO] [stderr]    Compiling firestorm v0.5.1
[INFO] [stderr]    Compiling slab v0.4.6
[INFO] [stderr]    Compiling unicode_categories v0.1.1
[INFO] [stderr]    Compiling anyhow v1.0.57
[INFO] [stderr]    Compiling async-trait v0.1.53
[INFO] [stderr]    Compiling if_chain v1.0.2
[INFO] [stderr]    Compiling local-channel v0.1.3
[INFO] [stderr]    Compiling time v0.3.9
[INFO] [stderr]    Compiling futures-intrusive v0.4.0
[INFO] [stderr]    Compiling dirs v4.0.0
[INFO] [stderr]    Compiling flate2 v1.0.24
[INFO] [stderr]    Compiling hkdf v0.12.3
[INFO] [stderr]    Compiling brotli v3.3.4
[INFO] [stderr]    Compiling sha2 v0.10.2
[INFO] [stderr]    Compiling md-5 v0.10.1
[INFO] [stderr]    Compiling regex-automata v0.1.10
[INFO] [stderr]    Compiling hashlink v0.7.0
[INFO] [stderr]    Compiling stringprep v0.1.2
[INFO] [stderr]    Compiling atoi v0.4.0
[INFO] [stderr]    Compiling byteorder v1.4.3
[INFO] [stderr]    Compiling deunicode v0.4.3
[INFO] [stderr]    Compiling darling_core v0.12.4
[INFO] [stderr]    Compiling validator_types v0.14.0
[INFO] [stderr]    Compiling language-tags v0.3.2
[INFO] [stderr]    Compiling httpdate v1.0.2
[INFO] [stderr]    Compiling mime v0.3.16
[INFO] [stderr]    Compiling whoami v1.2.1
[INFO] [stderr]    Compiling event-listener v2.5.2
[INFO] [stderr]    Compiling slug v0.1.4
[INFO] [stderr]    Compiling matchers v0.1.0
[INFO] [stderr]    Compiling heck v0.4.0
[INFO] [stderr]    Compiling idna v0.1.5
[INFO] [stderr]    Compiling tracing-log v0.1.3
[INFO] [stderr]    Compiling thread_local v1.1.4
[INFO] [stderr]    Compiling sharded-slab v0.1.4
[INFO] [stderr]    Compiling ansi_term v0.12.1
[INFO] [stderr]    Compiling percent-encoding v1.0.1
[INFO] [stderr]    Compiling dotenv v0.15.0
[INFO] [stderr]    Compiling linked-hash-map v0.5.4
[INFO] [stderr]    Compiling heck v0.3.3
[INFO] [stderr]    Compiling url v1.7.2
[INFO] [stderr]    Compiling yaml-rust v0.4.5
[INFO] [stderr]    Compiling gethostname v0.2.3
[INFO] [stderr]    Compiling webpki v0.21.4
[INFO] [stderr]    Compiling tokio-macros v1.7.0
[INFO] [stderr]    Compiling tracing-attributes v0.1.21
[INFO] [stderr]    Compiling thiserror-impl v1.0.31
[INFO] [stderr]    Compiling tokio v1.18.2
[INFO] [stderr]    Compiling sct v0.6.1
[INFO] [stderr]    Compiling rustls v0.19.1
[INFO] [stderr]    Compiling darling_macro v0.12.4
[INFO] [stderr]    Compiling webpki-roots v0.21.1
[INFO] [stderr]    Compiling pin-project-internal v1.0.10
[INFO] [stderr]    Compiling thiserror v1.0.31
[INFO] [stderr]    Compiling validator_derive v0.14.0
[INFO] [stderr]    Compiling derive_more v0.99.17
[INFO] [stderr]    Compiling tracing v0.1.34
[INFO] [stderr]    Compiling actix-macros v0.2.3
[INFO] [stderr]    Compiling tracing-subscriber v0.3.11
[INFO] [stderr]    Compiling darling v0.12.4
[INFO] [stderr]    Compiling derive_builder_core v0.10.2
[INFO] [stderr]    Compiling collecting v0.5.0 (/opt/rustwide/workdir/workspace/collecting)
[INFO] [stderr]    Compiling derive_builder_macro v0.10.2
[INFO] [stderr]    Compiling pin-project v1.0.10
[INFO] [stderr]    Compiling tracing-futures v0.2.5
[INFO] [stderr]    Compiling tokio-util v0.7.2
[INFO] [stderr]    Compiling actix-rt v2.7.0
[INFO] [stderr]    Compiling tokio-rustls v0.22.0
[INFO] [stderr]    Compiling tokio-stream v0.1.8
[INFO] [stderr]    Compiling sqlx-rt v0.5.13
[INFO] [stderr]    Compiling actix-codec v0.5.0
[INFO] [stderr]    Compiling h2 v0.3.13
[INFO] [stderr]    Compiling actix-server v2.1.1
[INFO] [stderr]    Compiling derive_builder v0.10.2
[INFO] [stderr]    Compiling either v1.6.1
[INFO] [stderr]    Compiling uuid v0.8.2
[INFO] [stderr]    Compiling chrono v0.4.19
[INFO] [stderr]    Compiling actix-router v0.5.0
[INFO] [stderr]    Compiling isocountry v0.3.2
[INFO] [stderr]    Compiling serde_urlencoded v0.7.1
[INFO] [stderr]    Compiling config v0.12.0
[INFO] [stderr]    Compiling itertools v0.10.3
[INFO] [stderr]    Compiling itertools v0.8.2
[INFO] [stderr]    Compiling rust_decimal_macros v1.24.0
[INFO] [stderr]    Compiling actix-web-codegen v4.0.0
[INFO] [stderr]    Compiling validator v0.14.0
[INFO] [stderr]    Compiling tracing-bunyan-formatter v0.3.2
[INFO] [stderr]    Compiling sqlformat v0.1.8
[INFO] [stderr]    Compiling common v0.1.0 (/opt/rustwide/workdir/workspace/common)
[INFO] [stderr]    Compiling catalog v0.1.0 (/opt/rustwide/workdir/workspace/catalog)
[INFO] [stdout] warning: unused import: `Brand`
[INFO] [stdout]  --> workspace/catalog/src/brands/use_cases.rs:2:21
[INFO] [stdout]   |
[INFO] [stdout] 2 | use crate::brands::{Brand, BrandType};
[INFO] [stdout]   |                     ^^^^^
[INFO] [stdout]   |
[INFO] [stdout]   = note: `#[warn(unused_imports)]` on by default
[INFO] [stdout] 
[INFO] [stdout] 
[INFO] [stdout] warning: unused variable: `f`
[INFO] [stdout]   --> workspace/catalog/src/brands/data.rs:36:19
[INFO] [stdout]    |
[INFO] [stdout] 36 |     fn fmt(&self, f: &mut Formatter<'_>) -> fmt::Result {
[INFO] [stdout]    |                   ^ help: if this is intentional, prefix it with an underscore: `_f`
[INFO] [stdout]    |
[INFO] [stdout]    = note: `#[warn(unused_variables)]` on by default
[INFO] [stdout] 
[INFO] [stdout] 
[INFO] [stdout] warning: function `create_new_brand` is never used
[INFO] [stdout]   --> workspace/catalog/src/brands/use_cases.rs:73:10
[INFO] [stdout]    |
[INFO] [stdout] 73 | async fn create_new_brand<R>(
[INFO] [stdout]    |          ^^^^^^^^^^^^^^^^
[INFO] [stdout]    |
[INFO] [stdout]    = note: `#[warn(dead_code)]` on by default
[INFO] [stdout] 
[INFO] [stdout] 
[INFO] [stderr]    Compiling zstd v0.10.2+zstd.1.5.2
[INFO] [stderr]    Compiling actix-http v3.0.4
[INFO] [stderr]    Compiling sqlx-core v0.5.13
[INFO] [stderr]    Compiling actix-web v4.0.1
[INFO] [stderr]    Compiling tracing-actix-web v0.5.1
[INFO] [stderr]    Compiling sqlx-macros v0.5.13
[INFO] [stderr]    Compiling sqlx v0.5.13
[INFO] [stderr]    Compiling webapi v0.1.0 (/opt/rustwide/workdir/workspace/webapi)
[INFO] [stdout] warning: unused import: `crate::web::pagination::PaginateQuery`
[INFO] [stdout]  --> workspace/webapi/src/handlers/catalog/catalog_items.rs:1:5
[INFO] [stdout]   |
[INFO] [stdout] 1 | use crate::web::pagination::PaginateQuery;
[INFO] [stdout]   |     ^^^^^^^^^^^^^^^^^^^^^^^^^^^^^^^^^^^^^
[INFO] [stdout]   |
[INFO] [stdout]   = note: `#[warn(unused_imports)]` on by default
[INFO] [stdout] 
[INFO] [stdout] 
[INFO] [stdout] warning: unused variable: `paginate_params`
[INFO] [stdout]  --> workspace/webapi/src/handlers/catalog/brands.rs:8:5
[INFO] [stdout]   |
[INFO] [stdout] 8 |     paginate_params: web::Query<PaginateQuery>,
[INFO] [stdout]   |     ^^^^^^^^^^^^^^^ help: if this is intentional, prefix it with an underscore: `_paginate_params`
[INFO] [stdout]   |
[INFO] [stdout]   = note: `#[warn(unused_variables)]` on by default
[INFO] [stdout] 
[INFO] [stdout] 
[INFO] [stdout] warning: unused variable: `new_brand`
[INFO] [stdout]   --> workspace/webapi/src/handlers/catalog/brands.rs:14:5
[INFO] [stdout]    |
[INFO] [stdout] 14 |     new_brand: web::Json<NewBrandRequest>,
[INFO] [stdout]    |     ^^^^^^^^^ help: if this is intentional, prefix it with an underscore: `_new_brand`
[INFO] [stdout] 
[INFO] [stdout] 
[INFO] [stdout] warning: unused variable: `db_pool`
[INFO] [stdout]   --> workspace/webapi/src/handlers/catalog/brands.rs:15:5
[INFO] [stdout]    |
[INFO] [stdout] 15 |     db_pool: web::Data<PgPool>,
[INFO] [stdout]    |     ^^^^^^^ help: if this is intentional, prefix it with an underscore: `_db_pool`
[INFO] [stdout] 
[INFO] [stdout] 
[INFO] [stdout] warning: unused variable: `slug`
[INFO] [stdout]   --> workspace/webapi/src/handlers/catalog/brands.rs:21:5
[INFO] [stdout]    |
[INFO] [stdout] 21 |     slug: web::Path<String>,
[INFO] [stdout]    |     ^^^^ help: if this is intentional, prefix it with an underscore: `_slug`
[INFO] [stdout] 
[INFO] [stdout] 
[INFO] [stdout] warning: unused variable: `db_pool`
[INFO] [stdout]   --> workspace/webapi/src/handlers/catalog/brands.rs:22:5
[INFO] [stdout]    |
[INFO] [stdout] 22 |     db_pool: web::Data<PgPool>,
[INFO] [stdout]    |     ^^^^^^^ help: if this is intentional, prefix it with an underscore: `_db_pool`
[INFO] [stdout] 
[INFO] [stdout] 
[INFO] [stdout] warning: unused variable: `slug`
[INFO] [stdout]   --> workspace/webapi/src/handlers/catalog/brands.rs:28:5
[INFO] [stdout]    |
[INFO] [stdout] 28 |     slug: web::Path<String>,
[INFO] [stdout]    |     ^^^^ help: if this is intentional, prefix it with an underscore: `_slug`
[INFO] [stdout] 
[INFO] [stdout] 
[INFO] [stdout] warning: unused variable: `db_pool`
[INFO] [stdout]   --> workspace/webapi/src/handlers/catalog/brands.rs:29:5
[INFO] [stdout]    |
[INFO] [stdout] 29 |     db_pool: web::Data<PgPool>,
[INFO] [stdout]    |     ^^^^^^^ help: if this is intentional, prefix it with an underscore: `_db_pool`
[INFO] [stdout] 
[INFO] [stdout] 
[INFO] [stdout] warning: unused variable: `slug`
[INFO] [stdout]   --> workspace/webapi/src/handlers/catalog/brands.rs:35:5
[INFO] [stdout]    |
[INFO] [stdout] 35 |     slug: web::Path<String>,
[INFO] [stdout]    |     ^^^^ help: if this is intentional, prefix it with an underscore: `_slug`
[INFO] [stdout] 
[INFO] [stdout] 
[INFO] [stdout] warning: unused variable: `modified_brand`
[INFO] [stdout]   --> workspace/webapi/src/handlers/catalog/brands.rs:36:5
[INFO] [stdout]    |
[INFO] [stdout] 36 |     modified_brand: web::Json<EditBrandRequest>,
[INFO] [stdout]    |     ^^^^^^^^^^^^^^ help: if this is intentional, prefix it with an underscore: `_modified_brand`
[INFO] [stdout] 
[INFO] [stdout] 
[INFO] [stdout] warning: unused variable: `db_pool`
[INFO] [stdout]   --> workspace/webapi/src/handlers/catalog/brands.rs:37:5
[INFO] [stdout]    |
[INFO] [stdout] 37 |     db_pool: web::Data<PgPool>,
[INFO] [stdout]    |     ^^^^^^^ help: if this is intentional, prefix it with an underscore: `_db_pool`
[INFO] [stdout] 
[INFO] [stdout] 
[INFO] [stdout] warning: unused variable: `new_catalog_item`
[INFO] [stdout]  --> workspace/webapi/src/handlers/catalog/catalog_items.rs:7:5
[INFO] [stdout]   |
[INFO] [stdout] 7 |     new_catalog_item: web::Json<NewCatalogItemRequest>,
[INFO] [stdout]   |     ^^^^^^^^^^^^^^^^ help: if this is intentional, prefix it with an underscore: `_new_catalog_item`
[INFO] [stdout] 
[INFO] [stdout] 
[INFO] [stdout] warning: unused variable: `db_pool`
[INFO] [stdout]  --> workspace/webapi/src/handlers/catalog/catalog_items.rs:8:5
[INFO] [stdout]   |
[INFO] [stdout] 8 |     db_pool: web::Data<PgPool>,
[INFO] [stdout]   |     ^^^^^^^ help: if this is intentional, prefix it with an underscore: `_db_pool`
[INFO] [stdout] 
[INFO] [stdout] 
[INFO] [stdout] warning: unused variable: `slug`
[INFO] [stdout]   --> workspace/webapi/src/handlers/catalog/catalog_items.rs:14:5
[INFO] [stdout]    |
[INFO] [stdout] 14 |     slug: web::Path<String>,
[INFO] [stdout]    |     ^^^^ help: if this is intentional, prefix it with an underscore: `_slug`
[INFO] [stdout] 
[INFO] [stdout] 
[INFO] [stdout] warning: unused variable: `db_pool`
[INFO] [stdout]   --> workspace/webapi/src/handlers/catalog/catalog_items.rs:15:5
[INFO] [stdout]    |
[INFO] [stdout] 15 |     db_pool: web::Data<PgPool>,
[INFO] [stdout]    |     ^^^^^^^ help: if this is intentional, prefix it with an underscore: `_db_pool`
[INFO] [stdout] 
[INFO] [stdout] 
[INFO] [stdout] warning: unused variable: `slug`
[INFO] [stdout]   --> workspace/webapi/src/handlers/catalog/catalog_items.rs:21:5
[INFO] [stdout]    |
[INFO] [stdout] 21 |     slug: web::Path<String>,
[INFO] [stdout]    |     ^^^^ help: if this is intentional, prefix it with an underscore: `_slug`
[INFO] [stdout] 
[INFO] [stdout] 
[INFO] [stdout] warning: unused variable: `db_pool`
[INFO] [stdout]   --> workspace/webapi/src/handlers/catalog/catalog_items.rs:22:5
[INFO] [stdout]    |
[INFO] [stdout] 22 |     db_pool: web::Data<PgPool>,
[INFO] [stdout]    |     ^^^^^^^ help: if this is intentional, prefix it with an underscore: `_db_pool`
[INFO] [stdout] 
[INFO] [stdout] 
[INFO] [stdout] warning: unused variable: `slug`
[INFO] [stdout]   --> workspace/webapi/src/handlers/catalog/catalog_items.rs:28:5
[INFO] [stdout]    |
[INFO] [stdout] 28 |     slug: web::Path<String>,
[INFO] [stdout]    |     ^^^^ help: if this is intentional, prefix it with an underscore: `_slug`
[INFO] [stdout] 
[INFO] [stdout] 
[INFO] [stdout] warning: unused variable: `modified_catalog_item`
[INFO] [stdout]   --> workspace/webapi/src/handlers/catalog/catalog_items.rs:29:5
[INFO] [stdout]    |
[INFO] [stdout] 29 |     modified_catalog_item: web::Json<EditCatalogItemRequest>,
[INFO] [stdout]    |     ^^^^^^^^^^^^^^^^^^^^^ help: if this is intentional, prefix it with an underscore: `_modified_catalog_item`
[INFO] [stdout] 
[INFO] [stdout] 
[INFO] [stdout] warning: unused variable: `db_pool`
[INFO] [stdout]   --> workspace/webapi/src/handlers/catalog/catalog_items.rs:30:5
[INFO] [stdout]    |
[INFO] [stdout] 30 |     db_pool: web::Data<PgPool>,
[INFO] [stdout]    |     ^^^^^^^ help: if this is intentional, prefix it with an underscore: `_db_pool`
[INFO] [stdout] 
[INFO] [stdout] 
[INFO] [stdout] warning: unused variable: `paginate_params`
[INFO] [stdout]  --> workspace/webapi/src/handlers/catalog/railways.rs:7:5
[INFO] [stdout]   |
[INFO] [stdout] 7 |     paginate_params: web::Query<PaginateQuery>,
[INFO] [stdout]   |     ^^^^^^^^^^^^^^^ help: if this is intentional, prefix it with an underscore: `_paginate_params`
[INFO] [stdout] 
[INFO] [stdout] 
[INFO] [stdout] warning: unused variable: `new_railway`
[INFO] [stdout]   --> workspace/webapi/src/handlers/catalog/railways.rs:13:5
[INFO] [stdout]    |
[INFO] [stdout] 13 |     new_railway: web::Json<NewRailwayRequest>,
[INFO] [stdout]    |     ^^^^^^^^^^^ help: if this is intentional, prefix it with an underscore: `_new_railway`
[INFO] [stdout] 
[INFO] [stdout] 
[INFO] [stdout] warning: unused variable: `db_pool`
[INFO] [stdout]   --> workspace/webapi/src/handlers/catalog/railways.rs:14:5
[INFO] [stdout]    |
[INFO] [stdout] 14 |     db_pool: web::Data<PgPool>,
[INFO] [stdout]    |     ^^^^^^^ help: if this is intentional, prefix it with an underscore: `_db_pool`
[INFO] [stdout] 
[INFO] [stdout] 
[INFO] [stdout] warning: unused variable: `slug`
[INFO] [stdout]   --> workspace/webapi/src/handlers/catalog/railways.rs:20:5
[INFO] [stdout]    |
[INFO] [stdout] 20 |     slug: web::Path<String>,
[INFO] [stdout]    |     ^^^^ help: if this is intentional, prefix it with an underscore: `_slug`
[INFO] [stdout] 
[INFO] [stdout] 
[INFO] [stdout] warning: unused variable: `db_pool`
[INFO] [stdout]   --> workspace/webapi/src/handlers/catalog/railways.rs:21:5
[INFO] [stdout]    |
[INFO] [stdout] 21 |     db_pool: web::Data<PgPool>,
[INFO] [stdout]    |     ^^^^^^^ help: if this is intentional, prefix it with an underscore: `_db_pool`
[INFO] [stdout] 
[INFO] [stdout] 
[INFO] [stdout] warning: unused variable: `slug`
[INFO] [stdout]   --> workspace/webapi/src/handlers/catalog/railways.rs:27:5
[INFO] [stdout]    |
[INFO] [stdout] 27 |     slug: web::Path<String>,
[INFO] [stdout]    |     ^^^^ help: if this is intentional, prefix it with an underscore: `_slug`
[INFO] [stdout] 
[INFO] [stdout] 
[INFO] [stdout] warning: unused variable: `db_pool`
[INFO] [stdout]   --> workspace/webapi/src/handlers/catalog/railways.rs:28:5
[INFO] [stdout]    |
[INFO] [stdout] 28 |     db_pool: web::Data<PgPool>,
[INFO] [stdout]    |     ^^^^^^^ help: if this is intentional, prefix it with an underscore: `_db_pool`
[INFO] [stdout] 
[INFO] [stdout] 
[INFO] [stdout] warning: unused variable: `slug`
[INFO] [stdout]   --> workspace/webapi/src/handlers/catalog/railways.rs:34:5
[INFO] [stdout]    |
[INFO] [stdout] 34 |     slug: web::Path<String>,
[INFO] [stdout]    |     ^^^^ help: if this is intentional, prefix it with an underscore: `_slug`
[INFO] [stdout] 
[INFO] [stdout] 
[INFO] [stdout] warning: unused variable: `modified`
[INFO] [stdout]   --> workspace/webapi/src/handlers/catalog/railways.rs:35:5
[INFO] [stdout]    |
[INFO] [stdout] 35 |     modified: web::Json<EditRailwayRequest>,
[INFO] [stdout]    |     ^^^^^^^^ help: if this is intentional, prefix it with an underscore: `_modified`
[INFO] [stdout] 
[INFO] [stdout] 
[INFO] [stdout] warning: unused variable: `db_pool`
[INFO] [stdout]   --> workspace/webapi/src/handlers/catalog/railways.rs:36:5
[INFO] [stdout]    |
[INFO] [stdout] 36 |     db_pool: web::Data<PgPool>,
[INFO] [stdout]    |     ^^^^^^^ help: if this is intentional, prefix it with an underscore: `_db_pool`
[INFO] [stdout] 
[INFO] [stdout] 
[INFO] [stdout] warning: unused variable: `paginate_params`
[INFO] [stdout]  --> workspace/webapi/src/handlers/catalog/scales.rs:7:5
[INFO] [stdout]   |
[INFO] [stdout] 7 |     paginate_params: web::Query<PaginateQuery>,
[INFO] [stdout]   |     ^^^^^^^^^^^^^^^ help: if this is intentional, prefix it with an underscore: `_paginate_params`
[INFO] [stdout] 
[INFO] [stdout] 
[INFO] [stdout] warning: unused variable: `new_scale`
[INFO] [stdout]   --> workspace/webapi/src/handlers/catalog/scales.rs:13:5
[INFO] [stdout]    |
[INFO] [stdout] 13 |     new_scale: web::Json<NewScaleRequest>,
[INFO] [stdout]    |     ^^^^^^^^^ help: if this is intentional, prefix it with an underscore: `_new_scale`
[INFO] [stdout] 
[INFO] [stdout] 
[INFO] [stdout] warning: unused variable: `db_pool`
[INFO] [stdout]   --> workspace/webapi/src/handlers/catalog/scales.rs:14:5
[INFO] [stdout]    |
[INFO] [stdout] 14 |     db_pool: web::Data<PgPool>,
[INFO] [stdout]    |     ^^^^^^^ help: if this is intentional, prefix it with an underscore: `_db_pool`
[INFO] [stdout] 
[INFO] [stdout] 
[INFO] [stdout] warning: unused variable: `slug`
[INFO] [stdout]   --> workspace/webapi/src/handlers/catalog/scales.rs:20:5
[INFO] [stdout]    |
[INFO] [stdout] 20 |     slug: web::Path<String>,
[INFO] [stdout]    |     ^^^^ help: if this is intentional, prefix it with an underscore: `_slug`
[INFO] [stdout] 
[INFO] [stdout] 
[INFO] [stdout] warning: unused variable: `db_pool`
[INFO] [stdout]   --> workspace/webapi/src/handlers/catalog/scales.rs:21:5
[INFO] [stdout]    |
[INFO] [stdout] 21 |     db_pool: web::Data<PgPool>,
[INFO] [stdout]    |     ^^^^^^^ help: if this is intentional, prefix it with an underscore: `_db_pool`
[INFO] [stdout] 
[INFO] [stdout] 
[INFO] [stdout] warning: unused variable: `slug`
[INFO] [stdout]   --> workspace/webapi/src/handlers/catalog/scales.rs:27:5
[INFO] [stdout]    |
[INFO] [stdout] 27 |     slug: web::Path<String>,
[INFO] [stdout]    |     ^^^^ help: if this is intentional, prefix it with an underscore: `_slug`
[INFO] [stdout] 
[INFO] [stdout] 
[INFO] [stdout] warning: unused variable: `db_pool`
[INFO] [stdout]   --> workspace/webapi/src/handlers/catalog/scales.rs:28:5
[INFO] [stdout]    |
[INFO] [stdout] 28 |     db_pool: web::Data<PgPool>,
[INFO] [stdout]    |     ^^^^^^^ help: if this is intentional, prefix it with an underscore: `_db_pool`
[INFO] [stdout] 
[INFO] [stdout] 
[INFO] [stdout] warning: unused variable: `slug`
[INFO] [stdout]   --> workspace/webapi/src/handlers/catalog/scales.rs:34:5
[INFO] [stdout]    |
[INFO] [stdout] 34 |     slug: web::Path<String>,
[INFO] [stdout]    |     ^^^^ help: if this is intentional, prefix it with an underscore: `_slug`
[INFO] [stdout] 
[INFO] [stdout] 
[INFO] [stdout] warning: unused variable: `modified`
[INFO] [stdout]   --> workspace/webapi/src/handlers/catalog/scales.rs:35:5
[INFO] [stdout]    |
[INFO] [stdout] 35 |     modified: web::Json<EditScaleRequest>,
[INFO] [stdout]    |     ^^^^^^^^ help: if this is intentional, prefix it with an underscore: `_modified`
[INFO] [stdout] 
[INFO] [stdout] 
[INFO] [stdout] warning: unused variable: `db_pool`
[INFO] [stdout]   --> workspace/webapi/src/handlers/catalog/scales.rs:36:5
[INFO] [stdout]    |
[INFO] [stdout] 36 |     db_pool: web::Data<PgPool>,
[INFO] [stdout]    |     ^^^^^^^ help: if this is intentional, prefix it with an underscore: `_db_pool`
[INFO] [stdout] 
[INFO] [stdout] 
[INFO] [stdout] warning: fields `start` and `limit` are never read
[INFO] [stdout]  --> workspace/webapi/src/web/pagination.rs:5:5
[INFO] [stdout]   |
[INFO] [stdout] 4 | pub struct PaginateQuery {
[INFO] [stdout]   |            ------------- fields in this struct
[INFO] [stdout] 5 |     start: Option<usize>,
[INFO] [stdout]   |     ^^^^^
[INFO] [stdout] 6 |     limit: Option<usize>,
[INFO] [stdout]   |     ^^^^^
[INFO] [stdout]   |
[INFO] [stdout]   = note: `PaginateQuery` has a derived impl for the trait `Debug`, but this is intentionally ignored during dead code analysis
[INFO] [stdout]   = note: `#[warn(dead_code)]` on by default
[INFO] [stdout] 
[INFO] [stdout] 
[INFO] [stderr]     Finished `dev` profile [unoptimized + debuginfo] target(s) in 1m 40s
[INFO] running `Command { std: "docker" "inspect" "a9773d9022d7e80ed91fc75467c88f89883e445deeeb1e911c6aa234e43cca0e", kill_on_drop: false }`
[INFO] running `Command { std: "docker" "rm" "-f" "a9773d9022d7e80ed91fc75467c88f89883e445deeeb1e911c6aa234e43cca0e", kill_on_drop: false }`
[INFO] [stdout] a9773d9022d7e80ed91fc75467c88f89883e445deeeb1e911c6aa234e43cca0e
[INFO] running `Command { std: "docker" "create" "-v" "/var/lib/crater-agent-workspace/builds/worker-1-tc1/target:/opt/rustwide/target:rw,Z" "-v" "/var/lib/crater-agent-workspace/builds/worker-1-tc1/source:/opt/rustwide/workdir:ro,Z" "-v" "/var/lib/crater-agent-workspace/cargo-home:/opt/rustwide/cargo-home:ro,Z" "-v" "/var/lib/crater-agent-workspace/rustup-home:/opt/rustwide/rustup-home:ro,Z" "-e" "SOURCE_DIR=/opt/rustwide/workdir" "-e" "CARGO_TARGET_DIR=/opt/rustwide/target" "-e" "CARGO_INCREMENTAL=0" "-e" "RUST_BACKTRACE=full" "-e" "RUSTFLAGS=--cap-lints=warn" "-e" "RUSTDOCFLAGS=--cap-lints=warn" "-e" "CARGO_HOME=/opt/rustwide/cargo-home" "-e" "RUSTUP_HOME=/opt/rustwide/rustup-home" "-w" "/opt/rustwide/workdir" "-m" "1610612736" "--user" "0:0" "--network" "none" "ghcr.io/rust-lang/crates-build-env/linux@sha256:f3a9d4ad9d972b27faf3965f35b62e55ba32bbce8f20bc8fe909558a86702fde" "/opt/rustwide/cargo-home/bin/cargo" "+1.83.0" "test" "--frozen" "--no-run" "--message-format=json", kill_on_drop: false }`
[INFO] [stdout] 545b01a6a1f2ea0210f86a1fb05d4070dbac79cd28f08df25a0b85843d21f883
[INFO] running `Command { std: "docker" "start" "-a" "545b01a6a1f2ea0210f86a1fb05d4070dbac79cd28f08df25a0b85843d21f883", kill_on_drop: false }`
[INFO] [stderr] warning: virtual workspace defaulting to `resolver = "1"` despite one or more workspace members being on edition 2021 which implies `resolver = "2"`
[INFO] [stderr] note: to keep the current resolver, specify `workspace.resolver = "1"` in the workspace root's manifest
[INFO] [stderr] note: to use the edition 2021 resolver, specify `workspace.resolver = "2"` in the workspace root's manifest
[INFO] [stderr] note: for more details see https://doc.rust-lang.org/cargo/reference/resolver.html#resolver-versions
[INFO] [stderr]    Compiling pkg-config v0.3.25
[INFO] [stderr]    Compiling foreign-types-shared v0.1.1
[INFO] [stderr]    Compiling openssl v0.10.40
[INFO] [stderr]    Compiling diff v0.1.12
[INFO] [stderr]    Compiling openssl-macros v0.1.0
[INFO] [stderr]    Compiling native-tls v0.2.10
[INFO] [stderr]    Compiling try-lock v0.2.3
[INFO] [stderr]    Compiling openssl-probe v0.1.5
[INFO] [stderr]    Compiling http-body v0.4.5
[INFO] [stderr]    Compiling digest v0.9.0
[INFO] [stderr]    Compiling tower-service v0.3.1
[INFO] [stderr]    Compiling block-buffer v0.9.0
[INFO] [stderr]    Compiling crypto-mac v0.10.1
[INFO] [stdout] warning: unused import: `Brand`
[INFO] [stdout]  --> workspace/catalog/src/brands/use_cases.rs:2:21
[INFO] [stdout]   |
[INFO] [stdout] 2 | use crate::brands::{Brand, BrandType};
[INFO] [stdout]   |                     ^^^^^
[INFO] [stdout]   |
[INFO] [stdout]   = note: `#[warn(unused_imports)]` on by default
[INFO] [stdout] 
[INFO] [stdout] 
[INFO] [stdout] warning: unused variable: `f`
[INFO] [stdout]   --> workspace/catalog/src/brands/data.rs:36:19
[INFO] [stdout]    |
[INFO] [stdout] 36 |     fn fmt(&self, f: &mut Formatter<'_>) -> fmt::Result {
[INFO] [stdout]    |                   ^ help: if this is intentional, prefix it with an underscore: `_f`
[INFO] [stdout]    |
[INFO] [stdout]    = note: `#[warn(unused_variables)]` on by default
[INFO] [stdout] 
[INFO] [stdout] 
[INFO] [stdout] warning: function `create_new_brand` is never used
[INFO] [stdout]   --> workspace/catalog/src/brands/use_cases.rs:73:10
[INFO] [stdout]    |
[INFO] [stdout] 73 | async fn create_new_brand<R>(
[INFO] [stdout]    |          ^^^^^^^^^^^^^^^^
[INFO] [stdout]    |
[INFO] [stdout]    = note: `#[warn(dead_code)]` on by default
[INFO] [stdout] 
[INFO] [stdout] 
[INFO] [stderr]    Compiling ipnet v2.5.0
[INFO] [stdout] warning: unused import: `crate::web::pagination::PaginateQuery`
[INFO] [stdout]  --> workspace/webapi/src/handlers/catalog/catalog_items.rs:1:5
[INFO] [stdout]   |
[INFO] [stdout] 1 | use crate::web::pagination::PaginateQuery;
[INFO] [stdout]   |     ^^^^^^^^^^^^^^^^^^^^^^^^^^^^^^^^^^^^^
[INFO] [stdout]   |
[INFO] [stdout]   = note: `#[warn(unused_imports)]` on by default
[INFO] [stdout] 
[INFO] [stdout] 
[INFO] [stdout] warning: unused variable: `paginate_params`
[INFO] [stdout]  --> workspace/webapi/src/handlers/catalog/brands.rs:8:5
[INFO] [stdout]   |
[INFO] [stdout] 8 |     paginate_params: web::Query<PaginateQuery>,
[INFO] [stdout]   |     ^^^^^^^^^^^^^^^ help: if this is intentional, prefix it with an underscore: `_paginate_params`
[INFO] [stdout]   |
[INFO] [stdout]   = note: `#[warn(unused_variables)]` on by default
[INFO] [stdout] 
[INFO] [stdout] 
[INFO] [stdout] warning: unused variable: `new_brand`
[INFO] [stdout]   --> workspace/webapi/src/handlers/catalog/brands.rs:14:5
[INFO] [stdout]    |
[INFO] [stdout] 14 |     new_brand: web::Json<NewBrandRequest>,
[INFO] [stdout]    |     ^^^^^^^^^ help: if this is intentional, prefix it with an underscore: `_new_brand`
[INFO] [stdout] 
[INFO] [stdout] 
[INFO] [stdout] warning: unused variable: `db_pool`
[INFO] [stdout]   --> workspace/webapi/src/handlers/catalog/brands.rs:15:5
[INFO] [stdout]    |
[INFO] [stdout] 15 |     db_pool: web::Data<PgPool>,
[INFO] [stdout]    |     ^^^^^^^ help: if this is intentional, prefix it with an underscore: `_db_pool`
[INFO] [stdout] 
[INFO] [stdout] 
[INFO] [stdout] warning: unused variable: `slug`
[INFO] [stdout]   --> workspace/webapi/src/handlers/catalog/brands.rs:21:5
[INFO] [stdout]    |
[INFO] [stdout] 21 |     slug: web::Path<String>,
[INFO] [stdout]    |     ^^^^ help: if this is intentional, prefix it with an underscore: `_slug`
[INFO] [stdout] 
[INFO] [stdout] 
[INFO] [stdout] warning: unused variable: `db_pool`
[INFO] [stdout]   --> workspace/webapi/src/handlers/catalog/brands.rs:22:5
[INFO] [stdout]    |
[INFO] [stdout] 22 |     db_pool: web::Data<PgPool>,
[INFO] [stdout]    |     ^^^^^^^ help: if this is intentional, prefix it with an underscore: `_db_pool`
[INFO] [stdout] 
[INFO] [stdout] 
[INFO] [stdout] warning: unused variable: `slug`
[INFO] [stdout]   --> workspace/webapi/src/handlers/catalog/brands.rs:28:5
[INFO] [stdout]    |
[INFO] [stdout] 28 |     slug: web::Path<String>,
[INFO] [stdout]    |     ^^^^ help: if this is intentional, prefix it with an underscore: `_slug`
[INFO] [stdout] 
[INFO] [stdout] 
[INFO] [stdout] warning: unused variable: `db_pool`
[INFO] [stdout]   --> workspace/webapi/src/handlers/catalog/brands.rs:29:5
[INFO] [stdout]    |
[INFO] [stdout] 29 |     db_pool: web::Data<PgPool>,
[INFO] [stdout]    |     ^^^^^^^ help: if this is intentional, prefix it with an underscore: `_db_pool`
[INFO] [stdout] 
[INFO] [stdout] 
[INFO] [stdout] warning: unused variable: `slug`
[INFO] [stdout]   --> workspace/webapi/src/handlers/catalog/brands.rs:35:5
[INFO] [stdout]    |
[INFO] [stdout] 35 |     slug: web::Path<String>,
[INFO] [stdout]    |     ^^^^ help: if this is intentional, prefix it with an underscore: `_slug`
[INFO] [stdout] 
[INFO] [stdout] 
[INFO] [stdout] warning: unused variable: `modified_brand`
[INFO] [stdout]   --> workspace/webapi/src/handlers/catalog/brands.rs:36:5
[INFO] [stdout]    |
[INFO] [stdout] 36 |     modified_brand: web::Json<EditBrandRequest>,
[INFO] [stdout]    |     ^^^^^^^^^^^^^^ help: if this is intentional, prefix it with an underscore: `_modified_brand`
[INFO] [stdout] 
[INFO] [stdout] 
[INFO] [stdout] warning: unused variable: `db_pool`
[INFO] [stdout]   --> workspace/webapi/src/handlers/catalog/brands.rs:37:5
[INFO] [stdout]    |
[INFO] [stdout] 37 |     db_pool: web::Data<PgPool>,
[INFO] [stdout]    |     ^^^^^^^ help: if this is intentional, prefix it with an underscore: `_db_pool`
[INFO] [stdout] 
[INFO] [stdout] 
[INFO] [stdout] warning: unused variable: `new_catalog_item`
[INFO] [stdout]  --> workspace/webapi/src/handlers/catalog/catalog_items.rs:7:5
[INFO] [stdout]   |
[INFO] [stdout] 7 |     new_catalog_item: web::Json<NewCatalogItemRequest>,
[INFO] [stdout]   |     ^^^^^^^^^^^^^^^^ help: if this is intentional, prefix it with an underscore: `_new_catalog_item`
[INFO] [stdout] 
[INFO] [stdout] 
[INFO] [stdout] warning: unused variable: `db_pool`
[INFO] [stdout]  --> workspace/webapi/src/handlers/catalog/catalog_items.rs:8:5
[INFO] [stdout]   |
[INFO] [stdout] 8 |     db_pool: web::Data<PgPool>,
[INFO] [stdout]   |     ^^^^^^^ help: if this is intentional, prefix it with an underscore: `_db_pool`
[INFO] [stdout] 
[INFO] [stdout] 
[INFO] [stdout] warning: unused variable: `slug`
[INFO] [stdout]   --> workspace/webapi/src/handlers/catalog/catalog_items.rs:14:5
[INFO] [stdout]    |
[INFO] [stdout] 14 |     slug: web::Path<String>,
[INFO] [stdout]    |     ^^^^ help: if this is intentional, prefix it with an underscore: `_slug`
[INFO] [stdout] 
[INFO] [stdout] 
[INFO] [stdout] warning: unused variable: `db_pool`
[INFO] [stdout]   --> workspace/webapi/src/handlers/catalog/catalog_items.rs:15:5
[INFO] [stdout]    |
[INFO] [stdout] 15 |     db_pool: web::Data<PgPool>,
[INFO] [stdout]    |     ^^^^^^^ help: if this is intentional, prefix it with an underscore: `_db_pool`
[INFO] [stdout] 
[INFO] [stdout] 
[INFO] [stdout] warning: unused variable: `slug`
[INFO] [stdout]   --> workspace/webapi/src/handlers/catalog/catalog_items.rs:21:5
[INFO] [stdout]    |
[INFO] [stdout] 21 |     slug: web::Path<String>,
[INFO] [stdout]    |     ^^^^ help: if this is intentional, prefix it with an underscore: `_slug`
[INFO] [stdout] 
[INFO] [stdout] 
[INFO] [stdout] warning: unused variable: `db_pool`
[INFO] [stdout]   --> workspace/webapi/src/handlers/catalog/catalog_items.rs:22:5
[INFO] [stdout]    |
[INFO] [stdout] 22 |     db_pool: web::Data<PgPool>,
[INFO] [stdout]    |     ^^^^^^^ help: if this is intentional, prefix it with an underscore: `_db_pool`
[INFO] [stdout] 
[INFO] [stdout] 
[INFO] [stdout] warning: unused variable: `slug`
[INFO] [stdout]   --> workspace/webapi/src/handlers/catalog/catalog_items.rs:28:5
[INFO] [stdout]    |
[INFO] [stdout] 28 |     slug: web::Path<String>,
[INFO] [stdout]    |     ^^^^ help: if this is intentional, prefix it with an underscore: `_slug`
[INFO] [stdout] 
[INFO] [stdout] 
[INFO] [stdout] warning: unused variable: `modified_catalog_item`
[INFO] [stdout]   --> workspace/webapi/src/handlers/catalog/catalog_items.rs:29:5
[INFO] [stdout]    |
[INFO] [stdout] 29 |     modified_catalog_item: web::Json<EditCatalogItemRequest>,
[INFO] [stdout]    |     ^^^^^^^^^^^^^^^^^^^^^ help: if this is intentional, prefix it with an underscore: `_modified_catalog_item`
[INFO] [stdout] 
[INFO] [stdout] 
[INFO] [stdout] warning: unused variable: `db_pool`
[INFO] [stdout]   --> workspace/webapi/src/handlers/catalog/catalog_items.rs:30:5
[INFO] [stdout]    |
[INFO] [stdout] 30 |     db_pool: web::Data<PgPool>,
[INFO] [stdout]    |     ^^^^^^^ help: if this is intentional, prefix it with an underscore: `_db_pool`
[INFO] [stdout] 
[INFO] [stdout] 
[INFO] [stdout] warning: unused variable: `paginate_params`
[INFO] [stdout]  --> workspace/webapi/src/handlers/catalog/railways.rs:7:5
[INFO] [stdout]   |
[INFO] [stdout] 7 |     paginate_params: web::Query<PaginateQuery>,
[INFO] [stdout]   |     ^^^^^^^^^^^^^^^ help: if this is intentional, prefix it with an underscore: `_paginate_params`
[INFO] [stdout] 
[INFO] [stdout] 
[INFO] [stdout] warning: unused variable: `new_railway`
[INFO] [stdout]   --> workspace/webapi/src/handlers/catalog/railways.rs:13:5
[INFO] [stdout]    |
[INFO] [stdout] 13 |     new_railway: web::Json<NewRailwayRequest>,
[INFO] [stdout]    |     ^^^^^^^^^^^ help: if this is intentional, prefix it with an underscore: `_new_railway`
[INFO] [stdout] 
[INFO] [stdout] 
[INFO] [stdout] warning: unused variable: `db_pool`
[INFO] [stdout]   --> workspace/webapi/src/handlers/catalog/railways.rs:14:5
[INFO] [stdout]    |
[INFO] [stdout] 14 |     db_pool: web::Data<PgPool>,
[INFO] [stdout]    |     ^^^^^^^ help: if this is intentional, prefix it with an underscore: `_db_pool`
[INFO] [stdout] 
[INFO] [stdout] 
[INFO] [stdout] warning: unused variable: `slug`
[INFO] [stdout]   --> workspace/webapi/src/handlers/catalog/railways.rs:20:5
[INFO] [stdout]    |
[INFO] [stdout] 20 |     slug: web::Path<String>,
[INFO] [stdout]    |     ^^^^ help: if this is intentional, prefix it with an underscore: `_slug`
[INFO] [stdout] 
[INFO] [stdout] 
[INFO] [stdout] warning: unused variable: `db_pool`
[INFO] [stdout]   --> workspace/webapi/src/handlers/catalog/railways.rs:21:5
[INFO] [stdout]    |
[INFO] [stdout] 21 |     db_pool: web::Data<PgPool>,
[INFO] [stdout]    |     ^^^^^^^ help: if this is intentional, prefix it with an underscore: `_db_pool`
[INFO] [stdout] 
[INFO] [stdout] 
[INFO] [stdout] warning: unused variable: `slug`
[INFO] [stdout]   --> workspace/webapi/src/handlers/catalog/railways.rs:27:5
[INFO] [stdout]    |
[INFO] [stdout] 27 |     slug: web::Path<String>,
[INFO] [stdout]    |     ^^^^ help: if this is intentional, prefix it with an underscore: `_slug`
[INFO] [stdout] 
[INFO] [stdout] 
[INFO] [stdout] warning: unused variable: `db_pool`
[INFO] [stdout]   --> workspace/webapi/src/handlers/catalog/railways.rs:28:5
[INFO] [stdout]    |
[INFO] [stdout] 28 |     db_pool: web::Data<PgPool>,
[INFO] [stdout]    |     ^^^^^^^ help: if this is intentional, prefix it with an underscore: `_db_pool`
[INFO] [stdout] 
[INFO] [stdout] 
[INFO] [stdout] warning: unused variable: `slug`
[INFO] [stdout]   --> workspace/webapi/src/handlers/catalog/railways.rs:34:5
[INFO] [stdout]    |
[INFO] [stdout] 34 |     slug: web::Path<String>,
[INFO] [stdout]    |     ^^^^ help: if this is intentional, prefix it with an underscore: `_slug`
[INFO] [stdout] 
[INFO] [stdout] 
[INFO] [stdout] warning: unused variable: `modified`
[INFO] [stdout]   --> workspace/webapi/src/handlers/catalog/railways.rs:35:5
[INFO] [stdout]    |
[INFO] [stdout] 35 |     modified: web::Json<EditRailwayRequest>,
[INFO] [stdout]    |     ^^^^^^^^ help: if this is intentional, prefix it with an underscore: `_modified`
[INFO] [stdout] 
[INFO] [stdout] 
[INFO] [stdout] warning: unused variable: `db_pool`
[INFO] [stdout]   --> workspace/webapi/src/handlers/catalog/railways.rs:36:5
[INFO] [stdout]    |
[INFO] [stdout] 36 |     db_pool: web::Data<PgPool>,
[INFO] [stdout]    |     ^^^^^^^ help: if this is intentional, prefix it with an underscore: `_db_pool`
[INFO] [stdout] 
[INFO] [stdout] 
[INFO] [stdout] warning: unused variable: `paginate_params`
[INFO] [stdout]  --> workspace/webapi/src/handlers/catalog/scales.rs:7:5
[INFO] [stdout]   |
[INFO] [stdout] 7 |     paginate_params: web::Query<PaginateQuery>,
[INFO] [stdout]   |     ^^^^^^^^^^^^^^^ help: if this is intentional, prefix it with an underscore: `_paginate_params`
[INFO] [stdout] 
[INFO] [stdout] 
[INFO] [stderr]    Compiling foreign-types v0.3.2
[INFO] [stderr]    Compiling collecting v0.5.0 (/opt/rustwide/workdir/workspace/collecting)
[INFO] [stdout] warning: unused variable: `new_scale`
[INFO] [stdout]   --> workspace/webapi/src/handlers/catalog/scales.rs:13:5
[INFO] [stdout]    |
[INFO] [stdout] 13 |     new_scale: web::Json<NewScaleRequest>,
[INFO] [stdout]    |     ^^^^^^^^^ help: if this is intentional, prefix it with an underscore: `_new_scale`
[INFO] [stdout] 
[INFO] [stdout] 
[INFO] [stdout] warning: unused variable: `db_pool`
[INFO] [stdout]   --> workspace/webapi/src/handlers/catalog/scales.rs:14:5
[INFO] [stdout]    |
[INFO] [stdout] 14 |     db_pool: web::Data<PgPool>,
[INFO] [stdout]    |     ^^^^^^^ help: if this is intentional, prefix it with an underscore: `_db_pool`
[INFO] [stdout] 
[INFO] [stdout] 
[INFO] [stdout] warning: unused variable: `slug`
[INFO] [stdout]   --> workspace/webapi/src/handlers/catalog/scales.rs:20:5
[INFO] [stdout]    |
[INFO] [stdout] 20 |     slug: web::Path<String>,
[INFO] [stdout]    |     ^^^^ help: if this is intentional, prefix it with an underscore: `_slug`
[INFO] [stdout] 
[INFO] [stdout] 
[INFO] [stdout] warning: unused variable: `db_pool`
[INFO] [stdout]   --> workspace/webapi/src/handlers/catalog/scales.rs:21:5
[INFO] [stdout]    |
[INFO] [stdout] 21 |     db_pool: web::Data<PgPool>,
[INFO] [stdout]    |     ^^^^^^^ help: if this is intentional, prefix it with an underscore: `_db_pool`
[INFO] [stdout] 
[INFO] [stdout] 
[INFO] [stdout] warning: unused variable: `slug`
[INFO] [stdout]   --> workspace/webapi/src/handlers/catalog/scales.rs:27:5
[INFO] [stdout]    |
[INFO] [stdout] 27 |     slug: web::Path<String>,
[INFO] [stdout]    |     ^^^^ help: if this is intentional, prefix it with an underscore: `_slug`
[INFO] [stdout] 
[INFO] [stdout] 
[INFO] [stdout] warning: unused variable: `db_pool`
[INFO] [stdout]   --> workspace/webapi/src/handlers/catalog/scales.rs:28:5
[INFO] [stdout]    |
[INFO] [stdout] 28 |     db_pool: web::Data<PgPool>,
[INFO] [stdout]    |     ^^^^^^^ help: if this is intentional, prefix it with an underscore: `_db_pool`
[INFO] [stdout] 
[INFO] [stdout] 
[INFO] [stdout] warning: unused variable: `slug`
[INFO] [stdout]   --> workspace/webapi/src/handlers/catalog/scales.rs:34:5
[INFO] [stdout]    |
[INFO] [stdout] 34 |     slug: web::Path<String>,
[INFO] [stdout]    |     ^^^^ help: if this is intentional, prefix it with an underscore: `_slug`
[INFO] [stdout] 
[INFO] [stdout] 
[INFO] [stdout] warning: unused variable: `modified`
[INFO] [stdout]   --> workspace/webapi/src/handlers/catalog/scales.rs:35:5
[INFO] [stdout]    |
[INFO] [stdout] 35 |     modified: web::Json<EditScaleRequest>,
[INFO] [stdout]    |     ^^^^^^^^ help: if this is intentional, prefix it with an underscore: `_modified`
[INFO] [stdout] 
[INFO] [stdout] 
[INFO] [stdout] warning: unused variable: `db_pool`
[INFO] [stdout]   --> workspace/webapi/src/handlers/catalog/scales.rs:36:5
[INFO] [stdout]    |
[INFO] [stdout] 36 |     db_pool: web::Data<PgPool>,
[INFO] [stdout]    |     ^^^^^^^ help: if this is intentional, prefix it with an underscore: `_db_pool`
[INFO] [stdout] 
[INFO] [stdout] 
[INFO] [stdout] warning: fields `start` and `limit` are never read
[INFO] [stdout]  --> workspace/webapi/src/web/pagination.rs:5:5
[INFO] [stdout]   |
[INFO] [stdout] 4 | pub struct PaginateQuery {
[INFO] [stdout]   |            ------------- fields in this struct
[INFO] [stdout] 5 |     start: Option<usize>,
[INFO] [stdout]   |     ^^^^^
[INFO] [stdout] 6 |     limit: Option<usize>,
[INFO] [stdout]   |     ^^^^^
[INFO] [stdout]   |
[INFO] [stdout]   = note: `PaginateQuery` has a derived impl for the trait `Debug`, but this is intentionally ignored during dead code analysis
[INFO] [stdout]   = note: `#[warn(dead_code)]` on by default
[INFO] [stdout] 
[INFO] [stdout] 
[INFO] [stderr]    Compiling want v0.3.0
[INFO] [stderr]    Compiling hmac v0.10.1
[INFO] [stderr]    Compiling sha2 v0.9.9
[INFO] [stderr]    Compiling hyper v0.14.19
[INFO] [stderr]    Compiling pretty_assertions v1.2.1
[INFO] [stderr]    Compiling pretty_assertions v0.7.2
[INFO] [stderr]    Compiling openssl-sys v0.9.74
[INFO] [stderr]    Compiling common v0.1.0 (/opt/rustwide/workdir/workspace/common)
[INFO] [stderr]    Compiling catalog v0.1.0 (/opt/rustwide/workdir/workspace/catalog)
[INFO] [stdout] warning: unused import: `super::*`
[INFO] [stdout]   --> workspace/common/src/validation.rs:30:9
[INFO] [stdout]    |
[INFO] [stdout] 30 |     use super::*;
[INFO] [stdout]    |         ^^^^^^^^
[INFO] [stdout]    |
[INFO] [stdout]    = note: `#[warn(unused_imports)]` on by default
[INFO] [stdout] 
[INFO] [stdout] 
[INFO] [stdout] warning: unused import: `super::*`
[INFO] [stdout]   --> workspace/common/src/validation.rs:33:13
[INFO] [stdout]    |
[INFO] [stdout] 33 |         use super::*;
[INFO] [stdout]    |             ^^^^^^^^
[INFO] [stdout] 
[INFO] [stdout] 
[INFO] [stdout] warning: unused import: `pretty_assertions::assert_eq`
[INFO] [stdout]   --> workspace/common/src/validation.rs:34:13
[INFO] [stdout]    |
[INFO] [stdout] 34 |         use pretty_assertions::assert_eq;
[INFO] [stdout]    |             ^^^^^^^^^^^^^^^^^^^^^^^^^^^^
[INFO] [stdout] 
[INFO] [stdout] 
[INFO] [stdout] warning: unused import: `Brand`
[INFO] [stdout]  --> workspace/catalog/src/brands/use_cases.rs:2:21
[INFO] [stdout]   |
[INFO] [stdout] 2 | use crate::brands::{Brand, BrandType};
[INFO] [stdout]   |                     ^^^^^
[INFO] [stdout]   |
[INFO] [stdout]   = note: `#[warn(unused_imports)]` on by default
[INFO] [stdout] 
[INFO] [stdout] 
[INFO] [stdout] warning: struct `Foo` is never constructed
[INFO] [stdout]   --> workspace/common/src/validation.rs:38:16
[INFO] [stdout]    |
[INFO] [stdout] 38 |         struct Foo {
[INFO] [stdout]    |                ^^^
[INFO] [stdout]    |
[INFO] [stdout]    = note: `#[warn(dead_code)]` on by default
[INFO] [stdout] 
[INFO] [stdout] 
[INFO] [stderr]    Compiling testcontainers v0.12.0
[INFO] [stdout] warning: unused variable: `f`
[INFO] [stdout]   --> workspace/catalog/src/brands/data.rs:36:19
[INFO] [stdout]    |
[INFO] [stdout] 36 |     fn fmt(&self, f: &mut Formatter<'_>) -> fmt::Result {
[INFO] [stdout]    |                   ^ help: if this is intentional, prefix it with an underscore: `_f`
[INFO] [stdout]    |
[INFO] [stdout]    = note: `#[warn(unused_variables)]` on by default
[INFO] [stdout] 
[INFO] [stdout] 
[INFO] [stdout] warning: function `create_new_brand` is never used
[INFO] [stdout]   --> workspace/catalog/src/brands/use_cases.rs:73:10
[INFO] [stdout]    |
[INFO] [stdout] 73 | async fn create_new_brand<R>(
[INFO] [stdout]    |          ^^^^^^^^^^^^^^^^
[INFO] [stdout]    |
[INFO] [stdout]    = note: `#[warn(dead_code)]` on by default
[INFO] [stdout] 
[INFO] [stdout] 
[INFO] [stderr]    Compiling tokio-native-tls v0.3.0
[INFO] [stderr]    Compiling hyper-tls v0.5.0
[INFO] [stderr]    Compiling reqwest v0.11.10
[INFO] [stderr]    Compiling webapi v0.1.0 (/opt/rustwide/workdir/workspace/webapi)
[INFO] [stdout] warning: unused import: `crate::web::pagination::PaginateQuery`
[INFO] [stdout]  --> workspace/webapi/src/handlers/catalog/catalog_items.rs:1:5
[INFO] [stdout]   |
[INFO] [stdout] 1 | use crate::web::pagination::PaginateQuery;
[INFO] [stdout]   |     ^^^^^^^^^^^^^^^^^^^^^^^^^^^^^^^^^^^^^
[INFO] [stdout]   |
[INFO] [stdout]   = note: `#[warn(unused_imports)]` on by default
[INFO] [stdout] 
[INFO] [stdout] 
[INFO] [stdout] warning: unused variable: `paginate_params`
[INFO] [stdout]  --> workspace/webapi/src/handlers/catalog/brands.rs:8:5
[INFO] [stdout]   |
[INFO] [stdout] 8 |     paginate_params: web::Query<PaginateQuery>,
[INFO] [stdout]   |     ^^^^^^^^^^^^^^^ help: if this is intentional, prefix it with an underscore: `_paginate_params`
[INFO] [stdout]   |
[INFO] [stdout]   = note: `#[warn(unused_variables)]` on by default
[INFO] [stdout] 
[INFO] [stdout] 
[INFO] [stdout] warning: unused variable: `new_brand`
[INFO] [stdout]   --> workspace/webapi/src/handlers/catalog/brands.rs:14:5
[INFO] [stdout]    |
[INFO] [stdout] 14 |     new_brand: web::Json<NewBrandRequest>,
[INFO] [stdout]    |     ^^^^^^^^^ help: if this is intentional, prefix it with an underscore: `_new_brand`
[INFO] [stdout] 
[INFO] [stdout] 
[INFO] [stdout] warning: unused variable: `db_pool`
[INFO] [stdout]   --> workspace/webapi/src/handlers/catalog/brands.rs:15:5
[INFO] [stdout]    |
[INFO] [stdout] 15 |     db_pool: web::Data<PgPool>,
[INFO] [stdout]    |     ^^^^^^^ help: if this is intentional, prefix it with an underscore: `_db_pool`
[INFO] [stdout] 
[INFO] [stdout] 
[INFO] [stdout] warning: unused variable: `slug`
[INFO] [stdout]   --> workspace/webapi/src/handlers/catalog/brands.rs:21:5
[INFO] [stdout]    |
[INFO] [stdout] 21 |     slug: web::Path<String>,
[INFO] [stdout]    |     ^^^^ help: if this is intentional, prefix it with an underscore: `_slug`
[INFO] [stdout] 
[INFO] [stdout] 
[INFO] [stdout] warning: unused variable: `db_pool`
[INFO] [stdout]   --> workspace/webapi/src/handlers/catalog/brands.rs:22:5
[INFO] [stdout]    |
[INFO] [stdout] 22 |     db_pool: web::Data<PgPool>,
[INFO] [stdout]    |     ^^^^^^^ help: if this is intentional, prefix it with an underscore: `_db_pool`
[INFO] [stdout] 
[INFO] [stdout] 
[INFO] [stdout] warning: unused variable: `slug`
[INFO] [stdout]   --> workspace/webapi/src/handlers/catalog/brands.rs:28:5
[INFO] [stdout]    |
[INFO] [stdout] 28 |     slug: web::Path<String>,
[INFO] [stdout]    |     ^^^^ help: if this is intentional, prefix it with an underscore: `_slug`
[INFO] [stdout] 
[INFO] [stdout] 
[INFO] [stdout] warning: unused variable: `db_pool`
[INFO] [stdout]   --> workspace/webapi/src/handlers/catalog/brands.rs:29:5
[INFO] [stdout]    |
[INFO] [stdout] 29 |     db_pool: web::Data<PgPool>,
[INFO] [stdout]    |     ^^^^^^^ help: if this is intentional, prefix it with an underscore: `_db_pool`
[INFO] [stdout] 
[INFO] [stdout] 
[INFO] [stdout] warning: unused variable: `slug`
[INFO] [stdout]   --> workspace/webapi/src/handlers/catalog/brands.rs:35:5
[INFO] [stdout]    |
[INFO] [stdout] 35 |     slug: web::Path<String>,
[INFO] [stdout]    |     ^^^^ help: if this is intentional, prefix it with an underscore: `_slug`
[INFO] [stdout] 
[INFO] [stdout] 
[INFO] [stdout] warning: unused variable: `modified_brand`
[INFO] [stdout]   --> workspace/webapi/src/handlers/catalog/brands.rs:36:5
[INFO] [stdout]    |
[INFO] [stdout] 36 |     modified_brand: web::Json<EditBrandRequest>,
[INFO] [stdout]    |     ^^^^^^^^^^^^^^ help: if this is intentional, prefix it with an underscore: `_modified_brand`
[INFO] [stdout] 
[INFO] [stdout] 
[INFO] [stdout] warning: unused variable: `db_pool`
[INFO] [stdout]   --> workspace/webapi/src/handlers/catalog/brands.rs:37:5
[INFO] [stdout]    |
[INFO] [stdout] 37 |     db_pool: web::Data<PgPool>,
[INFO] [stdout]    |     ^^^^^^^ help: if this is intentional, prefix it with an underscore: `_db_pool`
[INFO] [stdout] 
[INFO] [stdout] 
[INFO] [stdout] warning: unused variable: `new_catalog_item`
[INFO] [stdout]  --> workspace/webapi/src/handlers/catalog/catalog_items.rs:7:5
[INFO] [stdout]   |
[INFO] [stdout] 7 |     new_catalog_item: web::Json<NewCatalogItemRequest>,
[INFO] [stdout]   |     ^^^^^^^^^^^^^^^^ help: if this is intentional, prefix it with an underscore: `_new_catalog_item`
[INFO] [stdout] 
[INFO] [stdout] 
[INFO] [stdout] warning: unused variable: `db_pool`
[INFO] [stdout]  --> workspace/webapi/src/handlers/catalog/catalog_items.rs:8:5
[INFO] [stdout]   |
[INFO] [stdout] 8 |     db_pool: web::Data<PgPool>,
[INFO] [stdout]   |     ^^^^^^^ help: if this is intentional, prefix it with an underscore: `_db_pool`
[INFO] [stdout] 
[INFO] [stdout] 
[INFO] [stdout] warning: unused variable: `slug`
[INFO] [stdout]   --> workspace/webapi/src/handlers/catalog/catalog_items.rs:14:5
[INFO] [stdout]    |
[INFO] [stdout] 14 |     slug: web::Path<String>,
[INFO] [stdout]    |     ^^^^ help: if this is intentional, prefix it with an underscore: `_slug`
[INFO] [stdout] 
[INFO] [stdout] 
[INFO] [stdout] warning: unused variable: `db_pool`
[INFO] [stdout]   --> workspace/webapi/src/handlers/catalog/catalog_items.rs:15:5
[INFO] [stdout]    |
[INFO] [stdout] 15 |     db_pool: web::Data<PgPool>,
[INFO] [stdout]    |     ^^^^^^^ help: if this is intentional, prefix it with an underscore: `_db_pool`
[INFO] [stdout] 
[INFO] [stdout] 
[INFO] [stdout] warning: unused variable: `slug`
[INFO] [stdout]   --> workspace/webapi/src/handlers/catalog/catalog_items.rs:21:5
[INFO] [stdout]    |
[INFO] [stdout] 21 |     slug: web::Path<String>,
[INFO] [stdout]    |     ^^^^ help: if this is intentional, prefix it with an underscore: `_slug`
[INFO] [stdout] 
[INFO] [stdout] 
[INFO] [stdout] warning: unused variable: `db_pool`
[INFO] [stdout]   --> workspace/webapi/src/handlers/catalog/catalog_items.rs:22:5
[INFO] [stdout]    |
[INFO] [stdout] 22 |     db_pool: web::Data<PgPool>,
[INFO] [stdout]    |     ^^^^^^^ help: if this is intentional, prefix it with an underscore: `_db_pool`
[INFO] [stdout] 
[INFO] [stdout] 
[INFO] [stdout] warning: unused variable: `slug`
[INFO] [stdout]   --> workspace/webapi/src/handlers/catalog/catalog_items.rs:28:5
[INFO] [stdout]    |
[INFO] [stdout] 28 |     slug: web::Path<String>,
[INFO] [stdout]    |     ^^^^ help: if this is intentional, prefix it with an underscore: `_slug`
[INFO] [stdout] 
[INFO] [stdout] 
[INFO] [stdout] warning: unused variable: `modified_catalog_item`
[INFO] [stdout]   --> workspace/webapi/src/handlers/catalog/catalog_items.rs:29:5
[INFO] [stdout]    |
[INFO] [stdout] 29 |     modified_catalog_item: web::Json<EditCatalogItemRequest>,
[INFO] [stdout]    |     ^^^^^^^^^^^^^^^^^^^^^ help: if this is intentional, prefix it with an underscore: `_modified_catalog_item`
[INFO] [stdout] 
[INFO] [stdout] 
[INFO] [stdout] warning: unused variable: `db_pool`
[INFO] [stdout]   --> workspace/webapi/src/handlers/catalog/catalog_items.rs:30:5
[INFO] [stdout]    |
[INFO] [stdout] 30 |     db_pool: web::Data<PgPool>,
[INFO] [stdout]    |     ^^^^^^^ help: if this is intentional, prefix it with an underscore: `_db_pool`
[INFO] [stdout] 
[INFO] [stdout] 
[INFO] [stdout] warning: unused variable: `paginate_params`
[INFO] [stdout]  --> workspace/webapi/src/handlers/catalog/railways.rs:7:5
[INFO] [stdout]   |
[INFO] [stdout] 7 |     paginate_params: web::Query<PaginateQuery>,
[INFO] [stdout]   |     ^^^^^^^^^^^^^^^ help: if this is intentional, prefix it with an underscore: `_paginate_params`
[INFO] [stdout] 
[INFO] [stdout] 
[INFO] [stdout] warning: unused variable: `new_railway`
[INFO] [stdout]   --> workspace/webapi/src/handlers/catalog/railways.rs:13:5
[INFO] [stdout]    |
[INFO] [stdout] 13 |     new_railway: web::Json<NewRailwayRequest>,
[INFO] [stdout]    |     ^^^^^^^^^^^ help: if this is intentional, prefix it with an underscore: `_new_railway`
[INFO] [stdout] 
[INFO] [stdout] 
[INFO] [stdout] warning: unused variable: `db_pool`
[INFO] [stdout]   --> workspace/webapi/src/handlers/catalog/railways.rs:14:5
[INFO] [stdout]    |
[INFO] [stdout] 14 |     db_pool: web::Data<PgPool>,
[INFO] [stdout]    |     ^^^^^^^ help: if this is intentional, prefix it with an underscore: `_db_pool`
[INFO] [stdout] 
[INFO] [stdout] 
[INFO] [stdout] warning: unused variable: `slug`
[INFO] [stdout]   --> workspace/webapi/src/handlers/catalog/railways.rs:20:5
[INFO] [stdout]    |
[INFO] [stdout] 20 |     slug: web::Path<String>,
[INFO] [stdout]    |     ^^^^ help: if this is intentional, prefix it with an underscore: `_slug`
[INFO] [stdout] 
[INFO] [stdout] 
[INFO] [stdout] warning: unused variable: `db_pool`
[INFO] [stdout]   --> workspace/webapi/src/handlers/catalog/railways.rs:21:5
[INFO] [stdout]    |
[INFO] [stdout] 21 |     db_pool: web::Data<PgPool>,
[INFO] [stdout]    |     ^^^^^^^ help: if this is intentional, prefix it with an underscore: `_db_pool`
[INFO] [stdout] 
[INFO] [stdout] 
[INFO] [stdout] warning: unused variable: `slug`
[INFO] [stdout]   --> workspace/webapi/src/handlers/catalog/railways.rs:27:5
[INFO] [stdout]    |
[INFO] [stdout] 27 |     slug: web::Path<String>,
[INFO] [stdout]    |     ^^^^ help: if this is intentional, prefix it with an underscore: `_slug`
[INFO] [stdout] 
[INFO] [stdout] 
[INFO] [stdout] warning: unused variable: `db_pool`
[INFO] [stdout]   --> workspace/webapi/src/handlers/catalog/railways.rs:28:5
[INFO] [stdout]    |
[INFO] [stdout] 28 |     db_pool: web::Data<PgPool>,
[INFO] [stdout]    |     ^^^^^^^ help: if this is intentional, prefix it with an underscore: `_db_pool`
[INFO] [stdout] 
[INFO] [stdout] 
[INFO] [stdout] warning: unused variable: `slug`
[INFO] [stdout]   --> workspace/webapi/src/handlers/catalog/railways.rs:34:5
[INFO] [stdout]    |
[INFO] [stdout] 34 |     slug: web::Path<String>,
[INFO] [stdout]    |     ^^^^ help: if this is intentional, prefix it with an underscore: `_slug`
[INFO] [stdout] 
[INFO] [stdout] 
[INFO] [stdout] warning: unused variable: `modified`
[INFO] [stdout]   --> workspace/webapi/src/handlers/catalog/railways.rs:35:5
[INFO] [stdout]    |
[INFO] [stdout] 35 |     modified: web::Json<EditRailwayRequest>,
[INFO] [stdout]    |     ^^^^^^^^ help: if this is intentional, prefix it with an underscore: `_modified`
[INFO] [stdout] 
[INFO] [stdout] 
[INFO] [stdout] warning: unused variable: `db_pool`
[INFO] [stdout]   --> workspace/webapi/src/handlers/catalog/railways.rs:36:5
[INFO] [stdout]    |
[INFO] [stdout] 36 |     db_pool: web::Data<PgPool>,
[INFO] [stdout]    |     ^^^^^^^ help: if this is intentional, prefix it with an underscore: `_db_pool`
[INFO] [stdout] 
[INFO] [stdout] 
[INFO] [stdout] warning: unused variable: `paginate_params`
[INFO] [stdout]  --> workspace/webapi/src/handlers/catalog/scales.rs:7:5
[INFO] [stdout]   |
[INFO] [stdout] 7 |     paginate_params: web::Query<PaginateQuery>,
[INFO] [stdout]   |     ^^^^^^^^^^^^^^^ help: if this is intentional, prefix it with an underscore: `_paginate_params`
[INFO] [stdout] 
[INFO] [stdout] 
[INFO] [stdout] warning: unused variable: `new_scale`
[INFO] [stdout]   --> workspace/webapi/src/handlers/catalog/scales.rs:13:5
[INFO] [stdout]    |
[INFO] [stdout] 13 |     new_scale: web::Json<NewScaleRequest>,
[INFO] [stdout]    |     ^^^^^^^^^ help: if this is intentional, prefix it with an underscore: `_new_scale`
[INFO] [stdout] 
[INFO] [stdout] 
[INFO] [stdout] warning: unused variable: `db_pool`
[INFO] [stdout]   --> workspace/webapi/src/handlers/catalog/scales.rs:14:5
[INFO] [stdout]    |
[INFO] [stdout] 14 |     db_pool: web::Data<PgPool>,
[INFO] [stdout]    |     ^^^^^^^ help: if this is intentional, prefix it with an underscore: `_db_pool`
[INFO] [stdout] 
[INFO] [stdout] 
[INFO] [stdout] warning: unused variable: `slug`
[INFO] [stdout]   --> workspace/webapi/src/handlers/catalog/scales.rs:20:5
[INFO] [stdout]    |
[INFO] [stdout] 20 |     slug: web::Path<String>,
[INFO] [stdout]    |     ^^^^ help: if this is intentional, prefix it with an underscore: `_slug`
[INFO] [stdout] 
[INFO] [stdout] 
[INFO] [stdout] warning: unused variable: `db_pool`
[INFO] [stdout]   --> workspace/webapi/src/handlers/catalog/scales.rs:21:5
[INFO] [stdout]    |
[INFO] [stdout] 21 |     db_pool: web::Data<PgPool>,
[INFO] [stdout]    |     ^^^^^^^ help: if this is intentional, prefix it with an underscore: `_db_pool`
[INFO] [stdout] 
[INFO] [stdout] 
[INFO] [stdout] warning: unused variable: `slug`
[INFO] [stdout]   --> workspace/webapi/src/handlers/catalog/scales.rs:27:5
[INFO] [stdout]    |
[INFO] [stdout] 27 |     slug: web::Path<String>,
[INFO] [stdout]    |     ^^^^ help: if this is intentional, prefix it with an underscore: `_slug`
[INFO] [stdout] 
[INFO] [stdout] 
[INFO] [stdout] warning: unused variable: `db_pool`
[INFO] [stdout]   --> workspace/webapi/src/handlers/catalog/scales.rs:28:5
[INFO] [stdout]    |
[INFO] [stdout] 28 |     db_pool: web::Data<PgPool>,
[INFO] [stdout]    |     ^^^^^^^ help: if this is intentional, prefix it with an underscore: `_db_pool`
[INFO] [stdout] 
[INFO] [stdout] 
[INFO] [stdout] warning: unused variable: `slug`
[INFO] [stdout]   --> workspace/webapi/src/handlers/catalog/scales.rs:34:5
[INFO] [stdout]    |
[INFO] [stdout] 34 |     slug: web::Path<String>,
[INFO] [stdout]    |     ^^^^ help: if this is intentional, prefix it with an underscore: `_slug`
[INFO] [stdout] 
[INFO] [stdout] 
[INFO] [stdout] warning: unused variable: `modified`
[INFO] [stdout]   --> workspace/webapi/src/handlers/catalog/scales.rs:35:5
[INFO] [stdout]    |
[INFO] [stdout] 35 |     modified: web::Json<EditScaleRequest>,
[INFO] [stdout]    |     ^^^^^^^^ help: if this is intentional, prefix it with an underscore: `_modified`
[INFO] [stdout] 
[INFO] [stdout] 
[INFO] [stdout] warning: unused variable: `db_pool`
[INFO] [stdout]   --> workspace/webapi/src/handlers/catalog/scales.rs:36:5
[INFO] [stdout]    |
[INFO] [stdout] 36 |     db_pool: web::Data<PgPool>,
[INFO] [stdout]    |     ^^^^^^^ help: if this is intentional, prefix it with an underscore: `_db_pool`
[INFO] [stdout] 
[INFO] [stdout] 
[INFO] [stdout] warning: field `connection_pool` is never read
[INFO] [stdout]   --> workspace/webapi/tests/common/mod.rs:10:5
[INFO] [stdout]    |
[INFO] [stdout] 8  | pub struct ServiceUnderTest {
[INFO] [stdout]    |            ---------------- field in this struct
[INFO] [stdout] 9  |     base_endpoint_url: String,
[INFO] [stdout] 10 |     connection_pool: PgPool,
[INFO] [stdout]    |     ^^^^^^^^^^^^^^^
[INFO] [stdout]    |
[INFO] [stdout]    = note: `ServiceUnderTest` has a derived impl for the trait `Debug`, but this is intentionally ignored during dead code analysis
[INFO] [stdout]    = note: `#[warn(dead_code)]` on by default
[INFO] [stdout] 
[INFO] [stdout] 
[INFO] [stdout] warning: fields `start` and `limit` are never read
[INFO] [stdout]  --> workspace/webapi/src/web/pagination.rs:5:5
[INFO] [stdout]   |
[INFO] [stdout] 4 | pub struct PaginateQuery {
[INFO] [stdout]   |            ------------- fields in this struct
[INFO] [stdout] 5 |     start: Option<usize>,
[INFO] [stdout]   |     ^^^^^
[INFO] [stdout] 6 |     limit: Option<usize>,
[INFO] [stdout]   |     ^^^^^
[INFO] [stdout]   |
[INFO] [stdout]   = note: `PaginateQuery` has a derived impl for the trait `Debug`, but this is intentionally ignored during dead code analysis
[INFO] [stdout]   = note: `#[warn(dead_code)]` on by default
[INFO] [stdout] 
[INFO] [stdout] 
[INFO] [stderr]     Finished `test` profile [unoptimized + debuginfo] target(s) in 23.90s
[INFO] running `Command { std: "docker" "inspect" "545b01a6a1f2ea0210f86a1fb05d4070dbac79cd28f08df25a0b85843d21f883", kill_on_drop: false }`
[INFO] running `Command { std: "docker" "rm" "-f" "545b01a6a1f2ea0210f86a1fb05d4070dbac79cd28f08df25a0b85843d21f883", kill_on_drop: false }`
[INFO] [stdout] 545b01a6a1f2ea0210f86a1fb05d4070dbac79cd28f08df25a0b85843d21f883
[INFO] running `Command { std: "docker" "create" "-v" "/var/lib/crater-agent-workspace/builds/worker-1-tc1/target:/opt/rustwide/target:rw,Z" "-v" "/var/lib/crater-agent-workspace/builds/worker-1-tc1/source:/opt/rustwide/workdir:ro,Z" "-v" "/var/lib/crater-agent-workspace/cargo-home:/opt/rustwide/cargo-home:ro,Z" "-v" "/var/lib/crater-agent-workspace/rustup-home:/opt/rustwide/rustup-home:ro,Z" "-e" "SOURCE_DIR=/opt/rustwide/workdir" "-e" "CARGO_TARGET_DIR=/opt/rustwide/target" "-e" "CARGO_INCREMENTAL=0" "-e" "RUST_BACKTRACE=full" "-e" "RUSTFLAGS=--cap-lints=warn" "-e" "RUSTDOCFLAGS=--cap-lints=warn" "-e" "CARGO_HOME=/opt/rustwide/cargo-home" "-e" "RUSTUP_HOME=/opt/rustwide/rustup-home" "-w" "/opt/rustwide/workdir" "-m" "1610612736" "--user" "0:0" "--network" "none" "ghcr.io/rust-lang/crates-build-env/linux@sha256:f3a9d4ad9d972b27faf3965f35b62e55ba32bbce8f20bc8fe909558a86702fde" "/opt/rustwide/cargo-home/bin/cargo" "+1.83.0" "test" "--frozen", kill_on_drop: false }`
[INFO] [stdout] 63ab4d0510c7b5569556dcc20c2c538c3df42bcc93e9acebdca9b491adc4c3d1
[INFO] running `Command { std: "docker" "start" "-a" "63ab4d0510c7b5569556dcc20c2c538c3df42bcc93e9acebdca9b491adc4c3d1", kill_on_drop: false }`
[INFO] [stderr] warning: virtual workspace defaulting to `resolver = "1"` despite one or more workspace members being on edition 2021 which implies `resolver = "2"`
[INFO] [stderr] note: to keep the current resolver, specify `workspace.resolver = "1"` in the workspace root's manifest
[INFO] [stderr] note: to use the edition 2021 resolver, specify `workspace.resolver = "2"` in the workspace root's manifest
[INFO] [stderr] note: for more details see https://doc.rust-lang.org/cargo/reference/resolver.html#resolver-versions
[INFO] [stderr] warning: unused import: `Brand`
[INFO] [stderr]  --> workspace/catalog/src/brands/use_cases.rs:2:21
[INFO] [stderr]   |
[INFO] [stderr] 2 | use crate::brands::{Brand, BrandType};
[INFO] [stderr]   |                     ^^^^^
[INFO] [stderr]   |
[INFO] [stderr]   = note: `#[warn(unused_imports)]` on by default
[INFO] [stderr] 
[INFO] [stderr] warning: unused variable: `f`
[INFO] [stderr]   --> workspace/catalog/src/brands/data.rs:36:19
[INFO] [stderr]    |
[INFO] [stderr] 36 |     fn fmt(&self, f: &mut Formatter<'_>) -> fmt::Result {
[INFO] [stderr]    |                   ^ help: if this is intentional, prefix it with an underscore: `_f`
[INFO] [stderr]    |
[INFO] [stderr]    = note: `#[warn(unused_variables)]` on by default
[INFO] [stderr] 
[INFO] [stderr] warning: function `create_new_brand` is never used
[INFO] [stderr]   --> workspace/catalog/src/brands/use_cases.rs:73:10
[INFO] [stderr]    |
[INFO] [stderr] 73 | async fn create_new_brand<R>(
[INFO] [stderr]    |          ^^^^^^^^^^^^^^^^
[INFO] [stderr]    |
[INFO] [stderr]    = note: `#[warn(dead_code)]` on by default
[INFO] [stderr] 
[INFO] [stderr] warning: `catalog` (lib) generated 3 warnings (run `cargo fix --lib -p catalog` to apply 1 suggestion)
[INFO] [stderr] warning: unused import: `super::*`
[INFO] [stderr]   --> workspace/common/src/validation.rs:30:9
[INFO] [stderr]    |
[INFO] [stderr] 30 |     use super::*;
[INFO] [stderr]    |         ^^^^^^^^
[INFO] [stderr]    |
[INFO] [stderr]    = note: `#[warn(unused_imports)]` on by default
[INFO] [stderr] 
[INFO] [stderr] warning: unused import: `super::*`
[INFO] [stderr]   --> workspace/common/src/validation.rs:33:13
[INFO] [stderr]    |
[INFO] [stderr] 33 |         use super::*;
[INFO] [stderr]    |             ^^^^^^^^
[INFO] [stderr] 
[INFO] [stderr] warning: unused import: `pretty_assertions::assert_eq`
[INFO] [stderr]   --> workspace/common/src/validation.rs:34:13
[INFO] [stderr]    |
[INFO] [stderr] 34 |         use pretty_assertions::assert_eq;
[INFO] [stderr]    |             ^^^^^^^^^^^^^^^^^^^^^^^^^^^^
[INFO] [stderr] 
[INFO] [stderr] warning: struct `Foo` is never constructed
[INFO] [stderr]   --> workspace/common/src/validation.rs:38:16
[INFO] [stderr]    |
[INFO] [stderr] 38 |         struct Foo {
[INFO] [stderr]    |                ^^^
[INFO] [stderr]    |
[INFO] [stderr]    = note: `#[warn(dead_code)]` on by default
[INFO] [stderr] 
[INFO] [stderr] warning: `common` (lib test) generated 4 warnings (run `cargo fix --lib -p common --tests` to apply 3 suggestions)
[INFO] [stderr] warning: `catalog` (lib test) generated 3 warnings (3 duplicates)
[INFO] [stderr] warning: unused import: `crate::web::pagination::PaginateQuery`
[INFO] [stderr]  --> workspace/webapi/src/handlers/catalog/catalog_items.rs:1:5
[INFO] [stderr]   |
[INFO] [stderr] 1 | use crate::web::pagination::PaginateQuery;
[INFO] [stderr]   |     ^^^^^^^^^^^^^^^^^^^^^^^^^^^^^^^^^^^^^
[INFO] [stderr]   |
[INFO] [stderr]   = note: `#[warn(unused_imports)]` on by default
[INFO] [stderr] 
[INFO] [stderr] warning: unused variable: `paginate_params`
[INFO] [stderr]  --> workspace/webapi/src/handlers/catalog/brands.rs:8:5
[INFO] [stderr]   |
[INFO] [stderr] 8 |     paginate_params: web::Query<PaginateQuery>,
[INFO] [stderr]   |     ^^^^^^^^^^^^^^^ help: if this is intentional, prefix it with an underscore: `_paginate_params`
[INFO] [stderr]   |
[INFO] [stderr]   = note: `#[warn(unused_variables)]` on by default
[INFO] [stderr] 
[INFO] [stderr] warning: unused variable: `new_brand`
[INFO] [stderr]   --> workspace/webapi/src/handlers/catalog/brands.rs:14:5
[INFO] [stderr]    |
[INFO] [stderr] 14 |     new_brand: web::Json<NewBrandRequest>,
[INFO] [stderr]    |     ^^^^^^^^^ help: if this is intentional, prefix it with an underscore: `_new_brand`
[INFO] [stderr] 
[INFO] [stderr] warning: unused variable: `db_pool`
[INFO] [stderr]   --> workspace/webapi/src/handlers/catalog/brands.rs:15:5
[INFO] [stderr]    |
[INFO] [stderr] 15 |     db_pool: web::Data<PgPool>,
[INFO] [stderr]    |     ^^^^^^^ help: if this is intentional, prefix it with an underscore: `_db_pool`
[INFO] [stderr] 
[INFO] [stderr] warning: unused variable: `slug`
[INFO] [stderr]   --> workspace/webapi/src/handlers/catalog/brands.rs:21:5
[INFO] [stderr]    |
[INFO] [stderr] 21 |     slug: web::Path<String>,
[INFO] [stderr]    |     ^^^^ help: if this is intentional, prefix it with an underscore: `_slug`
[INFO] [stderr] 
[INFO] [stderr] warning: unused variable: `db_pool`
[INFO] [stderr]   --> workspace/webapi/src/handlers/catalog/brands.rs:22:5
[INFO] [stderr]    |
[INFO] [stderr] 22 |     db_pool: web::Data<PgPool>,
[INFO] [stderr]    |     ^^^^^^^ help: if this is intentional, prefix it with an underscore: `_db_pool`
[INFO] [stderr] 
[INFO] [stderr] warning: unused variable: `slug`
[INFO] [stderr]   --> workspace/webapi/src/handlers/catalog/brands.rs:28:5
[INFO] [stderr]    |
[INFO] [stderr] 28 |     slug: web::Path<String>,
[INFO] [stderr]    |     ^^^^ help: if this is intentional, prefix it with an underscore: `_slug`
[INFO] [stderr] 
[INFO] [stderr] warning: unused variable: `db_pool`
[INFO] [stderr]   --> workspace/webapi/src/handlers/catalog/brands.rs:29:5
[INFO] [stderr]    |
[INFO] [stderr] 29 |     db_pool: web::Data<PgPool>,
[INFO] [stderr]    |     ^^^^^^^ help: if this is intentional, prefix it with an underscore: `_db_pool`
[INFO] [stderr] 
[INFO] [stderr] warning: unused variable: `slug`
[INFO] [stderr]   --> workspace/webapi/src/handlers/catalog/brands.rs:35:5
[INFO] [stderr]    |
[INFO] [stderr] 35 |     slug: web::Path<String>,
[INFO] [stderr]    |     ^^^^ help: if this is intentional, prefix it with an underscore: `_slug`
[INFO] [stderr] 
[INFO] [stderr] warning: unused variable: `modified_brand`
[INFO] [stderr]   --> workspace/webapi/src/handlers/catalog/brands.rs:36:5
[INFO] [stderr]    |
[INFO] [stderr] 36 |     modified_brand: web::Json<EditBrandRequest>,
[INFO] [stderr]    |     ^^^^^^^^^^^^^^ help: if this is intentional, prefix it with an underscore: `_modified_brand`
[INFO] [stderr] 
[INFO] [stderr] warning: unused variable: `db_pool`
[INFO] [stderr]   --> workspace/webapi/src/handlers/catalog/brands.rs:37:5
[INFO] [stderr]    |
[INFO] [stderr] 37 |     db_pool: web::Data<PgPool>,
[INFO] [stderr]    |     ^^^^^^^ help: if this is intentional, prefix it with an underscore: `_db_pool`
[INFO] [stderr] 
[INFO] [stderr] warning: unused variable: `new_catalog_item`
[INFO] [stderr]  --> workspace/webapi/src/handlers/catalog/catalog_items.rs:7:5
[INFO] [stderr]   |
[INFO] [stderr] 7 |     new_catalog_item: web::Json<NewCatalogItemRequest>,
[INFO] [stderr]   |     ^^^^^^^^^^^^^^^^ help: if this is intentional, prefix it with an underscore: `_new_catalog_item`
[INFO] [stderr] 
[INFO] [stderr] warning: unused variable: `db_pool`
[INFO] [stderr]  --> workspace/webapi/src/handlers/catalog/catalog_items.rs:8:5
[INFO] [stderr]   |
[INFO] [stderr] 8 |     db_pool: web::Data<PgPool>,
[INFO] [stderr]   |     ^^^^^^^ help: if this is intentional, prefix it with an underscore: `_db_pool`
[INFO] [stderr] 
[INFO] [stderr] warning: unused variable: `slug`
[INFO] [stderr]   --> workspace/webapi/src/handlers/catalog/catalog_items.rs:14:5
[INFO] [stderr]    |
[INFO] [stderr] 14 |     slug: web::Path<String>,
[INFO] [stderr]    |     ^^^^ help: if this is intentional, prefix it with an underscore: `_slug`
[INFO] [stderr] 
[INFO] [stderr] warning: unused variable: `db_pool`
[INFO] [stderr]   --> workspace/webapi/src/handlers/catalog/catalog_items.rs:15:5
[INFO] [stderr]    |
[INFO] [stderr] 15 |     db_pool: web::Data<PgPool>,
[INFO] [stderr]    |     ^^^^^^^ help: if this is intentional, prefix it with an underscore: `_db_pool`
[INFO] [stderr] 
[INFO] [stderr] warning: unused variable: `slug`
[INFO] [stderr]   --> workspace/webapi/src/handlers/catalog/catalog_items.rs:21:5
[INFO] [stderr]    |
[INFO] [stderr] 21 |     slug: web::Path<String>,
[INFO] [stderr]    |     ^^^^ help: if this is intentional, prefix it with an underscore: `_slug`
[INFO] [stderr] 
[INFO] [stderr] warning: unused variable: `db_pool`
[INFO] [stderr]   --> workspace/webapi/src/handlers/catalog/catalog_items.rs:22:5
[INFO] [stderr]    |
[INFO] [stderr] 22 |     db_pool: web::Data<PgPool>,
[INFO] [stderr]    |     ^^^^^^^ help: if this is intentional, prefix it with an underscore: `_db_pool`
[INFO] [stderr] 
[INFO] [stderr] warning: unused variable: `slug`
[INFO] [stderr]   --> workspace/webapi/src/handlers/catalog/catalog_items.rs:28:5
[INFO] [stderr]    |
[INFO] [stderr] 28 |     slug: web::Path<String>,
[INFO] [stderr]    |     ^^^^ help: if this is intentional, prefix it with an underscore: `_slug`
[INFO] [stderr] 
[INFO] [stderr] warning: unused variable: `modified_catalog_item`
[INFO] [stderr]   --> workspace/webapi/src/handlers/catalog/catalog_items.rs:29:5
[INFO] [stderr]    |
[INFO] [stderr] 29 |     modified_catalog_item: web::Json<EditCatalogItemRequest>,
[INFO] [stderr]    |     ^^^^^^^^^^^^^^^^^^^^^ help: if this is intentional, prefix it with an underscore: `_modified_catalog_item`
[INFO] [stderr] 
[INFO] [stderr] warning: unused variable: `db_pool`
[INFO] [stderr]   --> workspace/webapi/src/handlers/catalog/catalog_items.rs:30:5
[INFO] [stderr]    |
[INFO] [stderr] 30 |     db_pool: web::Data<PgPool>,
[INFO] [stderr]    |     ^^^^^^^ help: if this is intentional, prefix it with an underscore: `_db_pool`
[INFO] [stderr] 
[INFO] [stderr] warning: unused variable: `paginate_params`
[INFO] [stderr]  --> workspace/webapi/src/handlers/catalog/railways.rs:7:5
[INFO] [stderr]   |
[INFO] [stderr] 7 |     paginate_params: web::Query<PaginateQuery>,
[INFO] [stderr]   |     ^^^^^^^^^^^^^^^ help: if this is intentional, prefix it with an underscore: `_paginate_params`
[INFO] [stderr] 
[INFO] [stderr] warning: unused variable: `new_railway`
[INFO] [stderr]   --> workspace/webapi/src/handlers/catalog/railways.rs:13:5
[INFO] [stderr]    |
[INFO] [stderr] 13 |     new_railway: web::Json<NewRailwayRequest>,
[INFO] [stderr]    |     ^^^^^^^^^^^ help: if this is intentional, prefix it with an underscore: `_new_railway`
[INFO] [stderr] 
[INFO] [stderr] warning: unused variable: `db_pool`
[INFO] [stderr]   --> workspace/webapi/src/handlers/catalog/railways.rs:14:5
[INFO] [stderr]    |
[INFO] [stderr] 14 |     db_pool: web::Data<PgPool>,
[INFO] [stderr]    |     ^^^^^^^ help: if this is intentional, prefix it with an underscore: `_db_pool`
[INFO] [stderr] 
[INFO] [stderr] warning: unused variable: `slug`
[INFO] [stderr]   --> workspace/webapi/src/handlers/catalog/railways.rs:20:5
[INFO] [stderr]    |
[INFO] [stderr] 20 |     slug: web::Path<String>,
[INFO] [stderr]    |     ^^^^ help: if this is intentional, prefix it with an underscore: `_slug`
[INFO] [stderr] 
[INFO] [stderr] warning: unused variable: `db_pool`
[INFO] [stderr]   --> workspace/webapi/src/handlers/catalog/railways.rs:21:5
[INFO] [stderr]    |
[INFO] [stderr] 21 |     db_pool: web::Data<PgPool>,
[INFO] [stderr]    |     ^^^^^^^ help: if this is intentional, prefix it with an underscore: `_db_pool`
[INFO] [stderr] 
[INFO] [stderr] warning: unused variable: `slug`
[INFO] [stderr]   --> workspace/webapi/src/handlers/catalog/railways.rs:27:5
[INFO] [stderr]    |
[INFO] [stderr] 27 |     slug: web::Path<String>,
[INFO] [stderr]    |     ^^^^ help: if this is intentional, prefix it with an underscore: `_slug`
[INFO] [stderr] 
[INFO] [stderr] warning: unused variable: `db_pool`
[INFO] [stderr]   --> workspace/webapi/src/handlers/catalog/railways.rs:28:5
[INFO] [stderr]    |
[INFO] [stderr] 28 |     db_pool: web::Data<PgPool>,
[INFO] [stderr]    |     ^^^^^^^ help: if this is intentional, prefix it with an underscore: `_db_pool`
[INFO] [stderr] 
[INFO] [stderr] warning: unused variable: `slug`
[INFO] [stderr]   --> workspace/webapi/src/handlers/catalog/railways.rs:34:5
[INFO] [stderr]    |
[INFO] [stderr] 34 |     slug: web::Path<String>,
[INFO] [stderr]    |     ^^^^ help: if this is intentional, prefix it with an underscore: `_slug`
[INFO] [stderr] 
[INFO] [stderr] warning: unused variable: `modified`
[INFO] [stderr]   --> workspace/webapi/src/handlers/catalog/railways.rs:35:5
[INFO] [stderr]    |
[INFO] [stderr] 35 |     modified: web::Json<EditRailwayRequest>,
[INFO] [stderr]    |     ^^^^^^^^ help: if this is intentional, prefix it with an underscore: `_modified`
[INFO] [stderr] 
[INFO] [stderr] warning: unused variable: `db_pool`
[INFO] [stderr]   --> workspace/webapi/src/handlers/catalog/railways.rs:36:5
[INFO] [stderr]    |
[INFO] [stderr] 36 |     db_pool: web::Data<PgPool>,
[INFO] [stderr]    |     ^^^^^^^ help: if this is intentional, prefix it with an underscore: `_db_pool`
[INFO] [stderr] 
[INFO] [stderr] warning: unused variable: `paginate_params`
[INFO] [stderr]  --> workspace/webapi/src/handlers/catalog/scales.rs:7:5
[INFO] [stderr]   |
[INFO] [stderr] 7 |     paginate_params: web::Query<PaginateQuery>,
[INFO] [stderr]   |     ^^^^^^^^^^^^^^^ help: if this is intentional, prefix it with an underscore: `_paginate_params`
[INFO] [stderr] 
[INFO] [stderr] warning: unused variable: `new_scale`
[INFO] [stderr]   --> workspace/webapi/src/handlers/catalog/scales.rs:13:5
[INFO] [stderr]    |
[INFO] [stderr] 13 |     new_scale: web::Json<NewScaleRequest>,
[INFO] [stderr]    |     ^^^^^^^^^ help: if this is intentional, prefix it with an underscore: `_new_scale`
[INFO] [stderr] 
[INFO] [stderr] warning: unused variable: `db_pool`
[INFO] [stderr]   --> workspace/webapi/src/handlers/catalog/scales.rs:14:5
[INFO] [stderr]    |
[INFO] [stderr] 14 |     db_pool: web::Data<PgPool>,
[INFO] [stderr]    |     ^^^^^^^ help: if this is intentional, prefix it with an underscore: `_db_pool`
[INFO] [stderr] 
[INFO] [stderr] warning: unused variable: `slug`
[INFO] [stderr]   --> workspace/webapi/src/handlers/catalog/scales.rs:20:5
[INFO] [stderr]    |
[INFO] [stderr] 20 |     slug: web::Path<String>,
[INFO] [stderr]    |     ^^^^ help: if this is intentional, prefix it with an underscore: `_slug`
[INFO] [stderr] 
[INFO] [stderr] warning: unused variable: `db_pool`
[INFO] [stderr]   --> workspace/webapi/src/handlers/catalog/scales.rs:21:5
[INFO] [stderr]    |
[INFO] [stderr] 21 |     db_pool: web::Data<PgPool>,
[INFO] [stderr]    |     ^^^^^^^ help: if this is intentional, prefix it with an underscore: `_db_pool`
[INFO] [stderr] 
[INFO] [stderr] warning: unused variable: `slug`
[INFO] [stderr]   --> workspace/webapi/src/handlers/catalog/scales.rs:27:5
[INFO] [stderr]    |
[INFO] [stderr] 27 |     slug: web::Path<String>,
[INFO] [stderr]    |     ^^^^ help: if this is intentional, prefix it with an underscore: `_slug`
[INFO] [stderr] 
[INFO] [stderr] warning: unused variable: `db_pool`
[INFO] [stderr]   --> workspace/webapi/src/handlers/catalog/scales.rs:28:5
[INFO] [stderr]    |
[INFO] [stderr] 28 |     db_pool: web::Data<PgPool>,
[INFO] [stderr]    |     ^^^^^^^ help: if this is intentional, prefix it with an underscore: `_db_pool`
[INFO] [stderr] 
[INFO] [stderr] warning: unused variable: `slug`
[INFO] [stderr]   --> workspace/webapi/src/handlers/catalog/scales.rs:34:5
[INFO] [stderr]    |
[INFO] [stderr] 34 |     slug: web::Path<String>,
[INFO] [stderr]    |     ^^^^ help: if this is intentional, prefix it with an underscore: `_slug`
[INFO] [stderr] 
[INFO] [stderr] warning: unused variable: `modified`
[INFO] [stderr]   --> workspace/webapi/src/handlers/catalog/scales.rs:35:5
[INFO] [stderr]    |
[INFO] [stderr] 35 |     modified: web::Json<EditScaleRequest>,
[INFO] [stderr]    |     ^^^^^^^^ help: if this is intentional, prefix it with an underscore: `_modified`
[INFO] [stderr] 
[INFO] [stderr] warning: unused variable: `db_pool`
[INFO] [stderr]   --> workspace/webapi/src/handlers/catalog/scales.rs:36:5
[INFO] [stderr]    |
[INFO] [stderr] 36 |     db_pool: web::Data<PgPool>,
[INFO] [stderr]    |     ^^^^^^^ help: if this is intentional, prefix it with an underscore: `_db_pool`
[INFO] [stderr] 
[INFO] [stderr] warning: fields `start` and `limit` are never read
[INFO] [stderr]  --> workspace/webapi/src/web/pagination.rs:5:5
[INFO] [stderr]   |
[INFO] [stderr] 4 | pub struct PaginateQuery {
[INFO] [stderr]   |            ------------- fields in this struct
[INFO] [stderr] 5 |     start: Option<usize>,
[INFO] [stderr]   |     ^^^^^
[INFO] [stderr] 6 |     limit: Option<usize>,
[INFO] [stderr]   |     ^^^^^
[INFO] [stderr]   |
[INFO] [stderr]   = note: `PaginateQuery` has a derived impl for the trait `Debug`, but this is intentionally ignored during dead code analysis
[INFO] [stderr]   = note: `#[warn(dead_code)]` on by default
[INFO] [stderr] 
[INFO] [stderr] warning: `webapi` (lib) generated 41 warnings (run `cargo fix --lib -p webapi` to apply 1 suggestion)
[INFO] [stderr] warning: field `connection_pool` is never read
[INFO] [stderr]   --> workspace/webapi/tests/common/mod.rs:10:5
[INFO] [stderr]    |
[INFO] [stderr] 8  | pub struct ServiceUnderTest {
[INFO] [stderr]    |            ---------------- field in this struct
[INFO] [stderr] 9  |     base_endpoint_url: String,
[INFO] [stderr] 10 |     connection_pool: PgPool,
[INFO] [stderr]    |     ^^^^^^^^^^^^^^^
[INFO] [stderr]    |
[INFO] [stderr]    = note: `ServiceUnderTest` has a derived impl for the trait `Debug`, but this is intentionally ignored during dead code analysis
[INFO] [stderr]    = note: `#[warn(dead_code)]` on by default
[INFO] [stderr] 
[INFO] [stderr] warning: `webapi` (test "health_check") generated 1 warning
[INFO] [stderr] warning: `webapi` (lib test) generated 41 warnings (41 duplicates)
[INFO] [stderr]     Finished `test` profile [unoptimized + debuginfo] target(s) in 0.74s
[INFO] [stderr]      Running unittests src/lib.rs (/opt/rustwide/target/debug/deps/catalog-8a168ab6f70174a5)
[INFO] [stdout] 
[INFO] [stdout] running 38 tests
[INFO] [stdout] test brands::tests::brand_tests::it_should_create_new_brands ... ok
[INFO] [stdout] test catalog_items::categories::tests::freight_car_type_tests::it_should_fail_to_convert_invalid_values_to_freight_car_types ... ok
[INFO] [stdout] test catalog_items::categories::tests::passenger_car_type_tests::it_should_fail_to_convert_invalid_values_to_passenger_car_types ... ok
[INFO] [stdout] test catalog_items::categories::tests::locomotive_type_tests::it_should_convert_string_slices_to_locomotive_types ... ok
[INFO] [stdout] test catalog_items::categories::tests::locomotive_type_tests::it_should_fail_to_convert_invalid_values_to_locomotive_types ... ok
[INFO] [stdout] test catalog_items::categories::tests::train_type_tests::it_should_convert_string_slices_to_train_types ... ok
[INFO] [stdout] test catalog_items::categories::tests::passenger_car_type_tests::it_should_convert_string_slices_to_passenger_car_types ... ok
[INFO] [stdout] test catalog_items::controls::tests::control_tests::it_should_fail_to_parse_invalid_value_as_controls ... ok
[INFO] [stdout] test catalog_items::controls::tests::control_tests::it_should_parse_string_as_controls ... ok
[INFO] [stdout] test catalog_items::controls::tests::dcc_interface_tests::it_should_display_dcc_interfaces ... ok
[INFO] [stdout] test catalog_items::controls::tests::dcc_interface_tests::it_should_fail_to_parse_invalid_string_as_dcc_interfaces ... ok
[INFO] [stdout] test catalog_items::controls::tests::dcc_interface_tests::it_should_parse_string_as_dcc_interfaces ... ok
[INFO] [stdout] test catalog_items::epoch::tests::epoch_tests::it_should_convert_string_slices_to_epochs ... ok
[INFO] [stdout] test brands::tests::brand_tests::it_should_display_brand_as_string ... ok
[INFO] [stdout] test catalog_items::categories::tests::train_type_tests::it_should_fail_to_convert_invalid_values_to_train_types ... ok
[INFO] [stdout] test catalog_items::delivery_date::tests::delivery_date_tests::it_should_produce_string_representations_from_delivery_dates ... ok
[INFO] [stdout] test catalog_items::categories::tests::freight_car_type_tests::it_should_convert_string_slices_to_freight_car_types ... ok
[INFO] [stdout] test catalog_items::epoch::tests::epoch_tests::it_should_diplay_epoch_values ... ok
[INFO] [stdout] test catalog_items::epoch::tests::epoch_tests::it_should_convert_string_slices_to_mixed_epochs ... ok
[INFO] [stdout] test catalog_items::epoch::tests::epoch_tests::it_should_fail_to_convert_invalid_values_to_epochs ... ok
[INFO] [stdout] test catalog_items::item_number::tests::item_number_tests::it_should_create_new_item_numbers ... ok
[INFO] [stdout] test catalog_items::item_number::tests::item_number_tests::it_should_fail_to_convert_empty_string_slices_as_item_numbers ... ok
[INFO] [stdout] test catalog_items::length::tests::length_over_buffer_tests::it_should_add_two_length_values ... ok
[INFO] [stdout] test catalog_items::delivery_date::tests::delivery_date_tests::it_should_parse_string_as_delivery_dates ... ok
[INFO] [stdout] test catalog_items::length::tests::length_over_buffer_tests::it_should_create_a_new_value ... ok
[INFO] [stdout] test catalog_items::length::tests::length_over_buffer_tests::it_should_print_length_as_strings ... ok
[INFO] [stdout] test catalog_items::rolling_stocks::tests::rolling_stock_tests::it_should_create_new_passenger_cars ... ok
[INFO] [stdout] test catalog_items::rolling_stocks::tests::rolling_stock_tests::it_should_create_new_trains ... ok
[INFO] [stdout] test catalog_items::service_levels::tests::service_level_tests::it_should_convert_string_slices_to_service_levels ... ok
[INFO] [stdout] test catalog_items::service_levels::tests::service_level_tests::it_should_convert_string_slices_to_mixed_service_levels ... ok
[INFO] [stdout] test catalog_items::service_levels::tests::service_level_tests::it_should_display_service_level_values ... ok
[INFO] [stdout] test catalog_items::service_levels::tests::service_level_tests::it_should_fail_to_convert_invalid_values_to_service_levels ... ok
[INFO] [stdout] test catalog_items::service_levels::tests::service_level_tests::it_should_fail_to_convert_string_slices_to_mixed_service_levels ... ok
[INFO] [stdout] test railways::tests::railway_tests::it_should_create_new_railways ... ok
[INFO] [stdout] test railways::tests::railway_tests::it_should_display_brand_as_string ... ok
[INFO] [stdout] test catalog_items::rolling_stocks::tests::rolling_stock_tests::it_should_create_new_freight_cars ... ok
[INFO] [stdout] test catalog_items::rolling_stocks::tests::rolling_stock_tests::it_should_create_new_locomotives ... ok
[INFO] [stdout] test catalog_items::controls::tests::control_tests::it_should_display_controls ... ok
[INFO] [stdout] 
[INFO] [stdout] test result: ok. 38 passed; 0 failed; 0 ignored; 0 measured; 0 filtered out; finished in 0.04s
[INFO] [stdout] 
[INFO] [stderr]      Running unittests src/lib.rs (/opt/rustwide/target/debug/deps/collecting-9a3dad4f236bf4c0)
[INFO] [stdout] 
[INFO] [stdout] running 1 test
[INFO] [stderr]      Running unittests src/lib.rs (/opt/rustwide/target/debug/deps/common-a7bcb9f6655728d6)
[INFO] [stdout] test tests::it_works ... ok
[INFO] [stdout] 
[INFO] [stdout] test result: ok. 1 passed; 0 failed; 0 ignored; 0 measured; 0 filtered out; finished in 0.01s
[INFO] [stdout] 
[INFO] [stdout] 
[INFO] [stdout] running 5 tests
[INFO] [stdout] test slug::tests::slug_tests::it_should_create_slugs_from_strings ... ok
[INFO] [stdout] test slug::tests::slug_tests::it_should_create_slugs_from_two_string_slices ... ok
[INFO] [stdout] test slug::tests::slug_tests::it_should_serialize_to_json ... ok
[INFO] [stdout] test slug::tests::slug_tests::it_should_deserialize_from_json ... ok
[INFO] [stdout] test address::tests::addresses::it_should_create_new_addresses ... ok
[INFO] [stdout] 
[INFO] [stdout] test result: ok. 5 passed; 0 failed; 0 ignored; 0 measured; 0 filtered out; finished in 0.01s
[INFO] [stdout] 
[INFO] [stdout] 
[INFO] [stderr]      Running unittests src/lib.rs (/opt/rustwide/target/debug/deps/webapi-ed02bb89bde8dc61)
[INFO] [stdout] running 5 tests
[INFO] [stdout] test web::urn::tests::should_produce_urn_values_for_errors ... ok
[INFO] [stdout] test web::urn::tests::should_produce_urn_values_from_uuid ... ok
[INFO] [stdout] test configuration::tests::should_build_database_urls ... ok
[INFO] [stdout] test web::urn::tests::should_produce_urn_values_for_unprocessable_entitys ... ok
[INFO] [stdout] test web::urn::tests::should_produce_urn_values_for_invalid_requests ... ok
[INFO] [stderr]      Running unittests src/main.rs (/opt/rustwide/target/debug/deps/trenako_web_api-525260bab3160fcc)
[INFO] [stdout] 
[INFO] [stderr]      Running tests/health_check.rs (/opt/rustwide/target/debug/deps/health_check-6d8b869f49611d89)
[INFO] [stdout] test result: ok. 5 passed; 0 failed; 0 ignored; 0 measured; 0 filtered out; finished in 0.01s
[INFO] [stdout] 
[INFO] [stdout] 
[INFO] [stdout] running 0 tests
[INFO] [stdout] 
[INFO] [stdout] test result: ok. 0 passed; 0 failed; 0 ignored; 0 measured; 0 filtered out; finished in 0.00s
[INFO] [stdout] 
[INFO] [stdout] 
[INFO] [stdout] running 1 test
[INFO] [stdout] test health_check_works ... FAILED
[INFO] [stdout] 
[INFO] [stdout] failures:
[INFO] [stdout] 
[INFO] [stdout] ---- health_check_works stdout ----
[INFO] [stdout] thread 'health_check_works' panicked at /opt/rustwide/cargo-home/registry/src/index.crates.io-6f17d22bba15001f/testcontainers-0.12.0/src/clients/cli.rs:145:9:
[INFO] [stdout] failed to start container
[INFO] [stdout] stack backtrace:
[INFO] [stdout]    0:     0x5e77172ae75a - std::backtrace_rs::backtrace::libunwind::trace::h5a5b8284f2d0c266
[INFO] [stdout]                                at /rustc/90b35a6239c3d8bdabc530a6a0816f7ff89a0aaf/library/std/src/../../backtrace/src/backtrace/libunwind.rs:116:5
[INFO] [stdout]    1:     0x5e77172ae75a - std::backtrace_rs::backtrace::trace_unsynchronized::h76d4f1c9b0b875e3
[INFO] [stdout]                                at /rustc/90b35a6239c3d8bdabc530a6a0816f7ff89a0aaf/library/std/src/../../backtrace/src/backtrace/mod.rs:66:5
[INFO] [stdout]    2:     0x5e77172ae75a - std::sys::backtrace::_print_fmt::hc4546b8364a537c6
[INFO] [stdout]                                at /rustc/90b35a6239c3d8bdabc530a6a0816f7ff89a0aaf/library/std/src/sys/backtrace.rs:66:9
[INFO] [stdout]    3:     0x5e77172ae75a - <std::sys::backtrace::BacktraceLock::print::DisplayBacktrace as core::fmt::Display>::fmt::h5b6bd5631a6d1f6b
[INFO] [stdout]                                at /rustc/90b35a6239c3d8bdabc530a6a0816f7ff89a0aaf/library/std/src/sys/backtrace.rs:39:26
[INFO] [stdout]    4:     0x5e77172dae23 - core::fmt::rt::Argument::fmt::h270f6602a2b96f62
[INFO] [stdout]                                at /rustc/90b35a6239c3d8bdabc530a6a0816f7ff89a0aaf/library/core/src/fmt/rt.rs:177:76
[INFO] [stdout]    5:     0x5e77172dae23 - core::fmt::write::h7550c97b06c86515
[INFO] [stdout]                                at /rustc/90b35a6239c3d8bdabc530a6a0816f7ff89a0aaf/library/core/src/fmt/mod.rs:1186:21
[INFO] [stdout]    6:     0x5e77172aabc3 - std::io::Write::write_fmt::h509ff860e5956e5e
[INFO] [stdout]                                at /rustc/90b35a6239c3d8bdabc530a6a0816f7ff89a0aaf/library/std/src/io/mod.rs:1839:15
[INFO] [stdout]    7:     0x5e77172ae5a2 - std::sys::backtrace::BacktraceLock::print::h2395ccd2c84ba3aa
[INFO] [stdout]                                at /rustc/90b35a6239c3d8bdabc530a6a0816f7ff89a0aaf/library/std/src/sys/backtrace.rs:42:9
[INFO] [stdout]    8:     0x5e77172afc3a - std::panicking::default_hook::{{closure}}::he19d4c7230e07961
[INFO] [stdout]                                at /rustc/90b35a6239c3d8bdabc530a6a0816f7ff89a0aaf/library/std/src/panicking.rs:268:22
[INFO] [stdout]    9:     0x5e77172afa44 - std::panicking::default_hook::hf614597d3c67bbdb
[INFO] [stdout]                                at /rustc/90b35a6239c3d8bdabc530a6a0816f7ff89a0aaf/library/std/src/panicking.rs:292:9
[INFO] [stdout]   10:     0x5e77167a39e9 - <alloc::boxed::Box<F,A> as core::ops::function::Fn<Args>>::call::h39b51ce4599c23d1
[INFO] [stdout]                                at /rustc/90b35a6239c3d8bdabc530a6a0816f7ff89a0aaf/library/alloc/src/boxed.rs:2468:9
[INFO] [stdout]   11:     0x5e77167a39e9 - test::test_main::{{closure}}::he977ae839a582784
[INFO] [stdout]                                at /rustc/90b35a6239c3d8bdabc530a6a0816f7ff89a0aaf/library/test/src/lib.rs:133:21
[INFO] [stdout]   12:     0x5e77172b02d8 - <alloc::boxed::Box<F,A> as core::ops::function::Fn<Args>>::call::h9455091b6b06f9fb
[INFO] [stdout]                                at /rustc/90b35a6239c3d8bdabc530a6a0816f7ff89a0aaf/library/alloc/src/boxed.rs:2468:9
[INFO] [stdout]   13:     0x5e77172b02d8 - std::panicking::rust_panic_with_hook::h8942133a8b252070
[INFO] [stdout]                                at /rustc/90b35a6239c3d8bdabc530a6a0816f7ff89a0aaf/library/std/src/panicking.rs:809:13
[INFO] [stdout]   14:     0x5e77168ee3da - std::panicking::begin_panic::{{closure}}::h390349f0775c9d3f
[INFO] [stdout]                                at /rustc/90b35a6239c3d8bdabc530a6a0816f7ff89a0aaf/library/std/src/panicking.rs:738:9
[INFO] [stdout]   15:     0x5e77168eeb7a - std::sys::backtrace::__rust_end_short_backtrace::haf195a0921711f0d
[INFO] [stdout]                                at /rustc/90b35a6239c3d8bdabc530a6a0816f7ff89a0aaf/library/std/src/sys/backtrace.rs:170:18
[INFO] [stdout]   16:     0x5e77168ee389 - std::panicking::begin_panic::h16d1ea8c0e53cbbf
[INFO] [stdout]                                at /rustc/90b35a6239c3d8bdabc530a6a0816f7ff89a0aaf/library/std/src/panicking.rs:737:5
[INFO] [stdout]   17:     0x5e77164fe794 - <testcontainers::clients::cli::Cli as testcontainers::core::docker::Docker>::run_with_args::h40848d406e7c04dd
[INFO] [stdout]                                at /opt/rustwide/cargo-home/registry/src/index.crates.io-6f17d22bba15001f/testcontainers-0.12.0/src/clients/cli.rs:145:9
[INFO] [stdout]   18:     0x5e77164feaed - <testcontainers::clients::cli::Cli as testcontainers::core::docker::Docker>::run::hfd31bde6e0d02ced
[INFO] [stdout]                                at /opt/rustwide/cargo-home/registry/src/index.crates.io-6f17d22bba15001f/testcontainers-0.12.0/src/clients/cli.rs:122:9
[INFO] [stdout]   19:     0x5e7716519375 - health_check::common::spawn_app::{{closure}}::hdd0aee8658349e81
[INFO] [stdout]                                at /opt/rustwide/workdir/workspace/webapi/tests/common/mod.rs:34:16
[INFO] [stdout]   20:     0x5e771650de58 - health_check::health_check_works::{{closure}}::h932829e5497d3c6e
[INFO] [stdout]                                at /opt/rustwide/workdir/workspace/webapi/tests/health_check.rs:7:31
[INFO] [stdout]   21:     0x5e7716518b2d - <core::pin::Pin<P> as core::future::future::Future>::poll::hd82c909c5ef5d588
[INFO] [stdout]                                at /rustc/90b35a6239c3d8bdabc530a6a0816f7ff89a0aaf/library/core/src/future/future.rs:123:9
[INFO] [stdout]   22:     0x5e771652270f - tokio::runtime::basic_scheduler::CoreGuard::block_on::{{closure}}::{{closure}}::{{closure}}::h1ac49da83c287154
[INFO] [stdout]                                at /opt/rustwide/cargo-home/registry/src/index.crates.io-6f17d22bba15001f/tokio-1.18.2/src/runtime/basic_scheduler.rs:507:48
[INFO] [stdout]   23:     0x5e7716505113 - tokio::coop::with_budget::{{closure}}::h880965122f365bd4
[INFO] [stdout]                                at /opt/rustwide/cargo-home/registry/src/index.crates.io-6f17d22bba15001f/tokio-1.18.2/src/coop.rs:102:9
[INFO] [stdout]   24:     0x5e771651b1da - std::thread::local::LocalKey<T>::try_with::h5edfba0d1736dcb4
[INFO] [stdout]                                at /rustc/90b35a6239c3d8bdabc530a6a0816f7ff89a0aaf/library/std/src/thread/local.rs:283:12
[INFO] [stdout]   25:     0x5e771651ad7a - std::thread::local::LocalKey<T>::with::ha1c9b1f3b0e66ca7
[INFO] [stdout]                                at /rustc/90b35a6239c3d8bdabc530a6a0816f7ff89a0aaf/library/std/src/thread/local.rs:260:9
[INFO] [stdout]   26:     0x5e7716522699 - tokio::coop::with_budget::h5dfe0e888014f59d
[INFO] [stdout]                                at /opt/rustwide/cargo-home/registry/src/index.crates.io-6f17d22bba15001f/tokio-1.18.2/src/coop.rs:95:5
[INFO] [stdout]   27:     0x5e7716522699 - tokio::coop::budget::hfd4936eb623600f5
[INFO] [stdout]                                at /opt/rustwide/cargo-home/registry/src/index.crates.io-6f17d22bba15001f/tokio-1.18.2/src/coop.rs:72:5
[INFO] [stdout]   28:     0x5e7716522699 - tokio::runtime::basic_scheduler::CoreGuard::block_on::{{closure}}::{{closure}}::had72310cd88b15d7
[INFO] [stdout]                                at /opt/rustwide/cargo-home/registry/src/index.crates.io-6f17d22bba15001f/tokio-1.18.2/src/runtime/basic_scheduler.rs:507:25
[INFO] [stdout]   29:     0x5e7716520d20 - tokio::runtime::basic_scheduler::Context::enter::ha5bc3f7d65982719
[INFO] [stdout]                                at /opt/rustwide/cargo-home/registry/src/index.crates.io-6f17d22bba15001f/tokio-1.18.2/src/runtime/basic_scheduler.rs:361:19
[INFO] [stdout]   30:     0x5e77165220ca - tokio::runtime::basic_scheduler::CoreGuard::block_on::{{closure}}::h5ffb5eb8f8a7e8c0
[INFO] [stdout]                                at /opt/rustwide/cargo-home/registry/src/index.crates.io-6f17d22bba15001f/tokio-1.18.2/src/runtime/basic_scheduler.rs:506:36
[INFO] [stdout]   31:     0x5e7716521e94 - tokio::runtime::basic_scheduler::CoreGuard::enter::{{closure}}::h2d7a0d5914b7c7a9
[INFO] [stdout]                                at /opt/rustwide/cargo-home/registry/src/index.crates.io-6f17d22bba15001f/tokio-1.18.2/src/runtime/basic_scheduler.rs:564:57
[INFO] [stdout]   32:     0x5e77165202ed - tokio::macros::scoped_tls::ScopedKey<T>::set::hb0d5894922e273d3
[INFO] [stdout]                                at /opt/rustwide/cargo-home/registry/src/index.crates.io-6f17d22bba15001f/tokio-1.18.2/src/macros/scoped_tls.rs:61:9
[INFO] [stdout]   33:     0x5e7716521c6c - tokio::runtime::basic_scheduler::CoreGuard::enter::h4af62a213f7bc65d
[INFO] [stdout]                                at /opt/rustwide/cargo-home/registry/src/index.crates.io-6f17d22bba15001f/tokio-1.18.2/src/runtime/basic_scheduler.rs:564:27
[INFO] [stdout]   34:     0x5e7716521eaa - tokio::runtime::basic_scheduler::CoreGuard::block_on::hbc33eadb0215d172
[INFO] [stdout]                                at /opt/rustwide/cargo-home/registry/src/index.crates.io-6f17d22bba15001f/tokio-1.18.2/src/runtime/basic_scheduler.rs:497:9
[INFO] [stdout]   35:     0x5e77165204b1 - tokio::runtime::basic_scheduler::BasicScheduler::block_on::h81203b9e0aa61810
[INFO] [stdout]                                at /opt/rustwide/cargo-home/registry/src/index.crates.io-6f17d22bba15001f/tokio-1.18.2/src/runtime/basic_scheduler.rs:173:24
[INFO] [stdout]   36:     0x5e771650c01d - tokio::runtime::Runtime::block_on::h263b35ddcae8ab82
[INFO] [stdout]                                at /opt/rustwide/cargo-home/registry/src/index.crates.io-6f17d22bba15001f/tokio-1.18.2/src/runtime/mod.rs:475:46
[INFO] [stdout]   37:     0x5e771650dbec - health_check::health_check_works::he0c4e25e56bab322
[INFO] [stdout]                                at /opt/rustwide/workdir/workspace/webapi/tests/health_check.rs:17:5
[INFO] [stdout]   38:     0x5e771650da87 - health_check::health_check_works::{{closure}}::h7994a7c9f9ae203c
[INFO] [stdout]                                at /opt/rustwide/workdir/workspace/webapi/tests/health_check.rs:6:30
[INFO] [stdout]   39:     0x5e7716508fc6 - core::ops::function::FnOnce::call_once::h75648997db9d4dbf
[INFO] [stdout]                                at /rustc/90b35a6239c3d8bdabc530a6a0816f7ff89a0aaf/library/core/src/ops/function.rs:250:5
[INFO] [stdout]   40:     0x5e77167a83ab - core::ops::function::FnOnce::call_once::h109cf8051a59b34e
[INFO] [stdout]                                at /rustc/90b35a6239c3d8bdabc530a6a0816f7ff89a0aaf/library/core/src/ops/function.rs:250:5
[INFO] [stdout]   41:     0x5e77167a83ab - test::__rust_begin_short_backtrace::hf4fff89d377446ba
[INFO] [stdout]                                at /rustc/90b35a6239c3d8bdabc530a6a0816f7ff89a0aaf/library/test/src/lib.rs:621:18
[INFO] [stdout]   42:     0x5e77167a7be7 - test::run_test_in_process::{{closure}}::h0e39181dd7ee5a43
[INFO] [stdout]                                at /rustc/90b35a6239c3d8bdabc530a6a0816f7ff89a0aaf/library/test/src/lib.rs:644:60
[INFO] [stdout]   43:     0x5e77167a7be7 - <core::panic::unwind_safe::AssertUnwindSafe<F> as core::ops::function::FnOnce<()>>::call_once::hc5a66a30f0bdfd1f
[INFO] [stdout]                                at /rustc/90b35a6239c3d8bdabc530a6a0816f7ff89a0aaf/library/core/src/panic/unwind_safe.rs:272:9
[INFO] [stdout]   44:     0x5e77167a7be7 - std::panicking::try::do_call::h873b7cf639554a5e
[INFO] [stdout]                                at /rustc/90b35a6239c3d8bdabc530a6a0816f7ff89a0aaf/library/std/src/panicking.rs:557:40
[INFO] [stdout]   45:     0x5e77167a7be7 - std::panicking::try::hdb19862fad9c8bd1
[INFO] [stdout]                                at /rustc/90b35a6239c3d8bdabc530a6a0816f7ff89a0aaf/library/std/src/panicking.rs:520:19
[INFO] [stdout]   46:     0x5e77167a7be7 - std::panic::catch_unwind::h281fe732d236d260
[INFO] [stdout]                                at /rustc/90b35a6239c3d8bdabc530a6a0816f7ff89a0aaf/library/std/src/panic.rs:358:14
[INFO] [stdout]   47:     0x5e77167a7be7 - test::run_test_in_process::h949b6df8457ed338
[INFO] [stdout]                                at /rustc/90b35a6239c3d8bdabc530a6a0816f7ff89a0aaf/library/test/src/lib.rs:644:27
[INFO] [stdout]   48:     0x5e77167a7be7 - test::run_test::{{closure}}::h52c556a6d4740e10
[INFO] [stdout]                                at /rustc/90b35a6239c3d8bdabc530a6a0816f7ff89a0aaf/library/test/src/lib.rs:565:43
[INFO] [stdout]   49:     0x5e771676cec4 - test::run_test::{{closure}}::h4237f6381c45ccb9
[INFO] [stdout]                                at /rustc/90b35a6239c3d8bdabc530a6a0816f7ff89a0aaf/library/test/src/lib.rs:595:41
[INFO] [stdout]   50:     0x5e771676cec4 - std::sys::backtrace::__rust_begin_short_backtrace::h505c97a579eca628
[INFO] [stdout]                                at /rustc/90b35a6239c3d8bdabc530a6a0816f7ff89a0aaf/library/std/src/sys/backtrace.rs:154:18
[INFO] [stdout]   51:     0x5e771677058e - std::thread::Builder::spawn_unchecked_::{{closure}}::{{closure}}::h9e86b2e2bc107ea3
[INFO] [stdout]                                at /rustc/90b35a6239c3d8bdabc530a6a0816f7ff89a0aaf/library/std/src/thread/mod.rs:538:17
[INFO] [stdout]   52:     0x5e771677058e - <core::panic::unwind_safe::AssertUnwindSafe<F> as core::ops::function::FnOnce<()>>::call_once::h8b06ddb275ff4a25
[INFO] [stdout]                                at /rustc/90b35a6239c3d8bdabc530a6a0816f7ff89a0aaf/library/core/src/panic/unwind_safe.rs:272:9
[INFO] [stdout]   53:     0x5e771677058e - std::panicking::try::do_call::hb26ecd7cd9a9355d
[INFO] [stdout]                                at /rustc/90b35a6239c3d8bdabc530a6a0816f7ff89a0aaf/library/std/src/panicking.rs:557:40
[INFO] [stdout]   54:     0x5e771677058e - std::panicking::try::h8ddeca9d705f9069
[INFO] [stdout]                                at /rustc/90b35a6239c3d8bdabc530a6a0816f7ff89a0aaf/library/std/src/panicking.rs:520:19
[INFO] [stdout]   55:     0x5e771677058e - std::panic::catch_unwind::h49e1c33078844c46
[INFO] [stdout]                                at /rustc/90b35a6239c3d8bdabc530a6a0816f7ff89a0aaf/library/std/src/panic.rs:358:14
[INFO] [stdout]   56:     0x5e771677058e - std::thread::Builder::spawn_unchecked_::{{closure}}::h6073db6ff56ad35d
[INFO] [stdout]                                at /rustc/90b35a6239c3d8bdabc530a6a0816f7ff89a0aaf/library/std/src/thread/mod.rs:537:30
[INFO] [stdout]   57:     0x5e771677058e - core::ops::function::FnOnce::call_once{{vtable.shim}}::h2c5a5f3779c774f1
[INFO] [stdout]                                at /rustc/90b35a6239c3d8bdabc530a6a0816f7ff89a0aaf/library/core/src/ops/function.rs:250:5
[INFO] [stdout]   58:     0x5e77172b4f9b - <alloc::boxed::Box<F,A> as core::ops::function::FnOnce<Args>>::call_once::hf75717d9f28faebf
[INFO] [stdout]                                at /rustc/90b35a6239c3d8bdabc530a6a0816f7ff89a0aaf/library/alloc/src/boxed.rs:2454:9
[INFO] [stdout]   59:     0x5e77172b4f9b - <alloc::boxed::Box<F,A> as core::ops::function::FnOnce<Args>>::call_once::h7bd883a5f3c5f3c1
[INFO] [stdout]                                at /rustc/90b35a6239c3d8bdabc530a6a0816f7ff89a0aaf/library/alloc/src/boxed.rs:2454:9
[INFO] [stdout]   60:     0x5e77172b4f9b - std::sys::pal::unix::thread::Thread::new::thread_start::hcc78f3943333fa94
[INFO] [stdout]                                at /rustc/90b35a6239c3d8bdabc530a6a0816f7ff89a0aaf/library/std/src/sys/pal/unix/thread.rs:105:17
[INFO] [stdout]   61:     0x72adafed7ac3 - <unknown>
[INFO] [stdout]   62:     0x72adaff68a04 - clone
[INFO] [stdout]   63:                0x0 - <unknown>
[INFO] [stdout] 
[INFO] [stdout] 
[INFO] [stdout] failures:
[INFO] [stdout]     health_check_works
[INFO] [stdout] 
[INFO] [stdout] test result: FAILED. 0 passed; 1 failed; 0 ignored; 0 measured; 0 filtered out; finished in 0.32s
[INFO] [stdout] 
[INFO] [stderr] error: test failed, to rerun pass `-p webapi --test health_check`
[INFO] running `Command { std: "docker" "inspect" "63ab4d0510c7b5569556dcc20c2c538c3df42bcc93e9acebdca9b491adc4c3d1", kill_on_drop: false }`
[INFO] running `Command { std: "docker" "rm" "-f" "63ab4d0510c7b5569556dcc20c2c538c3df42bcc93e9acebdca9b491adc4c3d1", kill_on_drop: false }`
[INFO] [stdout] 63ab4d0510c7b5569556dcc20c2c538c3df42bcc93e9acebdca9b491adc4c3d1
