[INFO] cloning repository https://github.com/0xExp-po/substrate-trie-test
[INFO] running `Command { std: "git" "-c" "credential.helper=" "-c" "credential.helper=/workspace/cargo-home/bin/git-credential-null" "clone" "--bare" "https://github.com/0xExp-po/substrate-trie-test" "/workspace/cache/git-repos/https%3A%2F%2Fgithub.com%2F0xExp-po%2Fsubstrate-trie-test", kill_on_drop: false }`
[INFO] [stderr] Cloning into bare repository '/workspace/cache/git-repos/https%3A%2F%2Fgithub.com%2F0xExp-po%2Fsubstrate-trie-test'...
[INFO] running `Command { std: "git" "rev-parse" "HEAD", kill_on_drop: false }`
[INFO] [stdout] bb90d2a73167edd6f9154bf25d538321d902f71d
[INFO] testing 0xExp-po/substrate-trie-test against 1.83.0 for beta-1.84.0-4-retry
[INFO] running `Command { std: "git" "clone" "/workspace/cache/git-repos/https%3A%2F%2Fgithub.com%2F0xExp-po%2Fsubstrate-trie-test" "/workspace/builds/worker-6-tc1/source", kill_on_drop: false }`
[INFO] [stderr] Cloning into '/workspace/builds/worker-6-tc1/source'...
[INFO] [stderr] done.
[INFO] validating manifest of git repo https://github.com/0xExp-po/substrate-trie-test on toolchain 1.83.0
[INFO] running `Command { std: CARGO_HOME="/workspace/cargo-home" RUSTUP_HOME="/workspace/rustup-home" "/workspace/cargo-home/bin/cargo" "+1.83.0" "metadata" "--manifest-path" "Cargo.toml" "--no-deps", kill_on_drop: false }`
[INFO] started tweaking git repo https://github.com/0xExp-po/substrate-trie-test
[INFO] finished tweaking git repo https://github.com/0xExp-po/substrate-trie-test
[INFO] tweaked toml for git repo https://github.com/0xExp-po/substrate-trie-test written to /workspace/builds/worker-6-tc1/source/Cargo.toml
[INFO] crate git repo https://github.com/0xExp-po/substrate-trie-test already has a lockfile, it will not be regenerated
[INFO] running `Command { std: CARGO_HOME="/workspace/cargo-home" RUSTUP_HOME="/workspace/rustup-home" "/workspace/cargo-home/bin/cargo" "+1.83.0" "fetch" "--manifest-path" "Cargo.toml", kill_on_drop: false }`
[INFO] [stderr]     Blocking waiting for file lock on package cache
[INFO] [stderr]     Updating git repository `https://github.com/paritytech/polkadot-sdk.git`
[INFO] [stderr]     Updating git repository `https://github.com/w3f/ring-vrf`
[INFO] [stderr]     Updating crates.io index
[INFO] [stderr]     Updating git repository `https://github.com/w3f/fflonk`
[INFO] [stderr]     Updating git repository `https://github.com/w3f/ring-proof`
[INFO] [stderr]     Updating git repository `https://github.com/paritytech/arkworks-substrate`
[INFO] [stderr]     Blocking waiting for file lock on package cache
[INFO] [stderr]  Downloading crates ...
[INFO] [stderr]   Downloaded trie-db v0.28.0
[INFO] [stderr]   Downloaded ark-bw6-761 v0.4.0
[INFO] [stderr]   Downloaded ark-ed-on-bls12-377-ext v0.4.1
[INFO] [stderr]   Downloaded w3f-bls v0.1.3
[INFO] [stderr]   Downloaded secp256k1 v0.28.1
[INFO] [stderr]   Downloaded schnellru v0.2.1
[INFO] [stderr]   Downloaded ark-ed-on-bls12-377 v0.4.0
[INFO] [stderr]   Downloaded ark-ed-on-bls12-381-bandersnatch v0.4.0
[INFO] [stderr]   Downloaded ark-models-ext v0.4.1
[INFO] [stderr]   Downloaded bip39 v2.0.0
[INFO] [stderr]   Downloaded expander v2.0.0
[INFO] [stderr]   Downloaded ss58-registry v1.45.0
[INFO] [stderr]   Downloaded array-bytes v6.2.2
[INFO] [stderr]   Downloaded substrate-bip39 v0.4.5
[INFO] [stderr]   Downloaded ark-bls12-377-ext v0.4.1
[INFO] [stderr]   Downloaded ark-bw6-761-ext v0.4.1
[INFO] [stderr]   Downloaded bounded-collections v0.1.9
[INFO] [stderr]   Downloaded ark-bls12-381-ext v0.4.1
[INFO] [stderr]   Downloaded ark-ed-on-bls12-381-bandersnatch-ext v0.4.1
[INFO] [stderr]   Downloaded ark-scale v0.0.12
[INFO] running `Command { std: "docker" "create" "-v" "/var/lib/crater-agent-workspace/builds/worker-6-tc1/target:/opt/rustwide/target:rw,Z" "-v" "/var/lib/crater-agent-workspace/builds/worker-6-tc1/source:/opt/rustwide/workdir:ro,Z" "-v" "/var/lib/crater-agent-workspace/cargo-home:/opt/rustwide/cargo-home:ro,Z" "-v" "/var/lib/crater-agent-workspace/rustup-home:/opt/rustwide/rustup-home:ro,Z" "-e" "SOURCE_DIR=/opt/rustwide/workdir" "-e" "CARGO_TARGET_DIR=/opt/rustwide/target" "-e" "CARGO_HOME=/opt/rustwide/cargo-home" "-e" "RUSTUP_HOME=/opt/rustwide/rustup-home" "-w" "/opt/rustwide/workdir" "-m" "1610612736" "--user" "0:0" "--network" "none" "ghcr.io/rust-lang/crates-build-env/linux@sha256:f3a9d4ad9d972b27faf3965f35b62e55ba32bbce8f20bc8fe909558a86702fde" "/opt/rustwide/cargo-home/bin/cargo" "+1.83.0" "metadata" "--no-deps" "--format-version=1", kill_on_drop: false }`
[INFO] [stdout] d35dce86cbc637c818257f75978f1db5c1c4446a008a8b17c68d8de4b7204290
[INFO] running `Command { std: "docker" "start" "-a" "d35dce86cbc637c818257f75978f1db5c1c4446a008a8b17c68d8de4b7204290", kill_on_drop: false }`
[INFO] running `Command { std: "docker" "inspect" "d35dce86cbc637c818257f75978f1db5c1c4446a008a8b17c68d8de4b7204290", kill_on_drop: false }`
[INFO] running `Command { std: "docker" "rm" "-f" "d35dce86cbc637c818257f75978f1db5c1c4446a008a8b17c68d8de4b7204290", kill_on_drop: false }`
[INFO] [stdout] d35dce86cbc637c818257f75978f1db5c1c4446a008a8b17c68d8de4b7204290
[INFO] running `Command { std: "docker" "create" "-v" "/var/lib/crater-agent-workspace/builds/worker-6-tc1/target:/opt/rustwide/target:rw,Z" "-v" "/var/lib/crater-agent-workspace/builds/worker-6-tc1/source:/opt/rustwide/workdir:ro,Z" "-v" "/var/lib/crater-agent-workspace/cargo-home:/opt/rustwide/cargo-home:ro,Z" "-v" "/var/lib/crater-agent-workspace/rustup-home:/opt/rustwide/rustup-home:ro,Z" "-e" "SOURCE_DIR=/opt/rustwide/workdir" "-e" "CARGO_TARGET_DIR=/opt/rustwide/target" "-e" "CARGO_INCREMENTAL=0" "-e" "RUST_BACKTRACE=full" "-e" "RUSTFLAGS=--cap-lints=warn" "-e" "RUSTDOCFLAGS=--cap-lints=warn" "-e" "CARGO_HOME=/opt/rustwide/cargo-home" "-e" "RUSTUP_HOME=/opt/rustwide/rustup-home" "-w" "/opt/rustwide/workdir" "-m" "1610612736" "--user" "0:0" "--network" "none" "ghcr.io/rust-lang/crates-build-env/linux@sha256:f3a9d4ad9d972b27faf3965f35b62e55ba32bbce8f20bc8fe909558a86702fde" "/opt/rustwide/cargo-home/bin/cargo" "+1.83.0" "build" "--frozen" "--message-format=json", kill_on_drop: false }`
[INFO] [stdout] e8d3fe80c6517841568ee8d4a281d0abd718d36415f6a48b2a3e7f7b19905e04
[INFO] running `Command { std: "docker" "start" "-a" "e8d3fe80c6517841568ee8d4a281d0abd718d36415f6a48b2a3e7f7b19905e04", kill_on_drop: false }`
[INFO] [stderr]    Compiling proc-macro2 v1.0.76
[INFO] [stderr]    Compiling libc v0.2.152
[INFO] [stderr]    Compiling serde v1.0.195
[INFO] [stderr]    Compiling subtle v2.5.0
[INFO] [stderr]    Compiling hashbrown v0.14.3
[INFO] [stderr]    Compiling equivalent v1.0.1
[INFO] [stderr]    Compiling winnow v0.5.34
[INFO] [stderr]    Compiling syn v1.0.109
[INFO] [stderr]    Compiling memchr v2.7.1
[INFO] [stderr]    Compiling byteorder v1.5.0
[INFO] [stderr]    Compiling arrayvec v0.7.4
[INFO] [stderr]    Compiling generic-array v0.14.7
[INFO] [stderr]    Compiling indexmap v1.9.3
[INFO] [stderr]    Compiling zerocopy v0.7.32
[INFO] [stderr]    Compiling byte-slice-cast v1.2.2
[INFO] [stderr]    Compiling bytes v1.5.0
[INFO] [stderr]    Compiling thiserror v1.0.56
[INFO] [stderr]    Compiling crc32fast v1.3.2
[INFO] [stderr]    Compiling itoa v1.0.10
[INFO] [stderr]    Compiling url v2.5.0
[INFO] [stderr]    Compiling regex-syntax v0.8.2
[INFO] [stderr]    Compiling crunchy v0.2.2
[INFO] [stderr]    Compiling stable_deref_trait v1.2.0
[INFO] [stderr]    Compiling target-lexicon v0.12.13
[INFO] [stderr]    Compiling rustix v0.38.30
[INFO] [stderr]    Compiling fallible-iterator v0.2.0
[INFO] [stderr]    Compiling io-lifetimes v1.0.11
[INFO] [stderr]    Compiling anyhow v1.0.79
[INFO] [stderr]    Compiling ryu v1.0.16
[INFO] [stderr]    Compiling indexmap v2.1.0
[INFO] [stderr]    Compiling aho-corasick v1.1.2
[INFO] [stderr]    Compiling memoffset v0.8.0
[INFO] [stderr]    Compiling quote v1.0.35
[INFO] [stderr]    Compiling cc v1.0.83
[INFO] [stderr]    Compiling crypto-common v0.1.6
[INFO] [stderr]    Compiling block-buffer v0.10.4
[INFO] [stderr]    Compiling digest v0.9.0
[INFO] [stderr]    Compiling digest v0.10.7
[INFO] [stderr]    Compiling keccak v0.1.5
[INFO] [stderr]    Compiling linux-raw-sys v0.4.13
[INFO] [stderr]    Compiling rustix v0.36.17
[INFO] [stderr]    Compiling syn v2.0.48
[INFO] [stderr]    Compiling bitflags v2.4.2
[INFO] [stderr]    Compiling semver v1.0.21
[INFO] [stderr]    Compiling pin-project-lite v0.2.13
[INFO] [stderr]    Compiling generic-array v0.12.4
[INFO] [stderr]    Compiling num-traits v0.2.17
[INFO] [stderr]    Compiling linux-raw-sys v0.1.4
[INFO] [stderr]    Compiling rand_core v0.5.1
[INFO] [stderr]    Compiling smallvec v1.13.1
[INFO] [stderr]    Compiling static_assertions v1.1.0
[INFO] [stderr]    Compiling cpp_demangle v0.3.5
[INFO] [stderr]    Compiling libsecp256k1-core v0.3.0
[INFO] [stderr]    Compiling wasmtime-asm-macros v8.0.1
[INFO] [stderr]    Compiling wasmtime-jit-debug v8.0.1
[INFO] [stderr]    Compiling fs-err v2.11.0
[INFO] [stderr]    Compiling sp-std v8.0.0 (https://github.com/paritytech/polkadot-sdk.git#84ff0a97)
[INFO] [stderr]    Compiling byte-tools v0.3.1
[INFO] [stderr]    Compiling serde_json v1.0.111
[INFO] [stderr]    Compiling ref-cast v1.0.22
[INFO] [stderr]    Compiling toml_edit v0.20.2
[INFO] [stderr]    Compiling toml_edit v0.19.15
[INFO] [stderr]    Compiling block-padding v0.1.5
[INFO] [stderr]    Compiling regex-automata v0.4.3
[INFO] [stderr]    Compiling rustc_version v0.4.0
[INFO] [stderr]    Compiling regex-automata v0.1.10
[INFO] [stderr]    Compiling wasmtime-runtime v8.0.1
[INFO] [stderr]    Compiling getrandom v0.2.12
[INFO] [stderr]    Compiling rand_core v0.6.4
[INFO] [stderr]    Compiling ahash v0.7.7
[INFO] [stderr]    Compiling ahash v0.8.7
[INFO] [stderr]    Compiling hashbrown v0.12.3
[INFO] [stderr]    Compiling rand_chacha v0.3.1
[INFO] [stderr]    Compiling hashbrown v0.13.2
[INFO] [stderr]    Compiling psm v0.1.21
[INFO] [stderr]    Compiling wasmtime-jit-icache-coherence v8.0.1
[INFO] [stderr]    Compiling rand v0.8.5
[INFO] [stderr]    Compiling digest v0.8.1
[INFO] [stderr]    Compiling block-buffer v0.9.0
[INFO] [stderr]    Compiling platforms v3.3.0
[INFO] [stderr]    Compiling futures-core v0.3.30
[INFO] [stderr]    Compiling rustc-demangle v0.1.23
[INFO] [stderr]    Compiling memfd v0.6.4
[INFO] [stderr]    Compiling hex v0.4.3
[INFO] [stderr]    Compiling rustc-hex v2.1.0
[INFO] [stderr]    Compiling expander v2.0.0
[INFO] [stderr]    Compiling wasmtime v8.0.1
[INFO] [stderr]    Compiling futures-sink v0.3.30
[INFO] [stderr]    Compiling iana-time-zone v0.1.59
[INFO] [stderr]    Compiling sha2 v0.9.9
[INFO] [stderr]    Compiling proc-macro-crate v2.0.0
[INFO] [stderr]    Compiling chrono v0.4.31
[INFO] [stderr]    Compiling futures-channel v0.3.30
[INFO] [stderr]    Compiling curve25519-dalek v4.1.1
[INFO] [stderr]    Compiling proc-macro-crate v1.3.1
[INFO] [stderr]    Compiling matchers v0.0.1
[INFO] [stderr]    Compiling libsecp256k1-gen-ecmult v0.3.0
[INFO] [stderr]    Compiling regex v1.10.2
[INFO] [stderr]    Compiling libsecp256k1-gen-genmult v0.3.0
[INFO] [stderr]    Compiling secp256k1-sys v0.9.2
[INFO] [stderr]    Compiling block-buffer v0.7.3
[INFO] [stderr]    Compiling toml_edit v0.21.0
[INFO] [stderr]    Compiling tracing-log v0.1.4
[INFO] [stderr]    Compiling Inflector v0.11.4
[INFO] [stderr]    Compiling blake2 v0.10.6
[INFO] [stderr]    Compiling crypto-mac v0.11.0
[INFO] [stderr]    Compiling sharded-slab v0.1.7
[INFO] [stderr]    Compiling thread_local v1.1.7
[INFO] [stderr]    Compiling opaque-debug v0.2.3
[INFO] [stderr]    Compiling unicode-xid v0.2.4
[INFO] [stderr]    Compiling hash-db v0.16.0
[INFO] [stderr]    Compiling fake-simd v0.1.2
[INFO] [stderr]    Compiling libsecp256k1 v0.7.1
[INFO] [stderr]    Compiling sha2 v0.8.2
[INFO] [stderr]    Compiling uint v0.9.5
[INFO] [stderr]    Compiling fixed-hash v0.8.0
[INFO] [stderr]    Compiling num_cpus v1.16.0
[INFO] [stderr]    Compiling sha2 v0.10.8
[INFO] [stderr]    Compiling environmental v1.1.4
[INFO] [stderr]    Compiling blake2b_simd v1.0.2
[INFO] [stderr]    Compiling parking_lot_core v0.9.9
[INFO] [stderr]    Compiling pbkdf2 v0.8.0
[INFO] [stderr]    Compiling hmac v0.11.0
[INFO] [stderr]    Compiling twox-hash v1.6.3
[INFO] [stderr]    Compiling getrandom_or_panic v0.0.3
[INFO] [stderr]    Compiling sha3 v0.10.8
[INFO] [stderr]    Compiling num-format v0.4.4
[INFO] [stderr]    Compiling either v1.9.0
[INFO] [stderr]    Compiling dyn-clone v1.0.16
[INFO] [stderr]    Compiling bitcoin_hashes v0.11.0
[INFO] [stderr]    Compiling proc-macro-crate v3.1.0
[INFO] [stderr]    Compiling base64 v0.13.1
[INFO] [stderr]    Compiling itertools v0.10.5
[INFO] [stderr]    Compiling sp-core-hashing v9.0.0 (https://github.com/paritytech/polkadot-sdk.git#84ff0a97)
[INFO] [stderr]    Compiling parking_lot v0.12.1
[INFO] [stderr]    Compiling hash256-std-hasher v0.15.2
[INFO] [stderr]    Compiling bs58 v0.5.0
[INFO] [stderr]    Compiling array-bytes v6.2.2
[INFO] [stderr]    Compiling memory-db v0.32.0
[INFO] [stderr]    Compiling trie-db v0.28.0
[INFO] [stderr]    Compiling trie-root v0.18.0
[INFO] [stderr]    Compiling schnellru v0.2.1
[INFO] [stderr]    Compiling hex-literal v0.4.1
[INFO] [stderr]    Compiling serde_derive v1.0.195
[INFO] [stderr]    Compiling zeroize_derive v1.4.2
[INFO] [stderr]    Compiling thiserror-impl v1.0.56
[INFO] [stderr]    Compiling ref-cast-impl v1.0.22
[INFO] [stderr]    Compiling tracing-attributes v0.1.27
[INFO] [stderr]    Compiling futures-macro v0.3.30
[INFO] [stderr]    Compiling sp-debug-derive v8.0.0 (https://github.com/paritytech/polkadot-sdk.git#84ff0a97)
[INFO] [stderr]    Compiling curve25519-dalek-derive v0.1.1
[INFO] [stderr]    Compiling sp-runtime-interface-proc-macro v11.0.0 (https://github.com/paritytech/polkadot-sdk.git#84ff0a97)
[INFO] [stderr]    Compiling parity-scale-codec-derive v3.6.9
[INFO] [stderr]    Compiling impl-trait-for-tuples v0.2.2
[INFO] [stderr]    Compiling derive_more v0.99.17
[INFO] [stderr]    Compiling scale-info-derive v2.10.0
[INFO] [stderr]    Compiling dyn-clonable-impl v0.9.0
[INFO] [stderr]    Compiling futures-util v0.3.30
[INFO] [stderr]    Compiling dyn-clonable v0.9.0
[INFO] [stderr]    Compiling zeroize v1.7.0
[INFO] [stderr]    Compiling merlin v2.0.1
[INFO] [stderr]    Compiling curve25519-dalek v2.1.3
[INFO] [stderr]    Compiling merlin v3.0.0
[INFO] [stderr]    Compiling curve25519-dalek v3.2.0
[INFO] [stderr]    Compiling secrecy v0.8.0
[INFO] [stderr]    Compiling secp256k1 v0.28.1
[INFO] [stderr]    Compiling schnorrkel v0.9.1
[INFO] [stderr]    Compiling ed25519-zebra v3.1.0
[INFO] [stderr]    Compiling tracing v0.1.40
[INFO] [stderr]    Compiling substrate-bip39 v0.4.5
[INFO] [stderr]    Compiling futures-executor v0.3.30
[INFO] [stderr]    Compiling futures v0.3.30
[INFO] [stderr]    Compiling parity-scale-codec v3.6.9
[INFO] [stderr]    Compiling cranelift-entity v0.95.1
[INFO] [stderr]    Compiling bincode v1.3.3
[INFO] [stderr]    Compiling impl-serde v0.4.0
[INFO] [stderr]    Compiling tracing-serde v0.1.3
[INFO] [stderr]    Compiling serde_bytes v0.11.14
[INFO] [stderr]    Compiling bip39 v2.0.0
[INFO] [stderr]    Compiling schnorrkel v0.11.4
[INFO] [stderr]    Compiling scale-info v2.10.0
[INFO] [stderr]    Compiling sp-storage v13.0.0 (https://github.com/paritytech/polkadot-sdk.git#84ff0a97)
[INFO] [stderr]    Compiling impl-codec v0.6.0
[INFO] [stderr]    Compiling gimli v0.27.3
[INFO] [stderr]    Compiling wasmparser v0.102.0
[INFO] [stderr]    Compiling object v0.30.4
[INFO] [stderr]    Compiling tracing-subscriber v0.2.25
[INFO] [stderr]    Compiling ss58-registry v1.45.0
[INFO] [stderr]    Compiling primitive-types v0.12.2
[INFO] [stderr]    Compiling bounded-collections v0.1.9
[INFO] [stderr]    Compiling sp-tracing v10.0.0 (https://github.com/paritytech/polkadot-sdk.git#84ff0a97)
[INFO] [stderr]    Compiling wasmtime-types v8.0.1
[INFO] [stderr]    Compiling addr2line v0.19.0
[INFO] [stderr]    Compiling wasmtime-environ v8.0.1
[INFO] [stderr]    Compiling wasmtime-jit v8.0.1
[INFO] [stderr]    Compiling sp-externalities v0.19.0 (https://github.com/paritytech/polkadot-sdk.git#84ff0a97)
[INFO] [stderr]    Compiling sp-wasm-interface v14.0.0 (https://github.com/paritytech/polkadot-sdk.git#84ff0a97)
[INFO] [stderr]    Compiling sp-runtime-interface v17.0.0 (https://github.com/paritytech/polkadot-sdk.git#84ff0a97)
[INFO] [stderr]    Compiling sp-core v21.0.0 (https://github.com/paritytech/polkadot-sdk.git#84ff0a97)
[INFO] [stderr]    Compiling sp-trie v22.0.0 (https://github.com/paritytech/polkadot-sdk.git#84ff0a97)
[INFO] [stderr]    Compiling substrate-trie-test v0.1.0 (/opt/rustwide/workdir)
[INFO] [stderr]     Finished `dev` profile [unoptimized + debuginfo] target(s) in 2m 22s
[INFO] running `Command { std: "docker" "inspect" "e8d3fe80c6517841568ee8d4a281d0abd718d36415f6a48b2a3e7f7b19905e04", kill_on_drop: false }`
[INFO] running `Command { std: "docker" "rm" "-f" "e8d3fe80c6517841568ee8d4a281d0abd718d36415f6a48b2a3e7f7b19905e04", kill_on_drop: false }`
[INFO] [stdout] e8d3fe80c6517841568ee8d4a281d0abd718d36415f6a48b2a3e7f7b19905e04
[INFO] running `Command { std: "docker" "create" "-v" "/var/lib/crater-agent-workspace/builds/worker-6-tc1/target:/opt/rustwide/target:rw,Z" "-v" "/var/lib/crater-agent-workspace/builds/worker-6-tc1/source:/opt/rustwide/workdir:ro,Z" "-v" "/var/lib/crater-agent-workspace/cargo-home:/opt/rustwide/cargo-home:ro,Z" "-v" "/var/lib/crater-agent-workspace/rustup-home:/opt/rustwide/rustup-home:ro,Z" "-e" "SOURCE_DIR=/opt/rustwide/workdir" "-e" "CARGO_TARGET_DIR=/opt/rustwide/target" "-e" "CARGO_INCREMENTAL=0" "-e" "RUST_BACKTRACE=full" "-e" "RUSTFLAGS=--cap-lints=warn" "-e" "RUSTDOCFLAGS=--cap-lints=warn" "-e" "CARGO_HOME=/opt/rustwide/cargo-home" "-e" "RUSTUP_HOME=/opt/rustwide/rustup-home" "-w" "/opt/rustwide/workdir" "-m" "1610612736" "--user" "0:0" "--network" "none" "ghcr.io/rust-lang/crates-build-env/linux@sha256:f3a9d4ad9d972b27faf3965f35b62e55ba32bbce8f20bc8fe909558a86702fde" "/opt/rustwide/cargo-home/bin/cargo" "+1.83.0" "test" "--frozen" "--no-run" "--message-format=json", kill_on_drop: false }`
[INFO] [stdout] c60f2aecedab5396ffdb2bc4ccf74c13472b28f88aaece52c0dfbd67fb6630c7
[INFO] running `Command { std: "docker" "start" "-a" "c60f2aecedab5396ffdb2bc4ccf74c13472b28f88aaece52c0dfbd67fb6630c7", kill_on_drop: false }`
[INFO] [stderr]    Compiling substrate-trie-test v0.1.0 (/opt/rustwide/workdir)
[INFO] [stderr]     Finished `test` profile [unoptimized + debuginfo] target(s) in 8.08s
[INFO] running `Command { std: "docker" "inspect" "c60f2aecedab5396ffdb2bc4ccf74c13472b28f88aaece52c0dfbd67fb6630c7", kill_on_drop: false }`
[INFO] running `Command { std: "docker" "rm" "-f" "c60f2aecedab5396ffdb2bc4ccf74c13472b28f88aaece52c0dfbd67fb6630c7", kill_on_drop: false }`
[INFO] [stdout] c60f2aecedab5396ffdb2bc4ccf74c13472b28f88aaece52c0dfbd67fb6630c7
[INFO] running `Command { std: "docker" "create" "-v" "/var/lib/crater-agent-workspace/builds/worker-6-tc1/target:/opt/rustwide/target:rw,Z" "-v" "/var/lib/crater-agent-workspace/builds/worker-6-tc1/source:/opt/rustwide/workdir:ro,Z" "-v" "/var/lib/crater-agent-workspace/cargo-home:/opt/rustwide/cargo-home:ro,Z" "-v" "/var/lib/crater-agent-workspace/rustup-home:/opt/rustwide/rustup-home:ro,Z" "-e" "SOURCE_DIR=/opt/rustwide/workdir" "-e" "CARGO_TARGET_DIR=/opt/rustwide/target" "-e" "CARGO_INCREMENTAL=0" "-e" "RUST_BACKTRACE=full" "-e" "RUSTFLAGS=--cap-lints=warn" "-e" "RUSTDOCFLAGS=--cap-lints=warn" "-e" "CARGO_HOME=/opt/rustwide/cargo-home" "-e" "RUSTUP_HOME=/opt/rustwide/rustup-home" "-w" "/opt/rustwide/workdir" "-m" "1610612736" "--user" "0:0" "--network" "none" "ghcr.io/rust-lang/crates-build-env/linux@sha256:f3a9d4ad9d972b27faf3965f35b62e55ba32bbce8f20bc8fe909558a86702fde" "/opt/rustwide/cargo-home/bin/cargo" "+1.83.0" "test" "--frozen", kill_on_drop: false }`
[INFO] [stdout] 37095d12ed223b158aaa1cc9ad2c51626a2b2cfe74b18e10510606dfbc0dec07
[INFO] running `Command { std: "docker" "start" "-a" "37095d12ed223b158aaa1cc9ad2c51626a2b2cfe74b18e10510606dfbc0dec07", kill_on_drop: false }`
[INFO] [stderr]     Finished `test` profile [unoptimized + debuginfo] target(s) in 0.80s
[INFO] [stderr]      Running unittests src/lib.rs (/opt/rustwide/target/debug/deps/substrate_trie_test-bec8921a60b4c98a)
[INFO] [stdout] 
[INFO] [stdout] running 2 tests
[INFO] [stdout] test substrate_trie_test::test::root_from_entries ... ok
[INFO] [stdout] test substrate_trie_test::test::from_external_file::westend_14576856 ... FAILED
[INFO] [stdout] 
[INFO] [stdout] failures:
[INFO] [stdout] 
[INFO] [stdout] ---- substrate_trie_test::test::from_external_file::westend_14576856 stdout ----
[INFO] [stdout] thread 'substrate_trie_test::test::from_external_file::westend_14576856' panicked at src/substrate_trie_test.rs:61:82:
[INFO] [stdout] called `Result::unwrap()` on an `Err` value: Error("expected value", line: 1, column: 1)
[INFO] [stdout] stack backtrace:
[INFO] [stdout]    0:     0x568764fee95a - std::backtrace_rs::backtrace::libunwind::trace::h5a5b8284f2d0c266
[INFO] [stdout]                                at /rustc/90b35a6239c3d8bdabc530a6a0816f7ff89a0aaf/library/std/src/../../backtrace/src/backtrace/libunwind.rs:116:5
[INFO] [stdout]    1:     0x568764fee95a - std::backtrace_rs::backtrace::trace_unsynchronized::h76d4f1c9b0b875e3
[INFO] [stdout]                                at /rustc/90b35a6239c3d8bdabc530a6a0816f7ff89a0aaf/library/std/src/../../backtrace/src/backtrace/mod.rs:66:5
[INFO] [stdout]    2:     0x568764fee95a - std::sys::backtrace::_print_fmt::hc4546b8364a537c6
[INFO] [stdout]                                at /rustc/90b35a6239c3d8bdabc530a6a0816f7ff89a0aaf/library/std/src/sys/backtrace.rs:66:9
[INFO] [stdout]    3:     0x568764fee95a - <std::sys::backtrace::BacktraceLock::print::DisplayBacktrace as core::fmt::Display>::fmt::h5b6bd5631a6d1f6b
[INFO] [stdout]                                at /rustc/90b35a6239c3d8bdabc530a6a0816f7ff89a0aaf/library/std/src/sys/backtrace.rs:39:26
[INFO] [stdout]    4:     0x568765013e43 - core::fmt::rt::Argument::fmt::h270f6602a2b96f62
[INFO] [stdout]                                at /rustc/90b35a6239c3d8bdabc530a6a0816f7ff89a0aaf/library/core/src/fmt/rt.rs:177:76
[INFO] [stdout]    5:     0x568765013e43 - core::fmt::write::h7550c97b06c86515
[INFO] [stdout]                                at /rustc/90b35a6239c3d8bdabc530a6a0816f7ff89a0aaf/library/core/src/fmt/mod.rs:1186:21
[INFO] [stdout]    6:     0x568764febb23 - std::io::Write::write_fmt::h509ff860e5956e5e
[INFO] [stdout]                                at /rustc/90b35a6239c3d8bdabc530a6a0816f7ff89a0aaf/library/std/src/io/mod.rs:1839:15
[INFO] [stdout]    7:     0x568764fee7a2 - std::sys::backtrace::BacktraceLock::print::h2395ccd2c84ba3aa
[INFO] [stdout]                                at /rustc/90b35a6239c3d8bdabc530a6a0816f7ff89a0aaf/library/std/src/sys/backtrace.rs:42:9
[INFO] [stdout]    8:     0x568764fefdba - std::panicking::default_hook::{{closure}}::he19d4c7230e07961
[INFO] [stdout]                                at /rustc/90b35a6239c3d8bdabc530a6a0816f7ff89a0aaf/library/std/src/panicking.rs:268:22
[INFO] [stdout]    9:     0x568764fefbc4 - std::panicking::default_hook::hf614597d3c67bbdb
[INFO] [stdout]                                at /rustc/90b35a6239c3d8bdabc530a6a0816f7ff89a0aaf/library/std/src/panicking.rs:292:9
[INFO] [stdout]   10:     0x568764f5d7f9 - <alloc::boxed::Box<F,A> as core::ops::function::Fn<Args>>::call::h39b51ce4599c23d1
[INFO] [stdout]                                at /rustc/90b35a6239c3d8bdabc530a6a0816f7ff89a0aaf/library/alloc/src/boxed.rs:2468:9
[INFO] [stdout]   11:     0x568764f5d7f9 - test::test_main::{{closure}}::he977ae839a582784
[INFO] [stdout]                                at /rustc/90b35a6239c3d8bdabc530a6a0816f7ff89a0aaf/library/test/src/lib.rs:133:21
[INFO] [stdout]   12:     0x568764ff0458 - <alloc::boxed::Box<F,A> as core::ops::function::Fn<Args>>::call::h9455091b6b06f9fb
[INFO] [stdout]                                at /rustc/90b35a6239c3d8bdabc530a6a0816f7ff89a0aaf/library/alloc/src/boxed.rs:2468:9
[INFO] [stdout]   13:     0x568764ff0458 - std::panicking::rust_panic_with_hook::h8942133a8b252070
[INFO] [stdout]                                at /rustc/90b35a6239c3d8bdabc530a6a0816f7ff89a0aaf/library/std/src/panicking.rs:809:13
[INFO] [stdout]   14:     0x568764ff021a - std::panicking::begin_panic_handler::{{closure}}::hb5f5963570096b29
[INFO] [stdout]                                at /rustc/90b35a6239c3d8bdabc530a6a0816f7ff89a0aaf/library/std/src/panicking.rs:674:13
[INFO] [stdout]   15:     0x568764feee39 - std::sys::backtrace::__rust_end_short_backtrace::h6208cedc1922feda
[INFO] [stdout]                                at /rustc/90b35a6239c3d8bdabc530a6a0816f7ff89a0aaf/library/std/src/sys/backtrace.rs:170:18
[INFO] [stdout]   16:     0x568764fefeac - rust_begin_unwind
[INFO] [stdout]                                at /rustc/90b35a6239c3d8bdabc530a6a0816f7ff89a0aaf/library/std/src/panicking.rs:665:5
[INFO] [stdout]   17:     0x568764edffd0 - core::panicking::panic_fmt::h0c3082644d1bf418
[INFO] [stdout]                                at /rustc/90b35a6239c3d8bdabc530a6a0816f7ff89a0aaf/library/core/src/panicking.rs:74:14
[INFO] [stdout]   18:     0x568764ee0416 - core::result::unwrap_failed::hd20b4aa073bda1e2
[INFO] [stdout]                                at /rustc/90b35a6239c3d8bdabc530a6a0816f7ff89a0aaf/library/core/src/result.rs:1700:5
[INFO] [stdout]   19:     0x568764f0a374 - core::result::Result<T,E>::unwrap::h815d806c16443e3e
[INFO] [stdout]                                at /rustc/90b35a6239c3d8bdabc530a6a0816f7ff89a0aaf/library/core/src/result.rs:1104:23
[INFO] [stdout]   20:     0x568764f0a374 - substrate_trie_test::substrate_trie_test::test::from_external_file::westend_14576856::h9a82cb858fda4fd8
[INFO] [stdout]                                at /opt/rustwide/workdir/src/substrate_trie_test.rs:61:36
[INFO] [stdout]   21:     0x568764f0a1f7 - substrate_trie_test::substrate_trie_test::test::from_external_file::westend_14576856::{{closure}}::he9a883fdca629510
[INFO] [stdout]                                at /opt/rustwide/workdir/src/substrate_trie_test.rs:54:30
[INFO] [stdout]   22:     0x568764f141b6 - core::ops::function::FnOnce::call_once::hb2add12a393fb602
[INFO] [stdout]                                at /rustc/90b35a6239c3d8bdabc530a6a0816f7ff89a0aaf/library/core/src/ops/function.rs:250:5
[INFO] [stdout]   23:     0x568764f621bb - core::ops::function::FnOnce::call_once::h109cf8051a59b34e
[INFO] [stdout]                                at /rustc/90b35a6239c3d8bdabc530a6a0816f7ff89a0aaf/library/core/src/ops/function.rs:250:5
[INFO] [stdout]   24:     0x568764f621bb - test::__rust_begin_short_backtrace::hf4fff89d377446ba
[INFO] [stdout]                                at /rustc/90b35a6239c3d8bdabc530a6a0816f7ff89a0aaf/library/test/src/lib.rs:621:18
[INFO] [stdout]   25:     0x568764f619f7 - test::run_test_in_process::{{closure}}::h0e39181dd7ee5a43
[INFO] [stdout]                                at /rustc/90b35a6239c3d8bdabc530a6a0816f7ff89a0aaf/library/test/src/lib.rs:644:60
[INFO] [stdout]   26:     0x568764f619f7 - <core::panic::unwind_safe::AssertUnwindSafe<F> as core::ops::function::FnOnce<()>>::call_once::hc5a66a30f0bdfd1f
[INFO] [stdout]                                at /rustc/90b35a6239c3d8bdabc530a6a0816f7ff89a0aaf/library/core/src/panic/unwind_safe.rs:272:9
[INFO] [stdout]   27:     0x568764f619f7 - std::panicking::try::do_call::h873b7cf639554a5e
[INFO] [stdout]                                at /rustc/90b35a6239c3d8bdabc530a6a0816f7ff89a0aaf/library/std/src/panicking.rs:557:40
[INFO] [stdout]   28:     0x568764f619f7 - std::panicking::try::hdb19862fad9c8bd1
[INFO] [stdout]                                at /rustc/90b35a6239c3d8bdabc530a6a0816f7ff89a0aaf/library/std/src/panicking.rs:520:19
[INFO] [stdout]   29:     0x568764f619f7 - std::panic::catch_unwind::h281fe732d236d260
[INFO] [stdout]                                at /rustc/90b35a6239c3d8bdabc530a6a0816f7ff89a0aaf/library/std/src/panic.rs:358:14
[INFO] [stdout]   30:     0x568764f619f7 - test::run_test_in_process::h949b6df8457ed338
[INFO] [stdout]                                at /rustc/90b35a6239c3d8bdabc530a6a0816f7ff89a0aaf/library/test/src/lib.rs:644:27
[INFO] [stdout]   31:     0x568764f619f7 - test::run_test::{{closure}}::h52c556a6d4740e10
[INFO] [stdout]                                at /rustc/90b35a6239c3d8bdabc530a6a0816f7ff89a0aaf/library/test/src/lib.rs:565:43
[INFO] [stdout]   32:     0x568764f26cd4 - test::run_test::{{closure}}::h4237f6381c45ccb9
[INFO] [stdout]                                at /rustc/90b35a6239c3d8bdabc530a6a0816f7ff89a0aaf/library/test/src/lib.rs:595:41
[INFO] [stdout]   33:     0x568764f26cd4 - std::sys::backtrace::__rust_begin_short_backtrace::h505c97a579eca628
[INFO] [stdout]                                at /rustc/90b35a6239c3d8bdabc530a6a0816f7ff89a0aaf/library/std/src/sys/backtrace.rs:154:18
[INFO] [stdout]   34:     0x568764f2a39e - std::thread::Builder::spawn_unchecked_::{{closure}}::{{closure}}::h9e86b2e2bc107ea3
[INFO] [stdout]                                at /rustc/90b35a6239c3d8bdabc530a6a0816f7ff89a0aaf/library/std/src/thread/mod.rs:538:17
[INFO] [stdout]   35:     0x568764f2a39e - <core::panic::unwind_safe::AssertUnwindSafe<F> as core::ops::function::FnOnce<()>>::call_once::h8b06ddb275ff4a25
[INFO] [stdout]                                at /rustc/90b35a6239c3d8bdabc530a6a0816f7ff89a0aaf/library/core/src/panic/unwind_safe.rs:272:9
[INFO] [stdout]   36:     0x568764f2a39e - std::panicking::try::do_call::hb26ecd7cd9a9355d
[INFO] [stdout]                                at /rustc/90b35a6239c3d8bdabc530a6a0816f7ff89a0aaf/library/std/src/panicking.rs:557:40
[INFO] [stdout]   37:     0x568764f2a39e - std::panicking::try::h8ddeca9d705f9069
[INFO] [stdout]                                at /rustc/90b35a6239c3d8bdabc530a6a0816f7ff89a0aaf/library/std/src/panicking.rs:520:19
[INFO] [stdout]   38:     0x568764f2a39e - std::panic::catch_unwind::h49e1c33078844c46
[INFO] [stdout]                                at /rustc/90b35a6239c3d8bdabc530a6a0816f7ff89a0aaf/library/std/src/panic.rs:358:14
[INFO] [stdout]   39:     0x568764f2a39e - std::thread::Builder::spawn_unchecked_::{{closure}}::h6073db6ff56ad35d
[INFO] [stdout]                                at /rustc/90b35a6239c3d8bdabc530a6a0816f7ff89a0aaf/library/std/src/thread/mod.rs:537:30
[INFO] [stdout]   40:     0x568764f2a39e - core::ops::function::FnOnce::call_once{{vtable.shim}}::h2c5a5f3779c774f1
[INFO] [stdout]                                at /rustc/90b35a6239c3d8bdabc530a6a0816f7ff89a0aaf/library/core/src/ops/function.rs:250:5
[INFO] [stdout]   41:     0x568764ff41bb - <alloc::boxed::Box<F,A> as core::ops::function::FnOnce<Args>>::call_once::hf75717d9f28faebf
[INFO] [stdout]                                at /rustc/90b35a6239c3d8bdabc530a6a0816f7ff89a0aaf/library/alloc/src/boxed.rs:2454:9
[INFO] [stdout]   42:     0x568764ff41bb - <alloc::boxed::Box<F,A> as core::ops::function::FnOnce<Args>>::call_once::h7bd883a5f3c5f3c1
[INFO] [stdout]                                at /rustc/90b35a6239c3d8bdabc530a6a0816f7ff89a0aaf/library/alloc/src/boxed.rs:2454:9
[INFO] [stdout]   43:     0x568764ff41bb - std::sys::pal::unix::thread::Thread::new::thread_start::hcc78f3943333fa94
[INFO] [stdout]                                at /rustc/90b35a6239c3d8bdabc530a6a0816f7ff89a0aaf/library/std/src/sys/pal/unix/thread.rs:105:17
[INFO] [stdout]   44:     0x71fc30302ac3 - <unknown>
[INFO] [stdout]   45:     0x71fc30393a04 - clone
[INFO] [stdout]   46:                0x0 - <unknown>
[INFO] [stdout] 
[INFO] [stdout] 
[INFO] [stdout] failures:
[INFO] [stdout]     substrate_trie_test::test::from_external_file::westend_14576856
[INFO] [stdout] 
[INFO] [stdout] test result: FAILED. 1 passed; 1 failed; 0 ignored; 0 measured; 0 filtered out; finished in 0.12s
[INFO] [stdout] 
[INFO] [stderr] error: test failed, to rerun pass `--lib`
[INFO] running `Command { std: "docker" "inspect" "37095d12ed223b158aaa1cc9ad2c51626a2b2cfe74b18e10510606dfbc0dec07", kill_on_drop: false }`
[INFO] running `Command { std: "docker" "rm" "-f" "37095d12ed223b158aaa1cc9ad2c51626a2b2cfe74b18e10510606dfbc0dec07", kill_on_drop: false }`
[INFO] [stdout] 37095d12ed223b158aaa1cc9ad2c51626a2b2cfe74b18e10510606dfbc0dec07
