[INFO] cloning repository https://github.com/0ncorhynchus/pdbstat
[INFO] running `Command { std: "git" "-c" "credential.helper=" "-c" "credential.helper=/workspace/cargo-home/bin/git-credential-null" "clone" "--bare" "https://github.com/0ncorhynchus/pdbstat" "/workspace/cache/git-repos/https%3A%2F%2Fgithub.com%2F0ncorhynchus%2Fpdbstat", kill_on_drop: false }`
[INFO] [stderr] Cloning into bare repository '/workspace/cache/git-repos/https%3A%2F%2Fgithub.com%2F0ncorhynchus%2Fpdbstat'...
[INFO] running `Command { std: "git" "rev-parse" "HEAD", kill_on_drop: false }`
[INFO] [stdout] 4ad97d115b0b9b3e9628155b646db596a5063109
[INFO] testing 0ncorhynchus/pdbstat against beta-2024-12-08 for beta-1.84.0-4-retry
[INFO] running `Command { std: "git" "clone" "/workspace/cache/git-repos/https%3A%2F%2Fgithub.com%2F0ncorhynchus%2Fpdbstat" "/workspace/builds/worker-4-tc2/source", kill_on_drop: false }`
[INFO] [stderr] Cloning into '/workspace/builds/worker-4-tc2/source'...
[INFO] [stderr] done.
[INFO] validating manifest of git repo https://github.com/0ncorhynchus/pdbstat on toolchain beta-2024-12-08
[INFO] running `Command { std: CARGO_HOME="/workspace/cargo-home" RUSTUP_HOME="/workspace/rustup-home" "/workspace/cargo-home/bin/cargo" "+beta-2024-12-08" "metadata" "--manifest-path" "Cargo.toml" "--no-deps", kill_on_drop: false }`
[INFO] started tweaking git repo https://github.com/0ncorhynchus/pdbstat
[INFO] finished tweaking git repo https://github.com/0ncorhynchus/pdbstat
[INFO] tweaked toml for git repo https://github.com/0ncorhynchus/pdbstat written to /workspace/builds/worker-4-tc2/source/Cargo.toml
[INFO] crate git repo https://github.com/0ncorhynchus/pdbstat already has a lockfile, it will not be regenerated
[INFO] running `Command { std: CARGO_HOME="/workspace/cargo-home" RUSTUP_HOME="/workspace/rustup-home" "/workspace/cargo-home/bin/cargo" "+beta-2024-12-08" "fetch" "--manifest-path" "Cargo.toml", kill_on_drop: false }`
[INFO] [stderr] warning: no edition set: defaulting to the 2015 edition while the latest is 2021
[INFO] running `Command { std: "docker" "create" "-v" "/var/lib/crater-agent-workspace/builds/worker-4-tc2/target:/opt/rustwide/target:rw,Z" "-v" "/var/lib/crater-agent-workspace/builds/worker-4-tc2/source:/opt/rustwide/workdir:ro,Z" "-v" "/var/lib/crater-agent-workspace/cargo-home:/opt/rustwide/cargo-home:ro,Z" "-v" "/var/lib/crater-agent-workspace/rustup-home:/opt/rustwide/rustup-home:ro,Z" "-e" "SOURCE_DIR=/opt/rustwide/workdir" "-e" "CARGO_TARGET_DIR=/opt/rustwide/target" "-e" "CARGO_HOME=/opt/rustwide/cargo-home" "-e" "RUSTUP_HOME=/opt/rustwide/rustup-home" "-w" "/opt/rustwide/workdir" "-m" "1610612736" "--user" "0:0" "--network" "none" "ghcr.io/rust-lang/crates-build-env/linux@sha256:f3a9d4ad9d972b27faf3965f35b62e55ba32bbce8f20bc8fe909558a86702fde" "/opt/rustwide/cargo-home/bin/cargo" "+beta-2024-12-08" "metadata" "--no-deps" "--format-version=1", kill_on_drop: false }`
[INFO] [stdout] 85678d43a8ffbfd7b6cd08783026d73489171dcfa3cd5653a745eb4afb308526
[INFO] running `Command { std: "docker" "start" "-a" "85678d43a8ffbfd7b6cd08783026d73489171dcfa3cd5653a745eb4afb308526", kill_on_drop: false }`
[INFO] running `Command { std: "docker" "inspect" "85678d43a8ffbfd7b6cd08783026d73489171dcfa3cd5653a745eb4afb308526", kill_on_drop: false }`
[INFO] running `Command { std: "docker" "rm" "-f" "85678d43a8ffbfd7b6cd08783026d73489171dcfa3cd5653a745eb4afb308526", kill_on_drop: false }`
[INFO] [stdout] 85678d43a8ffbfd7b6cd08783026d73489171dcfa3cd5653a745eb4afb308526
[INFO] running `Command { std: "docker" "create" "-v" "/var/lib/crater-agent-workspace/builds/worker-4-tc2/target:/opt/rustwide/target:rw,Z" "-v" "/var/lib/crater-agent-workspace/builds/worker-4-tc2/source:/opt/rustwide/workdir:ro,Z" "-v" "/var/lib/crater-agent-workspace/cargo-home:/opt/rustwide/cargo-home:ro,Z" "-v" "/var/lib/crater-agent-workspace/rustup-home:/opt/rustwide/rustup-home:ro,Z" "-e" "SOURCE_DIR=/opt/rustwide/workdir" "-e" "CARGO_TARGET_DIR=/opt/rustwide/target" "-e" "CARGO_INCREMENTAL=0" "-e" "RUST_BACKTRACE=full" "-e" "RUSTFLAGS=--cap-lints=warn" "-e" "RUSTDOCFLAGS=--cap-lints=warn" "-e" "CARGO_HOME=/opt/rustwide/cargo-home" "-e" "RUSTUP_HOME=/opt/rustwide/rustup-home" "-w" "/opt/rustwide/workdir" "-m" "1610612736" "--user" "0:0" "--network" "none" "ghcr.io/rust-lang/crates-build-env/linux@sha256:f3a9d4ad9d972b27faf3965f35b62e55ba32bbce8f20bc8fe909558a86702fde" "/opt/rustwide/cargo-home/bin/cargo" "+beta-2024-12-08" "build" "--frozen" "--message-format=json", kill_on_drop: false }`
[INFO] [stdout] 2029ab5a59c88141b0b264d5a6e0368597f389b04bd3ecd7c0f8f3d61f8e7aeb
[INFO] running `Command { std: "docker" "start" "-a" "2029ab5a59c88141b0b264d5a6e0368597f389b04bd3ecd7c0f8f3d61f8e7aeb", kill_on_drop: false }`
[INFO] [stderr] warning: no edition set: defaulting to the 2015 edition while the latest is 2021
[INFO] [stderr]    Compiling gcc v0.3.51
[INFO] [stderr]    Compiling libc v0.2.24
[INFO] [stderr]    Compiling cmake v0.1.24
[INFO] [stderr]    Compiling chemfiles-sys v0.7.40
[INFO] [stderr] error: failed to run custom build command for `chemfiles-sys v0.7.40`
[INFO] [stderr] note: To improve backtraces for build dependencies, set the CARGO_PROFILE_DEV_BUILD_OVERRIDE_DEBUG=true environment variable to enable debug information generation.
[INFO] [stderr] 
[INFO] [stderr] Caused by:
[INFO] [stderr]   process didn't exit successfully: `/opt/rustwide/target/debug/build/chemfiles-sys-61677f95645a566b/build-script-build` (exit status: 101)
[INFO] [stderr]   --- stdout
[INFO] [stderr]   running: cd "/opt/rustwide/target/debug/build/chemfiles-sys-05f922ee88cd2378/out/build" && CMAKE_PREFIX_PATH="" "cmake" "/opt/rustwide/cargo-home/registry/src/index.crates.io-6f17d22bba15001f/chemfiles-sys-0.7.40/." "-DBUILD_SHARED_LIBS=OFF" "-DCMAKE_POSITION_INDEPENDENT_CODE=ON" "-DCMAKE_INSTALL_PREFIX=/opt/rustwide/target/debug/build/chemfiles-sys-05f922ee88cd2378/out" "-DCMAKE_C_FLAGS= -ffunction-sections -fdata-sections -fPIC -m64" "-DCMAKE_C_COMPILER=/usr/bin/cc" "-DCMAKE_CXX_FLAGS= -ffunction-sections -fdata-sections -fPIC -m64" "-DCMAKE_CXX_COMPILER=/usr/bin/c++" "-DCMAKE_BUILD_TYPE=Debug"
[INFO] [stderr]   -- The C compiler identification is GNU 11.4.0
[INFO] [stderr]   -- The CXX compiler identification is GNU 11.4.0
[INFO] [stderr]   -- Detecting C compiler ABI info
[INFO] [stderr]   -- Detecting C compiler ABI info - done
[INFO] [stderr]   -- Check for working C compiler: /usr/bin/cc - skipped
[INFO] [stderr]   -- Detecting C compile features
[INFO] [stderr]   -- Detecting C compile features - done
[INFO] [stderr]   -- Detecting CXX compiler ABI info
[INFO] [stderr]   -- Detecting CXX compiler ABI info - done
[INFO] [stderr]   -- Check for working CXX compiler: /usr/bin/c++ - skipped
[INFO] [stderr]   -- Detecting CXX compile features
[INFO] [stderr]   -- Detecting CXX compile features - done
[INFO] [stderr]   -- Unpacking fmt sources
[INFO] [stderr]   -- Unpacking netcdf sources
[INFO] [stderr]   -- Unpacking tng sources
[INFO] [stderr]   -- Unpacking molfiles sources
[INFO] [stderr]   -- Configuring done
[INFO] [stderr]   -- Generating done
[INFO] [stderr]   -- Build files have been written to: /opt/rustwide/target/debug/build/chemfiles-sys-05f922ee88cd2378/out/build
[INFO] [stderr]   running: cd "/opt/rustwide/target/debug/build/chemfiles-sys-05f922ee88cd2378/out/build" && "cmake" "--build" "." "--target" "install" "--config" "Debug" "--" "-j16"
[INFO] [stderr]   [  1%] Building CXX object chemfiles/external/fmt/fmt/CMakeFiles/fmt.dir/posix.cc.o
[INFO] [stderr]   [  2%] Building CXX object chemfiles/external/fmt/fmt/CMakeFiles/fmt.dir/ostream.cc.o
[INFO] [stderr]   [  3%] Building CXX object chemfiles/CMakeFiles/chemfiles_files.dir/src/files/NcFile.cpp.o
[INFO] [stderr]   [  4%] Building CXX object chemfiles/CMakeFiles/chemfiles_files.dir/src/files/BasicFile.cpp.o
[INFO] [stderr]   [  5%] Building C object chemfiles/external/CMakeFiles/netcdf3-chemfiles.dir/netcdf/liblib/nc_initialize.c.o
[INFO] [stderr]   [  6%] Building C object chemfiles/external/tng/CMakeFiles/tng_io_zlib.dir/external/zlib/compress.c.o
[INFO] [stderr]   [  7%] Building C object chemfiles/external/netcdf/CMakeFiles/netcdf.dir/libsrc/attr.c.o
[INFO] [stderr]   [  8%] Building C object chemfiles/external/netcdf/CMakeFiles/netcdf.dir/libsrc/dim.c.o
[INFO] [stderr]   [  9%] Building CXX object chemfiles/external/fmt/fmt/CMakeFiles/fmt.dir/format.cc.o
[INFO] [stderr]   [ 10%] Building CXX object chemfiles/external/fmt/fmt/CMakeFiles/fmt.dir/printf.cc.o
[INFO] [stderr]   [ 10%] Building C object chemfiles/external/netcdf/CMakeFiles/netcdf.dir/liblib/nc_initialize.c.o
[INFO] [stderr]   [ 11%] Building CXX object chemfiles/CMakeFiles/chemfiles_files.dir/src/utils.cpp.o
[INFO] [stderr]   [ 12%] Building C object chemfiles/external/tng/CMakeFiles/tng_io_zlib.dir/external/zlib/adler32.c.o
[INFO] [stderr]   [ 13%] Building CXX object chemfiles/CMakeFiles/chemfiles_files.dir/src/files/TNGFile.cpp.o
[INFO] [stderr]   [ 14%] Building C object chemfiles/external/tng/CMakeFiles/tng_io.dir/src/compression/bwlzh.c.o
[INFO] [stderr]   [ 15%] Building C object chemfiles/external/molfiles/CMakeFiles/molfiles.dir/src/dcdplugin.c.o
[INFO] [stderr]   [ 15%] Built target netcdf3-chemfiles
[INFO] [stderr]   [ 16%] Building C object chemfiles/external/netcdf/CMakeFiles/netcdf.dir/libsrc/lookup3.c.o
[INFO] [stderr]   [ 17%] Building C object chemfiles/external/tng/CMakeFiles/tng_io_zlib.dir/external/zlib/crc32.c.o
[INFO] [stderr]   [ 18%] Building C object chemfiles/external/tng/CMakeFiles/tng_io_zlib.dir/external/zlib/deflate.c.o
[INFO] [stderr]   [ 19%] Building CXX object chemfiles/external/molfiles/CMakeFiles/molfiles.dir/src/gromacsplugin.cxx.o
[INFO] [stderr]   [ 20%] Building C object chemfiles/external/netcdf/CMakeFiles/netcdf.dir/libsrc/nc_hashmap.c.o
[INFO] [stderr]   [ 21%] Building C object chemfiles/external/tng/CMakeFiles/tng_io.dir/src/compression/bwt.c.o
[INFO] [stderr]   [ 22%] Building C object chemfiles/external/tng/CMakeFiles/tng_io_zlib.dir/external/zlib/inffast.c.o
[INFO] [stderr]   [ 23%] Building C object chemfiles/external/molfiles/CMakeFiles/molfiles.dir/src/lammpsplugin.c.o
[INFO] [stderr]   [ 24%] Building C object chemfiles/external/tng/CMakeFiles/tng_io_zlib.dir/external/zlib/inflate.c.o
[INFO] [stderr]   [ 24%] Building C object chemfiles/external/tng/CMakeFiles/tng_io.dir/src/compression/coder.c.o
[INFO] [stderr]   [ 25%] Building C object chemfiles/external/netcdf/CMakeFiles/netcdf.dir/libsrc/nc3dispatch.c.o
[INFO] [stderr]   [ 26%] Building C object chemfiles/external/tng/CMakeFiles/tng_io.dir/src/compression/dict.c.o
[INFO] [stderr]   [ 27%] Building C object chemfiles/external/tng/CMakeFiles/tng_io_zlib.dir/external/zlib/inftrees.c.o
[INFO] [stderr]   [ 28%] Building C object chemfiles/external/tng/CMakeFiles/tng_io.dir/src/compression/fixpoint.c.o
[INFO] [stderr]   [ 29%] Building C object chemfiles/external/netcdf/CMakeFiles/netcdf.dir/libsrc/nc3internal.c.o
[INFO] [stderr]   [ 30%] Building C object chemfiles/external/tng/CMakeFiles/tng_io_zlib.dir/external/zlib/trees.c.o
[INFO] [stderr]   [ 31%] Building C object chemfiles/external/netcdf/CMakeFiles/netcdf.dir/libsrc/ncio.c.o
[INFO] [stderr]   [ 32%] Building C object chemfiles/external/netcdf/CMakeFiles/netcdf.dir/libsrc/ncx.c.o
[INFO] [stderr]   [ 33%] Building C object chemfiles/external/tng/CMakeFiles/tng_io.dir/src/compression/huffman.c.o
[INFO] [stderr]   [ 34%] Building C object chemfiles/external/tng/CMakeFiles/tng_io.dir/src/compression/huffmem.c.o
[INFO] [stderr]   [ 35%] Building C object chemfiles/external/netcdf/CMakeFiles/netcdf.dir/libsrc/v1hpg.c.o
[INFO] [stderr]   [ 36%] Building C object chemfiles/external/netcdf/CMakeFiles/netcdf.dir/libsrc/putget.c.o
[INFO] [stderr]   [ 37%] Building C object chemfiles/external/tng/CMakeFiles/tng_io_zlib.dir/external/zlib/uncompr.c.o
[INFO] [stderr]   [ 38%] Building C object chemfiles/external/netcdf/CMakeFiles/netcdf.dir/libsrc/var.c.o
[INFO] [stderr]   [ 39%] Building C object chemfiles/external/tng/CMakeFiles/tng_io_zlib.dir/external/zlib/zutil.c.o
[INFO] [stderr]   [ 40%] Building C object chemfiles/external/netcdf/CMakeFiles/netcdf.dir/libdispatch/datt.c.o
[INFO] [stderr]   [ 41%] Building C object chemfiles/external/tng/CMakeFiles/tng_io.dir/src/compression/lz77.c.o
[INFO] [stderr]   [ 41%] Building C object chemfiles/external/netcdf/CMakeFiles/netcdf.dir/libdispatch/dattinq.c.o
[INFO] [stderr]   [ 42%] Building C object chemfiles/external/netcdf/CMakeFiles/netcdf.dir/libdispatch/dattget.c.o
[INFO] [stderr]   [ 43%] Building C object chemfiles/external/netcdf/CMakeFiles/netcdf.dir/libdispatch/dattput.c.o
[INFO] [stderr]   [ 43%] Built target tng_io_zlib
[INFO] [stderr]   [ 45%] Building C object chemfiles/external/tng/CMakeFiles/tng_io.dir/src/compression/merge_sort.c.o
[INFO] [stderr]   [ 44%] Building C object chemfiles/external/netcdf/CMakeFiles/netcdf.dir/libdispatch/dcopy.c.o
[INFO] [stderr]   [ 46%] Building C object chemfiles/external/netcdf/CMakeFiles/netcdf.dir/libdispatch/ddispatch.c.o
[INFO] [stderr]   [ 47%] Building C object chemfiles/external/tng/CMakeFiles/tng_io.dir/src/compression/mtf.c.o
[INFO] [stderr]   [ 48%] Building C object chemfiles/external/netcdf/CMakeFiles/netcdf.dir/libdispatch/ddim.c.o
[INFO] [stderr]   [ 48%] Built target molfiles
[INFO] [stderr]   [ 49%] Building C object chemfiles/external/netcdf/CMakeFiles/netcdf.dir/libdispatch/derror.c.o
[INFO] [stderr]   [ 50%] Building C object chemfiles/external/tng/CMakeFiles/tng_io.dir/src/compression/rle.c.o
[INFO] [stderr]   [ 51%] Building C object chemfiles/external/tng/CMakeFiles/tng_io.dir/src/compression/tng_compress.c.o
[INFO] [stderr]   [ 52%] Building C object chemfiles/external/netcdf/CMakeFiles/netcdf.dir/libdispatch/dfile.c.o
[INFO] [stderr]   [ 53%] Building C object chemfiles/external/netcdf/CMakeFiles/netcdf.dir/libdispatch/dinternal.c.o
[INFO] [stderr]   [ 54%] Building C object chemfiles/external/netcdf/CMakeFiles/netcdf.dir/libdispatch/dutf8proc.c.o
[INFO] [stderr]   [ 55%] Building C object chemfiles/external/netcdf/CMakeFiles/netcdf.dir/libdispatch/dparallel.c.o
[INFO] [stderr]   [ 56%] Building C object chemfiles/external/netcdf/CMakeFiles/netcdf.dir/libdispatch/dstring.c.o
[INFO] [stderr]   [ 57%] Building C object chemfiles/external/netcdf/CMakeFiles/netcdf.dir/libdispatch/dvar.c.o
[INFO] [stderr]   [ 58%] Building C object chemfiles/external/netcdf/CMakeFiles/netcdf.dir/libdispatch/dvarget.c.o
[INFO] [stderr]   [ 59%] Building C object chemfiles/external/netcdf/CMakeFiles/netcdf.dir/libdispatch/dvarput.c.o
[INFO] [stderr]   [ 59%] Building C object chemfiles/external/netcdf/CMakeFiles/netcdf.dir/libdispatch/dvarinq.c.o
[INFO] [stderr]   [ 60%] Building C object chemfiles/external/netcdf/CMakeFiles/netcdf.dir/libdispatch/nc.c.o
[INFO] [stderr]   [ 61%] Building C object chemfiles/external/netcdf/CMakeFiles/netcdf.dir/libdispatch/ncbytes.c.o
[INFO] [stderr]   [ 62%] Building C object chemfiles/external/netcdf/CMakeFiles/netcdf.dir/libdispatch/nchashmap.c.o
[INFO] [stderr]   [ 63%] Building C object chemfiles/external/tng/CMakeFiles/tng_io.dir/src/compression/warnmalloc.c.o
[INFO] [stderr]   [ 64%] Building C object chemfiles/external/tng/CMakeFiles/tng_io.dir/src/compression/vals16.c.o
[INFO] [stderr]   [ 65%] Building C object chemfiles/external/tng/CMakeFiles/tng_io.dir/src/compression/widemuldiv.c.o
[INFO] [stderr]   [ 66%] Building C object chemfiles/external/netcdf/CMakeFiles/netcdf.dir/libdispatch/nclist.c.o
[INFO] [stderr]   [ 67%] Building C object chemfiles/external/tng/CMakeFiles/tng_io.dir/src/compression/xtc3.c.o
[INFO] [stderr]   [ 67%] Building C object chemfiles/external/tng/CMakeFiles/tng_io.dir/src/compression/xtc2.c.o
[INFO] [stderr]   [ 68%] Building C object chemfiles/external/tng/CMakeFiles/tng_io.dir/src/lib/md5.c.o
[INFO] [stderr]   [ 69%] Building C object chemfiles/external/tng/CMakeFiles/tng_io.dir/src/lib/tng_io.c.o
[INFO] [stderr]   [ 70%] Building C object chemfiles/external/netcdf/CMakeFiles/netcdf.dir/libdispatch/nclistmgr.c.o
[INFO] [stderr]   [ 71%] Building C object chemfiles/external/netcdf/CMakeFiles/netcdf.dir/libdispatch/nctime.c.o
[INFO] [stderr]   [ 72%] Building C object chemfiles/external/netcdf/CMakeFiles/netcdf.dir/libdispatch/nclog.c.o
[INFO] [stderr]   [ 73%] Building C object chemfiles/external/netcdf/CMakeFiles/netcdf.dir/libdispatch/ncuri.c.o
[INFO] [stderr]   [ 74%] Building C object chemfiles/external/netcdf/CMakeFiles/netcdf.dir/libsrc/posixio.c.o
[INFO] [stderr]   [ 74%] Built target chemfiles_files
[INFO] [stderr]   [ 74%] Built target fmt
[INFO] [stderr]   [ 74%] Built target netcdf
[INFO] [stderr]   [ 74%] Built target tng_io
[INFO] [stderr]   [ 75%] Building CXX object chemfiles/CMakeFiles/chemfiles.dir/src/Connectivity.cpp.o
[INFO] [stderr]   [ 75%] Building CXX object chemfiles/CMakeFiles/chemfiles.dir/src/Atom.cpp.o
[INFO] [stderr]   [ 76%] Building CXX object chemfiles/CMakeFiles/chemfiles.dir/src/File.cpp.o
[INFO] [stderr]   [ 77%] Building CXX object chemfiles/CMakeFiles/chemfiles.dir/src/Residue.cpp.o
[INFO] [stderr]   [ 78%] Building CXX object chemfiles/CMakeFiles/chemfiles.dir/src/Frame.cpp.o
[INFO] [stderr]   [ 79%] Building CXX object chemfiles/CMakeFiles/chemfiles.dir/src/Selections.cpp.o
[INFO] [stderr]   [ 81%] Building CXX object chemfiles/CMakeFiles/chemfiles.dir/src/Trajectory.cpp.o
[INFO] [stderr]   [ 82%] Building CXX object chemfiles/CMakeFiles/chemfiles.dir/src/capi/atom.cpp.o
[INFO] [stderr]   [ 83%] Building CXX object chemfiles/CMakeFiles/chemfiles.dir/src/UnitCell.cpp.o
[INFO] [stderr]   [ 80%] Building CXX object chemfiles/CMakeFiles/chemfiles.dir/src/FormatFactory.cpp.o
[INFO] [stderr]   [ 84%] Building CXX object chemfiles/CMakeFiles/chemfiles.dir/src/Format.cpp.o
[INFO] [stderr]   [ 85%] Building CXX object chemfiles/CMakeFiles/chemfiles.dir/src/capi/cell.cpp.o
[INFO] [stderr]   [ 86%] Building CXX object chemfiles/CMakeFiles/chemfiles.dir/src/capi/residue.cpp.o
[INFO] [stderr]   [ 87%] Building CXX object chemfiles/CMakeFiles/chemfiles.dir/src/capi/frame.cpp.o
[INFO] [stderr]   [ 88%] Building CXX object chemfiles/CMakeFiles/chemfiles.dir/src/Topology.cpp.o
[INFO] [stderr]   [ 88%] Building CXX object chemfiles/CMakeFiles/chemfiles.dir/src/capi/errors.cpp.o
[INFO] [stderr]   [ 89%] Building CXX object chemfiles/CMakeFiles/chemfiles.dir/src/capi/selection.cpp.o
[INFO] [stderr]   [ 90%] Building CXX object chemfiles/CMakeFiles/chemfiles.dir/src/capi/topology.cpp.o
[INFO] [stderr]   [ 91%] Building CXX object chemfiles/CMakeFiles/chemfiles.dir/src/capi/trajectory.cpp.o
[INFO] [stderr]   [ 92%] Building CXX object chemfiles/CMakeFiles/chemfiles.dir/src/formats/Molfile.cpp.o
[INFO] [stderr]   [ 93%] Building CXX object chemfiles/CMakeFiles/chemfiles.dir/src/formats/NcFormat.cpp.o
[INFO] [stderr]   [ 94%] Building CXX object chemfiles/CMakeFiles/chemfiles.dir/src/formats/PDB.cpp.o
[INFO] [stderr]   [ 95%] Building CXX object chemfiles/CMakeFiles/chemfiles.dir/src/formats/TNG.cpp.o
[INFO] [stderr]   [ 96%] Building CXX object chemfiles/CMakeFiles/chemfiles.dir/src/formats/XYZ.cpp.o
[INFO] [stderr]   [ 97%] Building CXX object chemfiles/CMakeFiles/chemfiles.dir/src/selections/expr.cpp.o
[INFO] [stderr] 
[INFO] [stderr]   --- stderr
[INFO] [stderr]   CMake Warning (dev) in CMakeLists.txt:
[INFO] [stderr]     No project() command is present.  The top-level CMakeLists.txt file must
[INFO] [stderr]     contain a literal, direct call to the project() command.  Add a line of
[INFO] [stderr]     code such as
[INFO] [stderr] 
[INFO] [stderr]       project(ProjectName)
[INFO] [stderr] 
[INFO] [stderr]     near the top of the file, but after cmake_minimum_required().
[INFO] [stderr] 
[INFO] [stderr]     CMake is pretending there is a "project(Project)" command on the first
[INFO] [stderr]     line.
[INFO] [stderr]   This warning is for project developers.  Use -Wno-dev to suppress it.
[INFO] [stderr] 
[INFO] [stderr]   CMake Deprecation Warning at CMakeLists.txt:1 (cmake_minimum_required):
[INFO] [stderr]     Compatibility with CMake < 2.8.12 will be removed from a future version of
[INFO] [stderr]     CMake.
[INFO] [stderr] 
[INFO] [stderr]     Update the VERSION argument <min> value or use a ...<max> suffix to tell
[INFO] [stderr]     CMake that the project does not need compatibility with older versions.
[INFO] [stderr] 
[INFO] [stderr] 
[INFO] [stderr]   CMake Deprecation Warning at chemfiles/CMakeLists.txt:1 (cmake_minimum_required):
[INFO] [stderr]     Compatibility with CMake < 2.8.12 will be removed from a future version of
[INFO] [stderr]     CMake.
[INFO] [stderr] 
[INFO] [stderr]     Update the VERSION argument <min> value or use a ...<max> suffix to tell
[INFO] [stderr]     CMake that the project does not need compatibility with older versions.
[INFO] [stderr] 
[INFO] [stderr] 
[INFO] [stderr]   CMake Deprecation Warning at chemfiles/CMakeLists.txt:5 (cmake_policy):
[INFO] [stderr]     Compatibility with CMake < 2.8.12 will be removed from a future version of
[INFO] [stderr]     CMake.
[INFO] [stderr] 
[INFO] [stderr]     Update the VERSION argument <min> value or use a ...<max> suffix to tell
[INFO] [stderr]     CMake that the project does not need compatibility with older versions.
[INFO] [stderr] 
[INFO] [stderr] 
[INFO] [stderr]   CMake Deprecation Warning at chemfiles/CMakeLists.txt:8 (cmake_policy):
[INFO] [stderr]     The OLD behavior for policy CMP0042 will be removed from a future version
[INFO] [stderr]     of CMake.
[INFO] [stderr] 
[INFO] [stderr]     The cmake-policies(7) manual explains that the OLD behaviors of all
[INFO] [stderr]     policies are deprecated and that a policy should be set to OLD only under
[INFO] [stderr]     specific short-term circumstances.  Projects should be ported to the NEW
[INFO] [stderr]     behavior and not rely on setting a policy to OLD.
[INFO] [stderr] 
[INFO] [stderr] 
[INFO] [stderr]   CMake Deprecation Warning at /opt/rustwide/target/debug/build/chemfiles-sys-05f922ee88cd2378/out/build/chemfiles/external/fmt/CMakeLists.txt:1 (cmake_minimum_required):
[INFO] [stderr]     Compatibility with CMake < 2.8.12 will be removed from a future version of
[INFO] [stderr]     CMake.
[INFO] [stderr] 
[INFO] [stderr]     Update the VERSION argument <min> value or use a ...<max> suffix to tell
[INFO] [stderr]     CMake that the project does not need compatibility with older versions.
[INFO] [stderr] 
[INFO] [stderr] 
[INFO] [stderr]   CMake Deprecation Warning at /opt/rustwide/target/debug/build/chemfiles-sys-05f922ee88cd2378/out/build/chemfiles/external/netcdf/CMakeLists.txt:1 (cmake_minimum_required):
[INFO] [stderr]     Compatibility with CMake < 2.8.12 will be removed from a future version of
[INFO] [stderr]     CMake.
[INFO] [stderr] 
[INFO] [stderr]     Update the VERSION argument <min> value or use a ...<max> suffix to tell
[INFO] [stderr]     CMake that the project does not need compatibility with older versions.
[INFO] [stderr] 
[INFO] [stderr] 
[INFO] [stderr]   CMake Deprecation Warning at /opt/rustwide/target/debug/build/chemfiles-sys-05f922ee88cd2378/out/build/chemfiles/external/tng/CMakeLists.txt:1 (cmake_minimum_required):
[INFO] [stderr]     Compatibility with CMake < 2.8.12 will be removed from a future version of
[INFO] [stderr]     CMake.
[INFO] [stderr] 
[INFO] [stderr]     Update the VERSION argument <min> value or use a ...<max> suffix to tell
[INFO] [stderr]     CMake that the project does not need compatibility with older versions.
[INFO] [stderr] 
[INFO] [stderr] 
[INFO] [stderr]   CMake Deprecation Warning at /opt/rustwide/target/debug/build/chemfiles-sys-05f922ee88cd2378/out/build/chemfiles/external/molfiles/CMakeLists.txt:1 (cmake_minimum_required):
[INFO] [stderr]     Compatibility with CMake < 2.8.12 will be removed from a future version of
[INFO] [stderr]     CMake.
[INFO] [stderr] 
[INFO] [stderr]     Update the VERSION argument <min> value or use a ...<max> suffix to tell
[INFO] [stderr]     CMake that the project does not need compatibility with older versions.
[INFO] [stderr] 
[INFO] [stderr] 
[INFO] [stderr]   In file included from /usr/include/c++/11/cassert:44,
[INFO] [stderr]                    from /opt/rustwide/cargo-home/registry/src/index.crates.io-6f17d22bba15001f/chemfiles-sys-0.7.40/chemfiles/include/chemfiles/span.hpp:30,
[INFO] [stderr]                    from /opt/rustwide/cargo-home/registry/src/index.crates.io-6f17d22bba15001f/chemfiles-sys-0.7.40/chemfiles/include/chemfiles/types.hpp:17,
[INFO] [stderr]                    from /opt/rustwide/cargo-home/registry/src/index.crates.io-6f17d22bba15001f/chemfiles-sys-0.7.40/chemfiles/include/chemfiles/Frame.hpp:11,
[INFO] [stderr]                    from /opt/rustwide/cargo-home/registry/src/index.crates.io-6f17d22bba15001f/chemfiles-sys-0.7.40/chemfiles/src/formats/Molfile.cpp:13:
[INFO] [stderr]   /opt/rustwide/cargo-home/registry/src/index.crates.io-6f17d22bba15001f/chemfiles-sys-0.7.40/chemfiles/include/chemfiles/span.hpp: In instantiation of 'T& chemfiles::span<T>::at(chemfiles::span<T>::size_type) [with T = std::array<double, 3>; chemfiles::span<T>::reference = std::array<double, 3>&; chemfiles::span<T>::size_type = long unsigned int]':
[INFO] [stderr]   /opt/rustwide/cargo-home/registry/src/index.crates.io-6f17d22bba15001f/chemfiles-sys-0.7.40/chemfiles/include/chemfiles/span.hpp:136:18:   required from 'T& chemfiles::span<T>::operator[](chemfiles::span<T>::size_type) [with T = std::array<double, 3>; chemfiles::span<T>::reference = std::array<double, 3>&; chemfiles::span<T>::size_type = long unsigned int]'
[INFO] [stderr]   /opt/rustwide/cargo-home/registry/src/index.crates.io-6f17d22bba15001f/chemfiles-sys-0.7.40/chemfiles/src/formats/Molfile.cpp:171:25:   required from 'void chemfiles::Molfile<F>::molfile_to_frame(const molfile_timestep_t&, chemfiles::Frame&) [with chemfiles::MolfileFormat F = chemfiles::DCD]'
[INFO] [stderr]   /opt/rustwide/cargo-home/registry/src/index.crates.io-6f17d22bba15001f/chemfiles-sys-0.7.40/chemfiles/src/formats/Molfile.cpp:280:27:   required from here
[INFO] [stderr]   /opt/rustwide/cargo-home/registry/src/index.crates.io-6f17d22bba15001f/chemfiles-sys-0.7.40/chemfiles/include/chemfiles/span.hpp:169:22: warning: comparison of unsigned expression in '>= 0' is always true [-Wtype-limits]
[INFO] [stderr]     169 |         assert(index >= 0 && index < size());
[INFO] [stderr]         |                ~~~~~~^~~~
[INFO] [stderr]   In file included from /usr/include/c++/11/cassert:44,
[INFO] [stderr]                    from /opt/rustwide/cargo-home/registry/src/index.crates.io-6f17d22bba15001f/chemfiles-sys-0.7.40/chemfiles/include/chemfiles/span.hpp:30,
[INFO] [stderr]                    from /opt/rustwide/cargo-home/registry/src/index.crates.io-6f17d22bba15001f/chemfiles-sys-0.7.40/chemfiles/include/chemfiles/types.hpp:17,
[INFO] [stderr]                    from /opt/rustwide/cargo-home/registry/src/index.crates.io-6f17d22bba15001f/chemfiles-sys-0.7.40/chemfiles/include/chemfiles/formats/NcFormat.hpp:10,
[INFO] [stderr]                    from /opt/rustwide/cargo-home/registry/src/index.crates.io-6f17d22bba15001f/chemfiles-sys-0.7.40/chemfiles/src/formats/NcFormat.cpp:8:
[INFO] [stderr]   /opt/rustwide/cargo-home/registry/src/index.crates.io-6f17d22bba15001f/chemfiles-sys-0.7.40/chemfiles/include/chemfiles/span.hpp: In instantiation of 'T& chemfiles::span<T>::at(chemfiles::span<T>::size_type) [with T = std::array<double, 3>; chemfiles::span<T>::reference = std::array<double, 3>&; chemfiles::span<T>::size_type = long unsigned int]':
[INFO] [stderr]   /opt/rustwide/cargo-home/registry/src/index.crates.io-6f17d22bba15001f/chemfiles-sys-0.7.40/chemfiles/include/chemfiles/span.hpp:136:18:   required from 'T& chemfiles::span<T>::operator[](chemfiles::span<T>::size_type) [with T = std::array<double, 3>; chemfiles::span<T>::reference = std::array<double, 3>&; chemfiles::span<T>::size_type = long unsigned int]'
[INFO] [stderr]   /opt/rustwide/cargo-home/registry/src/index.crates.io-6f17d22bba15001f/chemfiles-sys-0.7.40/chemfiles/src/formats/NcFormat.cpp:124:16:   required from here
[INFO] [stderr]   /opt/rustwide/cargo-home/registry/src/index.crates.io-6f17d22bba15001f/chemfiles-sys-0.7.40/chemfiles/include/chemfiles/span.hpp:169:22: warning: comparison of unsigned expression in '>= 0' is always true [-Wtype-limits]
[INFO] [stderr]     169 |         assert(index >= 0 && index < size());
[INFO] [stderr]         |                ~~~~~~^~~~
[INFO] [stderr]   c++: fatal error: Killed signal terminated program cc1plus
[INFO] [stderr]   compilation terminated.
[INFO] [stderr]   In file included from /usr/include/c++/11/cassert:44,
[INFO] [stderr]                    from /opt/rustwide/cargo-home/registry/src/index.crates.io-6f17d22bba15001f/chemfiles-sys-0.7.40/chemfiles/include/chemfiles/span.hpp:30,
[INFO] [stderr]                    from /opt/rustwide/cargo-home/registry/src/index.crates.io-6f17d22bba15001f/chemfiles-sys-0.7.40/chemfiles/include/chemfiles/types.hpp:17,
[INFO] [stderr]                    from /opt/rustwide/cargo-home/registry/src/index.crates.io-6f17d22bba15001f/chemfiles-sys-0.7.40/chemfiles/include/chemfiles/Frame.hpp:11,
[INFO] [stderr]                    from /opt/rustwide/cargo-home/registry/src/index.crates.io-6f17d22bba15001f/chemfiles-sys-0.7.40/chemfiles/src/formats/TNG.cpp:11:
[INFO] [stderr]   /opt/rustwide/cargo-home/registry/src/index.crates.io-6f17d22bba15001f/chemfiles-sys-0.7.40/chemfiles/include/chemfiles/span.hpp: In instantiation of 'T& chemfiles::span<T>::at(chemfiles::span<T>::size_type) [with T = std::array<double, 3>; chemfiles::span<T>::reference = std::array<double, 3>&; chemfiles::span<T>::size_type = long unsigned int]':
[INFO] [stderr]   /opt/rustwide/cargo-home/registry/src/index.crates.io-6f17d22bba15001f/chemfiles-sys-0.7.40/chemfiles/include/chemfiles/span.hpp:136:18:   required from 'T& chemfiles::span<T>::operator[](chemfiles::span<T>::size_type) [with T = std::array<double, 3>; chemfiles::span<T>::reference = std::array<double, 3>&; chemfiles::span<T>::size_type = long unsigned int]'
[INFO] [stderr]   /opt/rustwide/cargo-home/registry/src/index.crates.io-6f17d22bba15001f/chemfiles-sys-0.7.40/chemfiles/src/formats/TNG.cpp:80:20:   required from here
[INFO] [stderr]   /opt/rustwide/cargo-home/registry/src/index.crates.io-6f17d22bba15001f/chemfiles-sys-0.7.40/chemfiles/include/chemfiles/span.hpp:169:22: warning: comparison of unsigned expression in '>= 0' is always true [-Wtype-limits]
[INFO] [stderr]     169 |         assert(index >= 0 && index < size());
[INFO] [stderr]         |                ~~~~~~^~~~
[INFO] [stderr]   gmake[2]: *** [chemfiles/CMakeFiles/chemfiles.dir/build.make:342: chemfiles/CMakeFiles/chemfiles.dir/src/formats/Molfile.cpp.o] Error 1
[INFO] [stderr]   gmake[2]: *** Waiting for unfinished jobs....
[INFO] [stderr]   gmake[1]: *** [CMakeFiles/Makefile2:237: chemfiles/CMakeFiles/chemfiles.dir/all] Error 2
[INFO] [stderr]   gmake: *** [Makefile:136: all] Error 2
[INFO] [stderr]   thread 'main' panicked at /opt/rustwide/cargo-home/registry/src/index.crates.io-6f17d22bba15001f/cmake-0.1.24/src/lib.rs:593:5:
[INFO] [stderr] 
[INFO] [stderr]   command did not execute successfully, got: exit status: 2
[INFO] [stderr] 
[INFO] [stderr]   build script failed, must exit now
[INFO] [stderr]   stack backtrace:
[INFO] [stderr]      0:     0x5576063e159a - std::backtrace_rs::backtrace::libunwind::trace::h8810477743020387
[INFO] [stderr]                                  at /rustc/202008a1b8de96d2e5b6bc02d379db03a877d34d/library/std/src/../../backtrace/src/backtrace/libunwind.rs:116:5
[INFO] [stderr]      1:     0x5576063e159a - std::backtrace_rs::backtrace::trace_unsynchronized::h3aa55355dd6c54a6
[INFO] [stderr]                                  at /rustc/202008a1b8de96d2e5b6bc02d379db03a877d34d/library/std/src/../../backtrace/src/backtrace/mod.rs:66:5
[INFO] [stderr]      2:     0x5576063e159a - std::sys::backtrace::_print_fmt::h8588b0f62410823f
[INFO] [stderr]                                  at /rustc/202008a1b8de96d2e5b6bc02d379db03a877d34d/library/std/src/sys/backtrace.rs:66:9
[INFO] [stderr]      3:     0x5576063e159a - <std::sys::backtrace::BacktraceLock::print::DisplayBacktrace as core::fmt::Display>::fmt::h98c26ac25ffe89bb
[INFO] [stderr]                                  at /rustc/202008a1b8de96d2e5b6bc02d379db03a877d34d/library/std/src/sys/backtrace.rs:39:26
[INFO] [stderr]      4:     0x557606402f63 - core::fmt::rt::Argument::fmt::hf95377f4aebd453b
[INFO] [stderr]                                  at /rustc/202008a1b8de96d2e5b6bc02d379db03a877d34d/library/core/src/fmt/rt.rs:177:76
[INFO] [stderr]      5:     0x557606402f63 - core::fmt::write::h0dd5f6e2238c7982
[INFO] [stderr]                                  at /rustc/202008a1b8de96d2e5b6bc02d379db03a877d34d/library/core/src/fmt/mod.rs:1189:21
[INFO] [stderr]      6:     0x5576063de8b3 - std::io::Write::write_fmt::hc00bff0a88e08857
[INFO] [stderr]                                  at /rustc/202008a1b8de96d2e5b6bc02d379db03a877d34d/library/std/src/io/mod.rs:1884:15
[INFO] [stderr]      7:     0x5576063e13e2 - std::sys::backtrace::BacktraceLock::print::h5c19c1c038ee186d
[INFO] [stderr]                                  at /rustc/202008a1b8de96d2e5b6bc02d379db03a877d34d/library/std/src/sys/backtrace.rs:42:9
[INFO] [stderr]      8:     0x5576063e25dc - std::panicking::default_hook::{{closure}}::h77172f079a1fcb13
[INFO] [stderr]                                  at /rustc/202008a1b8de96d2e5b6bc02d379db03a877d34d/library/std/src/panicking.rs:268:22
[INFO] [stderr]      9:     0x5576063e2422 - std::panicking::default_hook::he5f8e3b203ccddba
[INFO] [stderr]                                  at /rustc/202008a1b8de96d2e5b6bc02d379db03a877d34d/library/std/src/panicking.rs:295:9
[INFO] [stderr]     10:     0x5576063e2bb7 - std::panicking::rust_panic_with_hook::h53863d4e9018df39
[INFO] [stderr]                                  at /rustc/202008a1b8de96d2e5b6bc02d379db03a877d34d/library/std/src/panicking.rs:801:13
[INFO] [stderr]     11:     0x5576063e2a4a - std::panicking::begin_panic_handler::{{closure}}::h67280e6fa0757873
[INFO] [stderr]                                  at /rustc/202008a1b8de96d2e5b6bc02d379db03a877d34d/library/std/src/panicking.rs:674:13
[INFO] [stderr]     12:     0x5576063e1a79 - std::sys::backtrace::__rust_end_short_backtrace::h1dac3f54d6fbbeb2
[INFO] [stderr]                                  at /rustc/202008a1b8de96d2e5b6bc02d379db03a877d34d/library/std/src/sys/backtrace.rs:170:18
[INFO] [stderr]     13:     0x5576063e26dc - rust_begin_unwind
[INFO] [stderr]                                  at /rustc/202008a1b8de96d2e5b6bc02d379db03a877d34d/library/std/src/panicking.rs:665:5
[INFO] [stderr]     14:     0x557606393320 - core::panicking::panic_fmt::h6792bd1b2bf01041
[INFO] [stderr]                                  at /rustc/202008a1b8de96d2e5b6bc02d379db03a877d34d/library/core/src/panicking.rs:76:14
[INFO] [stderr]     15:     0x55760639f202 - cmake::fail::h9319eb6a3cc7c33d
[INFO] [stderr]     16:     0x55760639e939 - cmake::run::h8b9cc0913bee2403
[INFO] [stderr]     17:     0x55760639c7c9 - cmake::Config::build::hb0c1d53e000f549c
[INFO] [stderr]     18:     0x55760639545f - build_script_build::main::hbae1d29511471ebd
[INFO] [stderr]     19:     0x557606393ed3 - core::ops::function::FnOnce::call_once::he13847bbeb69d849
[INFO] [stderr]     20:     0x557606393d06 - std::sys::backtrace::__rust_begin_short_backtrace::h8d5b8252872d0d0d
[INFO] [stderr]     21:     0x557606393c29 - std::rt::lang_start::{{closure}}::h40865d132090650d
[INFO] [stderr]     22:     0x5576063db627 - core::ops::function::impls::<impl core::ops::function::FnOnce<A> for &F>::call_once::hba2470d01d3f5e41
[INFO] [stderr]                                  at /rustc/202008a1b8de96d2e5b6bc02d379db03a877d34d/library/core/src/ops/function.rs:284:13
[INFO] [stderr]     23:     0x5576063db627 - std::panicking::try::do_call::hc063fb73159aab72
[INFO] [stderr]                                  at /rustc/202008a1b8de96d2e5b6bc02d379db03a877d34d/library/std/src/panicking.rs:557:40
[INFO] [stderr]     24:     0x5576063db627 - std::panicking::try::h2767c6d245d3a3bb
[INFO] [stderr]                                  at /rustc/202008a1b8de96d2e5b6bc02d379db03a877d34d/library/std/src/panicking.rs:520:19
[INFO] [stderr]     25:     0x5576063db627 - std::panic::catch_unwind::h061c6ef75790da63
[INFO] [stderr]                                  at /rustc/202008a1b8de96d2e5b6bc02d379db03a877d34d/library/std/src/panic.rs:358:14
[INFO] [stderr]     26:     0x5576063db627 - std::rt::lang_start_internal::{{closure}}::h5c5e35b11a4b8c4e
[INFO] [stderr]                                  at /rustc/202008a1b8de96d2e5b6bc02d379db03a877d34d/library/std/src/rt.rs:174:48
[INFO] [stderr]     27:     0x5576063db627 - std::panicking::try::do_call::h705e99690a8109cc
[INFO] [stderr]                                  at /rustc/202008a1b8de96d2e5b6bc02d379db03a877d34d/library/std/src/panicking.rs:557:40
[INFO] [stderr]     28:     0x5576063db627 - std::panicking::try::he5f4452754ed9a34
[INFO] [stderr]                                  at /rustc/202008a1b8de96d2e5b6bc02d379db03a877d34d/library/std/src/panicking.rs:520:19
[INFO] [stderr]     29:     0x5576063db627 - std::panic::catch_unwind::h5db61b3bcbe883e5
[INFO] [stderr]                                  at /rustc/202008a1b8de96d2e5b6bc02d379db03a877d34d/library/std/src/panic.rs:358:14
[INFO] [stderr]     30:     0x5576063db627 - std::rt::lang_start_internal::h81da9b59bab665c6
[INFO] [stderr]                                  at /rustc/202008a1b8de96d2e5b6bc02d379db03a877d34d/library/std/src/rt.rs:174:20
[INFO] [stderr]     31:     0x557606393c07 - std::rt::lang_start::he7519f34d062962d
[INFO] [stderr]     32:     0x557606396265 - main
[INFO] [stderr]     33:     0x77d577a93d90 - <unknown>
[INFO] [stderr]     34:     0x77d577a93e40 - __libc_start_main
[INFO] [stderr]     35:     0x557606393995 - _start
[INFO] [stderr]     36:                0x0 - <unknown>
[INFO] running `Command { std: "docker" "inspect" "2029ab5a59c88141b0b264d5a6e0368597f389b04bd3ecd7c0f8f3d61f8e7aeb", kill_on_drop: false }`
[INFO] running `Command { std: "docker" "rm" "-f" "2029ab5a59c88141b0b264d5a6e0368597f389b04bd3ecd7c0f8f3d61f8e7aeb", kill_on_drop: false }`
[INFO] [stdout] 2029ab5a59c88141b0b264d5a6e0368597f389b04bd3ecd7c0f8f3d61f8e7aeb
