[INFO] fetching crate zmq 0.10.0...
[INFO] testing zmq-0.10.0 against beta-2024-12-08 for beta-1.84.0-4-retry
[INFO] extracting crate zmq 0.10.0 into /workspace/builds/worker-2-tc2/source
[INFO] validating manifest of crates.io crate zmq 0.10.0 on toolchain beta-2024-12-08
[INFO] running `Command { std: CARGO_HOME="/workspace/cargo-home" RUSTUP_HOME="/workspace/rustup-home" "/workspace/cargo-home/bin/cargo" "+beta-2024-12-08" "metadata" "--manifest-path" "Cargo.toml" "--no-deps", kill_on_drop: false }`
[INFO] started tweaking crates.io crate zmq 0.10.0
[INFO] removed 0 missing examples
[INFO] finished tweaking crates.io crate zmq 0.10.0
[INFO] tweaked toml for crates.io crate zmq 0.10.0 written to /workspace/builds/worker-2-tc2/source/Cargo.toml
[INFO] crate crates.io crate zmq 0.10.0 already has a lockfile, it will not be regenerated
[INFO] running `Command { std: CARGO_HOME="/workspace/cargo-home" RUSTUP_HOME="/workspace/rustup-home" "/workspace/cargo-home/bin/cargo" "+beta-2024-12-08" "fetch" "--manifest-path" "Cargo.toml", kill_on_drop: false }`
[INFO] running `Command { std: "docker" "create" "-v" "/var/lib/crater-agent-workspace/builds/worker-2-tc2/target:/opt/rustwide/target:rw,Z" "-v" "/var/lib/crater-agent-workspace/builds/worker-2-tc2/source:/opt/rustwide/workdir:ro,Z" "-v" "/var/lib/crater-agent-workspace/cargo-home:/opt/rustwide/cargo-home:ro,Z" "-v" "/var/lib/crater-agent-workspace/rustup-home:/opt/rustwide/rustup-home:ro,Z" "-e" "SOURCE_DIR=/opt/rustwide/workdir" "-e" "CARGO_TARGET_DIR=/opt/rustwide/target" "-e" "CARGO_HOME=/opt/rustwide/cargo-home" "-e" "RUSTUP_HOME=/opt/rustwide/rustup-home" "-w" "/opt/rustwide/workdir" "-m" "1610612736" "--user" "0:0" "--network" "none" "ghcr.io/rust-lang/crates-build-env/linux@sha256:f3a9d4ad9d972b27faf3965f35b62e55ba32bbce8f20bc8fe909558a86702fde" "/opt/rustwide/cargo-home/bin/cargo" "+beta-2024-12-08" "metadata" "--no-deps" "--format-version=1", kill_on_drop: false }`
[INFO] [stdout] 4442112271ee4a85c04cfe12697682f0a5df6078d5646fd9768ad9087da1bda6
[INFO] running `Command { std: "docker" "start" "-a" "4442112271ee4a85c04cfe12697682f0a5df6078d5646fd9768ad9087da1bda6", kill_on_drop: false }`
[INFO] running `Command { std: "docker" "inspect" "4442112271ee4a85c04cfe12697682f0a5df6078d5646fd9768ad9087da1bda6", kill_on_drop: false }`
[INFO] running `Command { std: "docker" "rm" "-f" "4442112271ee4a85c04cfe12697682f0a5df6078d5646fd9768ad9087da1bda6", kill_on_drop: false }`
[INFO] [stdout] 4442112271ee4a85c04cfe12697682f0a5df6078d5646fd9768ad9087da1bda6
[INFO] running `Command { std: "docker" "create" "-v" "/var/lib/crater-agent-workspace/builds/worker-2-tc2/target:/opt/rustwide/target:rw,Z" "-v" "/var/lib/crater-agent-workspace/builds/worker-2-tc2/source:/opt/rustwide/workdir:ro,Z" "-v" "/var/lib/crater-agent-workspace/cargo-home:/opt/rustwide/cargo-home:ro,Z" "-v" "/var/lib/crater-agent-workspace/rustup-home:/opt/rustwide/rustup-home:ro,Z" "-e" "SOURCE_DIR=/opt/rustwide/workdir" "-e" "CARGO_TARGET_DIR=/opt/rustwide/target" "-e" "CARGO_INCREMENTAL=0" "-e" "RUST_BACKTRACE=full" "-e" "RUSTFLAGS=--cap-lints=warn" "-e" "RUSTDOCFLAGS=--cap-lints=warn" "-e" "CARGO_HOME=/opt/rustwide/cargo-home" "-e" "RUSTUP_HOME=/opt/rustwide/rustup-home" "-w" "/opt/rustwide/workdir" "-m" "1610612736" "--user" "0:0" "--network" "none" "ghcr.io/rust-lang/crates-build-env/linux@sha256:f3a9d4ad9d972b27faf3965f35b62e55ba32bbce8f20bc8fe909558a86702fde" "/opt/rustwide/cargo-home/bin/cargo" "+beta-2024-12-08" "build" "--frozen" "--message-format=json", kill_on_drop: false }`
[INFO] [stdout] 85fffcd62aaaa48a6a732f849ebf0c819735092ed1bf84cf987f31beb6fd0adf
[INFO] running `Command { std: "docker" "start" "-a" "85fffcd62aaaa48a6a732f849ebf0c819735092ed1bf84cf987f31beb6fd0adf", kill_on_drop: false }`
[INFO] [stderr]    Compiling crossbeam-utils v0.8.12
[INFO] [stderr]    Compiling libc v0.2.137
[INFO] [stderr]    Compiling crossbeam-epoch v0.9.11
[INFO] [stderr]    Compiling scopeguard v1.1.0
[INFO] [stderr]    Compiling proc-macro2 v1.0.36
[INFO] [stderr]    Compiling rayon-core v1.9.3
[INFO] [stderr]    Compiling unicode-xid v0.2.2
[INFO] [stderr]    Compiling syn v1.0.86
[INFO] [stderr]    Compiling crossbeam-queue v0.3.6
[INFO] [stderr]    Compiling rayon v1.5.3
[INFO] [stderr]    Compiling serde_derive v1.0.136
[INFO] [stderr]    Compiling log v0.4.14
[INFO] [stderr]    Compiling serde v1.0.136
[INFO] [stderr]    Compiling either v1.8.0
[INFO] [stderr]    Compiling memoffset v0.6.5
[INFO] [stderr]    Compiling walkdir v2.3.2
[INFO] [stderr]    Compiling smallvec v1.10.0
[INFO] [stderr]    Compiling pkg-config v0.3.24
[INFO] [stderr]    Compiling version-compare v0.1.0
[INFO] [stderr]    Compiling heck v0.4.0
[INFO] [stderr]    Compiling cfg-expr v0.11.0
[INFO] [stderr]    Compiling zmq v0.10.0 (/opt/rustwide/workdir)
[INFO] [stderr]    Compiling crossbeam-channel v0.5.6
[INFO] [stderr]    Compiling quote v1.0.15
[INFO] [stderr]    Compiling crossbeam-deque v0.8.2
[INFO] [stderr]    Compiling crossbeam v0.8.2
[INFO] [stderr]    Compiling num_cpus v1.14.0
[INFO] [stderr]    Compiling jobserver v0.1.25
[INFO] [stderr]    Compiling cc v1.0.73
[INFO] [stderr]    Compiling jwalk v0.6.0
[INFO] [stderr]    Compiling dircpy v0.3.13
[INFO] [stderr]    Compiling zeromq-src v0.2.2+4.3.4
[INFO] [stderr]    Compiling toml v0.5.8
[INFO] [stderr]    Compiling system-deps v6.0.3
[INFO] [stderr]    Compiling zmq-sys v0.12.0
[INFO] [stderr]     Finished `dev` profile [unoptimized + debuginfo] target(s) in 18.74s
[INFO] running `Command { std: "docker" "inspect" "85fffcd62aaaa48a6a732f849ebf0c819735092ed1bf84cf987f31beb6fd0adf", kill_on_drop: false }`
[INFO] running `Command { std: "docker" "rm" "-f" "85fffcd62aaaa48a6a732f849ebf0c819735092ed1bf84cf987f31beb6fd0adf", kill_on_drop: false }`
[INFO] [stdout] 85fffcd62aaaa48a6a732f849ebf0c819735092ed1bf84cf987f31beb6fd0adf
[INFO] running `Command { std: "docker" "create" "-v" "/var/lib/crater-agent-workspace/builds/worker-2-tc2/target:/opt/rustwide/target:rw,Z" "-v" "/var/lib/crater-agent-workspace/builds/worker-2-tc2/source:/opt/rustwide/workdir:ro,Z" "-v" "/var/lib/crater-agent-workspace/cargo-home:/opt/rustwide/cargo-home:ro,Z" "-v" "/var/lib/crater-agent-workspace/rustup-home:/opt/rustwide/rustup-home:ro,Z" "-e" "SOURCE_DIR=/opt/rustwide/workdir" "-e" "CARGO_TARGET_DIR=/opt/rustwide/target" "-e" "CARGO_INCREMENTAL=0" "-e" "RUST_BACKTRACE=full" "-e" "RUSTFLAGS=--cap-lints=warn" "-e" "RUSTDOCFLAGS=--cap-lints=warn" "-e" "CARGO_HOME=/opt/rustwide/cargo-home" "-e" "RUSTUP_HOME=/opt/rustwide/rustup-home" "-w" "/opt/rustwide/workdir" "-m" "1610612736" "--user" "0:0" "--network" "none" "ghcr.io/rust-lang/crates-build-env/linux@sha256:f3a9d4ad9d972b27faf3965f35b62e55ba32bbce8f20bc8fe909558a86702fde" "/opt/rustwide/cargo-home/bin/cargo" "+beta-2024-12-08" "test" "--frozen" "--no-run" "--message-format=json", kill_on_drop: false }`
[INFO] [stdout] 3327ae432ba8adf9b3f09701520c434c36ec06cf0670ef91d8027ac44428dafc
[INFO] running `Command { std: "docker" "start" "-a" "3327ae432ba8adf9b3f09701520c434c36ec06cf0670ef91d8027ac44428dafc", kill_on_drop: false }`
[INFO] [stderr]    Compiling log v0.4.14
[INFO] [stderr]    Compiling serde v1.0.136
[INFO] [stderr]    Compiling memchr v2.4.1
[INFO] [stderr]    Compiling crossbeam-utils v0.8.12
[INFO] [stderr]    Compiling getrandom v0.2.8
[INFO] [stderr]    Compiling ppv-lite86 v0.2.16
[INFO] [stderr]    Compiling regex-syntax v0.6.25
[INFO] [stderr]    Compiling serde_json v1.0.79
[INFO] [stderr]    Compiling time v0.1.44
[INFO] [stderr]    Compiling trybuild v1.0.56
[INFO] [stderr]    Compiling ryu v1.0.9
[INFO] [stderr]    Compiling num_threads v0.1.3
[INFO] [stderr]    Compiling itoa v1.0.1
[INFO] [stderr]    Compiling atom v0.3.6
[INFO] [stderr]    Compiling remove_dir_all v0.5.3
[INFO] [stderr]    Compiling once_cell v1.10.0
[INFO] [stderr]    Compiling termcolor v1.1.3
[INFO] [stderr]    Compiling glob v0.3.0
[INFO] [stderr]    Compiling rand_core v0.6.4
[INFO] [stderr]    Compiling time v0.3.7
[INFO] [stderr]    Compiling fastrand v1.7.0
[INFO] [stderr]    Compiling env_logger v0.9.1
[INFO] [stderr]    Compiling nix v0.23.1
[INFO] [stderr]    Compiling pulse v0.5.3
[INFO] [stderr]    Compiling tempfile v3.3.0
[INFO] [stderr]    Compiling crossbeam-epoch v0.9.11
[INFO] [stderr]    Compiling crossbeam-channel v0.5.6
[INFO] [stderr]    Compiling crossbeam-queue v0.3.6
[INFO] [stderr]    Compiling rand_chacha v0.3.1
[INFO] [stderr]    Compiling crossbeam-deque v0.8.2
[INFO] [stderr]    Compiling timebomb v0.1.2
[INFO] [stderr]    Compiling rand v0.8.5
[INFO] [stderr]    Compiling rayon-core v1.9.3
[INFO] [stderr]    Compiling crossbeam v0.8.2
[INFO] [stderr]    Compiling aho-corasick v0.7.18
[INFO] [stderr]    Compiling rayon v1.5.3
[INFO] [stderr]    Compiling regex v1.5.4
[INFO] [stderr]    Compiling env_logger v0.8.4
[INFO] [stderr]    Compiling quickcheck v1.0.3
[INFO] [stderr]    Compiling toml v0.5.8
[INFO] [stderr]    Compiling jwalk v0.6.0
[INFO] [stderr]    Compiling dircpy v0.3.13
[INFO] [stderr]    Compiling zeromq-src v0.2.2+4.3.4
[INFO] [stderr]    Compiling system-deps v6.0.3
[INFO] [stderr]    Compiling zmq-sys v0.12.0
[INFO] [stderr]    Compiling zmq v0.10.0 (/opt/rustwide/workdir)
[INFO] [stdout] warning: struct `Input` is never constructed
[INFO] [stdout]   --> tests/z85.rs:39:8
[INFO] [stdout]    |
[INFO] [stdout] 39 | struct Input(Vec<u8>);
[INFO] [stdout]    |        ^^^^^
[INFO] [stdout]    |
[INFO] [stdout]    = note: `#[warn(dead_code)]` on by default
[INFO] [stdout] 
[INFO] [stdout] 
[INFO] [stdout] warning: unexpected `cfg` condition value: `compiletest_rs`
[INFO] [stdout]    --> tests/test.rs:589:7
[INFO] [stdout]     |
[INFO] [stdout] 589 | #[cfg(feature = "compiletest_rs")]
[INFO] [stdout]     |       ^^^^^^^^^^^^^^^^^^^^^^^^^^
[INFO] [stdout]     |
[INFO] [stdout]     = note: expected values for `feature` are: `default` and `zmq_has`
[INFO] [stdout]     = help: consider adding `compiletest_rs` as a feature in `Cargo.toml`
[INFO] [stdout]     = note: see <https://doc.rust-lang.org/nightly/rustc/check-cfg/cargo-specifics.html> for more information about checking conditional configuration
[INFO] [stdout]     = note: `#[warn(unexpected_cfgs)]` on by default
[INFO] [stdout] 
[INFO] [stdout] 
[INFO] [stderr]     Finished `test` profile [unoptimized + debuginfo] target(s) in 21.08s
[INFO] running `Command { std: "docker" "inspect" "3327ae432ba8adf9b3f09701520c434c36ec06cf0670ef91d8027ac44428dafc", kill_on_drop: false }`
[INFO] running `Command { std: "docker" "rm" "-f" "3327ae432ba8adf9b3f09701520c434c36ec06cf0670ef91d8027ac44428dafc", kill_on_drop: false }`
[INFO] [stdout] 3327ae432ba8adf9b3f09701520c434c36ec06cf0670ef91d8027ac44428dafc
[INFO] running `Command { std: "docker" "create" "-v" "/var/lib/crater-agent-workspace/builds/worker-2-tc2/target:/opt/rustwide/target:rw,Z" "-v" "/var/lib/crater-agent-workspace/builds/worker-2-tc2/source:/opt/rustwide/workdir:ro,Z" "-v" "/var/lib/crater-agent-workspace/cargo-home:/opt/rustwide/cargo-home:ro,Z" "-v" "/var/lib/crater-agent-workspace/rustup-home:/opt/rustwide/rustup-home:ro,Z" "-e" "SOURCE_DIR=/opt/rustwide/workdir" "-e" "CARGO_TARGET_DIR=/opt/rustwide/target" "-e" "CARGO_INCREMENTAL=0" "-e" "RUST_BACKTRACE=full" "-e" "RUSTFLAGS=--cap-lints=warn" "-e" "RUSTDOCFLAGS=--cap-lints=warn" "-e" "CARGO_HOME=/opt/rustwide/cargo-home" "-e" "RUSTUP_HOME=/opt/rustwide/rustup-home" "-w" "/opt/rustwide/workdir" "-m" "1610612736" "--user" "0:0" "--network" "none" "ghcr.io/rust-lang/crates-build-env/linux@sha256:f3a9d4ad9d972b27faf3965f35b62e55ba32bbce8f20bc8fe909558a86702fde" "/opt/rustwide/cargo-home/bin/cargo" "+beta-2024-12-08" "test" "--frozen", kill_on_drop: false }`
[INFO] [stdout] 6b383ddb6735b4582dca9e35db5c12af9ded04f9dda36facb6cf6a6b1619cdd9
[INFO] running `Command { std: "docker" "start" "-a" "6b383ddb6735b4582dca9e35db5c12af9ded04f9dda36facb6cf6a6b1619cdd9", kill_on_drop: false }`
[INFO] [stderr] warning: struct `Input` is never constructed
[INFO] [stderr]   --> tests/z85.rs:39:8
[INFO] [stderr]    |
[INFO] [stderr] 39 | struct Input(Vec<u8>);
[INFO] [stderr]    |        ^^^^^
[INFO] [stderr]    |
[INFO] [stderr]    = note: `#[warn(dead_code)]` on by default
[INFO] [stderr] 
[INFO] [stderr] warning: unexpected `cfg` condition value: `compiletest_rs`
[INFO] [stderr]    --> tests/test.rs:589:7
[INFO] [stderr]     |
[INFO] [stderr] 589 | #[cfg(feature = "compiletest_rs")]
[INFO] [stderr]     |       ^^^^^^^^^^^^^^^^^^^^^^^^^^
[INFO] [stderr]     |
[INFO] [stderr]     = note: expected values for `feature` are: `default` and `zmq_has`
[INFO] [stderr]     = help: consider adding `compiletest_rs` as a feature in `Cargo.toml`
[INFO] [stderr]     = note: see <https://doc.rust-lang.org/nightly/rustc/check-cfg/cargo-specifics.html> for more information about checking conditional configuration
[INFO] [stderr]     = note: `#[warn(unexpected_cfgs)]` on by default
[INFO] [stderr] 
[INFO] [stderr] warning: `zmq` (test "z85") generated 1 warning
[INFO] [stderr] warning: `zmq` (test "test") generated 1 warning
[INFO] [stderr]     Finished `test` profile [unoptimized + debuginfo] target(s) in 0.16s
[INFO] [stderr]      Running unittests src/lib.rs (/opt/rustwide/target/debug/deps/zmq-c08ca3ea96c1f398)
[INFO] [stdout] 
[INFO] [stdout] running 0 tests
[INFO] [stdout] 
[INFO] [stdout] test result: ok. 0 passed; 0 failed; 0 ignored; 0 measured; 0 filtered out; finished in 0.00s
[INFO] [stdout] 
[INFO] [stderr]      Running tests/compile-tests.rs (/opt/rustwide/target/debug/deps/compile_tests-bdd64b41b9c76325)
[INFO] [stdout] 
[INFO] [stdout] running 1 test
[INFO] [stderr] warning: `/opt/rustwide/target/tests/zmq/.cargo/config` is deprecated in favor of `config.toml`
[INFO] [stderr] note: if you need to support cargo 1.38 or earlier, you can symlink `config` to `config.toml`
[INFO] [stderr]    Compiling libc v0.2.137
[INFO] [stderr]    Compiling autocfg v1.1.0
[INFO] [stderr]    Compiling cfg-if v1.0.0
[INFO] [stderr]    Compiling crossbeam-utils v0.8.12
[INFO] [stderr]    Compiling log v0.4.14
[INFO] [stderr]    Compiling scopeguard v1.1.0
[INFO] [stderr]    Compiling rayon-core v1.9.3
[INFO] [stderr]    Compiling crossbeam-queue v0.3.6
[INFO] [stderr]    Compiling serde v1.0.136
[INFO] [stderr]    Compiling either v1.8.0
[INFO] [stderr]    Compiling same-file v1.0.6
[INFO] [stderr]    Compiling smallvec v1.10.0
[INFO] [stderr]    Compiling memchr v2.4.1
[INFO] [stderr]    Compiling pkg-config v0.3.24
[INFO] [stderr]    Compiling heck v0.4.0
[INFO] [stderr]    Compiling version-compare v0.1.0
[INFO] [stderr]     Checking regex-syntax v0.6.25
[INFO] [stderr]     Checking ppv-lite86 v0.2.16
[INFO] [stderr]    Compiling walkdir v2.3.2
[INFO] [stderr]    Compiling zmq v0.10.0 (/opt/rustwide/workdir)
[INFO] [stderr]    Compiling cfg-expr v0.11.0
[INFO] [stderr]     Checking bitflags v1.3.2
[INFO] [stderr]     Checking atom v0.3.6
[INFO] [stderr]     Checking num_threads v0.1.3
[INFO] [stderr]     Checking remove_dir_all v0.5.3
[INFO] [stderr]     Checking fastrand v1.7.0
[INFO] [stderr]     Checking env_logger v0.9.1
[INFO] [stderr]    Compiling memoffset v0.6.5
[INFO] [stderr]    Compiling crossbeam-epoch v0.9.11
[INFO] [stderr]    Compiling rayon v1.5.3
[INFO] [stderr]    Compiling crossbeam-channel v0.5.6
[INFO] [stderr]     Checking aho-corasick v0.7.18
[INFO] [stderr]    Compiling crossbeam-deque v0.8.2
[INFO] [stderr]    Compiling crossbeam v0.8.2
[INFO] [stderr]     Checking regex v1.5.4
[INFO] [stderr]     Checking getrandom v0.2.8
[INFO] [stderr]     Checking time v0.1.44
[INFO] [stderr]     Checking time v0.3.7
[INFO] [stderr]     Checking nix v0.23.1
[INFO] [stderr]     Checking tempfile v3.3.0
[INFO] [stderr]    Compiling num_cpus v1.14.0
[INFO] [stderr]    Compiling jobserver v0.1.25
[INFO] [stderr]     Checking rand_core v0.6.4
[INFO] [stderr]    Compiling cc v1.0.73
[INFO] [stderr]     Checking pulse v0.5.3
[INFO] [stderr]     Checking rand_chacha v0.3.1
[INFO] [stderr]     Checking timebomb v0.1.2
[INFO] [stderr]     Checking rand v0.8.5
[INFO] [stderr]     Checking env_logger v0.8.4
[INFO] [stderr]     Checking quickcheck v1.0.3
[INFO] [stderr]    Compiling toml v0.5.8
[INFO] [stderr]    Compiling system-deps v6.0.3
[INFO] [stderr]    Compiling jwalk v0.6.0
[INFO] [stderr]    Compiling dircpy v0.3.13
[INFO] [stderr]    Compiling zeromq-src v0.2.2+4.3.4
[INFO] [stderr]    Compiling zmq-sys v0.12.0
[INFO] [stderr]     Checking zmq-tests v0.0.0 (/opt/rustwide/target/tests/zmq)
[INFO] [stderr]     Finished `dev` profile [unoptimized + debuginfo] target(s) in 11.42s
[INFO] [stderr] 
[INFO] [stderr] 
[INFO] [stderr] test tests/compile-fail/no-leaking-poll-items.rs ... mismatch
[INFO] [stderr] 
[INFO] [stderr] EXPECTED:
[INFO] [stderr] ┈┈┈┈┈┈┈┈┈┈┈┈┈┈┈┈┈┈┈┈┈┈┈┈┈┈┈┈┈┈┈┈┈┈┈┈┈┈┈┈┈┈┈┈┈┈┈┈┈┈┈┈┈┈┈┈┈┈┈┈
[INFO] [stderr] error[E0597]: `socket` does not live long enough
[INFO] [stderr]  --> tests/compile-fail/no-leaking-poll-items.rs:5:9
[INFO] [stderr]   |
[INFO] [stderr] 3 |     let _poll_item = {
[INFO] [stderr]   |         ---------- borrow later stored here
[INFO] [stderr] 4 |         let socket = context.socket(zmq::PAIR).unwrap();
[INFO] [stderr] 5 |         socket.as_poll_item(zmq::POLLIN)
[INFO] [stderr]   |         ^^^^^^^^^^^^^^^^^^^^^^^^^^^^^^^^ borrowed value does not live long enough
[INFO] [stderr] 6 |     }; //~^ ERROR `socket` does not live long enough [E0597]
[INFO] [stderr]   |     - `socket` dropped here while still borrowed
[INFO] [stderr] ┈┈┈┈┈┈┈┈┈┈┈┈┈┈┈┈┈┈┈┈┈┈┈┈┈┈┈┈┈┈┈┈┈┈┈┈┈┈┈┈┈┈┈┈┈┈┈┈┈┈┈┈┈┈┈┈┈┈┈┈
[INFO] [stderr] 
[INFO] [stderr] ACTUAL OUTPUT:
[INFO] [stderr] ┈┈┈┈┈┈┈┈┈┈┈┈┈┈┈┈┈┈┈┈┈┈┈┈┈┈┈┈┈┈┈┈┈┈┈┈┈┈┈┈┈┈┈┈┈┈┈┈┈┈┈┈┈┈┈┈┈┈┈┈
[INFO] [stderr] warning: `/opt/rustwide/target/tests/zmq/.cargo/config` is deprecated in favor of `config.toml`
[INFO] [stderr] note: if you need to support cargo 1.38 or earlier, you can symlink `config` to `config.toml`
[INFO] [stderr] error[E0597]: `socket` does not live long enough
[INFO] [stderr]  --> tests/compile-fail/no-leaking-poll-items.rs:5:9
[INFO] [stderr]   |
[INFO] [stderr] 3 |     let _poll_item = {
[INFO] [stderr]   |         ---------- borrow later stored here
[INFO] [stderr] 4 |         let socket = context.socket(zmq::PAIR).unwrap();
[INFO] [stderr]   |             ------ binding `socket` declared here
[INFO] [stderr] 5 |         socket.as_poll_item(zmq::POLLIN)
[INFO] [stderr]   |         ^^^^^^ borrowed value does not live long enough
[INFO] [stderr] 6 |     }; //~^ ERROR `socket` does not live long enough [E0597]
[INFO] [stderr]   |     - `socket` dropped here while still borrowed
[INFO] [stderr] ┈┈┈┈┈┈┈┈┈┈┈┈┈┈┈┈┈┈┈┈┈┈┈┈┈┈┈┈┈┈┈┈┈┈┈┈┈┈┈┈┈┈┈┈┈┈┈┈┈┈┈┈┈┈┈┈┈┈┈┈
[INFO] [stderr] note: If the actual output is the correct output you can bless it by rerunning
[INFO] [stderr]       your test with the environment variable TRYBUILD=overwrite
[INFO] [stderr] 
[INFO] [stderr] test tests/compile-fail/socket-thread-unsafe.rs ... mismatch
[INFO] [stderr] 
[INFO] [stderr] EXPECTED:
[INFO] [stderr] ┈┈┈┈┈┈┈┈┈┈┈┈┈┈┈┈┈┈┈┈┈┈┈┈┈┈┈┈┈┈┈┈┈┈┈┈┈┈┈┈┈┈┈┈┈┈┈┈┈┈┈┈┈┈┈┈┈┈┈┈
[INFO] [stderr] error[E0277]: `*mut c_void` cannot be shared between threads safely
[INFO] [stderr]   --> tests/compile-fail/socket-thread-unsafe.rs:13:13
[INFO] [stderr]    |
[INFO] [stderr] 13 |     let t = thread::spawn(move || {
[INFO] [stderr]    |             ^^^^^^^^^^^^^ `*mut c_void` cannot be shared between threads safely
[INFO] [stderr]    |
[INFO] [stderr]    = help: within `Socket`, the trait `Sync` is not implemented for `*mut c_void`
[INFO] [stderr]    = note: required because it appears within the type `Socket`
[INFO] [stderr]    = note: required because of the requirements on the impl of `Send` for `&Socket`
[INFO] [stderr] note: required because it's used within this closure
[INFO] [stderr]   --> tests/compile-fail/socket-thread-unsafe.rs:13:27
[INFO] [stderr]    |
[INFO] [stderr] 13 |       let t = thread::spawn(move || {
[INFO] [stderr]    |  ___________________________^
[INFO] [stderr] 14 | |         t!(s.bind("tcp://127.0.0.1:12345"))
[INFO] [stderr] 15 | |     });
[INFO] [stderr]    | |_____^
[INFO] [stderr] note: required by a bound in `spawn`
[INFO] [stderr] ┈┈┈┈┈┈┈┈┈┈┈┈┈┈┈┈┈┈┈┈┈┈┈┈┈┈┈┈┈┈┈┈┈┈┈┈┈┈┈┈┈┈┈┈┈┈┈┈┈┈┈┈┈┈┈┈┈┈┈┈
[INFO] [stderr] 
[INFO] [stderr] ACTUAL OUTPUT:
[INFO] [stderr] ┈┈┈┈┈┈┈┈┈┈┈┈┈┈┈┈┈┈┈┈┈┈┈┈┈┈┈┈┈┈┈┈┈┈┈┈┈┈┈┈┈┈┈┈┈┈┈┈┈┈┈┈┈┈┈┈┈┈┈┈
[INFO] [stderr] warning: `/opt/rustwide/target/tests/zmq/.cargo/config` is deprecated in favor of `config.toml`
[INFO] [stderr] note: if you need to support cargo 1.38 or earlier, you can symlink `config` to `config.toml`
[INFO] [stderr] error[E0277]: `*mut c_void` cannot be shared between threads safely
[INFO] [stderr]    --> tests/compile-fail/socket-thread-unsafe.rs:13:27
[INFO] [stderr]     |
[INFO] [stderr] 13  |       let t = thread::spawn(move || {
[INFO] [stderr]     |  _____________-------------_^
[INFO] [stderr]     | |             |
[INFO] [stderr]     | |             required by a bound introduced by this call
[INFO] [stderr] 14  | |         t!(s.bind("tcp://127.0.0.1:12345"))
[INFO] [stderr] 15  | |     });
[INFO] [stderr]     | |_____^ `*mut c_void` cannot be shared between threads safely
[INFO] [stderr]     |
[INFO] [stderr]     = help: within `Socket`, the trait `Sync` is not implemented for `*mut c_void`
[INFO] [stderr] note: required because it appears within the type `Socket`
[INFO] [stderr]    --> src/lib.rs
[INFO] [stderr]     |
[INFO] [stderr]     | pub struct Socket {
[INFO] [stderr]     |            ^^^^^^
[INFO] [stderr]     = note: required for `&Socket` to implement `Send`
[INFO] [stderr] note: required because it's used within this closure
[INFO] [stderr]    --> tests/compile-fail/socket-thread-unsafe.rs:13:27
[INFO] [stderr]     |
[INFO] [stderr] 13  |     let t = thread::spawn(move || {
[INFO] [stderr]     |                           ^^^^^^^
[INFO] [stderr] note: required by a bound in `spawn`
[INFO] [stderr]    --> /rustc/202008a1b8de96d2e5b6bc02d379db03a877d34d/library/std/src/thread/mod.rs:724:1
[INFO] [stderr] ┈┈┈┈┈┈┈┈┈┈┈┈┈┈┈┈┈┈┈┈┈┈┈┈┈┈┈┈┈┈┈┈┈┈┈┈┈┈┈┈┈┈┈┈┈┈┈┈┈┈┈┈┈┈┈┈┈┈┈┈
[INFO] [stderr] note: If the actual output is the correct output you can bless it by rerunning
[INFO] [stderr]       your test with the environment variable TRYBUILD=overwrite
[INFO] [stderr] 
[INFO] [stderr] 
[INFO] [stderr] 
[INFO] [stdout] test compile_fail ... FAILED
[INFO] [stdout] 
[INFO] [stdout] failures:
[INFO] [stdout] 
[INFO] [stdout] ---- compile_fail stdout ----
[INFO] [stdout] thread 'compile_fail' panicked at /opt/rustwide/cargo-home/registry/src/index.crates.io-6f17d22bba15001f/trybuild-1.0.56/src/run.rs:74:13:
[INFO] [stdout] 2 of 2 tests failed
[INFO] [stdout] stack backtrace:
[INFO] [stdout]    0:     0x5b3b89f099ba - std::backtrace_rs::backtrace::libunwind::trace::h8810477743020387
[INFO] [stdout]                                at /rustc/202008a1b8de96d2e5b6bc02d379db03a877d34d/library/std/src/../../backtrace/src/backtrace/libunwind.rs:116:5
[INFO] [stdout]    1:     0x5b3b89f099ba - std::backtrace_rs::backtrace::trace_unsynchronized::h3aa55355dd6c54a6
[INFO] [stdout]                                at /rustc/202008a1b8de96d2e5b6bc02d379db03a877d34d/library/std/src/../../backtrace/src/backtrace/mod.rs:66:5
[INFO] [stdout]    2:     0x5b3b89f099ba - std::sys::backtrace::_print_fmt::h8588b0f62410823f
[INFO] [stdout]                                at /rustc/202008a1b8de96d2e5b6bc02d379db03a877d34d/library/std/src/sys/backtrace.rs:66:9
[INFO] [stdout]    3:     0x5b3b89f099ba - <std::sys::backtrace::BacktraceLock::print::DisplayBacktrace as core::fmt::Display>::fmt::h98c26ac25ffe89bb
[INFO] [stdout]                                at /rustc/202008a1b8de96d2e5b6bc02d379db03a877d34d/library/std/src/sys/backtrace.rs:39:26
[INFO] [stdout]    4:     0x5b3b89f31f33 - core::fmt::rt::Argument::fmt::hf95377f4aebd453b
[INFO] [stdout]                                at /rustc/202008a1b8de96d2e5b6bc02d379db03a877d34d/library/core/src/fmt/rt.rs:177:76
[INFO] [stdout]    5:     0x5b3b89f31f33 - core::fmt::write::h0dd5f6e2238c7982
[INFO] [stdout]                                at /rustc/202008a1b8de96d2e5b6bc02d379db03a877d34d/library/core/src/fmt/mod.rs:1189:21
[INFO] [stdout]    6:     0x5b3b89f06063 - std::io::Write::write_fmt::h03bb0ca26e6faf8c
[INFO] [stdout]                                at /rustc/202008a1b8de96d2e5b6bc02d379db03a877d34d/library/std/src/io/mod.rs:1884:15
[INFO] [stdout]    7:     0x5b3b89f09802 - std::sys::backtrace::BacktraceLock::print::h5c19c1c038ee186d
[INFO] [stdout]                                at /rustc/202008a1b8de96d2e5b6bc02d379db03a877d34d/library/std/src/sys/backtrace.rs:42:9
[INFO] [stdout]    8:     0x5b3b89f0ae3d - std::panicking::default_hook::{{closure}}::h77172f079a1fcb13
[INFO] [stdout]                                at /rustc/202008a1b8de96d2e5b6bc02d379db03a877d34d/library/std/src/panicking.rs:268:22
[INFO] [stdout]    9:     0x5b3b89f0ac47 - std::panicking::default_hook::he5f8e3b203ccddba
[INFO] [stdout]                                at /rustc/202008a1b8de96d2e5b6bc02d379db03a877d34d/library/std/src/panicking.rs:292:9
[INFO] [stdout]   10:     0x5b3b89ed2407 - <alloc::boxed::Box<F,A> as core::ops::function::Fn<Args>>::call::h7a3c7b4a1ae77f2f
[INFO] [stdout]                                at /rustc/202008a1b8de96d2e5b6bc02d379db03a877d34d/library/alloc/src/boxed.rs:1986:9
[INFO] [stdout]   11:     0x5b3b89ed2407 - test::test_main::{{closure}}::hf0d3b69ae9b353d1
[INFO] [stdout]                                at /rustc/202008a1b8de96d2e5b6bc02d379db03a877d34d/library/test/src/lib.rs:134:21
[INFO] [stdout]   12:     0x5b3b89f0b4e8 - <alloc::boxed::Box<F,A> as core::ops::function::Fn<Args>>::call::h6332e82e7b189abd
[INFO] [stdout]                                at /rustc/202008a1b8de96d2e5b6bc02d379db03a877d34d/library/alloc/src/boxed.rs:1986:9
[INFO] [stdout]   13:     0x5b3b89f0b4e8 - std::panicking::rust_panic_with_hook::h53863d4e9018df39
[INFO] [stdout]                                at /rustc/202008a1b8de96d2e5b6bc02d379db03a877d34d/library/std/src/panicking.rs:809:13
[INFO] [stdout]   14:     0x5b3b89f0b2aa - std::panicking::begin_panic_handler::{{closure}}::h67280e6fa0757873
[INFO] [stdout]                                at /rustc/202008a1b8de96d2e5b6bc02d379db03a877d34d/library/std/src/panicking.rs:674:13
[INFO] [stdout]   15:     0x5b3b89f09e99 - std::sys::backtrace::__rust_end_short_backtrace::h1dac3f54d6fbbeb2
[INFO] [stdout]                                at /rustc/202008a1b8de96d2e5b6bc02d379db03a877d34d/library/std/src/sys/backtrace.rs:170:18
[INFO] [stdout]   16:     0x5b3b89f0af3c - rust_begin_unwind
[INFO] [stdout]                                at /rustc/202008a1b8de96d2e5b6bc02d379db03a877d34d/library/std/src/panicking.rs:665:5
[INFO] [stdout]   17:     0x5b3b89ce0cf0 - core::panicking::panic_fmt::h6792bd1b2bf01041
[INFO] [stdout]                                at /rustc/202008a1b8de96d2e5b6bc02d379db03a877d34d/library/core/src/panicking.rs:76:14
[INFO] [stdout]   18:     0x5b3b89cef1c1 - trybuild::run::<impl trybuild::Runner>::run::ha63a9f3e1cdf3ab2
[INFO] [stdout]                                at /opt/rustwide/cargo-home/registry/src/index.crates.io-6f17d22bba15001f/trybuild-1.0.56/src/run.rs:74:13
[INFO] [stdout]   19:     0x5b3b89cf5148 - <trybuild::TestCases as core::ops::drop::Drop>::drop::he10df5d951ca933e
[INFO] [stdout]                                at /opt/rustwide/cargo-home/registry/src/index.crates.io-6f17d22bba15001f/trybuild-1.0.56/src/lib.rs:308:13
[INFO] [stdout]   20:     0x5b3b89ce1717 - core::ptr::drop_in_place<trybuild::TestCases>::h5520deb06c6c9a67
[INFO] [stdout]                                at /rustc/202008a1b8de96d2e5b6bc02d379db03a877d34d/library/core/src/ptr/mod.rs:521:1
[INFO] [stdout]   21:     0x5b3b89ce1e63 - compile_tests::compile_fail::h204e05170f2f9a6f
[INFO] [stdout]                                at /opt/rustwide/workdir/tests/compile-tests.rs:5:1
[INFO] [stdout]   22:     0x5b3b89ce1df7 - compile_tests::compile_fail::{{closure}}::h56d262649f1bcb79
[INFO] [stdout]                                at /opt/rustwide/workdir/tests/compile-tests.rs:2:18
[INFO] [stdout]   23:     0x5b3b89ce16b6 - core::ops::function::FnOnce::call_once::h382d933f6dc44b41
[INFO] [stdout]                                at /rustc/202008a1b8de96d2e5b6bc02d379db03a877d34d/library/core/src/ops/function.rs:250:5
[INFO] [stdout]   24:     0x5b3b89ed6f2b - core::ops::function::FnOnce::call_once::h871bf86719ec9aa4
[INFO] [stdout]                                at /rustc/202008a1b8de96d2e5b6bc02d379db03a877d34d/library/core/src/ops/function.rs:250:5
[INFO] [stdout]   25:     0x5b3b89ed6f2b - test::__rust_begin_short_backtrace::h2167df1e2b7d76fd
[INFO] [stdout]                                at /rustc/202008a1b8de96d2e5b6bc02d379db03a877d34d/library/test/src/lib.rs:632:18
[INFO] [stdout]   26:     0x5b3b89ed6918 - test::run_test_in_process::{{closure}}::h15d92f75a3adfb79
[INFO] [stdout]                                at /rustc/202008a1b8de96d2e5b6bc02d379db03a877d34d/library/test/src/lib.rs:655:60
[INFO] [stdout]   27:     0x5b3b89ed6918 - <core::panic::unwind_safe::AssertUnwindSafe<F> as core::ops::function::FnOnce<()>>::call_once::hb6c8955835a8dbbb
[INFO] [stdout]                                at /rustc/202008a1b8de96d2e5b6bc02d379db03a877d34d/library/core/src/panic/unwind_safe.rs:272:9
[INFO] [stdout]   28:     0x5b3b89ed6918 - std::panicking::try::do_call::hc79d0fc888a0bd30
[INFO] [stdout]                                at /rustc/202008a1b8de96d2e5b6bc02d379db03a877d34d/library/std/src/panicking.rs:557:40
[INFO] [stdout]   29:     0x5b3b89ed6918 - std::panicking::try::hb8a7878e3a8589d6
[INFO] [stdout]                                at /rustc/202008a1b8de96d2e5b6bc02d379db03a877d34d/library/std/src/panicking.rs:520:19
[INFO] [stdout]   30:     0x5b3b89ed6918 - std::panic::catch_unwind::hb8e4600ff0ff5cfa
[INFO] [stdout]                                at /rustc/202008a1b8de96d2e5b6bc02d379db03a877d34d/library/std/src/panic.rs:358:14
[INFO] [stdout]   31:     0x5b3b89ed6918 - test::run_test_in_process::hc2900b0b18688dd6
[INFO] [stdout]                                at /rustc/202008a1b8de96d2e5b6bc02d379db03a877d34d/library/test/src/lib.rs:655:27
[INFO] [stdout]   32:     0x5b3b89ed6918 - test::run_test::{{closure}}::hac2a9cb07be3d48d
[INFO] [stdout]                                at /rustc/202008a1b8de96d2e5b6bc02d379db03a877d34d/library/test/src/lib.rs:576:43
[INFO] [stdout]   33:     0x5b3b89e9a3ba - test::run_test::{{closure}}::h4a5b729e66a38cd8
[INFO] [stdout]                                at /rustc/202008a1b8de96d2e5b6bc02d379db03a877d34d/library/test/src/lib.rs:606:41
[INFO] [stdout]   34:     0x5b3b89e9a3ba - std::sys::backtrace::__rust_begin_short_backtrace::h0496fb742492f573
[INFO] [stdout]                                at /rustc/202008a1b8de96d2e5b6bc02d379db03a877d34d/library/std/src/sys/backtrace.rs:154:18
[INFO] [stdout]   35:     0x5b3b89e9dd34 - std::thread::Builder::spawn_unchecked_::{{closure}}::{{closure}}::hbb6d257c550a54bd
[INFO] [stdout]                                at /rustc/202008a1b8de96d2e5b6bc02d379db03a877d34d/library/std/src/thread/mod.rs:561:17
[INFO] [stdout]   36:     0x5b3b89e9dd34 - <core::panic::unwind_safe::AssertUnwindSafe<F> as core::ops::function::FnOnce<()>>::call_once::h46696fe4a6832328
[INFO] [stdout]                                at /rustc/202008a1b8de96d2e5b6bc02d379db03a877d34d/library/core/src/panic/unwind_safe.rs:272:9
[INFO] [stdout]   37:     0x5b3b89e9dd34 - std::panicking::try::do_call::h2625a51b667bfb64
[INFO] [stdout]                                at /rustc/202008a1b8de96d2e5b6bc02d379db03a877d34d/library/std/src/panicking.rs:557:40
[INFO] [stdout]   38:     0x5b3b89e9dd34 - std::panicking::try::hb956a59a1973aa4c
[INFO] [stdout]                                at /rustc/202008a1b8de96d2e5b6bc02d379db03a877d34d/library/std/src/panicking.rs:520:19
[INFO] [stdout]   39:     0x5b3b89e9dd34 - std::panic::catch_unwind::h64f3b9d1067ef6a0
[INFO] [stdout]                                at /rustc/202008a1b8de96d2e5b6bc02d379db03a877d34d/library/std/src/panic.rs:358:14
[INFO] [stdout]   40:     0x5b3b89e9dd34 - std::thread::Builder::spawn_unchecked_::{{closure}}::h42b2841295b6c0b2
[INFO] [stdout]                                at /rustc/202008a1b8de96d2e5b6bc02d379db03a877d34d/library/std/src/thread/mod.rs:559:30
[INFO] [stdout]   41:     0x5b3b89e9dd34 - core::ops::function::FnOnce::call_once{{vtable.shim}}::h6127de71b8124639
[INFO] [stdout]                                at /rustc/202008a1b8de96d2e5b6bc02d379db03a877d34d/library/core/src/ops/function.rs:250:5
[INFO] [stdout]   42:     0x5b3b89f103fb - <alloc::boxed::Box<F,A> as core::ops::function::FnOnce<Args>>::call_once::h42f0ba71002a1b2c
[INFO] [stdout]                                at /rustc/202008a1b8de96d2e5b6bc02d379db03a877d34d/library/alloc/src/boxed.rs:1972:9
[INFO] [stdout]   43:     0x5b3b89f103fb - <alloc::boxed::Box<F,A> as core::ops::function::FnOnce<Args>>::call_once::had9e47d7a3dcecb8
[INFO] [stdout]                                at /rustc/202008a1b8de96d2e5b6bc02d379db03a877d34d/library/alloc/src/boxed.rs:1972:9
[INFO] [stdout]   44:     0x5b3b89f103fb - std::sys::pal::unix::thread::Thread::new::thread_start::h48cf765408f6f5f2
[INFO] [stdout]                                at /rustc/202008a1b8de96d2e5b6bc02d379db03a877d34d/library/std/src/sys/pal/unix/thread.rs:105:17
[INFO] [stdout]   45:     0x70b40a25fac3 - <unknown>
[INFO] [stdout]   46:     0x70b40a2f0a04 - clone
[INFO] [stdout]   47:                0x0 - <unknown>
[INFO] [stdout] 
[INFO] [stdout] 
[INFO] [stdout] failures:
[INFO] [stdout]     compile_fail
[INFO] [stdout] 
[INFO] [stdout] test result: FAILED. 0 passed; 1 failed; 0 ignored; 0 measured; 0 filtered out; finished in 11.69s
[INFO] [stdout] 
[INFO] [stderr] error: test failed, to rerun pass `--test compile-tests`
[INFO] running `Command { std: "docker" "inspect" "6b383ddb6735b4582dca9e35db5c12af9ded04f9dda36facb6cf6a6b1619cdd9", kill_on_drop: false }`
[INFO] running `Command { std: "docker" "rm" "-f" "6b383ddb6735b4582dca9e35db5c12af9ded04f9dda36facb6cf6a6b1619cdd9", kill_on_drop: false }`
[INFO] [stdout] 6b383ddb6735b4582dca9e35db5c12af9ded04f9dda36facb6cf6a6b1619cdd9
