[INFO] fetching crate wixet-bootstrap 1.0.1...
[INFO] testing wixet-bootstrap-1.0.1 against beta-2024-12-08 for beta-1.84.0-4-retry
[INFO] extracting crate wixet-bootstrap 1.0.1 into /workspace/builds/worker-3-tc2/source
[INFO] validating manifest of crates.io crate wixet-bootstrap 1.0.1 on toolchain beta-2024-12-08
[INFO] running `Command { std: CARGO_HOME="/workspace/cargo-home" RUSTUP_HOME="/workspace/rustup-home" "/workspace/cargo-home/bin/cargo" "+beta-2024-12-08" "metadata" "--manifest-path" "Cargo.toml" "--no-deps", kill_on_drop: false }`
[INFO] started tweaking crates.io crate wixet-bootstrap 1.0.1
[INFO] finished tweaking crates.io crate wixet-bootstrap 1.0.1
[INFO] tweaked toml for crates.io crate wixet-bootstrap 1.0.1 written to /workspace/builds/worker-3-tc2/source/Cargo.toml
[INFO] running `Command { std: CARGO_HOME="/workspace/cargo-home" RUSTUP_HOME="/workspace/rustup-home" "/workspace/cargo-home/bin/cargo" "+beta-2024-12-08" "generate-lockfile" "--manifest-path" "Cargo.toml", kill_on_drop: false }`
[INFO] [stderr]     Updating crates.io index
[INFO] [stderr]      Locking 74 packages to latest compatible versions
[INFO] [stderr]       Adding fern v0.6.2 (available: v0.7.0)
[INFO] [stderr]       Adding flume v0.10.14 (available: v0.11.1)
[INFO] running `Command { std: CARGO_HOME="/workspace/cargo-home" RUSTUP_HOME="/workspace/rustup-home" "/workspace/cargo-home/bin/cargo" "+beta-2024-12-08" "fetch" "--manifest-path" "Cargo.toml", kill_on_drop: false }`
[INFO] running `Command { std: "docker" "create" "-v" "/var/lib/crater-agent-workspace/builds/worker-3-tc2/target:/opt/rustwide/target:rw,Z" "-v" "/var/lib/crater-agent-workspace/builds/worker-3-tc2/source:/opt/rustwide/workdir:ro,Z" "-v" "/var/lib/crater-agent-workspace/cargo-home:/opt/rustwide/cargo-home:ro,Z" "-v" "/var/lib/crater-agent-workspace/rustup-home:/opt/rustwide/rustup-home:ro,Z" "-e" "SOURCE_DIR=/opt/rustwide/workdir" "-e" "CARGO_TARGET_DIR=/opt/rustwide/target" "-e" "CARGO_HOME=/opt/rustwide/cargo-home" "-e" "RUSTUP_HOME=/opt/rustwide/rustup-home" "-w" "/opt/rustwide/workdir" "-m" "1610612736" "--user" "0:0" "--network" "none" "ghcr.io/rust-lang/crates-build-env/linux@sha256:f3a9d4ad9d972b27faf3965f35b62e55ba32bbce8f20bc8fe909558a86702fde" "/opt/rustwide/cargo-home/bin/cargo" "+beta-2024-12-08" "metadata" "--no-deps" "--format-version=1", kill_on_drop: false }`
[INFO] [stdout] abe95ecb4ebc7a76b77a1aae7386ad7ac93d6b011bcc8b0ba2cedd7b3b22ed3e
[INFO] running `Command { std: "docker" "start" "-a" "abe95ecb4ebc7a76b77a1aae7386ad7ac93d6b011bcc8b0ba2cedd7b3b22ed3e", kill_on_drop: false }`
[INFO] running `Command { std: "docker" "inspect" "abe95ecb4ebc7a76b77a1aae7386ad7ac93d6b011bcc8b0ba2cedd7b3b22ed3e", kill_on_drop: false }`
[INFO] running `Command { std: "docker" "rm" "-f" "abe95ecb4ebc7a76b77a1aae7386ad7ac93d6b011bcc8b0ba2cedd7b3b22ed3e", kill_on_drop: false }`
[INFO] [stdout] abe95ecb4ebc7a76b77a1aae7386ad7ac93d6b011bcc8b0ba2cedd7b3b22ed3e
[INFO] running `Command { std: "docker" "create" "-v" "/var/lib/crater-agent-workspace/builds/worker-3-tc2/target:/opt/rustwide/target:rw,Z" "-v" "/var/lib/crater-agent-workspace/builds/worker-3-tc2/source:/opt/rustwide/workdir:ro,Z" "-v" "/var/lib/crater-agent-workspace/cargo-home:/opt/rustwide/cargo-home:ro,Z" "-v" "/var/lib/crater-agent-workspace/rustup-home:/opt/rustwide/rustup-home:ro,Z" "-e" "SOURCE_DIR=/opt/rustwide/workdir" "-e" "CARGO_TARGET_DIR=/opt/rustwide/target" "-e" "CARGO_INCREMENTAL=0" "-e" "RUST_BACKTRACE=full" "-e" "RUSTFLAGS=--cap-lints=warn" "-e" "RUSTDOCFLAGS=--cap-lints=warn" "-e" "CARGO_HOME=/opt/rustwide/cargo-home" "-e" "RUSTUP_HOME=/opt/rustwide/rustup-home" "-w" "/opt/rustwide/workdir" "-m" "1610612736" "--user" "0:0" "--network" "none" "ghcr.io/rust-lang/crates-build-env/linux@sha256:f3a9d4ad9d972b27faf3965f35b62e55ba32bbce8f20bc8fe909558a86702fde" "/opt/rustwide/cargo-home/bin/cargo" "+beta-2024-12-08" "build" "--frozen" "--message-format=json", kill_on_drop: false }`
[INFO] [stdout] 690cc5cb32a30b4f024b432332c934382ffb3a41a42a9943a17b3a80db0ea1b6
[INFO] running `Command { std: "docker" "start" "-a" "690cc5cb32a30b4f024b432332c934382ffb3a41a42a9943a17b3a80db0ea1b6", kill_on_drop: false }`
[INFO] [stderr]    Compiling autocfg v1.4.0
[INFO] [stderr]    Compiling proc-macro2 v1.0.92
[INFO] [stderr]    Compiling unicode-ident v1.0.14
[INFO] [stderr]    Compiling libc v0.2.168
[INFO] [stderr]    Compiling futures-core v0.3.31
[INFO] [stderr]    Compiling pin-project-lite v0.2.15
[INFO] [stderr]    Compiling futures-sink v0.3.31
[INFO] [stderr]    Compiling pin-utils v0.1.0
[INFO] [stderr]    Compiling futures-task v0.3.31
[INFO] [stderr]    Compiling futures-channel v0.3.31
[INFO] [stderr]    Compiling cfg-if v1.0.0
[INFO] [stderr]    Compiling signal-hook v0.3.17
[INFO] [stderr]    Compiling memchr v2.7.4
[INFO] [stderr]    Compiling futures-io v0.3.31
[INFO] [stderr]    Compiling scopeguard v1.2.0
[INFO] [stderr]    Compiling anyhow v1.0.94
[INFO] [stderr]    Compiling log v0.4.22
[INFO] [stderr]    Compiling iana-time-zone v0.1.61
[INFO] [stderr]    Compiling fern v0.6.2
[INFO] [stderr]    Compiling slab v0.4.9
[INFO] [stderr]    Compiling lock_api v0.4.12
[INFO] [stderr]    Compiling num-traits v0.2.19
[INFO] [stderr]    Compiling signal-hook-registry v1.4.2
[INFO] [stderr]    Compiling getrandom v0.2.15
[INFO] [stderr]    Compiling quote v1.0.37
[INFO] [stderr]    Compiling mio v1.0.3
[INFO] [stderr]    Compiling socket2 v0.5.8
[INFO] [stderr]    Compiling syn v2.0.90
[INFO] [stderr]    Compiling nanorand v0.7.0
[INFO] [stderr]    Compiling spin v0.9.8
[INFO] [stderr]    Compiling chrono v0.4.39
[INFO] [stderr]    Compiling futures-macro v0.3.31
[INFO] [stderr]    Compiling pin-project-internal v1.1.7
[INFO] [stderr]    Compiling tokio-macros v2.4.0
[INFO] [stderr]    Compiling futures-util v0.3.31
[INFO] [stderr]    Compiling tokio v1.42.0
[INFO] [stderr]    Compiling pin-project v1.1.7
[INFO] [stderr]    Compiling flume v0.10.14
[INFO] [stderr]    Compiling signal-hook-tokio v0.3.1
[INFO] [stderr]    Compiling futures-executor v0.3.31
[INFO] [stderr]    Compiling futures v0.3.31
[INFO] [stderr]    Compiling wixet-bootstrap v1.0.1 (/opt/rustwide/workdir)
[INFO] [stderr]     Finished `dev` profile [unoptimized + debuginfo] target(s) in 24.22s
[INFO] running `Command { std: "docker" "inspect" "690cc5cb32a30b4f024b432332c934382ffb3a41a42a9943a17b3a80db0ea1b6", kill_on_drop: false }`
[INFO] running `Command { std: "docker" "rm" "-f" "690cc5cb32a30b4f024b432332c934382ffb3a41a42a9943a17b3a80db0ea1b6", kill_on_drop: false }`
[INFO] [stdout] 690cc5cb32a30b4f024b432332c934382ffb3a41a42a9943a17b3a80db0ea1b6
[INFO] running `Command { std: "docker" "create" "-v" "/var/lib/crater-agent-workspace/builds/worker-3-tc2/target:/opt/rustwide/target:rw,Z" "-v" "/var/lib/crater-agent-workspace/builds/worker-3-tc2/source:/opt/rustwide/workdir:ro,Z" "-v" "/var/lib/crater-agent-workspace/cargo-home:/opt/rustwide/cargo-home:ro,Z" "-v" "/var/lib/crater-agent-workspace/rustup-home:/opt/rustwide/rustup-home:ro,Z" "-e" "SOURCE_DIR=/opt/rustwide/workdir" "-e" "CARGO_TARGET_DIR=/opt/rustwide/target" "-e" "CARGO_INCREMENTAL=0" "-e" "RUST_BACKTRACE=full" "-e" "RUSTFLAGS=--cap-lints=warn" "-e" "RUSTDOCFLAGS=--cap-lints=warn" "-e" "CARGO_HOME=/opt/rustwide/cargo-home" "-e" "RUSTUP_HOME=/opt/rustwide/rustup-home" "-w" "/opt/rustwide/workdir" "-m" "1610612736" "--user" "0:0" "--network" "none" "ghcr.io/rust-lang/crates-build-env/linux@sha256:f3a9d4ad9d972b27faf3965f35b62e55ba32bbce8f20bc8fe909558a86702fde" "/opt/rustwide/cargo-home/bin/cargo" "+beta-2024-12-08" "test" "--frozen" "--no-run" "--message-format=json", kill_on_drop: false }`
[INFO] [stdout] 5d992b72179ba2ff5e891227411e91be53777096fc5b59a545bce7ebdcf2f405
[INFO] running `Command { std: "docker" "start" "-a" "5d992b72179ba2ff5e891227411e91be53777096fc5b59a545bce7ebdcf2f405", kill_on_drop: false }`
[INFO] [stderr]    Compiling wixet-bootstrap v1.0.1 (/opt/rustwide/workdir)
[INFO] [stderr]     Finished `test` profile [unoptimized + debuginfo] target(s) in 0.61s
[INFO] running `Command { std: "docker" "inspect" "5d992b72179ba2ff5e891227411e91be53777096fc5b59a545bce7ebdcf2f405", kill_on_drop: false }`
[INFO] running `Command { std: "docker" "rm" "-f" "5d992b72179ba2ff5e891227411e91be53777096fc5b59a545bce7ebdcf2f405", kill_on_drop: false }`
[INFO] [stdout] 5d992b72179ba2ff5e891227411e91be53777096fc5b59a545bce7ebdcf2f405
[INFO] running `Command { std: "docker" "create" "-v" "/var/lib/crater-agent-workspace/builds/worker-3-tc2/target:/opt/rustwide/target:rw,Z" "-v" "/var/lib/crater-agent-workspace/builds/worker-3-tc2/source:/opt/rustwide/workdir:ro,Z" "-v" "/var/lib/crater-agent-workspace/cargo-home:/opt/rustwide/cargo-home:ro,Z" "-v" "/var/lib/crater-agent-workspace/rustup-home:/opt/rustwide/rustup-home:ro,Z" "-e" "SOURCE_DIR=/opt/rustwide/workdir" "-e" "CARGO_TARGET_DIR=/opt/rustwide/target" "-e" "CARGO_INCREMENTAL=0" "-e" "RUST_BACKTRACE=full" "-e" "RUSTFLAGS=--cap-lints=warn" "-e" "RUSTDOCFLAGS=--cap-lints=warn" "-e" "CARGO_HOME=/opt/rustwide/cargo-home" "-e" "RUSTUP_HOME=/opt/rustwide/rustup-home" "-w" "/opt/rustwide/workdir" "-m" "1610612736" "--user" "0:0" "--network" "none" "ghcr.io/rust-lang/crates-build-env/linux@sha256:f3a9d4ad9d972b27faf3965f35b62e55ba32bbce8f20bc8fe909558a86702fde" "/opt/rustwide/cargo-home/bin/cargo" "+beta-2024-12-08" "test" "--frozen", kill_on_drop: false }`
[INFO] [stdout] 4613a19ba1c2bd50131d0fff5ca031d5d1369d44c41614c7baa8c042ee4ccf1e
[INFO] running `Command { std: "docker" "start" "-a" "4613a19ba1c2bd50131d0fff5ca031d5d1369d44c41614c7baa8c042ee4ccf1e", kill_on_drop: false }`
[INFO] [stderr]     Finished `test` profile [unoptimized + debuginfo] target(s) in 0.07s
[INFO] [stderr]      Running unittests src/lib.rs (/opt/rustwide/target/debug/deps/wixet_bootstrap-8b6ee7e20469945e)
[INFO] [stdout] 
[INFO] [stdout] running 0 tests
[INFO] [stdout] 
[INFO] [stdout] test result: ok. 0 passed; 0 failed; 0 ignored; 0 measured; 0 filtered out; finished in 0.00s
[INFO] [stdout] 
[INFO] [stderr]    Doc-tests wixet_bootstrap
[INFO] [stdout] 
[INFO] [stdout] running 1 test
[INFO] [stdout] test src/lib.rs - init (line 84) ... FAILED
[INFO] [stdout] 
[INFO] [stdout] failures:
[INFO] [stdout] 
[INFO] [stdout] ---- src/lib.rs - init (line 84) stdout ----
[INFO] [stdout] error: expected `;`, found `tokio`
[INFO] [stdout]   --> src/lib.rs:93:38
[INFO] [stdout]    |
[INFO] [stdout] 11 |     info!("Hello to my application!")
[INFO] [stdout]    |                                      ^ help: add `;` here
[INFO] [stdout] ...
[INFO] [stdout] 16 |     tokio::select!{
[INFO] [stdout]    |     ----- unexpected token
[INFO] [stdout] 
[INFO] [stdout] error: The default runtime flavor is `multi_thread`, but the `rt-multi-thread` feature is disabled.
[INFO] [stdout]  --> src/lib.rs:89:1
[INFO] [stdout]   |
[INFO] [stdout] 7 | #[tokio::main]
[INFO] [stdout]   | ^^^^^^^^^^^^^^
[INFO] [stdout]   |
[INFO] [stdout]   = note: this error originates in the attribute macro `tokio::main` (in Nightly builds, run with -Z macro-backtrace for more info)
[INFO] [stdout] 
[INFO] [stdout] error[E0061]: this function takes 3 arguments but 1 argument was supplied
[INFO] [stdout]    --> src/lib.rs:92:26
[INFO] [stdout]     |
[INFO] [stdout] 10  |     let (closer, exit) = init(Some("output.log")).await?; //If you provide None, it simple will not write a log file (just output)
[INFO] [stdout]     |                          ^^^^-------------------- two arguments of type `Option<LevelFilter>` and `Option<HashMap<&str, LevelFilter>>` are missing
[INFO] [stdout]     |
[INFO] [stdout] note: function defined here
[INFO] [stdout]    --> /opt/rustwide/workdir/src/lib.rs:111:14
[INFO] [stdout]     |
[INFO] [stdout] 111 | pub async fn init(log_file: Option<&str>, level: Option<log::LevelFilter>, extra_levels:  Option<HashMap<&str, log::LevelFilter>>) -> Res...
[INFO] [stdout]     |              ^^^^
[INFO] [stdout] help: provide the arguments
[INFO] [stdout]     |
[INFO] [stdout] 10  |     let (closer, exit) = init(Some("output.log"), /* Option<LevelFilter> */, /* Option<HashMap<&str, LevelFilter>> */).await?; //If you provide None, it simple will not write a log file (just output)
[INFO] [stdout]     |                              ~~~~~~~~~~~~~~~~~~~~~~~~~~~~~~~~~~~~~~~~~~~~~~~~~~~~~~~~~~~~~~~~~~~~~~~~~~~~~~~~~~~~~~~~~
[INFO] [stdout] 
[INFO] [stdout] error[E0277]: the `?` operator can only be used in an async block that returns `Result` or `Option` (or another type that implements `FromResidual`)
[INFO] [stdout]   --> src/lib.rs:92:56
[INFO] [stdout]    |
[INFO] [stdout] 7  | #[tokio::main]
[INFO] [stdout]    | -------------- this function should return `Result` or `Option` to accept `?`
[INFO] [stdout] ...
[INFO] [stdout] 10 |     let (closer, exit) = init(Some("output.log")).await?; //If you provide None, it simple will not write a log file (just output)
[INFO] [stdout]    |                                                        ^ cannot use the `?` operator in an async block that returns `()`
[INFO] [stdout]    |
[INFO] [stdout]    = help: the trait `FromResidual<Result<Infallible, anyhow::Error>>` is not implemented for `()`
[INFO] [stdout] 
[INFO] [stdout] error[E0277]: the `?` operator can only be used in an async block that returns `Result` or `Option` (or another type that implements `FromResidual`)
[INFO] [stdout]   --> src/lib.rs:107:20
[INFO] [stdout]    |
[INFO] [stdout] 7  | #[tokio::main]
[INFO] [stdout]    | -------------- this function should return `Result` or `Option` to accept `?`
[INFO] [stdout] ...
[INFO] [stdout] 25 | closer.stop().await?;
[INFO] [stdout]    |                    ^ cannot use the `?` operator in an async block that returns `()`
[INFO] [stdout]    |
[INFO] [stdout]    = help: the trait `FromResidual<Result<Infallible, anyhow::Error>>` is not implemented for `()`
[INFO] [stdout] 
[INFO] [stdout] error: aborting due to 5 previous errors
[INFO] [stdout] 
[INFO] [stdout] Some errors have detailed explanations: E0061, E0277.
[INFO] [stdout] For more information about an error, try `rustc --explain E0061`.
[INFO] [stdout] Couldn't compile the test.
[INFO] [stdout] 
[INFO] [stdout] failures:
[INFO] [stdout]     src/lib.rs - init (line 84)
[INFO] [stdout] 
[INFO] [stdout] test result: FAILED. 0 passed; 1 failed; 0 ignored; 0 measured; 0 filtered out; finished in 0.17s
[INFO] [stdout] 
[INFO] [stderr] error: doctest failed, to rerun pass `--doc`
[INFO] running `Command { std: "docker" "inspect" "4613a19ba1c2bd50131d0fff5ca031d5d1369d44c41614c7baa8c042ee4ccf1e", kill_on_drop: false }`
[INFO] running `Command { std: "docker" "rm" "-f" "4613a19ba1c2bd50131d0fff5ca031d5d1369d44c41614c7baa8c042ee4ccf1e", kill_on_drop: false }`
[INFO] [stdout] 4613a19ba1c2bd50131d0fff5ca031d5d1369d44c41614c7baa8c042ee4ccf1e
