[INFO] fetching crate well 0.0.4...
[INFO] testing well-0.0.4 against 1.83.0 for beta-1.84.0-4-retry
[INFO] extracting crate well 0.0.4 into /workspace/builds/worker-3-tc1/source
[INFO] validating manifest of crates.io crate well 0.0.4 on toolchain 1.83.0
[INFO] running `Command { std: CARGO_HOME="/workspace/cargo-home" RUSTUP_HOME="/workspace/rustup-home" "/workspace/cargo-home/bin/cargo" "+1.83.0" "metadata" "--manifest-path" "Cargo.toml" "--no-deps", kill_on_drop: false }`
[INFO] removed /workspace/builds/worker-3-tc1/source/rust-toolchain
[INFO] started tweaking crates.io crate well 0.0.4
[INFO] finished tweaking crates.io crate well 0.0.4
[INFO] tweaked toml for crates.io crate well 0.0.4 written to /workspace/builds/worker-3-tc1/source/Cargo.toml
[INFO] crate crates.io crate well 0.0.4 already has a lockfile, it will not be regenerated
[INFO] running `Command { std: CARGO_HOME="/workspace/cargo-home" RUSTUP_HOME="/workspace/rustup-home" "/workspace/cargo-home/bin/cargo" "+1.83.0" "fetch" "--manifest-path" "Cargo.toml", kill_on_drop: false }`
[INFO] [stderr]     Updating crates.io index
[INFO] [stderr]  Downloading crates ...
[INFO] [stderr]   Downloaded libz-sys v1.1.19
[INFO] [stderr]   Downloaded tree-sitter-typescript v0.21.2
[INFO] running `Command { std: "docker" "create" "-v" "/var/lib/crater-agent-workspace/builds/worker-3-tc1/target:/opt/rustwide/target:rw,Z" "-v" "/var/lib/crater-agent-workspace/builds/worker-3-tc1/source:/opt/rustwide/workdir:ro,Z" "-v" "/var/lib/crater-agent-workspace/cargo-home:/opt/rustwide/cargo-home:ro,Z" "-v" "/var/lib/crater-agent-workspace/rustup-home:/opt/rustwide/rustup-home:ro,Z" "-e" "SOURCE_DIR=/opt/rustwide/workdir" "-e" "CARGO_TARGET_DIR=/opt/rustwide/target" "-e" "CARGO_HOME=/opt/rustwide/cargo-home" "-e" "RUSTUP_HOME=/opt/rustwide/rustup-home" "-w" "/opt/rustwide/workdir" "-m" "1610612736" "--user" "0:0" "--network" "none" "ghcr.io/rust-lang/crates-build-env/linux@sha256:f3a9d4ad9d972b27faf3965f35b62e55ba32bbce8f20bc8fe909558a86702fde" "/opt/rustwide/cargo-home/bin/cargo" "+1.83.0" "metadata" "--no-deps" "--format-version=1", kill_on_drop: false }`
[INFO] [stdout] 6dc228026023e952c067022528c6455a97d92330975cf88097ccc51c053a8276
[INFO] running `Command { std: "docker" "start" "-a" "6dc228026023e952c067022528c6455a97d92330975cf88097ccc51c053a8276", kill_on_drop: false }`
[INFO] running `Command { std: "docker" "inspect" "6dc228026023e952c067022528c6455a97d92330975cf88097ccc51c053a8276", kill_on_drop: false }`
[INFO] running `Command { std: "docker" "rm" "-f" "6dc228026023e952c067022528c6455a97d92330975cf88097ccc51c053a8276", kill_on_drop: false }`
[INFO] [stdout] 6dc228026023e952c067022528c6455a97d92330975cf88097ccc51c053a8276
[INFO] running `Command { std: "docker" "create" "-v" "/var/lib/crater-agent-workspace/builds/worker-3-tc1/target:/opt/rustwide/target:rw,Z" "-v" "/var/lib/crater-agent-workspace/builds/worker-3-tc1/source:/opt/rustwide/workdir:ro,Z" "-v" "/var/lib/crater-agent-workspace/cargo-home:/opt/rustwide/cargo-home:ro,Z" "-v" "/var/lib/crater-agent-workspace/rustup-home:/opt/rustwide/rustup-home:ro,Z" "-e" "SOURCE_DIR=/opt/rustwide/workdir" "-e" "CARGO_TARGET_DIR=/opt/rustwide/target" "-e" "CARGO_INCREMENTAL=0" "-e" "RUST_BACKTRACE=full" "-e" "RUSTFLAGS=--cap-lints=warn" "-e" "RUSTDOCFLAGS=--cap-lints=warn" "-e" "CARGO_HOME=/opt/rustwide/cargo-home" "-e" "RUSTUP_HOME=/opt/rustwide/rustup-home" "-w" "/opt/rustwide/workdir" "-m" "1610612736" "--user" "0:0" "--network" "none" "ghcr.io/rust-lang/crates-build-env/linux@sha256:f3a9d4ad9d972b27faf3965f35b62e55ba32bbce8f20bc8fe909558a86702fde" "/opt/rustwide/cargo-home/bin/cargo" "+1.83.0" "build" "--frozen" "--message-format=json", kill_on_drop: false }`
[INFO] [stdout] b9e7240b0fa5e670e154cf9ae0e79523b5a2571fd966d1cafa04d7241208b44e
[INFO] running `Command { std: "docker" "start" "-a" "b9e7240b0fa5e670e154cf9ae0e79523b5a2571fd966d1cafa04d7241208b44e", kill_on_drop: false }`
[INFO] [stderr]    Compiling libc v0.2.156
[INFO] [stderr]    Compiling shlex v1.3.0
[INFO] [stderr]    Compiling proc-macro2 v1.0.86
[INFO] [stderr]    Compiling unicode-ident v1.0.12
[INFO] [stderr]    Compiling pkg-config v0.3.30
[INFO] [stderr]    Compiling autocfg v1.3.0
[INFO] [stderr]    Compiling vcpkg v0.2.15
[INFO] [stderr]    Compiling cfg-if v1.0.0
[INFO] [stderr]    Compiling bytes v1.7.1
[INFO] [stderr]    Compiling pin-project-lite v0.2.14
[INFO] [stderr]    Compiling parking_lot_core v0.9.10
[INFO] [stderr]    Compiling scopeguard v1.2.0
[INFO] [stderr]    Compiling smallvec v1.13.2
[INFO] [stderr]    Compiling once_cell v1.19.0
[INFO] [stderr]    Compiling lock_api v0.4.12
[INFO] [stderr]    Compiling futures-core v0.3.30
[INFO] [stderr]    Compiling itoa v1.0.11
[INFO] [stderr]    Compiling memchr v2.7.4
[INFO] [stderr]    Compiling fnv v1.0.7
[INFO] [stderr]    Compiling slab v0.4.9
[INFO] [stderr]    Compiling http v1.1.0
[INFO] [stderr]    Compiling futures-task v0.3.30
[INFO] [stderr]    Compiling pin-utils v0.1.0
[INFO] [stderr]    Compiling futures-util v0.3.30
[INFO] [stderr]    Compiling quote v1.0.36
[INFO] [stderr]    Compiling tracing-core v0.1.32
[INFO] [stderr]    Compiling hashbrown v0.14.5
[INFO] [stderr]    Compiling jobserver v0.1.32
[INFO] [stderr]    Compiling syn v2.0.74
[INFO] [stderr]    Compiling cc v1.1.13
[INFO] [stderr]    Compiling parking_lot v0.12.3
[INFO] [stderr]    Compiling signal-hook-registry v1.4.2
[INFO] [stderr]    Compiling socket2 v0.5.7
[INFO] [stderr]    Compiling mio v1.0.2
[INFO] [stderr]    Compiling aho-corasick v1.1.3
[INFO] [stderr]    Compiling foreign-types-shared v0.1.1
[INFO] [stderr]    Compiling openssl v0.10.66
[INFO] [stderr]    Compiling regex-syntax v0.8.4
[INFO] [stderr]    Compiling openssl-src v300.3.1+3.3.1
[INFO] [stderr]    Compiling httparse v1.9.4
[INFO] [stderr]    Compiling futures-sink v0.3.30
[INFO] [stderr]    Compiling equivalent v1.0.1
[INFO] [stderr]    Compiling serde v1.0.208
[INFO] [stderr]    Compiling tinyvec_macros v0.1.1
[INFO] [stderr]    Compiling bitflags v2.6.0
[INFO] [stderr]    Compiling tinyvec v1.8.0
[INFO] [stderr]    Compiling indexmap v2.4.0
[INFO] [stderr]    Compiling foreign-types v0.3.2
[INFO] [stderr]    Compiling http-body v1.0.1
[INFO] [stderr]    Compiling tracing v0.1.40
[INFO] [stderr]    Compiling openssl-sys v0.9.103
[INFO] [stderr]    Compiling tree-sitter v0.22.6
[INFO] [stderr]    Compiling libz-sys v1.1.19
[INFO] [stderr]    Compiling libssh2-sys v0.3.0
[INFO] [stderr]    Compiling percent-encoding v2.3.1
[INFO] [stderr]    Compiling try-lock v0.2.5
[INFO] [stderr]    Compiling native-tls v0.2.12
[INFO] [stderr]    Compiling openssl-probe v0.1.5
[INFO] [stderr]    Compiling atomic-waker v1.1.2
[INFO] [stderr]    Compiling regex-automata v0.4.7
[INFO] [stderr]    Compiling log v0.4.22
[INFO] [stderr]    Compiling want v0.3.1
[INFO] [stderr]    Compiling form_urlencoded v1.2.1
[INFO] [stderr]    Compiling unicode-normalization v0.1.23
[INFO] [stderr]    Compiling futures-channel v0.3.30
[INFO] [stderr]    Compiling unicode-bidi v0.3.15
[INFO] [stderr]    Compiling tower-layer v0.3.3
[INFO] [stderr]    Compiling tower-service v0.3.3
[INFO] [stderr]    Compiling libgit2-sys v0.17.0+1.8.1
[INFO] [stderr]    Compiling idna v0.5.0
[INFO] [stderr]    Compiling num-traits v0.2.19
[INFO] [stderr]    Compiling ryu v1.0.18
[INFO] [stderr]    Compiling serde_json v1.0.125
[INFO] [stderr]    Compiling url v2.5.2
[INFO] [stderr]    Compiling tree-sitter-typescript v0.21.2
[INFO] [stderr]    Compiling tree-sitter-rust v0.21.2
[INFO] [stderr]    Compiling tree-sitter-python v0.21.0
[INFO] [stderr]    Compiling http-body-util v0.1.2
[INFO] [stderr]    Compiling rustls-pki-types v1.8.0
[INFO] [stderr]    Compiling thiserror v1.0.63
[INFO] [stderr]    Compiling base64 v0.22.1
[INFO] [stderr]    Compiling regex v1.10.6
[INFO] [stderr]    Compiling tokio-macros v2.4.0
[INFO] [stderr]    Compiling pin-project-internal v1.1.5
[INFO] [stderr]    Compiling openssl-macros v0.1.1
[INFO] [stderr]    Compiling serde_derive v1.0.208
[INFO] [stderr]    Compiling thiserror-impl v1.0.63
[INFO] [stderr]    Compiling tokio v1.39.2
[INFO] [stderr]    Compiling monostate-impl v0.1.13
[INFO] [stderr]    Compiling rustls-pemfile v2.1.3
[INFO] [stderr]    Compiling pin-project v1.1.5
[INFO] [stderr]    Compiling encoding_rs v0.8.34
[INFO] [stderr]    Compiling sync_wrapper v1.0.1
[INFO] [stderr]    Compiling lazy_static v1.5.0
[INFO] [stderr]    Compiling iana-time-zone v0.1.60
[INFO] [stderr]    Compiling ipnet v2.9.0
[INFO] [stderr]    Compiling mime v0.3.17
[INFO] [stderr]    Compiling chrono v0.4.38
[INFO] [stderr]    Compiling colored v2.1.0
[INFO] [stderr]    Compiling dotenvy v0.15.7
[INFO] [stderr]    Compiling tokio-util v0.7.11
[INFO] [stderr]    Compiling tower v0.4.13
[INFO] [stderr]    Compiling h2 v0.4.5
[INFO] [stderr]    Compiling serde_urlencoded v0.7.1
[INFO] [stderr]    Compiling monostate v0.1.13
[INFO] [stderr]    Compiling hyper v1.4.1
[INFO] [stderr]    Compiling hyper-util v0.1.7
[INFO] [stderr]    Compiling tokio-native-tls v0.3.1
[INFO] [stderr]    Compiling hyper-tls v0.6.0
[INFO] [stderr]    Compiling reqwest v0.12.5
[INFO] [stdout] error: failed to build archive at `/opt/rustwide/target/debug/deps/libopenssl-673fe58b10d7756c.rlib`: No space left on device (os error 28)
[INFO] [stdout] 
[INFO] [stdout] 
[INFO] [stderr] error: could not compile `openssl` (lib) due to 1 previous error
[INFO] [stderr] warning: build failed, waiting for other jobs to finish...
[INFO] [stdout] error: failed to write to `/opt/rustwide/target/debug/deps/rmetaeMnG8j/lib.rmeta`: No space left on device (os error 28)
[INFO] [stdout] 
[INFO] [stdout] 
[INFO] [stderr] error: could not compile `reqwest` (lib) due to 1 previous error
[INFO] [stderr] The following warnings were emitted during compilation:
[INFO] [stderr] 
[INFO] [stderr] warning: libgit2-sys@0.17.0+1.8.1: libgit2/src/util/varint.c:43:1: fatal error: error writing to /tmp/ccwhLVQn.s: No space left on device
[INFO] [stderr] warning: libgit2-sys@0.17.0+1.8.1:    43 | }
[INFO] [stderr] warning: libgit2-sys@0.17.0+1.8.1:       | ^
[INFO] [stderr] warning: libgit2-sys@0.17.0+1.8.1: compilation terminated.
[INFO] [stderr] warning: libgit2-sys@0.17.0+1.8.1: ToolExecError: Command "cc" "-O0" "-ffunction-sections" "-fdata-sections" "-fPIC" "-gdwarf-4" "-fno-omit-frame-pointer" "-m64" "-I" "/opt/rustwide/target/debug/build/libgit2-sys-3084b77a6ad336c3/out/include" "-I" "libgit2/src/libgit2" "-I" "libgit2/src/util" "-I" "libgit2/deps/llhttp" "-I" "libgit2/deps/xdiff" "-I" "libgit2/deps/pcre" "-I" "/opt/rustwide/target/debug/build/libssh2-sys-b1e8881680dcebff/out/include" "-I" "/opt/rustwide/target/debug/build/openssl-sys-2e5169b2a266b0ec/out/openssl-build/install/include" "-I" "/usr/include" "-fvisibility=hidden" "-DGIT_REGEX_BUILTIN=1" "-DHAVE_STDINT_H=1" "-DHAVE_MEMMOVE=1" "-DNO_RECURSE=1" "-DNEWLINE=10" "-DPOSIX_MALLOC_THRESHOLD=10" "-DLINK_SIZE=2" "-DPARENS_NEST_LIMIT=250" "-DMATCH_LIMIT=10000000" "-DMATCH_LIMIT_RECURSION=MATCH_LIMIT" "-DMAX_NAME_SIZE=32" "-DMAX_NAME_COUNT=10000" "-DSHA1DC_NO_STANDARD_INCLUDES=1" "-DSHA1DC_CUSTOM_INCLUDE_SHA1_C=\"common.h\"" "-DSHA1DC_CUSTOM_INCLUDE_UBC_CHECK_C=\"common.h\"" "-o" "/opt/rustwide/target/debug/build/libgit2-sys-3084b77a6ad336c3/out/build/f0f7908ee800b4e1-varint.o" "-c" "libgit2/src/util/varint.c" with args cc did not execute successfully (status code exit status: 1).
[INFO] [stderr] warning: libgit2-sys@0.17.0+1.8.1: libgit2/src/libgit2/transports/http.c:763:1: fatal error: error writing to /tmp/ccJvXmk3.s: No space left on device
[INFO] [stderr] warning: libgit2-sys@0.17.0+1.8.1:   763 | }
[INFO] [stderr] warning: libgit2-sys@0.17.0+1.8.1:       | ^
[INFO] [stderr] warning: libgit2-sys@0.17.0+1.8.1: compilation terminated.
[INFO] [stderr] warning: libgit2-sys@0.17.0+1.8.1: ToolExecError: Command "cc" "-O0" "-ffunction-sections" "-fdata-sections" "-fPIC" "-gdwarf-4" "-fno-omit-frame-pointer" "-m64" "-I" "/opt/rustwide/target/debug/build/libgit2-sys-3084b77a6ad336c3/out/include" "-I" "libgit2/src/libgit2" "-I" "libgit2/src/util" "-I" "libgit2/deps/llhttp" "-I" "libgit2/deps/xdiff" "-I" "libgit2/deps/pcre" "-I" "/opt/rustwide/target/debug/build/libssh2-sys-b1e8881680dcebff/out/include" "-I" "/opt/rustwide/target/debug/build/openssl-sys-2e5169b2a266b0ec/out/openssl-build/install/include" "-I" "/usr/include" "-fvisibility=hidden" "-DGIT_REGEX_BUILTIN=1" "-DHAVE_STDINT_H=1" "-DHAVE_MEMMOVE=1" "-DNO_RECURSE=1" "-DNEWLINE=10" "-DPOSIX_MALLOC_THRESHOLD=10" "-DLINK_SIZE=2" "-DPARENS_NEST_LIMIT=250" "-DMATCH_LIMIT=10000000" "-DMATCH_LIMIT_RECURSION=MATCH_LIMIT" "-DMAX_NAME_SIZE=32" "-DMAX_NAME_COUNT=10000" "-DSHA1DC_NO_STANDARD_INCLUDES=1" "-DSHA1DC_CUSTOM_INCLUDE_SHA1_C=\"common.h\"" "-DSHA1DC_CUSTOM_INCLUDE_UBC_CHECK_C=\"common.h\"" "-o" "/opt/rustwide/target/debug/build/libgit2-sys-3084b77a6ad336c3/out/build/410d9c059e9f9dc4-http.o" "-c" "libgit2/src/libgit2/transports/http.c" with args cc did not execute successfully (status code exit status: 1).cargo:warning=libgit2/src/libgit2/transports/ssh.c:84:1: fatal error: error writing to /tmp/ccWjdEGD.s: No space left on device
[INFO] [stderr] warning: libgit2-sys@0.17.0+1.8.1:    84 | }
[INFO] [stderr] warning: libgit2-sys@0.17.0+1.8.1:       | ^
[INFO] [stderr] warning: libgit2-sys@0.17.0+1.8.1: compilation terminated.
[INFO] [stderr] warning: libgit2-sys@0.17.0+1.8.1: ToolExecError: Command "cc" "-O0" "-ffunction-sections" "-fdata-sections" "-fPIC" "-gdwarf-4" "-fno-omit-frame-pointer" "-m64" "-I" "/opt/rustwide/target/debug/build/libgit2-sys-3084b77a6ad336c3/out/include" "-I" "libgit2/src/libgit2" "-I" "libgit2/src/util" "-I" "libgit2/deps/llhttp" "-I" "libgit2/deps/xdiff" "-I" "libgit2/deps/pcre" "-I" "/opt/rustwide/target/debug/build/libssh2-sys-b1e8881680dcebff/out/include" "-I" "/opt/rustwide/target/debug/build/openssl-sys-2e5169b2a266b0ec/out/openssl-build/install/include" "-I" "/usr/include" "-fvisibility=hidden" "-DGIT_REGEX_BUILTIN=1" "-DHAVE_STDINT_H=1" "-DHAVE_MEMMOVE=1" "-DNO_RECURSE=1" "-DNEWLINE=10" "-DPOSIX_MALLOC_THRESHOLD=10" "-DLINK_SIZE=2" "-DPARENS_NEST_LIMIT=250" "-DMATCH_LIMIT=10000000" "-DMATCH_LIMIT_RECURSION=MATCH_LIMIT" "-DMAX_NAME_SIZE=32" "-DMAX_NAME_COUNT=10000" "-DSHA1DC_NO_STANDARD_INCLUDES=1" "-DSHA1DC_CUSTOM_INCLUDE_SHA1_C=\"common.h\"" "-DSHA1DC_CUSTOM_INCLUDE_UBC_CHECK_C=\"common.h\"" "-o" "/opt/rustwide/target/debug/build/libgit2-sys-3084b77a6ad336c3/out/build/410d9c059e9f9dc4-ssh.o" "-c" "libgit2/src/libgit2/transports/ssh.c" with args cc did not execute successfully (status code exit status: 1).cargo:warning=libgit2/src/libgit2/transports/local.c:782:1: fatal error: error writing to /tmp/cccVbr9J.s: No space left on device
[INFO] [stderr] warning: libgit2-sys@0.17.0+1.8.1:   782 | }
[INFO] [stderr] warning: libgit2-sys@0.17.0+1.8.1:       | ^
[INFO] [stderr] warning: libgit2-sys@0.17.0+1.8.1: compilation terminated.
[INFO] [stderr] warning: libgit2-sys@0.17.0+1.8.1: ToolExecError: Command "cc" "-O0" "-ffunction-sections" "-fdata-sections" "-fPIC" "-gdwarf-4" "-fno-omit-frame-pointer" "-m64" "-I" "/opt/rustwide/target/debug/build/libgit2-sys-3084b77a6ad336c3/out/include" "-I" "libgit2/src/libgit2" "-I" "libgit2/src/util" "-I" "libgit2/deps/llhttp" "-I" "libgit2/deps/xdiff" "-I" "libgit2/deps/pcre" "-I" "/opt/rustwide/target/debug/build/libssh2-sys-b1e8881680dcebff/out/include" "-I" "/opt/rustwide/target/debug/build/openssl-sys-2e5169b2a266b0ec/out/openssl-build/install/include" "-I" "/usr/include" "-fvisibility=hidden" "-DGIT_REGEX_BUILTIN=1" "-DHAVE_STDINT_H=1" "-DHAVE_MEMMOVE=1" "-DNO_RECURSE=1" "-DNEWLINE=10" "-DPOSIX_MALLOC_THRESHOLD=10" "-DLINK_SIZE=2" "-DPARENS_NEST_LIMIT=250" "-DMATCH_LIMIT=10000000" "-DMATCH_LIMIT_RECURSION=MATCH_LIMIT" "-DMAX_NAME_SIZE=32" "-DMAX_NAME_COUNT=10000" "-DSHA1DC_NO_STANDARD_INCLUDES=1" "-DSHA1DC_CUSTOM_INCLUDE_SHA1_C=\"common.h\"" "-DSHA1DC_CUSTOM_INCLUDE_UBC_CHECK_C=\"common.h\"" "-o" "/opt/rustwide/target/debug/build/libgit2-sys-3084b77a6ad336c3/out/build/410d9c059e9f9dc4-local.o" "-c" "libgit2/src/libgit2/transports/local.c" with args cc did not execute successfully (status code exit status: 1).cargo:warning=libgit2/src/libgit2/transports/smart_pkt.c:870:1: fatal error: error writing to /tmp/ccxzArIi.s: No space left on device
[INFO] [stderr] warning: libgit2-sys@0.17.0+1.8.1:   870 | }
[INFO] [stderr] warning: libgit2-sys@0.17.0+1.8.1:       | ^
[INFO] [stderr] warning: libgit2-sys@0.17.0+1.8.1: compilation terminated.
[INFO] [stderr] warning: libgit2-sys@0.17.0+1.8.1: ToolExecError: Command "cc" "-O0" "-ffunction-sections" "-fdata-sections" "-fPIC" "-gdwarf-4" "-fno-omit-frame-pointer" "-m64" "-I" "/opt/rustwide/target/debug/build/libgit2-sys-3084b77a6ad336c3/out/include" "-I" "libgit2/src/libgit2" "-I" "libgit2/src/util" "-I" "libgit2/deps/llhttp" "-I" "libgit2/deps/xdiff" "-I" "libgit2/deps/pcre" "-I" "/opt/rustwide/target/debug/build/libssh2-sys-b1e8881680dcebff/out/include" "-I" "/opt/rustwide/target/debug/build/openssl-sys-2e5169b2a266b0ec/out/openssl-build/install/include" "-I" "/usr/include" "-fvisibility=hidden" "-DGIT_REGEX_BUILTIN=1" "-DHAVE_STDINT_H=1" "-DHAVE_MEMMOVE=1" "-DNO_RECURSE=1" "-DNEWLINE=10" "-DPOSIX_MALLOC_THRESHOLD=10" "-DLINK_SIZE=2" "-DPARENS_NEST_LIMIT=250" "-DMATCH_LIMIT=10000000" "-DMATCH_LIMIT_RECURSION=MATCH_LIMIT" "-DMAX_NAME_SIZE=32" "-DMAX_NAME_COUNT=10000" "-DSHA1DC_NO_STANDARD_INCLUDES=1" "-DSHA1DC_CUSTOM_INCLUDE_SHA1_C=\"common.h\"" "-DSHA1DC_CUSTOM_INCLUDE_UBC_CHECK_C=\"common.h\"" "-o" "/opt/rustwide/target/debug/build/libgit2-sys-3084b77a6ad336c3/out/build/410d9c059e9f9dc4-smart_pkt.o" "-c" "libgit2/src/libgit2/transports/smart_pkt.c" with args cc did not execute successfully (status code exit status: 1).cargo:warning=libgit2/src/libgit2/transports/smart_protocol.c:1265:1: fatal error: error writing to /tmp/ccLl12Ej.s: No space left on device
[INFO] [stderr] warning: libgit2-sys@0.17.0+1.8.1:  1265 | }
[INFO] [stderr] warning: libgit2-sys@0.17.0+1.8.1:       | ^
[INFO] [stderr] warning: libgit2-sys@0.17.0+1.8.1: compilation terminated.
[INFO] [stderr] warning: libgit2-sys@0.17.0+1.8.1: ToolExecError: Command "cc" "-O0" "-ffunction-sections" "-fdata-sections" "-fPIC" "-gdwarf-4" "-fno-omit-frame-pointer" "-m64" "-I" "/opt/rustwide/target/debug/build/libgit2-sys-3084b77a6ad336c3/out/include" "-I" "libgit2/src/libgit2" "-I" "libgit2/src/util" "-I" "libgit2/deps/llhttp" "-I" "libgit2/deps/xdiff" "-I" "libgit2/deps/pcre" "-I" "/opt/rustwide/target/debug/build/libssh2-sys-b1e8881680dcebff/out/include" "-I" "/opt/rustwide/target/debug/build/openssl-sys-2e5169b2a266b0ec/out/openssl-build/install/include" "-I" "/usr/include" "-fvisibility=hidden" "-DGIT_REGEX_BUILTIN=1" "-DHAVE_STDINT_H=1" "-DHAVE_MEMMOVE=1" "-DNO_RECURSE=1" "-DNEWLINE=10" "-DPOSIX_MALLOC_THRESHOLD=10" "-DLINK_SIZE=2" "-DPARENS_NEST_LIMIT=250" "-DMATCH_LIMIT=10000000" "-DMATCH_LIMIT_RECURSION=MATCH_LIMIT" "-DMAX_NAME_SIZE=32" "-DMAX_NAME_COUNT=10000" "-DSHA1DC_NO_STANDARD_INCLUDES=1" "-DSHA1DC_CUSTOM_INCLUDE_SHA1_C=\"common.h\"" "-DSHA1DC_CUSTOM_INCLUDE_UBC_CHECK_C=\"common.h\"" "-o" "/opt/rustwide/target/debug/build/libgit2-sys-3084b77a6ad336c3/out/build/410d9c059e9f9dc4-smart_protocol.o" "-c" "libgit2/src/libgit2/transports/smart_protocol.c" with args cc did not execute successfully (status code exit status: 1).cargo:warning=libgit2/src/libgit2/streams/mbedtls.c:473:1: fatal error: error writing to /tmp/ccDxvyLg.s: No space left on device
[INFO] [stderr] warning: libgit2-sys@0.17.0+1.8.1:   473 | }
[INFO] [stderr] warning: libgit2-sys@0.17.0+1.8.1:       | ^
[INFO] [stderr] warning: libgit2-sys@0.17.0+1.8.1: compilation terminated.
[INFO] [stderr] warning: libgit2-sys@0.17.0+1.8.1: ToolExecError: Command "cc" "-O0" "-ffunction-sections" "-fdata-sections" "-fPIC" "-gdwarf-4" "-fno-omit-frame-pointer" "-m64" "-I" "/opt/rustwide/target/debug/build/libgit2-sys-3084b77a6ad336c3/out/include" "-I" "libgit2/src/libgit2" "-I" "libgit2/src/util" "-I" "libgit2/deps/llhttp" "-I" "libgit2/deps/xdiff" "-I" "libgit2/deps/pcre" "-I" "/opt/rustwide/target/debug/build/libssh2-sys-b1e8881680dcebff/out/include" "-I" "/opt/rustwide/target/debug/build/openssl-sys-2e5169b2a266b0ec/out/openssl-build/install/include" "-I" "/usr/include" "-fvisibility=hidden" "-DGIT_REGEX_BUILTIN=1" "-DHAVE_STDINT_H=1" "-DHAVE_MEMMOVE=1" "-DNO_RECURSE=1" "-DNEWLINE=10" "-DPOSIX_MALLOC_THRESHOLD=10" "-DLINK_SIZE=2" "-DPARENS_NEST_LIMIT=250" "-DMATCH_LIMIT=10000000" "-DMATCH_LIMIT_RECURSION=MATCH_LIMIT" "-DMAX_NAME_SIZE=32" "-DMAX_NAME_COUNT=10000" "-DSHA1DC_NO_STANDARD_INCLUDES=1" "-DSHA1DC_CUSTOM_INCLUDE_SHA1_C=\"common.h\"" "-DSHA1DC_CUSTOM_INCLUDE_UBC_CHECK_C=\"common.h\"" "-o" "/opt/rustwide/target/debug/build/libgit2-sys-3084b77a6ad336c3/out/build/cccc76fb850512eb-mbedtls.o" "-c" "libgit2/src/libgit2/streams/mbedtls.c" with args cc did not execute successfully (status code exit status: 1).cargo:warning=libgit2/src/libgit2/transports/ssh_libssh2.c:1115:1: fatal error: error writing to /tmp/ccKCyyze.s: No space left on device
[INFO] [stderr] warning: libgit2-sys@0.17.0+1.8.1:  1115 | }
[INFO] [stderr] warning: libgit2-sys@0.17.0+1.8.1:       | ^
[INFO] [stderr] warning: libgit2-sys@0.17.0+1.8.1: compilation terminated.
[INFO] [stderr] warning: libgit2-sys@0.17.0+1.8.1: ToolExecError: Command "cc" "-O0" "-ffunction-sections" "-fdata-sections" "-fPIC" "-gdwarf-4" "-fno-omit-frame-pointer" "-m64" "-I" "/opt/rustwide/target/debug/build/libgit2-sys-3084b77a6ad336c3/out/include" "-I" "libgit2/src/libgit2" "-I" "libgit2/src/util" "-I" "libgit2/deps/llhttp" "-I" "libgit2/deps/xdiff" "-I" "libgit2/deps/pcre" "-I" "/opt/rustwide/target/debug/build/libssh2-sys-b1e8881680dcebff/out/include" "-I" "/opt/rustwide/target/debug/build/openssl-sys-2e5169b2a266b0ec/out/openssl-build/install/include" "-I" "/usr/include" "-fvisibility=hidden" "-DGIT_REGEX_BUILTIN=1" "-DHAVE_STDINT_H=1" "-DHAVE_MEMMOVE=1" "-DNO_RECURSE=1" "-DNEWLINE=10" "-DPOSIX_MALLOC_THRESHOLD=10" "-DLINK_SIZE=2" "-DPARENS_NEST_LIMIT=250" "-DMATCH_LIMIT=10000000" "-DMATCH_LIMIT_RECURSION=MATCH_LIMIT" "-DMAX_NAME_SIZE=32" "-DMAX_NAME_COUNT=10000" "-DSHA1DC_NO_STANDARD_INCLUDES=1" "-DSHA1DC_CUSTOM_INCLUDE_SHA1_C=\"common.h\"" "-DSHA1DC_CUSTOM_INCLUDE_UBC_CHECK_C=\"common.h\"" "-o" "/opt/rustwide/target/debug/build/libgit2-sys-3084b77a6ad336c3/out/build/410d9c059e9f9dc4-ssh_libssh2.o" "-c" "libgit2/src/libgit2/transports/ssh_libssh2.c" with args cc did not execute successfully (status code exit status: 1).cargo:warning=libgit2/src/libgit2/streams/openssl.c:723:1: fatal error: error writing to /tmp/ccb5qRWK.s: No space left on device
[INFO] [stderr] warning: libgit2-sys@0.17.0+1.8.1:   723 | }
[INFO] [stderr] warning: libgit2-sys@0.17.0+1.8.1:       | ^
[INFO] [stderr] warning: libgit2-sys@0.17.0+1.8.1: compilation terminated.
[INFO] [stderr] warning: libgit2-sys@0.17.0+1.8.1: ToolExecError: Command "cc" "-O0" "-ffunction-sections" "-fdata-sections" "-fPIC" "-gdwarf-4" "-fno-omit-frame-pointer" "-m64" "-I" "/opt/rustwide/target/debug/build/libgit2-sys-3084b77a6ad336c3/out/include" "-I" "libgit2/src/libgit2" "-I" "libgit2/src/util" "-I" "libgit2/deps/llhttp" "-I" "libgit2/deps/xdiff" "-I" "libgit2/deps/pcre" "-I" "/opt/rustwide/target/debug/build/libssh2-sys-b1e8881680dcebff/out/include" "-I" "/opt/rustwide/target/debug/build/openssl-sys-2e5169b2a266b0ec/out/openssl-build/install/include" "-I" "/usr/include" "-fvisibility=hidden" "-DGIT_REGEX_BUILTIN=1" "-DHAVE_STDINT_H=1" "-DHAVE_MEMMOVE=1" "-DNO_RECURSE=1" "-DNEWLINE=10" "-DPOSIX_MALLOC_THRESHOLD=10" "-DLINK_SIZE=2" "-DPARENS_NEST_LIMIT=250" "-DMATCH_LIMIT=10000000" "-DMATCH_LIMIT_RECURSION=MATCH_LIMIT" "-DMAX_NAME_SIZE=32" "-DMAX_NAME_COUNT=10000" "-DSHA1DC_NO_STANDARD_INCLUDES=1" "-DSHA1DC_CUSTOM_INCLUDE_SHA1_C=\"common.h\"" "-DSHA1DC_CUSTOM_INCLUDE_UBC_CHECK_C=\"common.h\"" "-o" "/opt/rustwide/target/debug/build/libgit2-sys-3084b77a6ad336c3/out/build/cccc76fb850512eb-openssl.o" "-c" "libgit2/src/libgit2/streams/openssl.c" with args cc did not execute successfully (status code exit status: 1).cargo:warning=libgit2/deps/xdiff/xhistogram.c:370:1: fatal error: error writing to /tmp/ccm6XfFj.s: No space left on device
[INFO] [stderr] warning: libgit2-sys@0.17.0+1.8.1:   370 | }
[INFO] [stderr] warning: libgit2-sys@0.17.0+1.8.1:       | ^
[INFO] [stderr] warning: libgit2-sys@0.17.0+1.8.1: compilation terminated.
[INFO] [stderr] warning: libgit2-sys@0.17.0+1.8.1: ToolExecError: Command "cc" "-O0" "-ffunction-sections" "-fdata-sections" "-fPIC" "-gdwarf-4" "-fno-omit-frame-pointer" "-m64" "-I" "/opt/rustwide/target/debug/build/libgit2-sys-3084b77a6ad336c3/out/include" "-I" "libgit2/src/libgit2" "-I" "libgit2/src/util" "-I" "libgit2/deps/llhttp" "-I" "libgit2/deps/xdiff" "-I" "libgit2/deps/pcre" "-I" "/opt/rustwide/target/debug/build/libssh2-sys-b1e8881680dcebff/out/include" "-I" "/opt/rustwide/target/debug/build/openssl-sys-2e5169b2a266b0ec/out/openssl-build/install/include" "-I" "/usr/include" "-fvisibility=hidden" "-DGIT_REGEX_BUILTIN=1" "-DHAVE_STDINT_H=1" "-DHAVE_MEMMOVE=1" "-DNO_RECURSE=1" "-DNEWLINE=10" "-DPOSIX_MALLOC_THRESHOLD=10" "-DLINK_SIZE=2" "-DPARENS_NEST_LIMIT=250" "-DMATCH_LIMIT=10000000" "-DMATCH_LIMIT_RECURSION=MATCH_LIMIT" "-DMAX_NAME_SIZE=32" "-DMAX_NAME_COUNT=10000" "-DSHA1DC_NO_STANDARD_INCLUDES=1" "-DSHA1DC_CUSTOM_INCLUDE_SHA1_C=\"common.h\"" "-DSHA1DC_CUSTOM_INCLUDE_UBC_CHECK_C=\"common.h\"" "-o" "/opt/rustwide/target/debug/build/libgit2-sys-3084b77a6ad336c3/out/build/da97a00384bf24ac-xhistogram.o" "-c" "libgit2/deps/xdiff/xhistogram.c" with args cc did not execute successfully (status code exit status: 1).cargo:warning=libgit2/src/libgit2/streams/tls.c:80:1: fatal error: error writing to /tmp/ccVZmVlu.s: No space left on device
[INFO] [stderr] warning: libgit2-sys@0.17.0+1.8.1:    80 | }
[INFO] [stderr] warning: libgit2-sys@0.17.0+1.8.1:       | ^
[INFO] [stderr] warning: libgit2-sys@0.17.0+1.8.1: compilation terminated.
[INFO] [stderr] warning: libgit2-sys@0.17.0+1.8.1: ToolExecError: Command "cc" "-O0" "-ffunction-sections" "-fdata-sections" "-fPIC" "-gdwarf-4" "-fno-omit-frame-pointer" "-m64" "-I" "/opt/rustwide/target/debug/build/libgit2-sys-3084b77a6ad336c3/out/include" "-I" "libgit2/src/libgit2" "-I" "libgit2/src/util" "-I" "libgit2/deps/llhttp" "-I" "libgit2/deps/xdiff" "-I" "libgit2/deps/pcre" "-I" "/opt/rustwide/target/debug/build/libssh2-sys-b1e8881680dcebff/out/include" "-I" "/opt/rustwide/target/debug/build/openssl-sys-2e5169b2a266b0ec/out/openssl-build/install/include" "-I" "/usr/include" "-fvisibility=hidden" "-DGIT_REGEX_BUILTIN=1" "-DHAVE_STDINT_H=1" "-DHAVE_MEMMOVE=1" "-DNO_RECURSE=1" "-DNEWLINE=10" "-DPOSIX_MALLOC_THRESHOLD=10" "-DLINK_SIZE=2" "-DPARENS_NEST_LIMIT=250" "-DMATCH_LIMIT=10000000" "-DMATCH_LIMIT_RECURSION=MATCH_LIMIT" "-DMAX_NAME_SIZE=32" "-DMAX_NAME_COUNT=10000" "-DSHA1DC_NO_STANDARD_INCLUDES=1" "-DSHA1DC_CUSTOM_INCLUDE_SHA1_C=\"common.h\"" "-DSHA1DC_CUSTOM_INCLUDE_UBC_CHECK_C=\"common.h\"" "-o" "/opt/rustwide/target/debug/build/libgit2-sys-3084b77a6ad336c3/out/build/cccc76fb850512eb-tls.o" "-c" "libgit2/src/libgit2/streams/tls.c" with args cc did not execute successfully (status code exit status: 1).cargo:warning=libgit2/deps/llhttp/api.c:510:1: fatal error: error writing to /tmp/ccBHVawZ.s: No space left on device
[INFO] [stderr] warning: libgit2-sys@0.17.0+1.8.1:   510 | }
[INFO] [stderr] warning: libgit2-sys@0.17.0+1.8.1:       | ^
[INFO] [stderr] warning: libgit2-sys@0.17.0+1.8.1: compilation terminated.
[INFO] [stderr] warning: libgit2-sys@0.17.0+1.8.1: ToolExecError: Command "cc" "-O0" "-ffunction-sections" "-fdata-sections" "-fPIC" "-gdwarf-4" "-fno-omit-frame-pointer" "-m64" "-I" "/opt/rustwide/target/debug/build/libgit2-sys-3084b77a6ad336c3/out/include" "-I" "libgit2/src/libgit2" "-I" "libgit2/src/util" "-I" "libgit2/deps/llhttp" "-I" "libgit2/deps/xdiff" "-I" "libgit2/deps/pcre" "-I" "/opt/rustwide/target/debug/build/libssh2-sys-b1e8881680dcebff/out/include" "-I" "/opt/rustwide/target/debug/build/openssl-sys-2e5169b2a266b0ec/out/openssl-build/install/include" "-I" "/usr/include" "-fvisibility=hidden" "-DGIT_REGEX_BUILTIN=1" "-DHAVE_STDINT_H=1" "-DHAVE_MEMMOVE=1" "-DNO_RECURSE=1" "-DNEWLINE=10" "-DPOSIX_MALLOC_THRESHOLD=10" "-DLINK_SIZE=2" "-DPARENS_NEST_LIMIT=250" "-DMATCH_LIMIT=10000000" "-DMATCH_LIMIT_RECURSION=MATCH_LIMIT" "-DMAX_NAME_SIZE=32" "-DMAX_NAME_COUNT=10000" "-DSHA1DC_NO_STANDARD_INCLUDES=1" "-DSHA1DC_CUSTOM_INCLUDE_SHA1_C=\"common.h\"" "-DSHA1DC_CUSTOM_INCLUDE_UBC_CHECK_C=\"common.h\"" "-o" "/opt/rustwide/target/debug/build/libgit2-sys-3084b77a6ad336c3/out/build/aa457269defa1a85-api.o" "-c" "libgit2/deps/llhttp/api.c" with args cc did not execute successfully (status code exit status: 1).cargo:warning=libgit2/deps/xdiff/xdiffi.c:1089:1: fatal error: error writing to /tmp/ccHpWlPN.s: No space left on device
[INFO] [stderr] warning: libgit2-sys@0.17.0+1.8.1:  1089 | }
[INFO] [stderr] warning: libgit2-sys@0.17.0+1.8.1:       | ^
[INFO] [stderr] warning: libgit2-sys@0.17.0+1.8.1: compilation terminated.
[INFO] [stderr] warning: libgit2-sys@0.17.0+1.8.1: ToolExecError: Command "cc" "-O0" "-ffunction-sections" "-fdata-sections" "-fPIC" "-gdwarf-4" "-fno-omit-frame-pointer" "-m64" "-I" "/opt/rustwide/target/debug/build/libgit2-sys-3084b77a6ad336c3/out/include" "-I" "libgit2/src/libgit2" "-I" "libgit2/src/util" "-I" "libgit2/deps/llhttp" "-I" "libgit2/deps/xdiff" "-I" "libgit2/deps/pcre" "-I" "/opt/rustwide/target/debug/build/libssh2-sys-b1e8881680dcebff/out/include" "-I" "/opt/rustwide/target/debug/build/openssl-sys-2e5169b2a266b0ec/out/openssl-build/install/include" "-I" "/usr/include" "-fvisibility=hidden" "-DGIT_REGEX_BUILTIN=1" "-DHAVE_STDINT_H=1" "-DHAVE_MEMMOVE=1" "-DNO_RECURSE=1" "-DNEWLINE=10" "-DPOSIX_MALLOC_THRESHOLD=10" "-DLINK_SIZE=2" "-DPARENS_NEST_LIMIT=250" "-DMATCH_LIMIT=10000000" "-DMATCH_LIMIT_RECURSION=MATCH_LIMIT" "-DMAX_NAME_SIZE=32" "-DMAX_NAME_COUNT=10000" "-DSHA1DC_NO_STANDARD_INCLUDES=1" "-DSHA1DC_CUSTOM_INCLUDE_SHA1_C=\"common.h\"" "-DSHA1DC_CUSTOM_INCLUDE_UBC_CHECK_C=\"common.h\"" "-o" "/opt/rustwide/target/debug/build/libgit2-sys-3084b77a6ad336c3/out/build/da97a00384bf24ac-xdiffi.o" "-c" "libgit2/deps/xdiff/xdiffi.c" with args cc did not execute successfully (status code exit status: 1).cargo:warning=libgit2/deps/xdiff/xemit.c:330:1: fatal error: error writing to /tmp/ccNcMZJV.s: No space left on device
[INFO] [stderr] warning: libgit2-sys@0.17.0+1.8.1:   330 | }
[INFO] [stderr] warning: libgit2-sys@0.17.0+1.8.1:       | ^
[INFO] [stderr] warning: libgit2-sys@0.17.0+1.8.1: compilation terminated.
[INFO] [stderr] warning: libgit2-sys@0.17.0+1.8.1: ToolExecError: Command "cc" "-O0" "-ffunction-sections" "-fdata-sections" "-fPIC" "-gdwarf-4" "-fno-omit-frame-pointer" "-m64" "-I" "/opt/rustwide/target/debug/build/libgit2-sys-3084b77a6ad336c3/out/include" "-I" "libgit2/src/libgit2" "-I" "libgit2/src/util" "-I" "libgit2/deps/llhttp" "-I" "libgit2/deps/xdiff" "-I" "libgit2/deps/pcre" "-I" "/opt/rustwide/target/debug/build/libssh2-sys-b1e8881680dcebff/out/include" "-I" "/opt/rustwide/target/debug/build/openssl-sys-2e5169b2a266b0ec/out/openssl-build/install/include" "-I" "/usr/include" "-fvisibility=hidden" "-DGIT_REGEX_BUILTIN=1" "-DHAVE_STDINT_H=1" "-DHAVE_MEMMOVE=1" "-DNO_RECURSE=1" "-DNEWLINE=10" "-DPOSIX_MALLOC_THRESHOLD=10" "-DLINK_SIZE=2" "-DPARENS_NEST_LIMIT=250" "-DMATCH_LIMIT=10000000" "-DMATCH_LIMIT_RECURSION=MATCH_LIMIT" "-DMAX_NAME_SIZE=32" "-DMAX_NAME_COUNT=10000" "-DSHA1DC_NO_STANDARD_INCLUDES=1" "-DSHA1DC_CUSTOM_INCLUDE_SHA1_C=\"common.h\"" "-DSHA1DC_CUSTOM_INCLUDE_UBC_CHECK_C=\"common.h\"" "-o" "/opt/rustwide/target/debug/build/libgit2-sys-3084b77a6ad336c3/out/build/da97a00384bf24ac-xemit.o" "-c" "libgit2/deps/xdiff/xemit.c" with args cc did not execute successfully (status code exit status: 1).cargo:warning=libgit2/deps/xdiff/xpatience.c:373:1: fatal error: error writing to /tmp/ccn8GzFn.s: No space left on device
[INFO] [stderr] warning: libgit2-sys@0.17.0+1.8.1:   373 | }
[INFO] [stderr] warning: libgit2-sys@0.17.0+1.8.1:       | ^
[INFO] [stderr] warning: libgit2-sys@0.17.0+1.8.1: compilation terminated.
[INFO] [stderr] warning: libgit2-sys@0.17.0+1.8.1: ToolExecError: Command "cc" "-O0" "-ffunction-sections" "-fdata-sections" "-fPIC" "-gdwarf-4" "-fno-omit-frame-pointer" "-m64" "-I" "/opt/rustwide/target/debug/build/libgit2-sys-3084b77a6ad336c3/out/include" "-I" "libgit2/src/libgit2" "-I" "libgit2/src/util" "-I" "libgit2/deps/llhttp" "-I" "libgit2/deps/xdiff" "-I" "libgit2/deps/pcre" "-I" "/opt/rustwide/target/debug/build/libssh2-sys-b1e8881680dcebff/out/include" "-I" "/opt/rustwide/target/debug/build/openssl-sys-2e5169b2a266b0ec/out/openssl-build/install/include" "-I" "/usr/include" "-fvisibility=hidden" "-DGIT_REGEX_BUILTIN=1" "-DHAVE_STDINT_H=1" "-DHAVE_MEMMOVE=1" "-DNO_RECURSE=1" "-DNEWLINE=10" "-DPOSIX_MALLOC_THRESHOLD=10" "-DLINK_SIZE=2" "-DPARENS_NEST_LIMIT=250" "-DMATCH_LIMIT=10000000" "-DMATCH_LIMIT_RECURSION=MATCH_LIMIT" "-DMAX_NAME_SIZE=32" "-DMAX_NAME_COUNT=10000" "-DSHA1DC_NO_STANDARD_INCLUDES=1" "-DSHA1DC_CUSTOM_INCLUDE_SHA1_C=\"common.h\"" "-DSHA1DC_CUSTOM_INCLUDE_UBC_CHECK_C=\"common.h\"" "-o" "/opt/rustwide/target/debug/build/libgit2-sys-3084b77a6ad336c3/out/build/da97a00384bf24ac-xpatience.o" "-c" "libgit2/deps/xdiff/xpatience.c" with args cc did not execute successfully (status code exit status: 1).cargo:warning=libgit2/deps/xdiff/xmerge.c:739:1: fatal error: error writing to /tmp/ccIKswvF.s: No space left on device
[INFO] [stderr] warning: libgit2-sys@0.17.0+1.8.1:   739 | }
[INFO] [stderr] warning: libgit2-sys@0.17.0+1.8.1:       | ^
[INFO] [stderr] warning: libgit2-sys@0.17.0+1.8.1: compilation terminated.
[INFO] [stderr] warning: libgit2-sys@0.17.0+1.8.1: ToolExecError: Command "cc" "-O0" "-ffunction-sections" "-fdata-sections" "-fPIC" "-gdwarf-4" "-fno-omit-frame-pointer" "-m64" "-I" "/opt/rustwide/target/debug/build/libgit2-sys-3084b77a6ad336c3/out/include" "-I" "libgit2/src/libgit2" "-I" "libgit2/src/util" "-I" "libgit2/deps/llhttp" "-I" "libgit2/deps/xdiff" "-I" "libgit2/deps/pcre" "-I" "/opt/rustwide/target/debug/build/libssh2-sys-b1e8881680dcebff/out/include" "-I" "/opt/rustwide/target/debug/build/openssl-sys-2e5169b2a266b0ec/out/openssl-build/install/include" "-I" "/usr/include" "-fvisibility=hidden" "-DGIT_REGEX_BUILTIN=1" "-DHAVE_STDINT_H=1" "-DHAVE_MEMMOVE=1" "-DNO_RECURSE=1" "-DNEWLINE=10" "-DPOSIX_MALLOC_THRESHOLD=10" "-DLINK_SIZE=2" "-DPARENS_NEST_LIMIT=250" "-DMATCH_LIMIT=10000000" "-DMATCH_LIMIT_RECURSION=MATCH_LIMIT" "-DMAX_NAME_SIZE=32" "-DMAX_NAME_COUNT=10000" "-DSHA1DC_NO_STANDARD_INCLUDES=1" "-DSHA1DC_CUSTOM_INCLUDE_SHA1_C=\"common.h\"" "-DSHA1DC_CUSTOM_INCLUDE_UBC_CHECK_C=\"common.h\"" "-o" "/opt/rustwide/target/debug/build/libgit2-sys-3084b77a6ad336c3/out/build/da97a00384bf24ac-xmerge.o" "-c" "libgit2/deps/xdiff/xmerge.c" with args cc did not execute successfully (status code exit status: 1).cargo:warning=libgit2/deps/xdiff/xprepare.c:461:1: fatal error: error writing to /tmp/ccH3gv3g.s: No space left on device
[INFO] [stderr] warning: libgit2-sys@0.17.0+1.8.1:   461 | }
[INFO] [stderr] warning: libgit2-sys@0.17.0+1.8.1:       | ^
[INFO] [stderr] warning: libgit2-sys@0.17.0+1.8.1: compilation terminated.
[INFO] [stderr] warning: libgit2-sys@0.17.0+1.8.1: ToolExecError: Command "cc" "-O0" "-ffunction-sections" "-fdata-sections" "-fPIC" "-gdwarf-4" "-fno-omit-frame-pointer" "-m64" "-I" "/opt/rustwide/target/debug/build/libgit2-sys-3084b77a6ad336c3/out/include" "-I" "libgit2/src/libgit2" "-I" "libgit2/src/util" "-I" "libgit2/deps/llhttp" "-I" "libgit2/deps/xdiff" "-I" "libgit2/deps/pcre" "-I" "/opt/rustwide/target/debug/build/libssh2-sys-b1e8881680dcebff/out/include" "-I" "/opt/rustwide/target/debug/build/openssl-sys-2e5169b2a266b0ec/out/openssl-build/install/include" "-I" "/usr/include" "-fvisibility=hidden" "-DGIT_REGEX_BUILTIN=1" "-DHAVE_STDINT_H=1" "-DHAVE_MEMMOVE=1" "-DNO_RECURSE=1" "-DNEWLINE=10" "-DPOSIX_MALLOC_THRESHOLD=10" "-DLINK_SIZE=2" "-DPARENS_NEST_LIMIT=250" "-DMATCH_LIMIT=10000000" "-DMATCH_LIMIT_RECURSION=MATCH_LIMIT" "-DMAX_NAME_SIZE=32" "-DMAX_NAME_COUNT=10000" "-DSHA1DC_NO_STANDARD_INCLUDES=1" "-DSHA1DC_CUSTOM_INCLUDE_SHA1_C=\"common.h\"" "-DSHA1DC_CUSTOM_INCLUDE_UBC_CHECK_C=\"common.h\"" "-o" "/opt/rustwide/target/debug/build/libgit2-sys-3084b77a6ad336c3/out/build/da97a00384bf24ac-xprepare.o" "-c" "libgit2/deps/xdiff/xprepare.c" with args cc did not execute successfully (status code exit status: 1).cargo:warning=libgit2/deps/llhttp/llhttp.c:10168:1: fatal error: error writing to /tmp/ccR1tkZu.s: No space left on device
[INFO] [stderr] warning: libgit2-sys@0.17.0+1.8.1: 10168 | }
[INFO] [stderr] warning: libgit2-sys@0.17.0+1.8.1:       | ^
[INFO] [stderr] warning: libgit2-sys@0.17.0+1.8.1: compilation terminated.
[INFO] [stderr] warning: libgit2-sys@0.17.0+1.8.1: ToolExecError: Command "cc" "-O0" "-ffunction-sections" "-fdata-sections" "-fPIC" "-gdwarf-4" "-fno-omit-frame-pointer" "-m64" "-I" "/opt/rustwide/target/debug/build/libgit2-sys-3084b77a6ad336c3/out/include" "-I" "libgit2/src/libgit2" "-I" "libgit2/src/util" "-I" "libgit2/deps/llhttp" "-I" "libgit2/deps/xdiff" "-I" "libgit2/deps/pcre" "-I" "/opt/rustwide/target/debug/build/libssh2-sys-b1e8881680dcebff/out/include" "-I" "/opt/rustwide/target/debug/build/openssl-sys-2e5169b2a266b0ec/out/openssl-build/install/include" "-I" "/usr/include" "-fvisibility=hidden" "-DGIT_REGEX_BUILTIN=1" "-DHAVE_STDINT_H=1" "-DHAVE_MEMMOVE=1" "-DNO_RECURSE=1" "-DNEWLINE=10" "-DPOSIX_MALLOC_THRESHOLD=10" "-DLINK_SIZE=2" "-DPARENS_NEST_LIMIT=250" "-DMATCH_LIMIT=10000000" "-DMATCH_LIMIT_RECURSION=MATCH_LIMIT" "-DMAX_NAME_SIZE=32" "-DMAX_NAME_COUNT=10000" "-DSHA1DC_NO_STANDARD_INCLUDES=1" "-DSHA1DC_CUSTOM_INCLUDE_SHA1_C=\"common.h\"" "-DSHA1DC_CUSTOM_INCLUDE_UBC_CHECK_C=\"common.h\"" "-o" "/opt/rustwide/target/debug/build/libgit2-sys-3084b77a6ad336c3/out/build/aa457269defa1a85-llhttp.o" "-c" "libgit2/deps/llhttp/llhttp.c" with args cc did not execute successfully (status code exit status: 1).cargo:warning=libgit2/deps/pcre/pcre_byte_order.c:317:1: fatal error: error writing to /tmp/ccvO2tc6.s: No space left on device
[INFO] [stderr] warning: libgit2-sys@0.17.0+1.8.1:   317 | }
[INFO] [stderr] warning: libgit2-sys@0.17.0+1.8.1:       | ^
[INFO] [stderr] warning: libgit2-sys@0.17.0+1.8.1: compilation terminated.
[INFO] [stderr] warning: libgit2-sys@0.17.0+1.8.1: ToolExecError: Command "cc" "-O0" "-ffunction-sections" "-fdata-sections" "-fPIC" "-gdwarf-4" "-fno-omit-frame-pointer" "-m64" "-I" "/opt/rustwide/target/debug/build/libgit2-sys-3084b77a6ad336c3/out/include" "-I" "libgit2/src/libgit2" "-I" "libgit2/src/util" "-I" "libgit2/deps/llhttp" "-I" "libgit2/deps/xdiff" "-I" "libgit2/deps/pcre" "-I" "/opt/rustwide/target/debug/build/libssh2-sys-b1e8881680dcebff/out/include" "-I" "/opt/rustwide/target/debug/build/openssl-sys-2e5169b2a266b0ec/out/openssl-build/install/include" "-I" "/usr/include" "-fvisibility=hidden" "-DGIT_REGEX_BUILTIN=1" "-DHAVE_STDINT_H=1" "-DHAVE_MEMMOVE=1" "-DNO_RECURSE=1" "-DNEWLINE=10" "-DPOSIX_MALLOC_THRESHOLD=10" "-DLINK_SIZE=2" "-DPARENS_NEST_LIMIT=250" "-DMATCH_LIMIT=10000000" "-DMATCH_LIMIT_RECURSION=MATCH_LIMIT" "-DMAX_NAME_SIZE=32" "-DMAX_NAME_COUNT=10000" "-DSHA1DC_NO_STANDARD_INCLUDES=1" "-DSHA1DC_CUSTOM_INCLUDE_SHA1_C=\"common.h\"" "-DSHA1DC_CUSTOM_INCLUDE_UBC_CHECK_C=\"common.h\"" "-o" "/opt/rustwide/target/debug/build/libgit2-sys-3084b77a6ad336c3/out/build/2222b295de79a116-pcre_byte_order.o" "-c" "libgit2/deps/pcre/pcre_byte_order.c" with args cc did not execute successfully (status code exit status: 1).cargo:warning=libgit2/deps/pcre/pcre_chartables.c:196:3: fatal error: error writing to /tmp/ccdcYXHE.s: No space left on device
[INFO] [stderr] warning: libgit2-sys@0.17.0+1.8.1:   196 |   0x00,0x00,0x00,0x00,0x00,0x00,0x00,0x00};/* 248-255 */
[INFO] [stderr] warning: libgit2-sys@0.17.0+1.8.1:       |   ^~~~
[INFO] [stderr] warning: libgit2-sys@0.17.0+1.8.1: compilation terminated.
[INFO] [stderr] warning: libgit2-sys@0.17.0+1.8.1: ToolExecError: Command "cc" "-O0" "-ffunction-sections" "-fdata-sections" "-fPIC" "-gdwarf-4" "-fno-omit-frame-pointer" "-m64" "-I" "/opt/rustwide/target/debug/build/libgit2-sys-3084b77a6ad336c3/out/include" "-I" "libgit2/src/libgit2" "-I" "libgit2/src/util" "-I" "libgit2/deps/llhttp" "-I" "libgit2/deps/xdiff" "-I" "libgit2/deps/pcre" "-I" "/opt/rustwide/target/debug/build/libssh2-sys-b1e8881680dcebff/out/include" "-I" "/opt/rustwide/target/debug/build/openssl-sys-2e5169b2a266b0ec/out/openssl-build/install/include" "-I" "/usr/include" "-fvisibility=hidden" "-DGIT_REGEX_BUILTIN=1" "-DHAVE_STDINT_H=1" "-DHAVE_MEMMOVE=1" "-DNO_RECURSE=1" "-DNEWLINE=10" "-DPOSIX_MALLOC_THRESHOLD=10" "-DLINK_SIZE=2" "-DPARENS_NEST_LIMIT=250" "-DMATCH_LIMIT=10000000" "-DMATCH_LIMIT_RECURSION=MATCH_LIMIT" "-DMAX_NAME_SIZE=32" "-DMAX_NAME_COUNT=10000" "-DSHA1DC_NO_STANDARD_INCLUDES=1" "-DSHA1DC_CUSTOM_INCLUDE_SHA1_C=\"common.h\"" "-DSHA1DC_CUSTOM_INCLUDE_UBC_CHECK_C=\"common.h\"" "-o" "/opt/rustwide/target/debug/build/libgit2-sys-3084b77a6ad336c3/out/build/2222b295de79a116-pcre_chartables.o" "-c" "libgit2/deps/pcre/pcre_chartables.c" with args cc did not execute successfully (status code exit status: 1).cargo:warning=libgit2/deps/pcre/pcre_config.c:188:1: fatal error: error writing to /tmp/cccr5os1.s: No space left on device
[INFO] [stderr] warning: libgit2-sys@0.17.0+1.8.1:   188 | }
[INFO] [stderr] warning: libgit2-sys@0.17.0+1.8.1:       | ^
[INFO] [stderr] warning: libgit2-sys@0.17.0+1.8.1: compilation terminated.
[INFO] [stderr] warning: libgit2-sys@0.17.0+1.8.1: ToolExecError: Command "cc" "-O0" "-ffunction-sections" "-fdata-sections" "-fPIC" "-gdwarf-4" "-fno-omit-frame-pointer" "-m64" "-I" "/opt/rustwide/target/debug/build/libgit2-sys-3084b77a6ad336c3/out/include" "-I" "libgit2/src/libgit2" "-I" "libgit2/src/util" "-I" "libgit2/deps/llhttp" "-I" "libgit2/deps/xdiff" "-I" "libgit2/deps/pcre" "-I" "/opt/rustwide/target/debug/build/libssh2-sys-b1e8881680dcebff/out/include" "-I" "/opt/rustwide/target/debug/build/openssl-sys-2e5169b2a266b0ec/out/openssl-build/install/include" "-I" "/usr/include" "-fvisibility=hidden" "-DGIT_REGEX_BUILTIN=1" "-DHAVE_STDINT_H=1" "-DHAVE_MEMMOVE=1" "-DNO_RECURSE=1" "-DNEWLINE=10" "-DPOSIX_MALLOC_THRESHOLD=10" "-DLINK_SIZE=2" "-DPARENS_NEST_LIMIT=250" "-DMATCH_LIMIT=10000000" "-DMATCH_LIMIT_RECURSION=MATCH_LIMIT" "-DMAX_NAME_SIZE=32" "-DMAX_NAME_COUNT=10000" "-DSHA1DC_NO_STANDARD_INCLUDES=1" "-DSHA1DC_CUSTOM_INCLUDE_SHA1_C=\"common.h\"" "-DSHA1DC_CUSTOM_INCLUDE_UBC_CHECK_C=\"common.h\"" "-o" "/opt/rustwide/target/debug/build/libgit2-sys-3084b77a6ad336c3/out/build/2222b295de79a116-pcre_config.o" "-c" "libgit2/deps/pcre/pcre_config.c" with args cc did not execute successfully (status code exit status: 1).cargo:warning=libgit2/deps/xdiff/xutils.c:451:1: fatal error: error writing to /tmp/ccNoNGqO.s: No space left on device
[INFO] [stderr] warning: libgit2-sys@0.17.0+1.8.1:   451 | }
[INFO] [stderr] warning: libgit2-sys@0.17.0+1.8.1:       | ^
[INFO] [stderr] warning: libgit2-sys@0.17.0+1.8.1: compilation terminated.
[INFO] [stderr] warning: libgit2-sys@0.17.0+1.8.1: ToolExecError: Command "cc" "-O0" "-ffunction-sections" "-fdata-sections" "-fPIC" "-gdwarf-4" "-fno-omit-frame-pointer" "-m64" "-I" "/opt/rustwide/target/debug/build/libgit2-sys-3084b77a6ad336c3/out/include" "-I" "libgit2/src/libgit2" "-I" "libgit2/src/util" "-I" "libgit2/deps/llhttp" "-I" "libgit2/deps/xdiff" "-I" "libgit2/deps/pcre" "-I" "/opt/rustwide/target/debug/build/libssh2-sys-b1e8881680dcebff/out/include" "-I" "/opt/rustwide/target/debug/build/openssl-sys-2e5169b2a266b0ec/out/openssl-build/install/include" "-I" "/usr/include" "-fvisibility=hidden" "-DGIT_REGEX_BUILTIN=1" "-DHAVE_STDINT_H=1" "-DHAVE_MEMMOVE=1" "-DNO_RECURSE=1" "-DNEWLINE=10" "-DPOSIX_MALLOC_THRESHOLD=10" "-DLINK_SIZE=2" "-DPARENS_NEST_LIMIT=250" "-DMATCH_LIMIT=10000000" "-DMATCH_LIMIT_RECURSION=MATCH_LIMIT" "-DMAX_NAME_SIZE=32" "-DMAX_NAME_COUNT=10000" "-DSHA1DC_NO_STANDARD_INCLUDES=1" "-DSHA1DC_CUSTOM_INCLUDE_SHA1_C=\"common.h\"" "-DSHA1DC_CUSTOM_INCLUDE_UBC_CHECK_C=\"common.h\"" "-o" "/opt/rustwide/target/debug/build/libgit2-sys-3084b77a6ad336c3/out/build/da97a00384bf24ac-xutils.o" "-c" "libgit2/deps/xdiff/xutils.c" with args cc did not execute successfully (status code exit status: 1).cargo:warning=libgit2/deps/pcre/pcre_dfa_exec.c:3674:1: fatal error: error writing to /tmp/ccMq6YBJ.s: No space left on device
[INFO] [stderr] warning: libgit2-sys@0.17.0+1.8.1:  3674 | }
[INFO] [stderr] warning: libgit2-sys@0.17.0+1.8.1:       | ^
[INFO] [stderr] warning: libgit2-sys@0.17.0+1.8.1: compilation terminated.
[INFO] [stderr] warning: libgit2-sys@0.17.0+1.8.1: ToolExecError: Command "cc" "-O0" "-ffunction-sections" "-fdata-sections" "-fPIC" "-gdwarf-4" "-fno-omit-frame-pointer" "-m64" "-I" "/opt/rustwide/target/debug/build/libgit2-sys-3084b77a6ad336c3/out/include" "-I" "libgit2/src/libgit2" "-I" "libgit2/src/util" "-I" "libgit2/deps/llhttp" "-I" "libgit2/deps/xdiff" "-I" "libgit2/deps/pcre" "-I" "/opt/rustwide/target/debug/build/libssh2-sys-b1e8881680dcebff/out/include" "-I" "/opt/rustwide/target/debug/build/openssl-sys-2e5169b2a266b0ec/out/openssl-build/install/include" "-I" "/usr/include" "-fvisibility=hidden" "-DGIT_REGEX_BUILTIN=1" "-DHAVE_STDINT_H=1" "-DHAVE_MEMMOVE=1" "-DNO_RECURSE=1" "-DNEWLINE=10" "-DPOSIX_MALLOC_THRESHOLD=10" "-DLINK_SIZE=2" "-DPARENS_NEST_LIMIT=250" "-DMATCH_LIMIT=10000000" "-DMATCH_LIMIT_RECURSION=MATCH_LIMIT" "-DMAX_NAME_SIZE=32" "-DMAX_NAME_COUNT=10000" "-DSHA1DC_NO_STANDARD_INCLUDES=1" "-DSHA1DC_CUSTOM_INCLUDE_SHA1_C=\"common.h\"" "-DSHA1DC_CUSTOM_INCLUDE_UBC_CHECK_C=\"common.h\"" "-o" "/opt/rustwide/target/debug/build/libgit2-sys-3084b77a6ad336c3/out/build/2222b295de79a116-pcre_dfa_exec.o" "-c" "libgit2/deps/pcre/pcre_dfa_exec.c" with args cc did not execute successfully (status code exit status: 1).cargo:warning=libgit2/deps/pcre/pcre_fullinfo.c:243:1: fatal error: error writing to /tmp/ccgA8Bzb.s: No space left on device
[INFO] [stderr] warning: libgit2-sys@0.17.0+1.8.1:   243 | }
[INFO] [stderr] warning: libgit2-sys@0.17.0+1.8.1:       | ^
[INFO] [stderr] warning: libgit2-sys@0.17.0+1.8.1: compilation terminated.
[INFO] [stderr] warning: libgit2-sys@0.17.0+1.8.1: ToolExecError: Command "cc" "-O0" "-ffunction-sections" "-fdata-sections" "-fPIC" "-gdwarf-4" "-fno-omit-frame-pointer" "-m64" "-I" "/opt/rustwide/target/debug/build/libgit2-sys-3084b77a6ad336c3/out/include" "-I" "libgit2/src/libgit2" "-I" "libgit2/src/util" "-I" "libgit2/deps/llhttp" "-I" "libgit2/deps/xdiff" "-I" "libgit2/deps/pcre" "-I" "/opt/rustwide/target/debug/build/libssh2-sys-b1e8881680dcebff/out/include" "-I" "/opt/rustwide/target/debug/build/openssl-sys-2e5169b2a266b0ec/out/openssl-build/install/include" "-I" "/usr/include" "-fvisibility=hidden" "-DGIT_REGEX_BUILTIN=1" "-DHAVE_STDINT_H=1" "-DHAVE_MEMMOVE=1" "-DNO_RECURSE=1" "-DNEWLINE=10" "-DPOSIX_MALLOC_THRESHOLD=10" "-DLINK_SIZE=2" "-DPARENS_NEST_LIMIT=250" "-DMATCH_LIMIT=10000000" "-DMATCH_LIMIT_RECURSION=MATCH_LIMIT" "-DMAX_NAME_SIZE=32" "-DMAX_NAME_COUNT=10000" "-DSHA1DC_NO_STANDARD_INCLUDES=1" "-DSHA1DC_CUSTOM_INCLUDE_SHA1_C=\"common.h\"" "-DSHA1DC_CUSTOM_INCLUDE_UBC_CHECK_C=\"common.h\"" "-o" "/opt/rustwide/target/debug/build/libgit2-sys-3084b77a6ad336c3/out/build/2222b295de79a116-pcre_fullinfo.o" "-c" "libgit2/deps/pcre/pcre_fullinfo.c" with args cc did not execute successfully (status code exit status: 1).cargo:warning=libgit2/deps/pcre/pcre_get.c:667:1: fatal error: error writing to /tmp/ccTVhaUZ.s: No space left on device
[INFO] [stderr] warning: libgit2-sys@0.17.0+1.8.1:   667 | }
[INFO] [stderr] warning: libgit2-sys@0.17.0+1.8.1:       | ^
[INFO] [stderr] warning: libgit2-sys@0.17.0+1.8.1: compilation terminated.
[INFO] [stderr] warning: libgit2-sys@0.17.0+1.8.1: ToolExecError: Command "cc" "-O0" "-ffunction-sections" "-fdata-sections" "-fPIC" "-gdwarf-4" "-fno-omit-frame-pointer" "-m64" "-I" "/opt/rustwide/target/debug/build/libgit2-sys-3084b77a6ad336c3/out/include" "-I" "libgit2/src/libgit2" "-I" "libgit2/src/util" "-I" "libgit2/deps/llhttp" "-I" "libgit2/deps/xdiff" "-I" "libgit2/deps/pcre" "-I" "/opt/rustwide/target/debug/build/libssh2-sys-b1e8881680dcebff/out/include" "-I" "/opt/rustwide/target/debug/build/openssl-sys-2e5169b2a266b0ec/out/openssl-build/install/include" "-I" "/usr/include" "-fvisibility=hidden" "-DGIT_REGEX_BUILTIN=1" "-DHAVE_STDINT_H=1" "-DHAVE_MEMMOVE=1" "-DNO_RECURSE=1" "-DNEWLINE=10" "-DPOSIX_MALLOC_THRESHOLD=10" "-DLINK_SIZE=2" "-DPARENS_NEST_LIMIT=250" "-DMATCH_LIMIT=10000000" "-DMATCH_LIMIT_RECURSION=MATCH_LIMIT" "-DMAX_NAME_SIZE=32" "-DMAX_NAME_COUNT=10000" "-DSHA1DC_NO_STANDARD_INCLUDES=1" "-DSHA1DC_CUSTOM_INCLUDE_SHA1_C=\"common.h\"" "-DSHA1DC_CUSTOM_INCLUDE_UBC_CHECK_C=\"common.h\"" "-o" "/opt/rustwide/target/debug/build/libgit2-sys-3084b77a6ad336c3/out/build/2222b295de79a116-pcre_get.o" "-c" "libgit2/deps/pcre/pcre_get.c" with args cc did not execute successfully (status code exit status: 1).cargo:warning=libgit2/deps/pcre/pcre_globals.c:83:1: fatal error: error writing to /tmp/ccVFIrXs.s: No space left on device
[INFO] [stderr] warning: libgit2-sys@0.17.0+1.8.1:    83 | PCRE_EXP_DATA_DEFN int   (*PUBL(stack_guard))(void) = NULL;
[INFO] [stderr] warning: libgit2-sys@0.17.0+1.8.1:       | ^~~~~~~~~~~~~~~~~~
[INFO] [stderr] warning: libgit2-sys@0.17.0+1.8.1: compilation terminated.
[INFO] [stderr] warning: libgit2-sys@0.17.0+1.8.1: ToolExecError: Command "cc" "-O0" "-ffunction-sections" "-fdata-sections" "-fPIC" "-gdwarf-4" "-fno-omit-frame-pointer" "-m64" "-I" "/opt/rustwide/target/debug/build/libgit2-sys-3084b77a6ad336c3/out/include" "-I" "libgit2/src/libgit2" "-I" "libgit2/src/util" "-I" "libgit2/deps/llhttp" "-I" "libgit2/deps/xdiff" "-I" "libgit2/deps/pcre" "-I" "/opt/rustwide/target/debug/build/libssh2-sys-b1e8881680dcebff/out/include" "-I" "/opt/rustwide/target/debug/build/openssl-sys-2e5169b2a266b0ec/out/openssl-build/install/include" "-I" "/usr/include" "-fvisibility=hidden" "-DGIT_REGEX_BUILTIN=1" "-DHAVE_STDINT_H=1" "-DHAVE_MEMMOVE=1" "-DNO_RECURSE=1" "-DNEWLINE=10" "-DPOSIX_MALLOC_THRESHOLD=10" "-DLINK_SIZE=2" "-DPARENS_NEST_LIMIT=250" "-DMATCH_LIMIT=10000000" "-DMATCH_LIMIT_RECURSION=MATCH_LIMIT" "-DMAX_NAME_SIZE=32" "-DMAX_NAME_COUNT=10000" "-DSHA1DC_NO_STANDARD_INCLUDES=1" "-DSHA1DC_CUSTOM_INCLUDE_SHA1_C=\"common.h\"" "-DSHA1DC_CUSTOM_INCLUDE_UBC_CHECK_C=\"common.h\"" "-o" "/opt/rustwide/target/debug/build/libgit2-sys-3084b77a6ad336c3/out/build/2222b295de79a116-pcre_globals.o" "-c" "libgit2/deps/pcre/pcre_globals.c" with args cc did not execute successfully (status code exit status: 1).cargo:warning=libgit2/deps/pcre/pcre_jit_compile.c:11909:1: fatal error: error writing to /tmp/ccmEc8O1.s: No space left on device
[INFO] [stderr] warning: libgit2-sys@0.17.0+1.8.1: 11909 | }
[INFO] [stderr] warning: libgit2-sys@0.17.0+1.8.1:       | ^
[INFO] [stderr] warning: libgit2-sys@0.17.0+1.8.1: compilation terminated.
[INFO] [stderr] warning: libgit2-sys@0.17.0+1.8.1: ToolExecError: Command "cc" "-O0" "-ffunction-sections" "-fdata-sections" "-fPIC" "-gdwarf-4" "-fno-omit-frame-pointer" "-m64" "-I" "/opt/rustwide/target/debug/build/libgit2-sys-3084b77a6ad336c3/out/include" "-I" "libgit2/src/libgit2" "-I" "libgit2/src/util" "-I" "libgit2/deps/llhttp" "-I" "libgit2/deps/xdiff" "-I" "libgit2/deps/pcre" "-I" "/opt/rustwide/target/debug/build/libssh2-sys-b1e8881680dcebff/out/include" "-I" "/opt/rustwide/target/debug/build/openssl-sys-2e5169b2a266b0ec/out/openssl-build/install/include" "-I" "/usr/include" "-fvisibility=hidden" "-DGIT_REGEX_BUILTIN=1" "-DHAVE_STDINT_H=1" "-DHAVE_MEMMOVE=1" "-DNO_RECURSE=1" "-DNEWLINE=10" "-DPOSIX_MALLOC_THRESHOLD=10" "-DLINK_SIZE=2" "-DPARENS_NEST_LIMIT=250" "-DMATCH_LIMIT=10000000" "-DMATCH_LIMIT_RECURSION=MATCH_LIMIT" "-DMAX_NAME_SIZE=32" "-DMAX_NAME_COUNT=10000" "-DSHA1DC_NO_STANDARD_INCLUDES=1" "-DSHA1DC_CUSTOM_INCLUDE_SHA1_C=\"common.h\"" "-DSHA1DC_CUSTOM_INCLUDE_UBC_CHECK_C=\"common.h\"" "-o" "/opt/rustwide/target/debug/build/libgit2-sys-3084b77a6ad336c3/out/build/2222b295de79a116-pcre_jit_compile.o" "-c" "libgit2/deps/pcre/pcre_jit_compile.c" with args cc did not execute successfully (status code exit status: 1).cargo:warning=libgit2/deps/pcre/pcre_compile.c:9813:1: fatal error: error writing to /tmp/cchOJRgA.s: No space left on device
[INFO] [stderr] warning: libgit2-sys@0.17.0+1.8.1:  9813 | }
[INFO] [stderr] warning: libgit2-sys@0.17.0+1.8.1:       | ^
[INFO] [stderr] warning: libgit2-sys@0.17.0+1.8.1: compilation terminated.
[INFO] [stderr] warning: libgit2-sys@0.17.0+1.8.1: ToolExecError: Command "cc" "-O0" "-ffunction-sections" "-fdata-sections" "-fPIC" "-gdwarf-4" "-fno-omit-frame-pointer" "-m64" "-I" "/opt/rustwide/target/debug/build/libgit2-sys-3084b77a6ad336c3/out/include" "-I" "libgit2/src/libgit2" "-I" "libgit2/src/util" "-I" "libgit2/deps/llhttp" "-I" "libgit2/deps/xdiff" "-I" "libgit2/deps/pcre" "-I" "/opt/rustwide/target/debug/build/libssh2-sys-b1e8881680dcebff/out/include" "-I" "/opt/rustwide/target/debug/build/openssl-sys-2e5169b2a266b0ec/out/openssl-build/install/include" "-I" "/usr/include" "-fvisibility=hidden" "-DGIT_REGEX_BUILTIN=1" "-DHAVE_STDINT_H=1" "-DHAVE_MEMMOVE=1" "-DNO_RECURSE=1" "-DNEWLINE=10" "-DPOSIX_MALLOC_THRESHOLD=10" "-DLINK_SIZE=2" "-DPARENS_NEST_LIMIT=250" "-DMATCH_LIMIT=10000000" "-DMATCH_LIMIT_RECURSION=MATCH_LIMIT" "-DMAX_NAME_SIZE=32" "-DMAX_NAME_COUNT=10000" "-DSHA1DC_NO_STANDARD_INCLUDES=1" "-DSHA1DC_CUSTOM_INCLUDE_SHA1_C=\"common.h\"" "-DSHA1DC_CUSTOM_INCLUDE_UBC_CHECK_C=\"common.h\"" "-o" "/opt/rustwide/target/debug/build/libgit2-sys-3084b77a6ad336c3/out/build/2222b295de79a116-pcre_compile.o" "-c" "libgit2/deps/pcre/pcre_compile.c" with args cc did not execute successfully (status code exit status: 1).cargo:warning=libgit2/deps/pcre/pcre_maketables.c:154:1: fatal error: error writing to /tmp/ccLtRkZg.s: No space left on device
[INFO] [stderr] warning: libgit2-sys@0.17.0+1.8.1:   154 | }
[INFO] [stderr] warning: libgit2-sys@0.17.0+1.8.1:       | ^
[INFO] [stderr] warning: libgit2-sys@0.17.0+1.8.1: compilation terminated.
[INFO] [stderr] warning: libgit2-sys@0.17.0+1.8.1: ToolExecError: Command "cc" "-O0" "-ffunction-sections" "-fdata-sections" "-fPIC" "-gdwarf-4" "-fno-omit-frame-pointer" "-m64" "-I" "/opt/rustwide/target/debug/build/libgit2-sys-3084b77a6ad336c3/out/include" "-I" "libgit2/src/libgit2" "-I" "libgit2/src/util" "-I" "libgit2/deps/llhttp" "-I" "libgit2/deps/xdiff" "-I" "libgit2/deps/pcre" "-I" "/opt/rustwide/target/debug/build/libssh2-sys-b1e8881680dcebff/out/include" "-I" "/opt/rustwide/target/debug/build/openssl-sys-2e5169b2a266b0ec/out/openssl-build/install/include" "-I" "/usr/include" "-fvisibility=hidden" "-DGIT_REGEX_BUILTIN=1" "-DHAVE_STDINT_H=1" "-DHAVE_MEMMOVE=1" "-DNO_RECURSE=1" "-DNEWLINE=10" "-DPOSIX_MALLOC_THRESHOLD=10" "-DLINK_SIZE=2" "-DPARENS_NEST_LIMIT=250" "-DMATCH_LIMIT=10000000" "-DMATCH_LIMIT_RECURSION=MATCH_LIMIT" "-DMAX_NAME_SIZE=32" "-DMAX_NAME_COUNT=10000" "-DSHA1DC_NO_STANDARD_INCLUDES=1" "-DSHA1DC_CUSTOM_INCLUDE_SHA1_C=\"common.h\"" "-DSHA1DC_CUSTOM_INCLUDE_UBC_CHECK_C=\"common.h\"" "-o" "/opt/rustwide/target/debug/build/libgit2-sys-3084b77a6ad336c3/out/build/2222b295de79a116-pcre_maketables.o" "-c" "libgit2/deps/pcre/pcre_maketables.c" with args cc did not execute successfully (status code exit status: 1).cargo:warning=libgit2/deps/pcre/pcre_newline.c:208:1: fatal error: error writing to /tmp/ccrCOk8p.s: No space left on device
[INFO] [stderr] warning: libgit2-sys@0.17.0+1.8.1:   208 | }
[INFO] [stderr] warning: libgit2-sys@0.17.0+1.8.1:       | ^
[INFO] [stderr] warning: libgit2-sys@0.17.0+1.8.1: compilation terminated.
[INFO] [stderr] warning: libgit2-sys@0.17.0+1.8.1: ToolExecError: Command "cc" "-O0" "-ffunction-sections" "-fdata-sections" "-fPIC" "-gdwarf-4" "-fno-omit-frame-pointer" "-m64" "-I" "/opt/rustwide/target/debug/build/libgit2-sys-3084b77a6ad336c3/out/include" "-I" "libgit2/src/libgit2" "-I" "libgit2/src/util" "-I" "libgit2/deps/llhttp" "-I" "libgit2/deps/xdiff" "-I" "libgit2/deps/pcre" "-I" "/opt/rustwide/target/debug/build/libssh2-sys-b1e8881680dcebff/out/include" "-I" "/opt/rustwide/target/debug/build/openssl-sys-2e5169b2a266b0ec/out/openssl-build/install/include" "-I" "/usr/include" "-fvisibility=hidden" "-DGIT_REGEX_BUILTIN=1" "-DHAVE_STDINT_H=1" "-DHAVE_MEMMOVE=1" "-DNO_RECURSE=1" "-DNEWLINE=10" "-DPOSIX_MALLOC_THRESHOLD=10" "-DLINK_SIZE=2" "-DPARENS_NEST_LIMIT=250" "-DMATCH_LIMIT=10000000" "-DMATCH_LIMIT_RECURSION=MATCH_LIMIT" "-DMAX_NAME_SIZE=32" "-DMAX_NAME_COUNT=10000" "-DSHA1DC_NO_STANDARD_INCLUDES=1" "-DSHA1DC_CUSTOM_INCLUDE_SHA1_C=\"common.h\"" "-DSHA1DC_CUSTOM_INCLUDE_UBC_CHECK_C=\"common.h\"" "-o" "/opt/rustwide/target/debug/build/libgit2-sys-3084b77a6ad336c3/out/build/2222b295de79a116-pcre_newline.o" "-c" "libgit2/deps/pcre/pcre_newline.c" with args cc did not execute successfully (status code exit status: 1).cargo:warning=libgit2/deps/pcre/pcre_ord2utf8.c:92:1: fatal error: error writing to /tmp/ccgO8Cex.s: No space left on device
[INFO] [stderr] warning: libgit2-sys@0.17.0+1.8.1:    92 | }
[INFO] [stderr] warning: libgit2-sys@0.17.0+1.8.1:       | ^
[INFO] [stderr] warning: libgit2-sys@0.17.0+1.8.1: compilation terminated.
[INFO] [stderr] warning: libgit2-sys@0.17.0+1.8.1: ToolExecError: Command "cc" "-O0" "-ffunction-sections" "-fdata-sections" "-fPIC" "-gdwarf-4" "-fno-omit-frame-pointer" "-m64" "-I" "/opt/rustwide/target/debug/build/libgit2-sys-3084b77a6ad336c3/out/include" "-I" "libgit2/src/libgit2" "-I" "libgit2/src/util" "-I" "libgit2/deps/llhttp" "-I" "libgit2/deps/xdiff" "-I" "libgit2/deps/pcre" "-I" "/opt/rustwide/target/debug/build/libssh2-sys-b1e8881680dcebff/out/include" "-I" "/opt/rustwide/target/debug/build/openssl-sys-2e5169b2a266b0ec/out/openssl-build/install/include" "-I" "/usr/include" "-fvisibility=hidden" "-DGIT_REGEX_BUILTIN=1" "-DHAVE_STDINT_H=1" "-DHAVE_MEMMOVE=1" "-DNO_RECURSE=1" "-DNEWLINE=10" "-DPOSIX_MALLOC_THRESHOLD=10" "-DLINK_SIZE=2" "-DPARENS_NEST_LIMIT=250" "-DMATCH_LIMIT=10000000" "-DMATCH_LIMIT_RECURSION=MATCH_LIMIT" "-DMAX_NAME_SIZE=32" "-DMAX_NAME_COUNT=10000" "-DSHA1DC_NO_STANDARD_INCLUDES=1" "-DSHA1DC_CUSTOM_INCLUDE_SHA1_C=\"common.h\"" "-DSHA1DC_CUSTOM_INCLUDE_UBC_CHECK_C=\"common.h\"" "-o" "/opt/rustwide/target/debug/build/libgit2-sys-3084b77a6ad336c3/out/build/2222b295de79a116-pcre_ord2utf8.o" "-c" "libgit2/deps/pcre/pcre_ord2utf8.c" with args cc did not execute successfully (status code exit status: 1).cargo:warning=libgit2/deps/pcre/pcre_printint.c:832:1: fatal error: error writing to /tmp/cc9MAX77.s: No space left on device
[INFO] [stderr] warning: libgit2-sys@0.17.0+1.8.1:   832 | }
[INFO] [stderr] warning: libgit2-sys@0.17.0+1.8.1:       | ^
[INFO] [stderr] warning: libgit2-sys@0.17.0+1.8.1: compilation terminated.
[INFO] [stderr] warning: libgit2-sys@0.17.0+1.8.1: ToolExecError: Command "cc" "-O0" "-ffunction-sections" "-fdata-sections" "-fPIC" "-gdwarf-4" "-fno-omit-frame-pointer" "-m64" "-I" "/opt/rustwide/target/debug/build/libgit2-sys-3084b77a6ad336c3/out/include" "-I" "libgit2/src/libgit2" "-I" "libgit2/src/util" "-I" "libgit2/deps/llhttp" "-I" "libgit2/deps/xdiff" "-I" "libgit2/deps/pcre" "-I" "/opt/rustwide/target/debug/build/libssh2-sys-b1e8881680dcebff/out/include" "-I" "/opt/rustwide/target/debug/build/openssl-sys-2e5169b2a266b0ec/out/openssl-build/install/include" "-I" "/usr/include" "-fvisibility=hidden" "-DGIT_REGEX_BUILTIN=1" "-DHAVE_STDINT_H=1" "-DHAVE_MEMMOVE=1" "-DNO_RECURSE=1" "-DNEWLINE=10" "-DPOSIX_MALLOC_THRESHOLD=10" "-DLINK_SIZE=2" "-DPARENS_NEST_LIMIT=250" "-DMATCH_LIMIT=10000000" "-DMATCH_LIMIT_RECURSION=MATCH_LIMIT" "-DMAX_NAME_SIZE=32" "-DMAX_NAME_COUNT=10000" "-DSHA1DC_NO_STANDARD_INCLUDES=1" "-DSHA1DC_CUSTOM_INCLUDE_SHA1_C=\"common.h\"" "-DSHA1DC_CUSTOM_INCLUDE_UBC_CHECK_C=\"common.h\"" "-o" "/opt/rustwide/target/debug/build/libgit2-sys-3084b77a6ad336c3/out/build/2222b295de79a116-pcre_printint.o" "-c" "libgit2/deps/pcre/pcre_printint.c" with args cc did not execute successfully (status code exit status: 1).cargo:warning=libgit2/deps/pcre/pcre_refcount.c:90:1: fatal error: error writing to /tmp/cclnqvQ3.s: No space left on device
[INFO] [stderr] warning: libgit2-sys@0.17.0+1.8.1:    90 | }
[INFO] [stderr] warning: libgit2-sys@0.17.0+1.8.1:       | ^
[INFO] [stderr] warning: libgit2-sys@0.17.0+1.8.1: compilation terminated.
[INFO] [stderr] warning: libgit2-sys@0.17.0+1.8.1: ToolExecError: Command "cc" "-O0" "-ffunction-sections" "-fdata-sections" "-fPIC" "-gdwarf-4" "-fno-omit-frame-pointer" "-m64" "-I" "/opt/rustwide/target/debug/build/libgit2-sys-3084b77a6ad336c3/out/include" "-I" "libgit2/src/libgit2" "-I" "libgit2/src/util" "-I" "libgit2/deps/llhttp" "-I" "libgit2/deps/xdiff" "-I" "libgit2/deps/pcre" "-I" "/opt/rustwide/target/debug/build/libssh2-sys-b1e8881680dcebff/out/include" "-I" "/opt/rustwide/target/debug/build/openssl-sys-2e5169b2a266b0ec/out/openssl-build/install/include" "-I" "/usr/include" "-fvisibility=hidden" "-DGIT_REGEX_BUILTIN=1" "-DHAVE_STDINT_H=1" "-DHAVE_MEMMOVE=1" "-DNO_RECURSE=1" "-DNEWLINE=10" "-DPOSIX_MALLOC_THRESHOLD=10" "-DLINK_SIZE=2" "-DPARENS_NEST_LIMIT=250" "-DMATCH_LIMIT=10000000" "-DMATCH_LIMIT_RECURSION=MATCH_LIMIT" "-DMAX_NAME_SIZE=32" "-DMAX_NAME_COUNT=10000" "-DSHA1DC_NO_STANDARD_INCLUDES=1" "-DSHA1DC_CUSTOM_INCLUDE_SHA1_C=\"common.h\"" "-DSHA1DC_CUSTOM_INCLUDE_UBC_CHECK_C=\"common.h\"" "-o" "/opt/rustwide/target/debug/build/libgit2-sys-3084b77a6ad336c3/out/build/2222b295de79a116-pcre_refcount.o" "-c" "libgit2/deps/pcre/pcre_refcount.c" with args cc did not execute successfully (status code exit status: 1).cargo:warning=libgit2/deps/pcre/pcre_string_utils.c:50: fatal error: error closing /tmp/ccyV2SBI.s: No space left on device
[INFO] [stderr] warning: libgit2-sys@0.17.0+1.8.1:    50 | 
[INFO] [stderr] warning: libgit2-sys@0.17.0+1.8.1:       | 
[INFO] [stderr] warning: libgit2-sys@0.17.0+1.8.1: compilation terminated.
[INFO] [stderr] warning: libgit2-sys@0.17.0+1.8.1: ToolExecError: Command "cc" "-O0" "-ffunction-sections" "-fdata-sections" "-fPIC" "-gdwarf-4" "-fno-omit-frame-pointer" "-m64" "-I" "/opt/rustwide/target/debug/build/libgit2-sys-3084b77a6ad336c3/out/include" "-I" "libgit2/src/libgit2" "-I" "libgit2/src/util" "-I" "libgit2/deps/llhttp" "-I" "libgit2/deps/xdiff" "-I" "libgit2/deps/pcre" "-I" "/opt/rustwide/target/debug/build/libssh2-sys-b1e8881680dcebff/out/include" "-I" "/opt/rustwide/target/debug/build/openssl-sys-2e5169b2a266b0ec/out/openssl-build/install/include" "-I" "/usr/include" "-fvisibility=hidden" "-DGIT_REGEX_BUILTIN=1" "-DHAVE_STDINT_H=1" "-DHAVE_MEMMOVE=1" "-DNO_RECURSE=1" "-DNEWLINE=10" "-DPOSIX_MALLOC_THRESHOLD=10" "-DLINK_SIZE=2" "-DPARENS_NEST_LIMIT=250" "-DMATCH_LIMIT=10000000" "-DMATCH_LIMIT_RECURSION=MATCH_LIMIT" "-DMAX_NAME_SIZE=32" "-DMAX_NAME_COUNT=10000" "-DSHA1DC_NO_STANDARD_INCLUDES=1" "-DSHA1DC_CUSTOM_INCLUDE_SHA1_C=\"common.h\"" "-DSHA1DC_CUSTOM_INCLUDE_UBC_CHECK_C=\"common.h\"" "-o" "/opt/rustwide/target/debug/build/libgit2-sys-3084b77a6ad336c3/out/build/2222b295de79a116-pcre_string_utils.o" "-c" "libgit2/deps/pcre/pcre_string_utils.c" with args cc did not execute successfully (status code exit status: 1).cargo:warning=libgit2/deps/pcre/pcre_exec.c:7171:1: fatal error: error writing to /tmp/ccKRM1QY.s: No space left on device
[INFO] [stderr] warning: libgit2-sys@0.17.0+1.8.1:  7171 | }
[INFO] [stderr] warning: libgit2-sys@0.17.0+1.8.1:       | ^
[INFO] [stderr] warning: libgit2-sys@0.17.0+1.8.1: compilation terminated.
[INFO] [stderr] warning: libgit2-sys@0.17.0+1.8.1: ToolExecError: Command "cc" "-O0" "-ffunction-sections" "-fdata-sections" "-fPIC" "-gdwarf-4" "-fno-omit-frame-pointer" "-m64" "-I" "/opt/rustwide/target/debug/build/libgit2-sys-3084b77a6ad336c3/out/include" "-I" "libgit2/src/libgit2" "-I" "libgit2/src/util" "-I" "libgit2/deps/llhttp" "-I" "libgit2/deps/xdiff" "-I" "libgit2/deps/pcre" "-I" "/opt/rustwide/target/debug/build/libssh2-sys-b1e8881680dcebff/out/include" "-I" "/opt/rustwide/target/debug/build/openssl-sys-2e5169b2a266b0ec/out/openssl-build/install/include" "-I" "/usr/include" "-fvisibility=hidden" "-DGIT_REGEX_BUILTIN=1" "-DHAVE_STDINT_H=1" "-DHAVE_MEMMOVE=1" "-DNO_RECURSE=1" "-DNEWLINE=10" "-DPOSIX_MALLOC_THRESHOLD=10" "-DLINK_SIZE=2" "-DPARENS_NEST_LIMIT=250" "-DMATCH_LIMIT=10000000" "-DMATCH_LIMIT_RECURSION=MATCH_LIMIT" "-DMAX_NAME_SIZE=32" "-DMAX_NAME_COUNT=10000" "-DSHA1DC_NO_STANDARD_INCLUDES=1" "-DSHA1DC_CUSTOM_INCLUDE_SHA1_C=\"common.h\"" "-DSHA1DC_CUSTOM_INCLUDE_UBC_CHECK_C=\"common.h\"" "-o" "/opt/rustwide/target/debug/build/libgit2-sys-3084b77a6ad336c3/out/build/2222b295de79a116-pcre_exec.o" "-c" "libgit2/deps/pcre/pcre_exec.c" with args cc did not execute successfully (status code exit status: 1).cargo:warning=libgit2/deps/pcre/pcre_study.c:1684:1: fatal error: error writing to /tmp/ccSIfC7f.s: No space left on device
[INFO] [stderr] warning: libgit2-sys@0.17.0+1.8.1:  1684 | }
[INFO] [stderr] warning: libgit2-sys@0.17.0+1.8.1:       | ^
[INFO] [stderr] warning: libgit2-sys@0.17.0+1.8.1: compilation terminated.
[INFO] [stderr] warning: libgit2-sys@0.17.0+1.8.1: ToolExecError: Command "cc" "-O0" "-ffunction-sections" "-fdata-sections" "-fPIC" "-gdwarf-4" "-fno-omit-frame-pointer" "-m64" "-I" "/opt/rustwide/target/debug/build/libgit2-sys-3084b77a6ad336c3/out/include" "-I" "libgit2/src/libgit2" "-I" "libgit2/src/util" "-I" "libgit2/deps/llhttp" "-I" "libgit2/deps/xdiff" "-I" "libgit2/deps/pcre" "-I" "/opt/rustwide/target/debug/build/libssh2-sys-b1e8881680dcebff/out/include" "-I" "/opt/rustwide/target/debug/build/openssl-sys-2e5169b2a266b0ec/out/openssl-build/install/include" "-I" "/usr/include" "-fvisibility=hidden" "-DGIT_REGEX_BUILTIN=1" "-DHAVE_STDINT_H=1" "-DHAVE_MEMMOVE=1" "-DNO_RECURSE=1" "-DNEWLINE=10" "-DPOSIX_MALLOC_THRESHOLD=10" "-DLINK_SIZE=2" "-DPARENS_NEST_LIMIT=250" "-DMATCH_LIMIT=10000000" "-DMATCH_LIMIT_RECURSION=MATCH_LIMIT" "-DMAX_NAME_SIZE=32" "-DMAX_NAME_COUNT=10000" "-DSHA1DC_NO_STANDARD_INCLUDES=1" "-DSHA1DC_CUSTOM_INCLUDE_SHA1_C=\"common.h\"" "-DSHA1DC_CUSTOM_INCLUDE_UBC_CHECK_C=\"common.h\"" "-o" "/opt/rustwide/target/debug/build/libgit2-sys-3084b77a6ad336c3/out/build/2222b295de79a116-pcre_study.o" "-c" "libgit2/deps/pcre/pcre_study.c" with args cc did not execute successfully (status code exit status: 1).cargo:warning=libgit2/deps/pcre/pcre_tables.c:65:1: fatal error: error writing to /tmp/ccQkRrj7.s: No space left on device
[INFO] [stderr] warning: libgit2-sys@0.17.0+1.8.1:    65 | const pcre_uint32 PRIV(vspace_list)[] = { VSPACE_LIST };
[INFO] [stderr] warning: libgit2-sys@0.17.0+1.8.1:       | ^~~~~
[INFO] [stderr] warning: libgit2-sys@0.17.0+1.8.1: compilation terminated.
[INFO] [stderr] warning: libgit2-sys@0.17.0+1.8.1: ToolExecError: Command "cc" "-O0" "-ffunction-sections" "-fdata-sections" "-fPIC" "-gdwarf-4" "-fno-omit-frame-pointer" "-m64" "-I" "/opt/rustwide/target/debug/build/libgit2-sys-3084b77a6ad336c3/out/include" "-I" "libgit2/src/libgit2" "-I" "libgit2/src/util" "-I" "libgit2/deps/llhttp" "-I" "libgit2/deps/xdiff" "-I" "libgit2/deps/pcre" "-I" "/opt/rustwide/target/debug/build/libssh2-sys-b1e8881680dcebff/out/include" "-I" "/opt/rustwide/target/debug/build/openssl-sys-2e5169b2a266b0ec/out/openssl-build/install/include" "-I" "/usr/include" "-fvisibility=hidden" "-DGIT_REGEX_BUILTIN=1" "-DHAVE_STDINT_H=1" "-DHAVE_MEMMOVE=1" "-DNO_RECURSE=1" "-DNEWLINE=10" "-DPOSIX_MALLOC_THRESHOLD=10" "-DLINK_SIZE=2" "-DPARENS_NEST_LIMIT=250" "-DMATCH_LIMIT=10000000" "-DMATCH_LIMIT_RECURSION=MATCH_LIMIT" "-DMAX_NAME_SIZE=32" "-DMAX_NAME_COUNT=10000" "-DSHA1DC_NO_STANDARD_INCLUDES=1" "-DSHA1DC_CUSTOM_INCLUDE_SHA1_C=\"common.h\"" "-DSHA1DC_CUSTOM_INCLUDE_UBC_CHECK_C=\"common.h\"" "-o" "/opt/rustwide/target/debug/build/libgit2-sys-3084b77a6ad336c3/out/build/2222b295de79a116-pcre_tables.o" "-c" "libgit2/deps/pcre/pcre_tables.c" with args cc did not execute successfully (status code exit status: 1).cargo:warning=libgit2/deps/pcre/pcre_ucd.c:38:1: fatal error: error writing to /tmp/cciWNgs3.s: No space left on device
[INFO] [stderr] warning: libgit2-sys@0.17.0+1.8.1:    38 | const pcre_uint32 PRIV(ucd_caseless_sets)[] = {0};
[INFO] [stderr] warning: libgit2-sys@0.17.0+1.8.1:       | ^~~~~
[INFO] [stderr] warning: libgit2-sys@0.17.0+1.8.1: compilation terminated.
[INFO] [stderr] warning: libgit2-sys@0.17.0+1.8.1: ToolExecError: Command "cc" "-O0" "-ffunction-sections" "-fdata-sections" "-fPIC" "-gdwarf-4" "-fno-omit-frame-pointer" "-m64" "-I" "/opt/rustwide/target/debug/build/libgit2-sys-3084b77a6ad336c3/out/include" "-I" "libgit2/src/libgit2" "-I" "libgit2/src/util" "-I" "libgit2/deps/llhttp" "-I" "libgit2/deps/xdiff" "-I" "libgit2/deps/pcre" "-I" "/opt/rustwide/target/debug/build/libssh2-sys-b1e8881680dcebff/out/include" "-I" "/opt/rustwide/target/debug/build/openssl-sys-2e5169b2a266b0ec/out/openssl-build/install/include" "-I" "/usr/include" "-fvisibility=hidden" "-DGIT_REGEX_BUILTIN=1" "-DHAVE_STDINT_H=1" "-DHAVE_MEMMOVE=1" "-DNO_RECURSE=1" "-DNEWLINE=10" "-DPOSIX_MALLOC_THRESHOLD=10" "-DLINK_SIZE=2" "-DPARENS_NEST_LIMIT=250" "-DMATCH_LIMIT=10000000" "-DMATCH_LIMIT_RECURSION=MATCH_LIMIT" "-DMAX_NAME_SIZE=32" "-DMAX_NAME_COUNT=10000" "-DSHA1DC_NO_STANDARD_INCLUDES=1" "-DSHA1DC_CUSTOM_INCLUDE_SHA1_C=\"common.h\"" "-DSHA1DC_CUSTOM_INCLUDE_UBC_CHECK_C=\"common.h\"" "-o" "/opt/rustwide/target/debug/build/libgit2-sys-3084b77a6ad336c3/out/build/2222b295de79a116-pcre_ucd.o" "-c" "libgit2/deps/pcre/pcre_ucd.c" with args cc did not execute successfully (status code exit status: 1).cargo:warning=libgit2/deps/pcre/pcre_valid_utf8.c:299:1: fatal error: error writing to /tmp/cciockJf.s: No space left on device
[INFO] [stderr] warning: libgit2-sys@0.17.0+1.8.1:   299 | }
[INFO] [stderr] warning: libgit2-sys@0.17.0+1.8.1:       | ^
[INFO] [stderr] warning: libgit2-sys@0.17.0+1.8.1: compilation terminated.
[INFO] [stderr] warning: libgit2-sys@0.17.0+1.8.1: ToolExecError: Command "cc" "-O0" "-ffunction-sections" "-fdata-sections" "-fPIC" "-gdwarf-4" "-fno-omit-frame-pointer" "-m64" "-I" "/opt/rustwide/target/debug/build/libgit2-sys-3084b77a6ad336c3/out/include" "-I" "libgit2/src/libgit2" "-I" "libgit2/src/util" "-I" "libgit2/deps/llhttp" "-I" "libgit2/deps/xdiff" "-I" "libgit2/deps/pcre" "-I" "/opt/rustwide/target/debug/build/libssh2-sys-b1e8881680dcebff/out/include" "-I" "/opt/rustwide/target/debug/build/openssl-sys-2e5169b2a266b0ec/out/openssl-build/install/include" "-I" "/usr/include" "-fvisibility=hidden" "-DGIT_REGEX_BUILTIN=1" "-DHAVE_STDINT_H=1" "-DHAVE_MEMMOVE=1" "-DNO_RECURSE=1" "-DNEWLINE=10" "-DPOSIX_MALLOC_THRESHOLD=10" "-DLINK_SIZE=2" "-DPARENS_NEST_LIMIT=250" "-DMATCH_LIMIT=10000000" "-DMATCH_LIMIT_RECURSION=MATCH_LIMIT" "-DMAX_NAME_SIZE=32" "-DMAX_NAME_COUNT=10000" "-DSHA1DC_NO_STANDARD_INCLUDES=1" "-DSHA1DC_CUSTOM_INCLUDE_SHA1_C=\"common.h\"" "-DSHA1DC_CUSTOM_INCLUDE_UBC_CHECK_C=\"common.h\"" "-o" "/opt/rustwide/target/debug/build/libgit2-sys-3084b77a6ad336c3/out/build/2222b295de79a116-pcre_valid_utf8.o" "-c" "libgit2/deps/pcre/pcre_valid_utf8.c" with args cc did not execute successfully (status code exit status: 1).cargo:warning=libgit2/deps/pcre/pcre_version.c:96:1: fatal error: error writing to /tmp/ccx5mC1C.s: No space left on device
[INFO] [stderr] warning: libgit2-sys@0.17.0+1.8.1:    96 | }
[INFO] [stderr] warning: libgit2-sys@0.17.0+1.8.1:       | ^
[INFO] [stderr] warning: libgit2-sys@0.17.0+1.8.1: compilation terminated.
[INFO] [stderr] warning: libgit2-sys@0.17.0+1.8.1: ToolExecError: Command "cc" "-O0" "-ffunction-sections" "-fdata-sections" "-fPIC" "-gdwarf-4" "-fno-omit-frame-pointer" "-m64" "-I" "/opt/rustwide/target/debug/build/libgit2-sys-3084b77a6ad336c3/out/include" "-I" "libgit2/src/libgit2" "-I" "libgit2/src/util" "-I" "libgit2/deps/llhttp" "-I" "libgit2/deps/xdiff" "-I" "libgit2/deps/pcre" "-I" "/opt/rustwide/target/debug/build/libssh2-sys-b1e8881680dcebff/out/include" "-I" "/opt/rustwide/target/debug/build/openssl-sys-2e5169b2a266b0ec/out/openssl-build/install/include" "-I" "/usr/include" "-fvisibility=hidden" "-DGIT_REGEX_BUILTIN=1" "-DHAVE_STDINT_H=1" "-DHAVE_MEMMOVE=1" "-DNO_RECURSE=1" "-DNEWLINE=10" "-DPOSIX_MALLOC_THRESHOLD=10" "-DLINK_SIZE=2" "-DPARENS_NEST_LIMIT=250" "-DMATCH_LIMIT=10000000" "-DMATCH_LIMIT_RECURSION=MATCH_LIMIT" "-DMAX_NAME_SIZE=32" "-DMAX_NAME_COUNT=10000" "-DSHA1DC_NO_STANDARD_INCLUDES=1" "-DSHA1DC_CUSTOM_INCLUDE_SHA1_C=\"common.h\"" "-DSHA1DC_CUSTOM_INCLUDE_UBC_CHECK_C=\"common.h\"" "-o" "/opt/rustwide/target/debug/build/libgit2-sys-3084b77a6ad336c3/out/build/2222b295de79a116-pcre_version.o" "-c" "libgit2/deps/pcre/pcre_version.c" with args cc did not execute successfully (status code exit status: 1).cargo:warning=libgit2/deps/pcre/pcre_xclass.c:266:1: fatal error: error writing to /tmp/ccKnDCv8.s: No space left on device
[INFO] [stderr] warning: libgit2-sys@0.17.0+1.8.1:   266 | }
[INFO] [stderr] warning: libgit2-sys@0.17.0+1.8.1:       | ^
[INFO] [stderr] warning: libgit2-sys@0.17.0+1.8.1: compilation terminated.
[INFO] [stderr] warning: libgit2-sys@0.17.0+1.8.1: ToolExecError: Command "cc" "-O0" "-ffunction-sections" "-fdata-sections" "-fPIC" "-gdwarf-4" "-fno-omit-frame-pointer" "-m64" "-I" "/opt/rustwide/target/debug/build/libgit2-sys-3084b77a6ad336c3/out/include" "-I" "libgit2/src/libgit2" "-I" "libgit2/src/util" "-I" "libgit2/deps/llhttp" "-I" "libgit2/deps/xdiff" "-I" "libgit2/deps/pcre" "-I" "/opt/rustwide/target/debug/build/libssh2-sys-b1e8881680dcebff/out/include" "-I" "/opt/rustwide/target/debug/build/openssl-sys-2e5169b2a266b0ec/out/openssl-build/install/include" "-I" "/usr/include" "-fvisibility=hidden" "-DGIT_REGEX_BUILTIN=1" "-DHAVE_STDINT_H=1" "-DHAVE_MEMMOVE=1" "-DNO_RECURSE=1" "-DNEWLINE=10" "-DPOSIX_MALLOC_THRESHOLD=10" "-DLINK_SIZE=2" "-DPARENS_NEST_LIMIT=250" "-DMATCH_LIMIT=10000000" "-DMATCH_LIMIT_RECURSION=MATCH_LIMIT" "-DMAX_NAME_SIZE=32" "-DMAX_NAME_COUNT=10000" "-DSHA1DC_NO_STANDARD_INCLUDES=1" "-DSHA1DC_CUSTOM_INCLUDE_SHA1_C=\"common.h\"" "-DSHA1DC_CUSTOM_INCLUDE_UBC_CHECK_C=\"common.h\"" "-o" "/opt/rustwide/target/debug/build/libgit2-sys-3084b77a6ad336c3/out/build/2222b295de79a116-pcre_xclass.o" "-c" "libgit2/deps/pcre/pcre_xclass.c" with args cc did not execute successfully (status code exit status: 1).cargo:warning=libgit2/deps/pcre/pcreposix.c:418:1: fatal error: error writing to /tmp/ccbxyvNf.s: No space left on device
[INFO] [stderr] warning: libgit2-sys@0.17.0+1.8.1:   418 | }
[INFO] [stderr] warning: libgit2-sys@0.17.0+1.8.1:       | ^
[INFO] [stderr] warning: libgit2-sys@0.17.0+1.8.1: compilation terminated.
[INFO] [stderr] warning: libgit2-sys@0.17.0+1.8.1: ToolExecError: Command "cc" "-O0" "-ffunction-sections" "-fdata-sections" "-fPIC" "-gdwarf-4" "-fno-omit-frame-pointer" "-m64" "-I" "/opt/rustwide/target/debug/build/libgit2-sys-3084b77a6ad336c3/out/include" "-I" "libgit2/src/libgit2" "-I" "libgit2/src/util" "-I" "libgit2/deps/llhttp" "-I" "libgit2/deps/xdiff" "-I" "libgit2/deps/pcre" "-I" "/opt/rustwide/target/debug/build/libssh2-sys-b1e8881680dcebff/out/include" "-I" "/opt/rustwide/target/debug/build/openssl-sys-2e5169b2a266b0ec/out/openssl-build/install/include" "-I" "/usr/include" "-fvisibility=hidden" "-DGIT_REGEX_BUILTIN=1" "-DHAVE_STDINT_H=1" "-DHAVE_MEMMOVE=1" "-DNO_RECURSE=1" "-DNEWLINE=10" "-DPOSIX_MALLOC_THRESHOLD=10" "-DLINK_SIZE=2" "-DPARENS_NEST_LIMIT=250" "-DMATCH_LIMIT=10000000" "-DMATCH_LIMIT_RECURSION=MATCH_LIMIT" "-DMAX_NAME_SIZE=32" "-DMAX_NAME_COUNT=10000" "-DSHA1DC_NO_STANDARD_INCLUDES=1" "-DSHA1DC_CUSTOM_INCLUDE_SHA1_C=\"common.h\"" "-DSHA1DC_CUSTOM_INCLUDE_UBC_CHECK_C=\"common.h\"" "-o" "/opt/rustwide/target/debug/build/libgit2-sys-3084b77a6ad336c3/out/build/2222b295de79a116-pcreposix.o" "-c" "libgit2/deps/pcre/pcreposix.c" with args cc did not execute successfully (status code exit status: 1).cargo:warning=libgit2/src/util/hash/openssl.c: In function 'git_hash_sha256_init':
[INFO] [stderr] warning: libgit2-sys@0.17.0+1.8.1: libgit2/src/util/hash/openssl.c:163:9: warning: 'SHA256_Init' is deprecated: Since OpenSSL 3.0 [-Wdeprecated-declarations]
[INFO] [stderr] warning: libgit2-sys@0.17.0+1.8.1:   163 |         if (SHA256_Init(&ctx->c) != 1) {
[INFO] [stderr] warning: libgit2-sys@0.17.0+1.8.1:       |         ^~
[INFO] [stderr] warning: libgit2-sys@0.17.0+1.8.1: In file included from libgit2/src/util/hash/openssl.h:14,
[INFO] [stderr] warning: libgit2-sys@0.17.0+1.8.1:                  from libgit2/src/util/hash/openssl.c:8:
[INFO] [stderr] warning: libgit2-sys@0.17.0+1.8.1: /opt/rustwide/target/debug/build/openssl-sys-2e5169b2a266b0ec/out/openssl-build/install/include/openssl/sha.h:73:27: note: declared here
[INFO] [stderr] warning: libgit2-sys@0.17.0+1.8.1:    73 | OSSL_DEPRECATEDIN_3_0 int SHA256_Init(SHA256_CTX *c);
[INFO] [stderr] warning: libgit2-sys@0.17.0+1.8.1:       |                           ^~~~~~~~~~~
[INFO] [stderr] warning: libgit2-sys@0.17.0+1.8.1: libgit2/src/util/hash/openssl.c: In function 'git_hash_sha256_update':
[INFO] [stderr] warning: libgit2-sys@0.17.0+1.8.1: libgit2/src/util/hash/openssl.c:175:9: warning: 'SHA256_Update' is deprecated: Since OpenSSL 3.0 [-Wdeprecated-declarations]
[INFO] [stderr] warning: libgit2-sys@0.17.0+1.8.1:   175 |         if (SHA256_Update(&ctx->c, data, len) != 1) {
[INFO] [stderr] warning: libgit2-sys@0.17.0+1.8.1:       |         ^~
[INFO] [stderr] warning: libgit2-sys@0.17.0+1.8.1: In file included from libgit2/src/util/hash/openssl.h:14,
[INFO] [stderr] warning: libgit2-sys@0.17.0+1.8.1:                  from libgit2/src/util/hash/openssl.c:8:
[INFO] [stderr] warning: libgit2-sys@0.17.0+1.8.1: /opt/rustwide/target/debug/build/openssl-sys-2e5169b2a266b0ec/out/openssl-build/install/include/openssl/sha.h:74:27: note: declared here
[INFO] [stderr] warning: libgit2-sys@0.17.0+1.8.1:    74 | OSSL_DEPRECATEDIN_3_0 int SHA256_Update(SHA256_CTX *c,
[INFO] [stderr] warning: libgit2-sys@0.17.0+1.8.1:       |                           ^~~~~~~~~~~~~
[INFO] [stderr] warning: libgit2-sys@0.17.0+1.8.1: libgit2/src/util/hash/openssl.c: In function 'git_hash_sha256_final':
[INFO] [stderr] warning: libgit2-sys@0.17.0+1.8.1: libgit2/src/util/hash/openssl.c:187:9: warning: 'SHA256_Final' is deprecated: Since OpenSSL 3.0 [-Wdeprecated-declarations]
[INFO] [stderr] warning: libgit2-sys@0.17.0+1.8.1:   187 |         if (SHA256_Final(out, &ctx->c) != 1) {
[INFO] [stderr] warning: libgit2-sys@0.17.0+1.8.1:       |         ^~
[INFO] [stderr] warning: libgit2-sys@0.17.0+1.8.1: In file included from libgit2/src/util/hash/openssl.h:14,
[INFO] [stderr] warning: libgit2-sys@0.17.0+1.8.1:                  from libgit2/src/util/hash/openssl.c:8:
[INFO] [stderr] warning: libgit2-sys@0.17.0+1.8.1: /opt/rustwide/target/debug/build/openssl-sys-2e5169b2a266b0ec/out/openssl-build/install/include/openssl/sha.h:76:27: note: declared here
[INFO] [stderr] warning: libgit2-sys@0.17.0+1.8.1:    76 | OSSL_DEPRECATEDIN_3_0 int SHA256_Final(unsigned char *md, SHA256_CTX *c);
[INFO] [stderr] warning: libgit2-sys@0.17.0+1.8.1:       |                           ^~~~~~~~~~~~
[INFO] [stderr] 
[INFO] [stderr] error: failed to run custom build command for `libgit2-sys v0.17.0+1.8.1`
[INFO] [stderr] note: To improve backtraces for build dependencies, set the CARGO_PROFILE_DEV_BUILD_OVERRIDE_DEBUG=true environment variable to enable debug information generation.
[INFO] [stderr] 
[INFO] [stderr] Caused by:
[INFO] [stderr]   process didn't exit successfully: `/opt/rustwide/target/debug/build/libgit2-sys-5bbc2a68e582d180/build-script-build` (exit status: 1)
[INFO] [stderr]   --- stdout
[INFO] [stderr]   cargo:rerun-if-env-changed=LIBGIT2_NO_VENDOR
[INFO] [stderr]   cargo:rustc-cfg=libgit2_vendored
[INFO] [stderr]   libgit2/include/git2.h => /opt/rustwide/target/debug/build/libgit2-sys-3084b77a6ad336c3/out/include/git2.h
[INFO] [stderr]   libgit2/include/git2/errors.h => /opt/rustwide/target/debug/build/libgit2-sys-3084b77a6ad336c3/out/include/git2/errors.h
[INFO] [stderr]   libgit2/include/git2/refs.h => /opt/rustwide/target/debug/build/libgit2-sys-3084b77a6ad336c3/out/include/git2/refs.h
[INFO] [stderr]   libgit2/include/git2/reflog.h => /opt/rustwide/target/debug/build/libgit2-sys-3084b77a6ad336c3/out/include/git2/reflog.h
[INFO] [stderr]   libgit2/include/git2/signature.h => /opt/rustwide/target/debug/build/libgit2-sys-3084b77a6ad336c3/out/include/git2/signature.h
[INFO] [stderr]   libgit2/include/git2/index.h => /opt/rustwide/target/debug/build/libgit2-sys-3084b77a6ad336c3/out/include/git2/index.h
[INFO] [stderr]   libgit2/include/git2/object.h => /opt/rustwide/target/debug/build/libgit2-sys-3084b77a6ad336c3/out/include/git2/object.h
[INFO] [stderr]   libgit2/include/git2/pack.h => /opt/rustwide/target/debug/build/libgit2-sys-3084b77a6ad336c3/out/include/git2/pack.h
[INFO] [stderr]   libgit2/include/git2/revert.h => /opt/rustwide/target/debug/build/libgit2-sys-3084b77a6ad336c3/out/include/git2/revert.h
[INFO] [stderr]   libgit2/include/git2/trace.h => /opt/rustwide/target/debug/build/libgit2-sys-3084b77a6ad336c3/out/include/git2/trace.h
[INFO] [stderr]   libgit2/include/git2/apply.h => /opt/rustwide/target/debug/build/libgit2-sys-3084b77a6ad336c3/out/include/git2/apply.h
[INFO] [stderr]   libgit2/include/git2/strarray.h => /opt/rustwide/target/debug/build/libgit2-sys-3084b77a6ad336c3/out/include/git2/strarray.h
[INFO] [stderr]   libgit2/include/git2/revwalk.h => /opt/rustwide/target/debug/build/libgit2-sys-3084b77a6ad336c3/out/include/git2/revwalk.h
[INFO] [stderr]   libgit2/include/git2/mailmap.h => /opt/rustwide/target/debug/build/libgit2-sys-3084b77a6ad336c3/out/include/git2/mailmap.h
[INFO] [stderr]   libgit2/include/git2/remote.h => /opt/rustwide/target/debug/build/libgit2-sys-3084b77a6ad336c3/out/include/git2/remote.h
[INFO] [stderr]   libgit2/include/git2/clone.h => /opt/rustwide/target/debug/build/libgit2-sys-3084b77a6ad336c3/out/include/git2/clone.h
[INFO] [stderr]   libgit2/include/git2/branch.h => /opt/rustwide/target/debug/build/libgit2-sys-3084b77a6ad336c3/out/include/git2/branch.h
[INFO] [stderr]   libgit2/include/git2/types.h => /opt/rustwide/target/debug/build/libgit2-sys-3084b77a6ad336c3/out/include/git2/types.h
[INFO] [stderr]   libgit2/include/git2/transport.h => /opt/rustwide/target/debug/build/libgit2-sys-3084b77a6ad336c3/out/include/git2/transport.h
[INFO] [stderr]   libgit2/include/git2/status.h => /opt/rustwide/target/debug/build/libgit2-sys-3084b77a6ad336c3/out/include/git2/status.h
[INFO] [stderr]   libgit2/include/git2/tag.h => /opt/rustwide/target/debug/build/libgit2-sys-3084b77a6ad336c3/out/include/git2/tag.h
[INFO] [stderr]   libgit2/include/git2/commit.h => /opt/rustwide/target/debug/build/libgit2-sys-3084b77a6ad336c3/out/include/git2/commit.h
[INFO] [stderr]   libgit2/include/git2/indexer.h => /opt/rustwide/target/debug/build/libgit2-sys-3084b77a6ad336c3/out/include/git2/indexer.h
[INFO] [stderr]   libgit2/include/git2/blob.h => /opt/rustwide/target/debug/build/libgit2-sys-3084b77a6ad336c3/out/include/git2/blob.h
[INFO] [stderr]   libgit2/include/git2/proxy.h => /opt/rustwide/target/debug/build/libgit2-sys-3084b77a6ad336c3/out/include/git2/proxy.h
[INFO] [stderr]   libgit2/include/git2/revparse.h => /opt/rustwide/target/debug/build/libgit2-sys-3084b77a6ad336c3/out/include/git2/revparse.h
[INFO] [stderr]   libgit2/include/git2/message.h => /opt/rustwide/target/debug/build/libgit2-sys-3084b77a6ad336c3/out/include/git2/message.h
[INFO] [stderr]   libgit2/include/git2/notes.h => /opt/rustwide/target/debug/build/libgit2-sys-3084b77a6ad336c3/out/include/git2/notes.h
[INFO] [stderr]   libgit2/include/git2/buffer.h => /opt/rustwide/target/debug/build/libgit2-sys-3084b77a6ad336c3/out/include/git2/buffer.h
[INFO] [stderr]   libgit2/include/git2/oidarray.h => /opt/rustwide/target/debug/build/libgit2-sys-3084b77a6ad336c3/out/include/git2/oidarray.h
[INFO] [stderr]   libgit2/include/git2/odb_backend.h => /opt/rustwide/target/debug/build/libgit2-sys-3084b77a6ad336c3/out/include/git2/odb_backend.h
[INFO] [stderr]   libgit2/include/git2/annotated_commit.h => /opt/rustwide/target/debug/build/libgit2-sys-3084b77a6ad336c3/out/include/git2/annotated_commit.h
[INFO] [stderr]   libgit2/include/git2/describe.h => /opt/rustwide/target/debug/build/libgit2-sys-3084b77a6ad336c3/out/include/git2/describe.h
[INFO] [stderr]   libgit2/include/git2/blame.h => /opt/rustwide/target/debug/build/libgit2-sys-3084b77a6ad336c3/out/include/git2/blame.h
[INFO] [stderr]   libgit2/include/git2/stdint.h => /opt/rustwide/target/debug/build/libgit2-sys-3084b77a6ad336c3/out/include/git2/stdint.h
[INFO] [stderr]   libgit2/include/git2/repository.h => /opt/rustwide/target/debug/build/libgit2-sys-3084b77a6ad336c3/out/include/git2/repository.h
[INFO] [stderr]   libgit2/include/git2/email.h => /opt/rustwide/target/debug/build/libgit2-sys-3084b77a6ad336c3/out/include/git2/email.h
[INFO] [stderr]   libgit2/include/git2/filter.h => /opt/rustwide/target/debug/build/libgit2-sys-3084b77a6ad336c3/out/include/git2/filter.h
[INFO] [stderr]   libgit2/include/git2/common.h => /opt/rustwide/target/debug/build/libgit2-sys-3084b77a6ad336c3/out/include/git2/common.h
[INFO] [stderr]   libgit2/include/git2/reset.h => /opt/rustwide/target/debug/build/libgit2-sys-3084b77a6ad336c3/out/include/git2/reset.h
[INFO] [stderr]   libgit2/include/git2/net.h => /opt/rustwide/target/debug/build/libgit2-sys-3084b77a6ad336c3/out/include/git2/net.h
[INFO] [stderr]   libgit2/include/git2/cherrypick.h => /opt/rustwide/target/debug/build/libgit2-sys-3084b77a6ad336c3/out/include/git2/cherrypick.h
[INFO] [stderr]   libgit2/include/git2/deprecated.h => /opt/rustwide/target/debug/build/libgit2-sys-3084b77a6ad336c3/out/include/git2/deprecated.h
[INFO] [stderr]   libgit2/include/git2/sys/errors.h => /opt/rustwide/target/debug/build/libgit2-sys-3084b77a6ad336c3/out/include/git2/sys/errors.h
[INFO] [stderr]   libgit2/include/git2/sys/refs.h => /opt/rustwide/target/debug/build/libgit2-sys-3084b77a6ad336c3/out/include/git2/sys/refs.h
[INFO] [stderr]   libgit2/include/git2/sys/midx.h => /opt/rustwide/target/debug/build/libgit2-sys-3084b77a6ad336c3/out/include/git2/sys/midx.h
[INFO] [stderr]   libgit2/include/git2/sys/reflog.h => /opt/rustwide/target/debug/build/libgit2-sys-3084b77a6ad336c3/out/include/git2/sys/reflog.h
[INFO] [stderr]   libgit2/include/git2/sys/index.h => /opt/rustwide/target/debug/build/libgit2-sys-3084b77a6ad336c3/out/include/git2/sys/index.h
[INFO] [stderr]   libgit2/include/git2/sys/mempack.h => /opt/rustwide/target/debug/build/libgit2-sys-3084b77a6ad336c3/out/include/git2/sys/mempack.h
[INFO] [stderr]   libgit2/include/git2/sys/remote.h => /opt/rustwide/target/debug/build/libgit2-sys-3084b77a6ad336c3/out/include/git2/sys/remote.h
[INFO] [stderr]   libgit2/include/git2/sys/transport.h => /opt/rustwide/target/debug/build/libgit2-sys-3084b77a6ad336c3/out/include/git2/sys/transport.h
[INFO] [stderr]   libgit2/include/git2/sys/commit_graph.h => /opt/rustwide/target/debug/build/libgit2-sys-3084b77a6ad336c3/out/include/git2/sys/commit_graph.h
[INFO] [stderr]   libgit2/include/git2/sys/openssl.h => /opt/rustwide/target/debug/build/libgit2-sys-3084b77a6ad336c3/out/include/git2/sys/openssl.h
[INFO] [stderr]   libgit2/include/git2/sys/commit.h => /opt/rustwide/target/debug/build/libgit2-sys-3084b77a6ad336c3/out/include/git2/sys/commit.h
[INFO] [stderr]   libgit2/include/git2/sys/hashsig.h => /opt/rustwide/target/debug/build/libgit2-sys-3084b77a6ad336c3/out/include/git2/sys/hashsig.h
[INFO] [stderr]   libgit2/include/git2/sys/alloc.h => /opt/rustwide/target/debug/build/libgit2-sys-3084b77a6ad336c3/out/include/git2/sys/alloc.h
[INFO] [stderr]   libgit2/include/git2/sys/odb_backend.h => /opt/rustwide/target/debug/build/libgit2-sys-3084b77a6ad336c3/out/include/git2/sys/odb_backend.h
[INFO] [stderr]   libgit2/include/git2/sys/cred.h => /opt/rustwide/target/debug/build/libgit2-sys-3084b77a6ad336c3/out/include/git2/sys/cred.h
[INFO] [stderr]   libgit2/include/git2/sys/repository.h => /opt/rustwide/target/debug/build/libgit2-sys-3084b77a6ad336c3/out/include/git2/sys/repository.h
[INFO] [stderr]   libgit2/include/git2/sys/path.h => /opt/rustwide/target/debug/build/libgit2-sys-3084b77a6ad336c3/out/include/git2/sys/path.h
[INFO] [stderr]   libgit2/include/git2/sys/email.h => /opt/rustwide/target/debug/build/libgit2-sys-3084b77a6ad336c3/out/include/git2/sys/email.h
[INFO] [stderr]   libgit2/include/git2/sys/filter.h => /opt/rustwide/target/debug/build/libgit2-sys-3084b77a6ad336c3/out/include/git2/sys/filter.h
[INFO] [stderr]   libgit2/include/git2/sys/merge.h => /opt/rustwide/target/debug/build/libgit2-sys-3084b77a6ad336c3/out/include/git2/sys/merge.h
[INFO] [stderr]   libgit2/include/git2/sys/config.h => /opt/rustwide/target/debug/build/libgit2-sys-3084b77a6ad336c3/out/include/git2/sys/config.h
[INFO] [stderr]   libgit2/include/git2/sys/stream.h => /opt/rustwide/target/debug/build/libgit2-sys-3084b77a6ad336c3/out/include/git2/sys/stream.h
[INFO] [stderr]   libgit2/include/git2/sys/credential.h => /opt/rustwide/target/debug/build/libgit2-sys-3084b77a6ad336c3/out/include/git2/sys/credential.h
[INFO] [stderr]   libgit2/include/git2/sys/diff.h => /opt/rustwide/target/debug/build/libgit2-sys-3084b77a6ad336c3/out/include/git2/sys/diff.h
[INFO] [stderr]   libgit2/include/git2/sys/refdb_backend.h => /opt/rustwide/target/debug/build/libgit2-sys-3084b77a6ad336c3/out/include/git2/sys/refdb_backend.h
[INFO] [stderr]   libgit2/include/git2/merge.h => /opt/rustwide/target/debug/build/libgit2-sys-3084b77a6ad336c3/out/include/git2/merge.h
[INFO] [stderr]   libgit2/include/git2/config.h => /opt/rustwide/target/debug/build/libgit2-sys-3084b77a6ad336c3/out/include/git2/config.h
[INFO] [stderr]   libgit2/include/git2/patch.h => /opt/rustwide/target/debug/build/libgit2-sys-3084b77a6ad336c3/out/include/git2/patch.h
[INFO] [stderr]   libgit2/include/git2/pathspec.h => /opt/rustwide/target/debug/build/libgit2-sys-3084b77a6ad336c3/out/include/git2/pathspec.h
[INFO] [stderr]   libgit2/include/git2/stash.h => /opt/rustwide/target/debug/build/libgit2-sys-3084b77a6ad336c3/out/include/git2/stash.h
[INFO] [stderr]   libgit2/include/git2/credential.h => /opt/rustwide/target/debug/build/libgit2-sys-3084b77a6ad336c3/out/include/git2/credential.h
[INFO] [stderr]   libgit2/include/git2/version.h => /opt/rustwide/target/debug/build/libgit2-sys-3084b77a6ad336c3/out/include/git2/version.h
[INFO] [stderr]   libgit2/include/git2/experimental.h => /opt/rustwide/target/debug/build/libgit2-sys-3084b77a6ad336c3/out/include/git2/experimental.h
[INFO] [stderr]   libgit2/include/git2/refspec.h => /opt/rustwide/target/debug/build/libgit2-sys-3084b77a6ad336c3/out/include/git2/refspec.h
[INFO] [stderr]   libgit2/include/git2/diff.h => /opt/rustwide/target/debug/build/libgit2-sys-3084b77a6ad336c3/out/include/git2/diff.h
[INFO] [stderr]   libgit2/include/git2/odb.h => /opt/rustwide/target/debug/build/libgit2-sys-3084b77a6ad336c3/out/include/git2/odb.h
[INFO] [stderr]   libgit2/include/git2/worktree.h => /opt/rustwide/target/debug/build/libgit2-sys-3084b77a6ad336c3/out/include/git2/worktree.h
[INFO] [stderr]   libgit2/include/git2/transaction.h => /opt/rustwide/target/debug/build/libgit2-sys-3084b77a6ad336c3/out/include/git2/transaction.h
[INFO] [stderr]   libgit2/include/git2/attr.h => /opt/rustwide/target/debug/build/libgit2-sys-3084b77a6ad336c3/out/include/git2/attr.h
[INFO] [stderr]   libgit2/include/git2/tree.h => /opt/rustwide/target/debug/build/libgit2-sys-3084b77a6ad336c3/out/include/git2/tree.h
[INFO] [stderr]   libgit2/include/git2/global.h => /opt/rustwide/target/debug/build/libgit2-sys-3084b77a6ad336c3/out/include/git2/global.h
[INFO] [stderr]   libgit2/include/git2/checkout.h => /opt/rustwide/target/debug/build/libgit2-sys-3084b77a6ad336c3/out/include/git2/checkout.h
[INFO] [stderr]   libgit2/include/git2/submodule.h => /opt/rustwide/target/debug/build/libgit2-sys-3084b77a6ad336c3/out/include/git2/submodule.h
[INFO] [stderr]   libgit2/include/git2/cred_helpers.h => /opt/rustwide/target/debug/build/libgit2-sys-3084b77a6ad336c3/out/include/git2/cred_helpers.h
[INFO] [stderr]   libgit2/include/git2/ignore.h => /opt/rustwide/target/debug/build/libgit2-sys-3084b77a6ad336c3/out/include/git2/ignore.h
[INFO] [stderr]   libgit2/include/git2/credential_helpers.h => /opt/rustwide/target/debug/build/libgit2-sys-3084b77a6ad336c3/out/include/git2/credential_helpers.h
[INFO] [stderr]   libgit2/include/git2/refdb.h => /opt/rustwide/target/debug/build/libgit2-sys-3084b77a6ad336c3/out/include/git2/refdb.h
[INFO] [stderr]   libgit2/include/git2/cert.h => /opt/rustwide/target/debug/build/libgit2-sys-3084b77a6ad336c3/out/include/git2/cert.h
[INFO] [stderr]   libgit2/include/git2/rebase.h => /opt/rustwide/target/debug/build/libgit2-sys-3084b77a6ad336c3/out/include/git2/rebase.h
[INFO] [stderr]   libgit2/include/git2/oid.h => /opt/rustwide/target/debug/build/libgit2-sys-3084b77a6ad336c3/out/include/git2/oid.h
[INFO] [stderr]   libgit2/include/git2/graph.h => /opt/rustwide/target/debug/build/libgit2-sys-3084b77a6ad336c3/out/include/git2/graph.h
[INFO] [stderr]   TARGET = Some(x86_64-unknown-linux-gnu)
[INFO] [stderr]   OPT_LEVEL = Some(0)
[INFO] [stderr]   HOST = Some(x86_64-unknown-linux-gnu)
[INFO] [stderr]   cargo:rerun-if-env-changed=CC_x86_64-unknown-linux-gnu
[INFO] [stderr]   CC_x86_64-unknown-linux-gnu = None
[INFO] [stderr]   cargo:rerun-if-env-changed=CC_x86_64_unknown_linux_gnu
[INFO] [stderr]   CC_x86_64_unknown_linux_gnu = None
[INFO] [stderr]   cargo:rerun-if-env-changed=HOST_CC
[INFO] [stderr]   HOST_CC = None
[INFO] [stderr]   cargo:rerun-if-env-changed=CC
[INFO] [stderr]   CC = None
[INFO] [stderr]   cargo:rerun-if-env-changed=CC_ENABLE_DEBUG_OUTPUT
[INFO] [stderr]   RUSTC_WRAPPER = None
[INFO] [stderr]   cargo:rerun-if-env-changed=CRATE_CC_NO_DEFAULTS
[INFO] [stderr]   CRATE_CC_NO_DEFAULTS = None
[INFO] [stderr]   DEBUG = Some(true)
[INFO] [stderr]   CARGO_CFG_TARGET_FEATURE = Some(fxsr,sse,sse2)
[INFO] [stderr]   cargo:rerun-if-env-changed=CFLAGS_x86_64-unknown-linux-gnu
[INFO] [stderr]   CFLAGS_x86_64-unknown-linux-gnu = None
[INFO] [stderr]   cargo:rerun-if-env-changed=CFLAGS_x86_64_unknown_linux_gnu
[INFO] [stderr]   CFLAGS_x86_64_unknown_linux_gnu = None
[INFO] [stderr]   cargo:rerun-if-env-changed=HOST_CFLAGS
[INFO] [stderr]   HOST_CFLAGS = None
[INFO] [stderr]   cargo:rerun-if-env-changed=CFLAGS
[INFO] [stderr]   CFLAGS = None
[INFO] [stderr]   exit status: 0
[INFO] [stderr]   exit status: 0
[INFO] [stderr]   exit status: 0
[INFO] [stderr]   exit status: 0
[INFO] [stderr]   exit status: 0
[INFO] [stderr]   exit status: 0
[INFO] [stderr]   exit status: 0
[INFO] [stderr]   exit status: 0
[INFO] [stderr]   exit status: 0
[INFO] [stderr]   exit status: 0
[INFO] [stderr]   exit status: 0
[INFO] [stderr]   exit status: 0
[INFO] [stderr]   exit status: 0
[INFO] [stderr]   exit status: 0
[INFO] [stderr]   exit status: 0
[INFO] [stderr]   exit status: 0
[INFO] [stderr]   exit status: 0
[INFO] [stderr]   exit status: 0
[INFO] [stderr]   exit status: 0
[INFO] [stderr]   exit status: 0
[INFO] [stderr]   exit status: 0
[INFO] [stderr]   exit status: 0
[INFO] [stderr]   exit status: 0
[INFO] [stderr]   exit status: 0
[INFO] [stderr]   exit status: 0
[INFO] [stderr]   exit status: 0
[INFO] [stderr]   exit status: 0
[INFO] [stderr]   exit status: 0
[INFO] [stderr]   exit status: 0
[INFO] [stderr]   exit status: 0
[INFO] [stderr]   exit status: 0
[INFO] [stderr]   exit status: 0
[INFO] [stderr]   exit status: 0
[INFO] [stderr]   exit status: 0
[INFO] [stderr]   exit status: 0
[INFO] [stderr]   exit status: 0
[INFO] [stderr]   exit status: 0
[INFO] [stderr]   exit status: 0
[INFO] [stderr]   exit status: 0
[INFO] [stderr]   exit status: 0
[INFO] [stderr]   exit status: 0
[INFO] [stderr]   exit status: 0
[INFO] [stderr]   exit status: 0
[INFO] [stderr]   exit status: 0
[INFO] [stderr]   exit status: 0
[INFO] [stderr]   exit status: 0
[INFO] [stderr]   exit status: 0
[INFO] [stderr]   exit status: 0
[INFO] [stderr]   exit status: 0
[INFO] [stderr]   exit status: 0
[INFO] [stderr]   exit status: 0
[INFO] [stderr]   exit status: 0
[INFO] [stderr]   exit status: 0
[INFO] [stderr]   exit status: 0
[INFO] [stderr]   exit status: 0
[INFO] [stderr]   exit status: 0
[INFO] [stderr]   exit status: 0
[INFO] [stderr]   exit status: 0
[INFO] [stderr]   exit status: 0
[INFO] [stderr]   exit status: 0
[INFO] [stderr]   exit status: 0
[INFO] [stderr]   exit status: 0
[INFO] [stderr]   exit status: 0
[INFO] [stderr]   exit status: 0
[INFO] [stderr]   exit status: 0
[INFO] [stderr]   exit status: 0
[INFO] [stderr]   exit status: 0
[INFO] [stderr]   exit status: 0
[INFO] [stderr]   exit status: 0
[INFO] [stderr]   exit status: 0
[INFO] [stderr]   exit status: 0
[INFO] [stderr]   exit status: 0
[INFO] [stderr]   exit status: 0
[INFO] [stderr]   exit status: 0
[INFO] [stderr]   exit status: 0
[INFO] [stderr]   exit status: 0
[INFO] [stderr]   exit status: 0
[INFO] [stderr]   exit status: 0
[INFO] [stderr]   exit status: 0
[INFO] [stderr]   exit status: 0
[INFO] [stderr]   exit status: 0
[INFO] [stderr]   exit status: 0
[INFO] [stderr]   exit status: 0
[INFO] [stderr]   exit status: 0
[INFO] [stderr]   exit status: 0
[INFO] [stderr]   exit status: 0
[INFO] [stderr]   exit status: 0
[INFO] [stderr]   exit status: 0
[INFO] [stderr]   exit status: 0
[INFO] [stderr]   exit status: 0
[INFO] [stderr]   exit status: 0
[INFO] [stderr]   exit status: 0
[INFO] [stderr]   exit status: 0
[INFO] [stderr]   exit status: 0
[INFO] [stderr]   exit status: 0
[INFO] [stderr]   exit status: 0
[INFO] [stderr]   exit status: 0
[INFO] [stderr]   exit status: 0
[INFO] [stderr]   exit status: 0
[INFO] [stderr]   exit status: 0
[INFO] [stderr]   exit status: 0
[INFO] [stderr]   exit status: 0
[INFO] [stderr]   exit status: 0
[INFO] [stderr]   exit status: 0
[INFO] [stderr]   exit status: 0
[INFO] [stderr]   exit status: 0
[INFO] [stderr]   exit status: 0
[INFO] [stderr]   exit status: 0
[INFO] [stderr]   exit status: 0
[INFO] [stderr]   exit status: 0
[INFO] [stderr]   exit status: 0
[INFO] [stderr]   exit status: 0
[INFO] [stderr]   exit status: 0
[INFO] [stderr]   exit status: 0
[INFO] [stderr]   exit status: 0
[INFO] [stderr]   exit status: 0
[INFO] [stderr]   exit status: 0
[INFO] [stderr]   exit status: 0
[INFO] [stderr]   exit status: 0
[INFO] [stderr]   exit status: 0
[INFO] [stderr]   cargo:warning=libgit2/src/util/varint.c:43:1: fatal error: error writing to /tmp/ccwhLVQn.s: No space left on device
[INFO] [stderr]   cargo:warning=   43 | }
[INFO] [stderr]   cargo:warning=      | ^
[INFO] [stderr]   cargo:warning=compilation terminated.
[INFO] [stderr]   exit status: 0
[INFO] [stderr]   exit status: 0
[INFO] [stderr]   exit status: 0
[INFO] [stderr]   exit status: 0
[INFO] [stderr]   exit status: 0
[INFO] [stderr]   exit status: 0
[INFO] [stderr]   exit status: 0
[INFO] [stderr]   exit status: 0
[INFO] [stderr]   exit status: 1
[INFO] [stderr]   cargo:warning=ToolExecError: Command "cc" "-O0" "-ffunction-sections" "-fdata-sections" "-fPIC" "-gdwarf-4" "-fno-omit-frame-pointer" "-m64" "-I" "/opt/rustwide/target/debug/build/libgit2-sys-3084b77a6ad336c3/out/include" "-I" "libgit2/src/libgit2" "-I" "libgit2/src/util" "-I" "libgit2/deps/llhttp" "-I" "libgit2/deps/xdiff" "-I" "libgit2/deps/pcre" "-I" "/opt/rustwide/target/debug/build/libssh2-sys-b1e8881680dcebff/out/include" "-I" "/opt/rustwide/target/debug/build/openssl-sys-2e5169b2a266b0ec/out/openssl-build/install/include" "-I" "/usr/include" "-fvisibility=hidden" "-DGIT_REGEX_BUILTIN=1" "-DHAVE_STDINT_H=1" "-DHAVE_MEMMOVE=1" "-DNO_RECURSE=1" "-DNEWLINE=10" "-DPOSIX_MALLOC_THRESHOLD=10" "-DLINK_SIZE=2" "-DPARENS_NEST_LIMIT=250" "-DMATCH_LIMIT=10000000" "-DMATCH_LIMIT_RECURSION=MATCH_LIMIT" "-DMAX_NAME_SIZE=32" "-DMAX_NAME_COUNT=10000" "-DSHA1DC_NO_STANDARD_INCLUDES=1" "-DSHA1DC_CUSTOM_INCLUDE_SHA1_C=\"common.h\"" "-DSHA1DC_CUSTOM_INCLUDE_UBC_CHECK_C=\"common.h\"" "-o" "/opt/rustwide/target/debug/build/libgit2-sys-3084b77a6ad336c3/out/build/f0f7908ee800b4e1-varint.o" "-c" "libgit2/src/util/varint.c" with args cc did not execute successfully (status code exit status: 1).
[INFO] [stderr]   exit status: 0
[INFO] [stderr]   exit status: 0
[INFO] [stderr]   exit status: 0
[INFO] [stderr]   exit status: 0
[INFO] [stderr]   exit status: 0
[INFO] [stderr]   exit status: 0
[INFO] [stderr]   exit status: 0
[INFO] [stderr]   exit status: 0
[INFO] [stderr]   cargo:warning=libgit2/src/libgit2/transports/http.c:763:1: fatal error: error writing to /tmp/ccJvXmk3.s: No space left on device
[INFO] [stderr]   cargo:warning=  763 | }
[INFO] [stderr]   cargo:warning=      | ^
[INFO] [stderr]   cargo:warning=compilation terminated.
[INFO] [stderr]   exit status: 0
[INFO] [stderr]   exit status: 0
[INFO] [stderr]   exit status: 0
[INFO] [stderr]   exit status: 1
[INFO] [stderr]   cargo:warning=ToolExecError: Command "cc" "-O0" "-ffunction-sections" "-fdata-sections" "-fPIC" "-gdwarf-4" "-fno-omit-frame-pointer" "-m64" "-I" "/opt/rustwide/target/debug/build/libgit2-sys-3084b77a6ad336c3/out/include" "-I" "libgit2/src/libgit2" "-I" "libgit2/src/util" "-I" "libgit2/deps/llhttp" "-I" "libgit2/deps/xdiff" "-I" "libgit2/deps/pcre" "-I" "/opt/rustwide/target/debug/build/libssh2-sys-b1e8881680dcebff/out/include" "-I" "/opt/rustwide/target/debug/build/openssl-sys-2e5169b2a266b0ec/out/openssl-build/install/include" "-I" "/usr/include" "-fvisibility=hidden" "-DGIT_REGEX_BUILTIN=1" "-DHAVE_STDINT_H=1" "-DHAVE_MEMMOVE=1" "-DNO_RECURSE=1" "-DNEWLINE=10" "-DPOSIX_MALLOC_THRESHOLD=10" "-DLINK_SIZE=2" "-DPARENS_NEST_LIMIT=250" "-DMATCH_LIMIT=10000000" "-DMATCH_LIMIT_RECURSION=MATCH_LIMIT" "-DMAX_NAME_SIZE=32" "-DMAX_NAME_COUNT=10000" "-DSHA1DC_NO_STANDARD_INCLUDES=1" "-DSHA1DC_CUSTOM_INCLUDE_SHA1_C=\"common.h\"" "-DSHA1DC_CUSTOM_INCLUDE_UBC_CHECK_C=\"common.h\"" "-o" "/opt/rustwide/target/debug/build/libgit2-sys-3084b77a6ad336c3/out/build/410d9c059e9f9dc4-http.o" "-c" "libgit2/src/libgit2/transports/http.c" with args cc did not execute successfully (status code exit status: 1).cargo:warning=libgit2/src/libgit2/transports/ssh.c:84:1: fatal error: error writing to /tmp/ccWjdEGD.s: No space left on device
[INFO] [stderr]   cargo:warning=   84 | }
[INFO] [stderr]   cargo:warning=      | ^
[INFO] [stderr]   cargo:warning=compilation terminated.
[INFO] [stderr] 
[INFO] [stderr]   exit status: 0
[INFO] [stderr]   exit status: 0
[INFO] [stderr]   exit status: 1
[INFO] [stderr]   cargo:warning=ToolExecError: Command "cc" "-O0" "-ffunction-sections" "-fdata-sections" "-fPIC" "-gdwarf-4" "-fno-omit-frame-pointer" "-m64" "-I" "/opt/rustwide/target/debug/build/libgit2-sys-3084b77a6ad336c3/out/include" "-I" "libgit2/src/libgit2" "-I" "libgit2/src/util" "-I" "libgit2/deps/llhttp" "-I" "libgit2/deps/xdiff" "-I" "libgit2/deps/pcre" "-I" "/opt/rustwide/target/debug/build/libssh2-sys-b1e8881680dcebff/out/include" "-I" "/opt/rustwide/target/debug/build/openssl-sys-2e5169b2a266b0ec/out/openssl-build/install/include" "-I" "/usr/include" "-fvisibility=hidden" "-DGIT_REGEX_BUILTIN=1" "-DHAVE_STDINT_H=1" "-DHAVE_MEMMOVE=1" "-DNO_RECURSE=1" "-DNEWLINE=10" "-DPOSIX_MALLOC_THRESHOLD=10" "-DLINK_SIZE=2" "-DPARENS_NEST_LIMIT=250" "-DMATCH_LIMIT=10000000" "-DMATCH_LIMIT_RECURSION=MATCH_LIMIT" "-DMAX_NAME_SIZE=32" "-DMAX_NAME_COUNT=10000" "-DSHA1DC_NO_STANDARD_INCLUDES=1" "-DSHA1DC_CUSTOM_INCLUDE_SHA1_C=\"common.h\"" "-DSHA1DC_CUSTOM_INCLUDE_UBC_CHECK_C=\"common.h\"" "-o" "/opt/rustwide/target/debug/build/libgit2-sys-3084b77a6ad336c3/out/build/410d9c059e9f9dc4-ssh.o" "-c" "libgit2/src/libgit2/transports/ssh.c" with args cc did not execute successfully (status code exit status: 1).cargo:warning=libgit2/src/libgit2/transports/local.c:782:1: fatal error: error writing to /tmp/cccVbr9J.s: No space left on device
[INFO] [stderr]   cargo:warning=  782 | }
[INFO] [stderr]   cargo:warning=      | ^
[INFO] [stderr]   cargo:warning=compilation terminated.
[INFO] [stderr] 
[INFO] [stderr]   exit status: 1
[INFO] [stderr]   cargo:warning=ToolExecError: Command "cc" "-O0" "-ffunction-sections" "-fdata-sections" "-fPIC" "-gdwarf-4" "-fno-omit-frame-pointer" "-m64" "-I" "/opt/rustwide/target/debug/build/libgit2-sys-3084b77a6ad336c3/out/include" "-I" "libgit2/src/libgit2" "-I" "libgit2/src/util" "-I" "libgit2/deps/llhttp" "-I" "libgit2/deps/xdiff" "-I" "libgit2/deps/pcre" "-I" "/opt/rustwide/target/debug/build/libssh2-sys-b1e8881680dcebff/out/include" "-I" "/opt/rustwide/target/debug/build/openssl-sys-2e5169b2a266b0ec/out/openssl-build/install/include" "-I" "/usr/include" "-fvisibility=hidden" "-DGIT_REGEX_BUILTIN=1" "-DHAVE_STDINT_H=1" "-DHAVE_MEMMOVE=1" "-DNO_RECURSE=1" "-DNEWLINE=10" "-DPOSIX_MALLOC_THRESHOLD=10" "-DLINK_SIZE=2" "-DPARENS_NEST_LIMIT=250" "-DMATCH_LIMIT=10000000" "-DMATCH_LIMIT_RECURSION=MATCH_LIMIT" "-DMAX_NAME_SIZE=32" "-DMAX_NAME_COUNT=10000" "-DSHA1DC_NO_STANDARD_INCLUDES=1" "-DSHA1DC_CUSTOM_INCLUDE_SHA1_C=\"common.h\"" "-DSHA1DC_CUSTOM_INCLUDE_UBC_CHECK_C=\"common.h\"" "-o" "/opt/rustwide/target/debug/build/libgit2-sys-3084b77a6ad336c3/out/build/410d9c059e9f9dc4-local.o" "-c" "libgit2/src/libgit2/transports/local.c" with args cc did not execute successfully (status code exit status: 1).cargo:warning=libgit2/src/libgit2/transports/smart_pkt.c:870:1: fatal error: error writing to /tmp/ccxzArIi.s: No space left on device
[INFO] [stderr]   cargo:warning=  870 | }
[INFO] [stderr]   cargo:warning=      | ^
[INFO] [stderr]   cargo:warning=compilation terminated.
[INFO] [stderr] 
[INFO] [stderr]   exit status: 1
[INFO] [stderr]   cargo:warning=ToolExecError: Command "cc" "-O0" "-ffunction-sections" "-fdata-sections" "-fPIC" "-gdwarf-4" "-fno-omit-frame-pointer" "-m64" "-I" "/opt/rustwide/target/debug/build/libgit2-sys-3084b77a6ad336c3/out/include" "-I" "libgit2/src/libgit2" "-I" "libgit2/src/util" "-I" "libgit2/deps/llhttp" "-I" "libgit2/deps/xdiff" "-I" "libgit2/deps/pcre" "-I" "/opt/rustwide/target/debug/build/libssh2-sys-b1e8881680dcebff/out/include" "-I" "/opt/rustwide/target/debug/build/openssl-sys-2e5169b2a266b0ec/out/openssl-build/install/include" "-I" "/usr/include" "-fvisibility=hidden" "-DGIT_REGEX_BUILTIN=1" "-DHAVE_STDINT_H=1" "-DHAVE_MEMMOVE=1" "-DNO_RECURSE=1" "-DNEWLINE=10" "-DPOSIX_MALLOC_THRESHOLD=10" "-DLINK_SIZE=2" "-DPARENS_NEST_LIMIT=250" "-DMATCH_LIMIT=10000000" "-DMATCH_LIMIT_RECURSION=MATCH_LIMIT" "-DMAX_NAME_SIZE=32" "-DMAX_NAME_COUNT=10000" "-DSHA1DC_NO_STANDARD_INCLUDES=1" "-DSHA1DC_CUSTOM_INCLUDE_SHA1_C=\"common.h\"" "-DSHA1DC_CUSTOM_INCLUDE_UBC_CHECK_C=\"common.h\"" "-o" "/opt/rustwide/target/debug/build/libgit2-sys-3084b77a6ad336c3/out/build/410d9c059e9f9dc4-smart_pkt.o" "-c" "libgit2/src/libgit2/transports/smart_pkt.c" with args cc did not execute successfully (status code exit status: 1).cargo:warning=libgit2/src/libgit2/transports/smart_protocol.c:1265:1: fatal error: error writing to /tmp/ccLl12Ej.s: No space left on device
[INFO] [stderr]   cargo:warning= 1265 | }
[INFO] [stderr]   cargo:warning=      | ^
[INFO] [stderr]   cargo:warning=compilation terminated.
[INFO] [stderr] 
[INFO] [stderr]   exit status: 1
[INFO] [stderr]   cargo:warning=ToolExecError: Command "cc" "-O0" "-ffunction-sections" "-fdata-sections" "-fPIC" "-gdwarf-4" "-fno-omit-frame-pointer" "-m64" "-I" "/opt/rustwide/target/debug/build/libgit2-sys-3084b77a6ad336c3/out/include" "-I" "libgit2/src/libgit2" "-I" "libgit2/src/util" "-I" "libgit2/deps/llhttp" "-I" "libgit2/deps/xdiff" "-I" "libgit2/deps/pcre" "-I" "/opt/rustwide/target/debug/build/libssh2-sys-b1e8881680dcebff/out/include" "-I" "/opt/rustwide/target/debug/build/openssl-sys-2e5169b2a266b0ec/out/openssl-build/install/include" "-I" "/usr/include" "-fvisibility=hidden" "-DGIT_REGEX_BUILTIN=1" "-DHAVE_STDINT_H=1" "-DHAVE_MEMMOVE=1" "-DNO_RECURSE=1" "-DNEWLINE=10" "-DPOSIX_MALLOC_THRESHOLD=10" "-DLINK_SIZE=2" "-DPARENS_NEST_LIMIT=250" "-DMATCH_LIMIT=10000000" "-DMATCH_LIMIT_RECURSION=MATCH_LIMIT" "-DMAX_NAME_SIZE=32" "-DMAX_NAME_COUNT=10000" "-DSHA1DC_NO_STANDARD_INCLUDES=1" "-DSHA1DC_CUSTOM_INCLUDE_SHA1_C=\"common.h\"" "-DSHA1DC_CUSTOM_INCLUDE_UBC_CHECK_C=\"common.h\"" "-o" "/opt/rustwide/target/debug/build/libgit2-sys-3084b77a6ad336c3/out/build/410d9c059e9f9dc4-smart_protocol.o" "-c" "libgit2/src/libgit2/transports/smart_protocol.c" with args cc did not execute successfully (status code exit status: 1).cargo:warning=libgit2/src/libgit2/streams/mbedtls.c:473:1: fatal error: error writing to /tmp/ccDxvyLg.s: No space left on device
[INFO] [stderr]   cargo:warning=  473 | }
[INFO] [stderr]   cargo:warning=      | ^
[INFO] [stderr]   cargo:warning=compilation terminated.
[INFO] [stderr] 
[INFO] [stderr]   exit status: 0
[INFO] [stderr]   exit status: 0
[INFO] [stderr]   exit status: 1
[INFO] [stderr]   cargo:warning=ToolExecError: Command "cc" "-O0" "-ffunction-sections" "-fdata-sections" "-fPIC" "-gdwarf-4" "-fno-omit-frame-pointer" "-m64" "-I" "/opt/rustwide/target/debug/build/libgit2-sys-3084b77a6ad336c3/out/include" "-I" "libgit2/src/libgit2" "-I" "libgit2/src/util" "-I" "libgit2/deps/llhttp" "-I" "libgit2/deps/xdiff" "-I" "libgit2/deps/pcre" "-I" "/opt/rustwide/target/debug/build/libssh2-sys-b1e8881680dcebff/out/include" "-I" "/opt/rustwide/target/debug/build/openssl-sys-2e5169b2a266b0ec/out/openssl-build/install/include" "-I" "/usr/include" "-fvisibility=hidden" "-DGIT_REGEX_BUILTIN=1" "-DHAVE_STDINT_H=1" "-DHAVE_MEMMOVE=1" "-DNO_RECURSE=1" "-DNEWLINE=10" "-DPOSIX_MALLOC_THRESHOLD=10" "-DLINK_SIZE=2" "-DPARENS_NEST_LIMIT=250" "-DMATCH_LIMIT=10000000" "-DMATCH_LIMIT_RECURSION=MATCH_LIMIT" "-DMAX_NAME_SIZE=32" "-DMAX_NAME_COUNT=10000" "-DSHA1DC_NO_STANDARD_INCLUDES=1" "-DSHA1DC_CUSTOM_INCLUDE_SHA1_C=\"common.h\"" "-DSHA1DC_CUSTOM_INCLUDE_UBC_CHECK_C=\"common.h\"" "-o" "/opt/rustwide/target/debug/build/libgit2-sys-3084b77a6ad336c3/out/build/cccc76fb850512eb-mbedtls.o" "-c" "libgit2/src/libgit2/streams/mbedtls.c" with args cc did not execute successfully (status code exit status: 1).cargo:warning=libgit2/src/libgit2/transports/ssh_libssh2.c:1115:1: fatal error: error writing to /tmp/ccKCyyze.s: No space left on device
[INFO] [stderr]   cargo:warning= 1115 | }
[INFO] [stderr]   cargo:warning=      | ^
[INFO] [stderr]   cargo:warning=compilation terminated.
[INFO] [stderr] 
[INFO] [stderr]   exit status: 1
[INFO] [stderr]   cargo:warning=ToolExecError: Command "cc" "-O0" "-ffunction-sections" "-fdata-sections" "-fPIC" "-gdwarf-4" "-fno-omit-frame-pointer" "-m64" "-I" "/opt/rustwide/target/debug/build/libgit2-sys-3084b77a6ad336c3/out/include" "-I" "libgit2/src/libgit2" "-I" "libgit2/src/util" "-I" "libgit2/deps/llhttp" "-I" "libgit2/deps/xdiff" "-I" "libgit2/deps/pcre" "-I" "/opt/rustwide/target/debug/build/libssh2-sys-b1e8881680dcebff/out/include" "-I" "/opt/rustwide/target/debug/build/openssl-sys-2e5169b2a266b0ec/out/openssl-build/install/include" "-I" "/usr/include" "-fvisibility=hidden" "-DGIT_REGEX_BUILTIN=1" "-DHAVE_STDINT_H=1" "-DHAVE_MEMMOVE=1" "-DNO_RECURSE=1" "-DNEWLINE=10" "-DPOSIX_MALLOC_THRESHOLD=10" "-DLINK_SIZE=2" "-DPARENS_NEST_LIMIT=250" "-DMATCH_LIMIT=10000000" "-DMATCH_LIMIT_RECURSION=MATCH_LIMIT" "-DMAX_NAME_SIZE=32" "-DMAX_NAME_COUNT=10000" "-DSHA1DC_NO_STANDARD_INCLUDES=1" "-DSHA1DC_CUSTOM_INCLUDE_SHA1_C=\"common.h\"" "-DSHA1DC_CUSTOM_INCLUDE_UBC_CHECK_C=\"common.h\"" "-o" "/opt/rustwide/target/debug/build/libgit2-sys-3084b77a6ad336c3/out/build/410d9c059e9f9dc4-ssh_libssh2.o" "-c" "libgit2/src/libgit2/transports/ssh_libssh2.c" with args cc did not execute successfully (status code exit status: 1).cargo:warning=libgit2/src/libgit2/streams/openssl.c:723:1: fatal error: error writing to /tmp/ccb5qRWK.s: No space left on device
[INFO] [stderr]   cargo:warning=  723 | }
[INFO] [stderr]   cargo:warning=      | ^
[INFO] [stderr]   cargo:warning=compilation terminated.
[INFO] [stderr] 
[INFO] [stderr]   exit status: 0
[INFO] [stderr]   exit status: 0
[INFO] [stderr]   exit status: 0
[INFO] [stderr]   exit status: 0
[INFO] [stderr]   exit status: 1
[INFO] [stderr]   cargo:warning=ToolExecError: Command "cc" "-O0" "-ffunction-sections" "-fdata-sections" "-fPIC" "-gdwarf-4" "-fno-omit-frame-pointer" "-m64" "-I" "/opt/rustwide/target/debug/build/libgit2-sys-3084b77a6ad336c3/out/include" "-I" "libgit2/src/libgit2" "-I" "libgit2/src/util" "-I" "libgit2/deps/llhttp" "-I" "libgit2/deps/xdiff" "-I" "libgit2/deps/pcre" "-I" "/opt/rustwide/target/debug/build/libssh2-sys-b1e8881680dcebff/out/include" "-I" "/opt/rustwide/target/debug/build/openssl-sys-2e5169b2a266b0ec/out/openssl-build/install/include" "-I" "/usr/include" "-fvisibility=hidden" "-DGIT_REGEX_BUILTIN=1" "-DHAVE_STDINT_H=1" "-DHAVE_MEMMOVE=1" "-DNO_RECURSE=1" "-DNEWLINE=10" "-DPOSIX_MALLOC_THRESHOLD=10" "-DLINK_SIZE=2" "-DPARENS_NEST_LIMIT=250" "-DMATCH_LIMIT=10000000" "-DMATCH_LIMIT_RECURSION=MATCH_LIMIT" "-DMAX_NAME_SIZE=32" "-DMAX_NAME_COUNT=10000" "-DSHA1DC_NO_STANDARD_INCLUDES=1" "-DSHA1DC_CUSTOM_INCLUDE_SHA1_C=\"common.h\"" "-DSHA1DC_CUSTOM_INCLUDE_UBC_CHECK_C=\"common.h\"" "-o" "/opt/rustwide/target/debug/build/libgit2-sys-3084b77a6ad336c3/out/build/cccc76fb850512eb-openssl.o" "-c" "libgit2/src/libgit2/streams/openssl.c" with args cc did not execute successfully (status code exit status: 1).cargo:warning=libgit2/deps/xdiff/xhistogram.c:370:1: fatal error: error writing to /tmp/ccm6XfFj.s: No space left on device
[INFO] [stderr]   cargo:warning=  370 | }
[INFO] [stderr]   cargo:warning=      | ^
[INFO] [stderr]   cargo:warning=compilation terminated.
[INFO] [stderr] 
[INFO] [stderr]   exit status: 0
[INFO] [stderr]   exit status: 0
[INFO] [stderr]   exit status: 0
[INFO] [stderr]   exit status: 1
[INFO] [stderr]   cargo:warning=ToolExecError: Command "cc" "-O0" "-ffunction-sections" "-fdata-sections" "-fPIC" "-gdwarf-4" "-fno-omit-frame-pointer" "-m64" "-I" "/opt/rustwide/target/debug/build/libgit2-sys-3084b77a6ad336c3/out/include" "-I" "libgit2/src/libgit2" "-I" "libgit2/src/util" "-I" "libgit2/deps/llhttp" "-I" "libgit2/deps/xdiff" "-I" "libgit2/deps/pcre" "-I" "/opt/rustwide/target/debug/build/libssh2-sys-b1e8881680dcebff/out/include" "-I" "/opt/rustwide/target/debug/build/openssl-sys-2e5169b2a266b0ec/out/openssl-build/install/include" "-I" "/usr/include" "-fvisibility=hidden" "-DGIT_REGEX_BUILTIN=1" "-DHAVE_STDINT_H=1" "-DHAVE_MEMMOVE=1" "-DNO_RECURSE=1" "-DNEWLINE=10" "-DPOSIX_MALLOC_THRESHOLD=10" "-DLINK_SIZE=2" "-DPARENS_NEST_LIMIT=250" "-DMATCH_LIMIT=10000000" "-DMATCH_LIMIT_RECURSION=MATCH_LIMIT" "-DMAX_NAME_SIZE=32" "-DMAX_NAME_COUNT=10000" "-DSHA1DC_NO_STANDARD_INCLUDES=1" "-DSHA1DC_CUSTOM_INCLUDE_SHA1_C=\"common.h\"" "-DSHA1DC_CUSTOM_INCLUDE_UBC_CHECK_C=\"common.h\"" "-o" "/opt/rustwide/target/debug/build/libgit2-sys-3084b77a6ad336c3/out/build/da97a00384bf24ac-xhistogram.o" "-c" "libgit2/deps/xdiff/xhistogram.c" with args cc did not execute successfully (status code exit status: 1).cargo:warning=libgit2/src/libgit2/streams/tls.c:80:1: fatal error: error writing to /tmp/ccVZmVlu.s: No space left on device
[INFO] [stderr]   cargo:warning=   80 | }
[INFO] [stderr]   cargo:warning=      | ^
[INFO] [stderr]   cargo:warning=compilation terminated.
[INFO] [stderr] 
[INFO] [stderr]   exit status: 1
[INFO] [stderr]   cargo:warning=ToolExecError: Command "cc" "-O0" "-ffunction-sections" "-fdata-sections" "-fPIC" "-gdwarf-4" "-fno-omit-frame-pointer" "-m64" "-I" "/opt/rustwide/target/debug/build/libgit2-sys-3084b77a6ad336c3/out/include" "-I" "libgit2/src/libgit2" "-I" "libgit2/src/util" "-I" "libgit2/deps/llhttp" "-I" "libgit2/deps/xdiff" "-I" "libgit2/deps/pcre" "-I" "/opt/rustwide/target/debug/build/libssh2-sys-b1e8881680dcebff/out/include" "-I" "/opt/rustwide/target/debug/build/openssl-sys-2e5169b2a266b0ec/out/openssl-build/install/include" "-I" "/usr/include" "-fvisibility=hidden" "-DGIT_REGEX_BUILTIN=1" "-DHAVE_STDINT_H=1" "-DHAVE_MEMMOVE=1" "-DNO_RECURSE=1" "-DNEWLINE=10" "-DPOSIX_MALLOC_THRESHOLD=10" "-DLINK_SIZE=2" "-DPARENS_NEST_LIMIT=250" "-DMATCH_LIMIT=10000000" "-DMATCH_LIMIT_RECURSION=MATCH_LIMIT" "-DMAX_NAME_SIZE=32" "-DMAX_NAME_COUNT=10000" "-DSHA1DC_NO_STANDARD_INCLUDES=1" "-DSHA1DC_CUSTOM_INCLUDE_SHA1_C=\"common.h\"" "-DSHA1DC_CUSTOM_INCLUDE_UBC_CHECK_C=\"common.h\"" "-o" "/opt/rustwide/target/debug/build/libgit2-sys-3084b77a6ad336c3/out/build/cccc76fb850512eb-tls.o" "-c" "libgit2/src/libgit2/streams/tls.c" with args cc did not execute successfully (status code exit status: 1).cargo:warning=libgit2/deps/llhttp/api.c:510:1: fatal error: error writing to /tmp/ccBHVawZ.s: No space left on device
[INFO] [stderr]   cargo:warning=  510 | }
[INFO] [stderr]   cargo:warning=      | ^
[INFO] [stderr]   cargo:warning=compilation terminated.
[INFO] [stderr] 
[INFO] [stderr]   exit status: 1
[INFO] [stderr]   cargo:warning=ToolExecError: Command "cc" "-O0" "-ffunction-sections" "-fdata-sections" "-fPIC" "-gdwarf-4" "-fno-omit-frame-pointer" "-m64" "-I" "/opt/rustwide/target/debug/build/libgit2-sys-3084b77a6ad336c3/out/include" "-I" "libgit2/src/libgit2" "-I" "libgit2/src/util" "-I" "libgit2/deps/llhttp" "-I" "libgit2/deps/xdiff" "-I" "libgit2/deps/pcre" "-I" "/opt/rustwide/target/debug/build/libssh2-sys-b1e8881680dcebff/out/include" "-I" "/opt/rustwide/target/debug/build/openssl-sys-2e5169b2a266b0ec/out/openssl-build/install/include" "-I" "/usr/include" "-fvisibility=hidden" "-DGIT_REGEX_BUILTIN=1" "-DHAVE_STDINT_H=1" "-DHAVE_MEMMOVE=1" "-DNO_RECURSE=1" "-DNEWLINE=10" "-DPOSIX_MALLOC_THRESHOLD=10" "-DLINK_SIZE=2" "-DPARENS_NEST_LIMIT=250" "-DMATCH_LIMIT=10000000" "-DMATCH_LIMIT_RECURSION=MATCH_LIMIT" "-DMAX_NAME_SIZE=32" "-DMAX_NAME_COUNT=10000" "-DSHA1DC_NO_STANDARD_INCLUDES=1" "-DSHA1DC_CUSTOM_INCLUDE_SHA1_C=\"common.h\"" "-DSHA1DC_CUSTOM_INCLUDE_UBC_CHECK_C=\"common.h\"" "-o" "/opt/rustwide/target/debug/build/libgit2-sys-3084b77a6ad336c3/out/build/aa457269defa1a85-api.o" "-c" "libgit2/deps/llhttp/api.c" with args cc did not execute successfully (status code exit status: 1).cargo:warning=libgit2/deps/xdiff/xdiffi.c:1089:1: fatal error: error writing to /tmp/ccHpWlPN.s: No space left on device
[INFO] [stderr]   cargo:warning= 1089 | }
[INFO] [stderr]   cargo:warning=      | ^
[INFO] [stderr]   cargo:warning=compilation terminated.
[INFO] [stderr] 
[INFO] [stderr]   exit status: 1
[INFO] [stderr]   cargo:warning=ToolExecError: Command "cc" "-O0" "-ffunction-sections" "-fdata-sections" "-fPIC" "-gdwarf-4" "-fno-omit-frame-pointer" "-m64" "-I" "/opt/rustwide/target/debug/build/libgit2-sys-3084b77a6ad336c3/out/include" "-I" "libgit2/src/libgit2" "-I" "libgit2/src/util" "-I" "libgit2/deps/llhttp" "-I" "libgit2/deps/xdiff" "-I" "libgit2/deps/pcre" "-I" "/opt/rustwide/target/debug/build/libssh2-sys-b1e8881680dcebff/out/include" "-I" "/opt/rustwide/target/debug/build/openssl-sys-2e5169b2a266b0ec/out/openssl-build/install/include" "-I" "/usr/include" "-fvisibility=hidden" "-DGIT_REGEX_BUILTIN=1" "-DHAVE_STDINT_H=1" "-DHAVE_MEMMOVE=1" "-DNO_RECURSE=1" "-DNEWLINE=10" "-DPOSIX_MALLOC_THRESHOLD=10" "-DLINK_SIZE=2" "-DPARENS_NEST_LIMIT=250" "-DMATCH_LIMIT=10000000" "-DMATCH_LIMIT_RECURSION=MATCH_LIMIT" "-DMAX_NAME_SIZE=32" "-DMAX_NAME_COUNT=10000" "-DSHA1DC_NO_STANDARD_INCLUDES=1" "-DSHA1DC_CUSTOM_INCLUDE_SHA1_C=\"common.h\"" "-DSHA1DC_CUSTOM_INCLUDE_UBC_CHECK_C=\"common.h\"" "-o" "/opt/rustwide/target/debug/build/libgit2-sys-3084b77a6ad336c3/out/build/da97a00384bf24ac-xdiffi.o" "-c" "libgit2/deps/xdiff/xdiffi.c" with args cc did not execute successfully (status code exit status: 1).cargo:warning=libgit2/deps/xdiff/xemit.c:330:1: fatal error: error writing to /tmp/ccNcMZJV.s: No space left on device
[INFO] [stderr]   cargo:warning=  330 | }
[INFO] [stderr]   cargo:warning=      | ^
[INFO] [stderr]   cargo:warning=compilation terminated.
[INFO] [stderr] 
[INFO] [stderr]   exit status: 1
[INFO] [stderr]   cargo:warning=ToolExecError: Command "cc" "-O0" "-ffunction-sections" "-fdata-sections" "-fPIC" "-gdwarf-4" "-fno-omit-frame-pointer" "-m64" "-I" "/opt/rustwide/target/debug/build/libgit2-sys-3084b77a6ad336c3/out/include" "-I" "libgit2/src/libgit2" "-I" "libgit2/src/util" "-I" "libgit2/deps/llhttp" "-I" "libgit2/deps/xdiff" "-I" "libgit2/deps/pcre" "-I" "/opt/rustwide/target/debug/build/libssh2-sys-b1e8881680dcebff/out/include" "-I" "/opt/rustwide/target/debug/build/openssl-sys-2e5169b2a266b0ec/out/openssl-build/install/include" "-I" "/usr/include" "-fvisibility=hidden" "-DGIT_REGEX_BUILTIN=1" "-DHAVE_STDINT_H=1" "-DHAVE_MEMMOVE=1" "-DNO_RECURSE=1" "-DNEWLINE=10" "-DPOSIX_MALLOC_THRESHOLD=10" "-DLINK_SIZE=2" "-DPARENS_NEST_LIMIT=250" "-DMATCH_LIMIT=10000000" "-DMATCH_LIMIT_RECURSION=MATCH_LIMIT" "-DMAX_NAME_SIZE=32" "-DMAX_NAME_COUNT=10000" "-DSHA1DC_NO_STANDARD_INCLUDES=1" "-DSHA1DC_CUSTOM_INCLUDE_SHA1_C=\"common.h\"" "-DSHA1DC_CUSTOM_INCLUDE_UBC_CHECK_C=\"common.h\"" "-o" "/opt/rustwide/target/debug/build/libgit2-sys-3084b77a6ad336c3/out/build/da97a00384bf24ac-xemit.o" "-c" "libgit2/deps/xdiff/xemit.c" with args cc did not execute successfully (status code exit status: 1).cargo:warning=libgit2/deps/xdiff/xpatience.c:373:1: fatal error: error writing to /tmp/ccn8GzFn.s: No space left on device
[INFO] [stderr]   cargo:warning=  373 | }
[INFO] [stderr]   cargo:warning=      | ^
[INFO] [stderr]   cargo:warning=compilation terminated.
[INFO] [stderr] 
[INFO] [stderr]   exit status: 1
[INFO] [stderr]   cargo:warning=ToolExecError: Command "cc" "-O0" "-ffunction-sections" "-fdata-sections" "-fPIC" "-gdwarf-4" "-fno-omit-frame-pointer" "-m64" "-I" "/opt/rustwide/target/debug/build/libgit2-sys-3084b77a6ad336c3/out/include" "-I" "libgit2/src/libgit2" "-I" "libgit2/src/util" "-I" "libgit2/deps/llhttp" "-I" "libgit2/deps/xdiff" "-I" "libgit2/deps/pcre" "-I" "/opt/rustwide/target/debug/build/libssh2-sys-b1e8881680dcebff/out/include" "-I" "/opt/rustwide/target/debug/build/openssl-sys-2e5169b2a266b0ec/out/openssl-build/install/include" "-I" "/usr/include" "-fvisibility=hidden" "-DGIT_REGEX_BUILTIN=1" "-DHAVE_STDINT_H=1" "-DHAVE_MEMMOVE=1" "-DNO_RECURSE=1" "-DNEWLINE=10" "-DPOSIX_MALLOC_THRESHOLD=10" "-DLINK_SIZE=2" "-DPARENS_NEST_LIMIT=250" "-DMATCH_LIMIT=10000000" "-DMATCH_LIMIT_RECURSION=MATCH_LIMIT" "-DMAX_NAME_SIZE=32" "-DMAX_NAME_COUNT=10000" "-DSHA1DC_NO_STANDARD_INCLUDES=1" "-DSHA1DC_CUSTOM_INCLUDE_SHA1_C=\"common.h\"" "-DSHA1DC_CUSTOM_INCLUDE_UBC_CHECK_C=\"common.h\"" "-o" "/opt/rustwide/target/debug/build/libgit2-sys-3084b77a6ad336c3/out/build/da97a00384bf24ac-xpatience.o" "-c" "libgit2/deps/xdiff/xpatience.c" with args cc did not execute successfully (status code exit status: 1).cargo:warning=libgit2/deps/xdiff/xmerge.c:739:1: fatal error: error writing to /tmp/ccIKswvF.s: No space left on device
[INFO] [stderr]   cargo:warning=  739 | }
[INFO] [stderr]   cargo:warning=      | ^
[INFO] [stderr]   cargo:warning=compilation terminated.
[INFO] [stderr] 
[INFO] [stderr]   exit status: 1
[INFO] [stderr]   cargo:warning=ToolExecError: Command "cc" "-O0" "-ffunction-sections" "-fdata-sections" "-fPIC" "-gdwarf-4" "-fno-omit-frame-pointer" "-m64" "-I" "/opt/rustwide/target/debug/build/libgit2-sys-3084b77a6ad336c3/out/include" "-I" "libgit2/src/libgit2" "-I" "libgit2/src/util" "-I" "libgit2/deps/llhttp" "-I" "libgit2/deps/xdiff" "-I" "libgit2/deps/pcre" "-I" "/opt/rustwide/target/debug/build/libssh2-sys-b1e8881680dcebff/out/include" "-I" "/opt/rustwide/target/debug/build/openssl-sys-2e5169b2a266b0ec/out/openssl-build/install/include" "-I" "/usr/include" "-fvisibility=hidden" "-DGIT_REGEX_BUILTIN=1" "-DHAVE_STDINT_H=1" "-DHAVE_MEMMOVE=1" "-DNO_RECURSE=1" "-DNEWLINE=10" "-DPOSIX_MALLOC_THRESHOLD=10" "-DLINK_SIZE=2" "-DPARENS_NEST_LIMIT=250" "-DMATCH_LIMIT=10000000" "-DMATCH_LIMIT_RECURSION=MATCH_LIMIT" "-DMAX_NAME_SIZE=32" "-DMAX_NAME_COUNT=10000" "-DSHA1DC_NO_STANDARD_INCLUDES=1" "-DSHA1DC_CUSTOM_INCLUDE_SHA1_C=\"common.h\"" "-DSHA1DC_CUSTOM_INCLUDE_UBC_CHECK_C=\"common.h\"" "-o" "/opt/rustwide/target/debug/build/libgit2-sys-3084b77a6ad336c3/out/build/da97a00384bf24ac-xmerge.o" "-c" "libgit2/deps/xdiff/xmerge.c" with args cc did not execute successfully (status code exit status: 1).cargo:warning=libgit2/deps/xdiff/xprepare.c:461:1: fatal error: error writing to /tmp/ccH3gv3g.s: No space left on device
[INFO] [stderr]   cargo:warning=  461 | }
[INFO] [stderr]   cargo:warning=      | ^
[INFO] [stderr]   cargo:warning=compilation terminated.
[INFO] [stderr] 
[INFO] [stderr]   exit status: 1
[INFO] [stderr]   cargo:warning=ToolExecError: Command "cc" "-O0" "-ffunction-sections" "-fdata-sections" "-fPIC" "-gdwarf-4" "-fno-omit-frame-pointer" "-m64" "-I" "/opt/rustwide/target/debug/build/libgit2-sys-3084b77a6ad336c3/out/include" "-I" "libgit2/src/libgit2" "-I" "libgit2/src/util" "-I" "libgit2/deps/llhttp" "-I" "libgit2/deps/xdiff" "-I" "libgit2/deps/pcre" "-I" "/opt/rustwide/target/debug/build/libssh2-sys-b1e8881680dcebff/out/include" "-I" "/opt/rustwide/target/debug/build/openssl-sys-2e5169b2a266b0ec/out/openssl-build/install/include" "-I" "/usr/include" "-fvisibility=hidden" "-DGIT_REGEX_BUILTIN=1" "-DHAVE_STDINT_H=1" "-DHAVE_MEMMOVE=1" "-DNO_RECURSE=1" "-DNEWLINE=10" "-DPOSIX_MALLOC_THRESHOLD=10" "-DLINK_SIZE=2" "-DPARENS_NEST_LIMIT=250" "-DMATCH_LIMIT=10000000" "-DMATCH_LIMIT_RECURSION=MATCH_LIMIT" "-DMAX_NAME_SIZE=32" "-DMAX_NAME_COUNT=10000" "-DSHA1DC_NO_STANDARD_INCLUDES=1" "-DSHA1DC_CUSTOM_INCLUDE_SHA1_C=\"common.h\"" "-DSHA1DC_CUSTOM_INCLUDE_UBC_CHECK_C=\"common.h\"" "-o" "/opt/rustwide/target/debug/build/libgit2-sys-3084b77a6ad336c3/out/build/da97a00384bf24ac-xprepare.o" "-c" "libgit2/deps/xdiff/xprepare.c" with args cc did not execute successfully (status code exit status: 1).cargo:warning=libgit2/deps/llhttp/llhttp.c:10168:1: fatal error: error writing to /tmp/ccR1tkZu.s: No space left on device
[INFO] [stderr]   cargo:warning=10168 | }
[INFO] [stderr]   cargo:warning=      | ^
[INFO] [stderr]   cargo:warning=compilation terminated.
[INFO] [stderr] 
[INFO] [stderr]   exit status: 1
[INFO] [stderr]   cargo:warning=ToolExecError: Command "cc" "-O0" "-ffunction-sections" "-fdata-sections" "-fPIC" "-gdwarf-4" "-fno-omit-frame-pointer" "-m64" "-I" "/opt/rustwide/target/debug/build/libgit2-sys-3084b77a6ad336c3/out/include" "-I" "libgit2/src/libgit2" "-I" "libgit2/src/util" "-I" "libgit2/deps/llhttp" "-I" "libgit2/deps/xdiff" "-I" "libgit2/deps/pcre" "-I" "/opt/rustwide/target/debug/build/libssh2-sys-b1e8881680dcebff/out/include" "-I" "/opt/rustwide/target/debug/build/openssl-sys-2e5169b2a266b0ec/out/openssl-build/install/include" "-I" "/usr/include" "-fvisibility=hidden" "-DGIT_REGEX_BUILTIN=1" "-DHAVE_STDINT_H=1" "-DHAVE_MEMMOVE=1" "-DNO_RECURSE=1" "-DNEWLINE=10" "-DPOSIX_MALLOC_THRESHOLD=10" "-DLINK_SIZE=2" "-DPARENS_NEST_LIMIT=250" "-DMATCH_LIMIT=10000000" "-DMATCH_LIMIT_RECURSION=MATCH_LIMIT" "-DMAX_NAME_SIZE=32" "-DMAX_NAME_COUNT=10000" "-DSHA1DC_NO_STANDARD_INCLUDES=1" "-DSHA1DC_CUSTOM_INCLUDE_SHA1_C=\"common.h\"" "-DSHA1DC_CUSTOM_INCLUDE_UBC_CHECK_C=\"common.h\"" "-o" "/opt/rustwide/target/debug/build/libgit2-sys-3084b77a6ad336c3/out/build/aa457269defa1a85-llhttp.o" "-c" "libgit2/deps/llhttp/llhttp.c" with args cc did not execute successfully (status code exit status: 1).cargo:warning=libgit2/deps/pcre/pcre_byte_order.c:317:1: fatal error: error writing to /tmp/ccvO2tc6.s: No space left on device
[INFO] [stderr]   cargo:warning=  317 | }
[INFO] [stderr]   cargo:warning=      | ^
[INFO] [stderr]   cargo:warning=compilation terminated.
[INFO] [stderr] 
[INFO] [stderr]   exit status: 1
[INFO] [stderr]   cargo:warning=ToolExecError: Command "cc" "-O0" "-ffunction-sections" "-fdata-sections" "-fPIC" "-gdwarf-4" "-fno-omit-frame-pointer" "-m64" "-I" "/opt/rustwide/target/debug/build/libgit2-sys-3084b77a6ad336c3/out/include" "-I" "libgit2/src/libgit2" "-I" "libgit2/src/util" "-I" "libgit2/deps/llhttp" "-I" "libgit2/deps/xdiff" "-I" "libgit2/deps/pcre" "-I" "/opt/rustwide/target/debug/build/libssh2-sys-b1e8881680dcebff/out/include" "-I" "/opt/rustwide/target/debug/build/openssl-sys-2e5169b2a266b0ec/out/openssl-build/install/include" "-I" "/usr/include" "-fvisibility=hidden" "-DGIT_REGEX_BUILTIN=1" "-DHAVE_STDINT_H=1" "-DHAVE_MEMMOVE=1" "-DNO_RECURSE=1" "-DNEWLINE=10" "-DPOSIX_MALLOC_THRESHOLD=10" "-DLINK_SIZE=2" "-DPARENS_NEST_LIMIT=250" "-DMATCH_LIMIT=10000000" "-DMATCH_LIMIT_RECURSION=MATCH_LIMIT" "-DMAX_NAME_SIZE=32" "-DMAX_NAME_COUNT=10000" "-DSHA1DC_NO_STANDARD_INCLUDES=1" "-DSHA1DC_CUSTOM_INCLUDE_SHA1_C=\"common.h\"" "-DSHA1DC_CUSTOM_INCLUDE_UBC_CHECK_C=\"common.h\"" "-o" "/opt/rustwide/target/debug/build/libgit2-sys-3084b77a6ad336c3/out/build/2222b295de79a116-pcre_byte_order.o" "-c" "libgit2/deps/pcre/pcre_byte_order.c" with args cc did not execute successfully (status code exit status: 1).cargo:warning=libgit2/deps/pcre/pcre_chartables.c:196:3: fatal error: error writing to /tmp/ccdcYXHE.s: No space left on device
[INFO] [stderr]   cargo:warning=  196 |   0x00,0x00,0x00,0x00,0x00,0x00,0x00,0x00};/* 248-255 */
[INFO] [stderr]   cargo:warning=      |   ^~~~
[INFO] [stderr]   cargo:warning=compilation terminated.
[INFO] [stderr] 
[INFO] [stderr]   exit status: 1
[INFO] [stderr]   cargo:warning=ToolExecError: Command "cc" "-O0" "-ffunction-sections" "-fdata-sections" "-fPIC" "-gdwarf-4" "-fno-omit-frame-pointer" "-m64" "-I" "/opt/rustwide/target/debug/build/libgit2-sys-3084b77a6ad336c3/out/include" "-I" "libgit2/src/libgit2" "-I" "libgit2/src/util" "-I" "libgit2/deps/llhttp" "-I" "libgit2/deps/xdiff" "-I" "libgit2/deps/pcre" "-I" "/opt/rustwide/target/debug/build/libssh2-sys-b1e8881680dcebff/out/include" "-I" "/opt/rustwide/target/debug/build/openssl-sys-2e5169b2a266b0ec/out/openssl-build/install/include" "-I" "/usr/include" "-fvisibility=hidden" "-DGIT_REGEX_BUILTIN=1" "-DHAVE_STDINT_H=1" "-DHAVE_MEMMOVE=1" "-DNO_RECURSE=1" "-DNEWLINE=10" "-DPOSIX_MALLOC_THRESHOLD=10" "-DLINK_SIZE=2" "-DPARENS_NEST_LIMIT=250" "-DMATCH_LIMIT=10000000" "-DMATCH_LIMIT_RECURSION=MATCH_LIMIT" "-DMAX_NAME_SIZE=32" "-DMAX_NAME_COUNT=10000" "-DSHA1DC_NO_STANDARD_INCLUDES=1" "-DSHA1DC_CUSTOM_INCLUDE_SHA1_C=\"common.h\"" "-DSHA1DC_CUSTOM_INCLUDE_UBC_CHECK_C=\"common.h\"" "-o" "/opt/rustwide/target/debug/build/libgit2-sys-3084b77a6ad336c3/out/build/2222b295de79a116-pcre_chartables.o" "-c" "libgit2/deps/pcre/pcre_chartables.c" with args cc did not execute successfully (status code exit status: 1).cargo:warning=libgit2/deps/pcre/pcre_config.c:188:1: fatal error: error writing to /tmp/cccr5os1.s: No space left on device
[INFO] [stderr]   cargo:warning=  188 | }
[INFO] [stderr]   cargo:warning=      | ^
[INFO] [stderr]   cargo:warning=compilation terminated.
[INFO] [stderr] 
[INFO] [stderr]   exit status: 1
[INFO] [stderr]   cargo:warning=ToolExecError: Command "cc" "-O0" "-ffunction-sections" "-fdata-sections" "-fPIC" "-gdwarf-4" "-fno-omit-frame-pointer" "-m64" "-I" "/opt/rustwide/target/debug/build/libgit2-sys-3084b77a6ad336c3/out/include" "-I" "libgit2/src/libgit2" "-I" "libgit2/src/util" "-I" "libgit2/deps/llhttp" "-I" "libgit2/deps/xdiff" "-I" "libgit2/deps/pcre" "-I" "/opt/rustwide/target/debug/build/libssh2-sys-b1e8881680dcebff/out/include" "-I" "/opt/rustwide/target/debug/build/openssl-sys-2e5169b2a266b0ec/out/openssl-build/install/include" "-I" "/usr/include" "-fvisibility=hidden" "-DGIT_REGEX_BUILTIN=1" "-DHAVE_STDINT_H=1" "-DHAVE_MEMMOVE=1" "-DNO_RECURSE=1" "-DNEWLINE=10" "-DPOSIX_MALLOC_THRESHOLD=10" "-DLINK_SIZE=2" "-DPARENS_NEST_LIMIT=250" "-DMATCH_LIMIT=10000000" "-DMATCH_LIMIT_RECURSION=MATCH_LIMIT" "-DMAX_NAME_SIZE=32" "-DMAX_NAME_COUNT=10000" "-DSHA1DC_NO_STANDARD_INCLUDES=1" "-DSHA1DC_CUSTOM_INCLUDE_SHA1_C=\"common.h\"" "-DSHA1DC_CUSTOM_INCLUDE_UBC_CHECK_C=\"common.h\"" "-o" "/opt/rustwide/target/debug/build/libgit2-sys-3084b77a6ad336c3/out/build/2222b295de79a116-pcre_config.o" "-c" "libgit2/deps/pcre/pcre_config.c" with args cc did not execute successfully (status code exit status: 1).cargo:warning=libgit2/deps/xdiff/xutils.c:451:1: fatal error: error writing to /tmp/ccNoNGqO.s: No space left on device
[INFO] [stderr]   cargo:warning=  451 | }
[INFO] [stderr]   cargo:warning=      | ^
[INFO] [stderr]   cargo:warning=compilation terminated.
[INFO] [stderr] 
[INFO] [stderr]   exit status: 1
[INFO] [stderr]   cargo:warning=ToolExecError: Command "cc" "-O0" "-ffunction-sections" "-fdata-sections" "-fPIC" "-gdwarf-4" "-fno-omit-frame-pointer" "-m64" "-I" "/opt/rustwide/target/debug/build/libgit2-sys-3084b77a6ad336c3/out/include" "-I" "libgit2/src/libgit2" "-I" "libgit2/src/util" "-I" "libgit2/deps/llhttp" "-I" "libgit2/deps/xdiff" "-I" "libgit2/deps/pcre" "-I" "/opt/rustwide/target/debug/build/libssh2-sys-b1e8881680dcebff/out/include" "-I" "/opt/rustwide/target/debug/build/openssl-sys-2e5169b2a266b0ec/out/openssl-build/install/include" "-I" "/usr/include" "-fvisibility=hidden" "-DGIT_REGEX_BUILTIN=1" "-DHAVE_STDINT_H=1" "-DHAVE_MEMMOVE=1" "-DNO_RECURSE=1" "-DNEWLINE=10" "-DPOSIX_MALLOC_THRESHOLD=10" "-DLINK_SIZE=2" "-DPARENS_NEST_LIMIT=250" "-DMATCH_LIMIT=10000000" "-DMATCH_LIMIT_RECURSION=MATCH_LIMIT" "-DMAX_NAME_SIZE=32" "-DMAX_NAME_COUNT=10000" "-DSHA1DC_NO_STANDARD_INCLUDES=1" "-DSHA1DC_CUSTOM_INCLUDE_SHA1_C=\"common.h\"" "-DSHA1DC_CUSTOM_INCLUDE_UBC_CHECK_C=\"common.h\"" "-o" "/opt/rustwide/target/debug/build/libgit2-sys-3084b77a6ad336c3/out/build/da97a00384bf24ac-xutils.o" "-c" "libgit2/deps/xdiff/xutils.c" with args cc did not execute successfully (status code exit status: 1).cargo:warning=libgit2/deps/pcre/pcre_dfa_exec.c:3674:1: fatal error: error writing to /tmp/ccMq6YBJ.s: No space left on device
[INFO] [stderr]   cargo:warning= 3674 | }
[INFO] [stderr]   cargo:warning=      | ^
[INFO] [stderr]   cargo:warning=compilation terminated.
[INFO] [stderr] 
[INFO] [stderr]   exit status: 1
[INFO] [stderr]   cargo:warning=ToolExecError: Command "cc" "-O0" "-ffunction-sections" "-fdata-sections" "-fPIC" "-gdwarf-4" "-fno-omit-frame-pointer" "-m64" "-I" "/opt/rustwide/target/debug/build/libgit2-sys-3084b77a6ad336c3/out/include" "-I" "libgit2/src/libgit2" "-I" "libgit2/src/util" "-I" "libgit2/deps/llhttp" "-I" "libgit2/deps/xdiff" "-I" "libgit2/deps/pcre" "-I" "/opt/rustwide/target/debug/build/libssh2-sys-b1e8881680dcebff/out/include" "-I" "/opt/rustwide/target/debug/build/openssl-sys-2e5169b2a266b0ec/out/openssl-build/install/include" "-I" "/usr/include" "-fvisibility=hidden" "-DGIT_REGEX_BUILTIN=1" "-DHAVE_STDINT_H=1" "-DHAVE_MEMMOVE=1" "-DNO_RECURSE=1" "-DNEWLINE=10" "-DPOSIX_MALLOC_THRESHOLD=10" "-DLINK_SIZE=2" "-DPARENS_NEST_LIMIT=250" "-DMATCH_LIMIT=10000000" "-DMATCH_LIMIT_RECURSION=MATCH_LIMIT" "-DMAX_NAME_SIZE=32" "-DMAX_NAME_COUNT=10000" "-DSHA1DC_NO_STANDARD_INCLUDES=1" "-DSHA1DC_CUSTOM_INCLUDE_SHA1_C=\"common.h\"" "-DSHA1DC_CUSTOM_INCLUDE_UBC_CHECK_C=\"common.h\"" "-o" "/opt/rustwide/target/debug/build/libgit2-sys-3084b77a6ad336c3/out/build/2222b295de79a116-pcre_dfa_exec.o" "-c" "libgit2/deps/pcre/pcre_dfa_exec.c" with args cc did not execute successfully (status code exit status: 1).cargo:warning=libgit2/deps/pcre/pcre_fullinfo.c:243:1: fatal error: error writing to /tmp/ccgA8Bzb.s: No space left on device
[INFO] [stderr]   cargo:warning=  243 | }
[INFO] [stderr]   cargo:warning=      | ^
[INFO] [stderr]   cargo:warning=compilation terminated.
[INFO] [stderr] 
[INFO] [stderr]   exit status: 1
[INFO] [stderr]   cargo:warning=ToolExecError: Command "cc" "-O0" "-ffunction-sections" "-fdata-sections" "-fPIC" "-gdwarf-4" "-fno-omit-frame-pointer" "-m64" "-I" "/opt/rustwide/target/debug/build/libgit2-sys-3084b77a6ad336c3/out/include" "-I" "libgit2/src/libgit2" "-I" "libgit2/src/util" "-I" "libgit2/deps/llhttp" "-I" "libgit2/deps/xdiff" "-I" "libgit2/deps/pcre" "-I" "/opt/rustwide/target/debug/build/libssh2-sys-b1e8881680dcebff/out/include" "-I" "/opt/rustwide/target/debug/build/openssl-sys-2e5169b2a266b0ec/out/openssl-build/install/include" "-I" "/usr/include" "-fvisibility=hidden" "-DGIT_REGEX_BUILTIN=1" "-DHAVE_STDINT_H=1" "-DHAVE_MEMMOVE=1" "-DNO_RECURSE=1" "-DNEWLINE=10" "-DPOSIX_MALLOC_THRESHOLD=10" "-DLINK_SIZE=2" "-DPARENS_NEST_LIMIT=250" "-DMATCH_LIMIT=10000000" "-DMATCH_LIMIT_RECURSION=MATCH_LIMIT" "-DMAX_NAME_SIZE=32" "-DMAX_NAME_COUNT=10000" "-DSHA1DC_NO_STANDARD_INCLUDES=1" "-DSHA1DC_CUSTOM_INCLUDE_SHA1_C=\"common.h\"" "-DSHA1DC_CUSTOM_INCLUDE_UBC_CHECK_C=\"common.h\"" "-o" "/opt/rustwide/target/debug/build/libgit2-sys-3084b77a6ad336c3/out/build/2222b295de79a116-pcre_fullinfo.o" "-c" "libgit2/deps/pcre/pcre_fullinfo.c" with args cc did not execute successfully (status code exit status: 1).cargo:warning=libgit2/deps/pcre/pcre_get.c:667:1: fatal error: error writing to /tmp/ccTVhaUZ.s: No space left on device
[INFO] [stderr]   cargo:warning=  667 | }
[INFO] [stderr]   cargo:warning=      | ^
[INFO] [stderr]   cargo:warning=compilation terminated.
[INFO] [stderr] 
[INFO] [stderr]   exit status: 1
[INFO] [stderr]   cargo:warning=ToolExecError: Command "cc" "-O0" "-ffunction-sections" "-fdata-sections" "-fPIC" "-gdwarf-4" "-fno-omit-frame-pointer" "-m64" "-I" "/opt/rustwide/target/debug/build/libgit2-sys-3084b77a6ad336c3/out/include" "-I" "libgit2/src/libgit2" "-I" "libgit2/src/util" "-I" "libgit2/deps/llhttp" "-I" "libgit2/deps/xdiff" "-I" "libgit2/deps/pcre" "-I" "/opt/rustwide/target/debug/build/libssh2-sys-b1e8881680dcebff/out/include" "-I" "/opt/rustwide/target/debug/build/openssl-sys-2e5169b2a266b0ec/out/openssl-build/install/include" "-I" "/usr/include" "-fvisibility=hidden" "-DGIT_REGEX_BUILTIN=1" "-DHAVE_STDINT_H=1" "-DHAVE_MEMMOVE=1" "-DNO_RECURSE=1" "-DNEWLINE=10" "-DPOSIX_MALLOC_THRESHOLD=10" "-DLINK_SIZE=2" "-DPARENS_NEST_LIMIT=250" "-DMATCH_LIMIT=10000000" "-DMATCH_LIMIT_RECURSION=MATCH_LIMIT" "-DMAX_NAME_SIZE=32" "-DMAX_NAME_COUNT=10000" "-DSHA1DC_NO_STANDARD_INCLUDES=1" "-DSHA1DC_CUSTOM_INCLUDE_SHA1_C=\"common.h\"" "-DSHA1DC_CUSTOM_INCLUDE_UBC_CHECK_C=\"common.h\"" "-o" "/opt/rustwide/target/debug/build/libgit2-sys-3084b77a6ad336c3/out/build/2222b295de79a116-pcre_get.o" "-c" "libgit2/deps/pcre/pcre_get.c" with args cc did not execute successfully (status code exit status: 1).cargo:warning=libgit2/deps/pcre/pcre_globals.c:83:1: fatal error: error writing to /tmp/ccVFIrXs.s: No space left on device
[INFO] [stderr]   cargo:warning=   83 | PCRE_EXP_DATA_DEFN int   (*PUBL(stack_guard))(void) = NULL;
[INFO] [stderr]   cargo:warning=      | ^~~~~~~~~~~~~~~~~~
[INFO] [stderr]   cargo:warning=compilation terminated.
[INFO] [stderr] 
[INFO] [stderr]   exit status: 1
[INFO] [stderr]   cargo:warning=ToolExecError: Command "cc" "-O0" "-ffunction-sections" "-fdata-sections" "-fPIC" "-gdwarf-4" "-fno-omit-frame-pointer" "-m64" "-I" "/opt/rustwide/target/debug/build/libgit2-sys-3084b77a6ad336c3/out/include" "-I" "libgit2/src/libgit2" "-I" "libgit2/src/util" "-I" "libgit2/deps/llhttp" "-I" "libgit2/deps/xdiff" "-I" "libgit2/deps/pcre" "-I" "/opt/rustwide/target/debug/build/libssh2-sys-b1e8881680dcebff/out/include" "-I" "/opt/rustwide/target/debug/build/openssl-sys-2e5169b2a266b0ec/out/openssl-build/install/include" "-I" "/usr/include" "-fvisibility=hidden" "-DGIT_REGEX_BUILTIN=1" "-DHAVE_STDINT_H=1" "-DHAVE_MEMMOVE=1" "-DNO_RECURSE=1" "-DNEWLINE=10" "-DPOSIX_MALLOC_THRESHOLD=10" "-DLINK_SIZE=2" "-DPARENS_NEST_LIMIT=250" "-DMATCH_LIMIT=10000000" "-DMATCH_LIMIT_RECURSION=MATCH_LIMIT" "-DMAX_NAME_SIZE=32" "-DMAX_NAME_COUNT=10000" "-DSHA1DC_NO_STANDARD_INCLUDES=1" "-DSHA1DC_CUSTOM_INCLUDE_SHA1_C=\"common.h\"" "-DSHA1DC_CUSTOM_INCLUDE_UBC_CHECK_C=\"common.h\"" "-o" "/opt/rustwide/target/debug/build/libgit2-sys-3084b77a6ad336c3/out/build/2222b295de79a116-pcre_globals.o" "-c" "libgit2/deps/pcre/pcre_globals.c" with args cc did not execute successfully (status code exit status: 1).cargo:warning=libgit2/deps/pcre/pcre_jit_compile.c:11909:1: fatal error: error writing to /tmp/ccmEc8O1.s: No space left on device
[INFO] [stderr]   cargo:warning=11909 | }
[INFO] [stderr]   cargo:warning=      | ^
[INFO] [stderr]   cargo:warning=compilation terminated.
[INFO] [stderr] 
[INFO] [stderr]   exit status: 1
[INFO] [stderr]   cargo:warning=ToolExecError: Command "cc" "-O0" "-ffunction-sections" "-fdata-sections" "-fPIC" "-gdwarf-4" "-fno-omit-frame-pointer" "-m64" "-I" "/opt/rustwide/target/debug/build/libgit2-sys-3084b77a6ad336c3/out/include" "-I" "libgit2/src/libgit2" "-I" "libgit2/src/util" "-I" "libgit2/deps/llhttp" "-I" "libgit2/deps/xdiff" "-I" "libgit2/deps/pcre" "-I" "/opt/rustwide/target/debug/build/libssh2-sys-b1e8881680dcebff/out/include" "-I" "/opt/rustwide/target/debug/build/openssl-sys-2e5169b2a266b0ec/out/openssl-build/install/include" "-I" "/usr/include" "-fvisibility=hidden" "-DGIT_REGEX_BUILTIN=1" "-DHAVE_STDINT_H=1" "-DHAVE_MEMMOVE=1" "-DNO_RECURSE=1" "-DNEWLINE=10" "-DPOSIX_MALLOC_THRESHOLD=10" "-DLINK_SIZE=2" "-DPARENS_NEST_LIMIT=250" "-DMATCH_LIMIT=10000000" "-DMATCH_LIMIT_RECURSION=MATCH_LIMIT" "-DMAX_NAME_SIZE=32" "-DMAX_NAME_COUNT=10000" "-DSHA1DC_NO_STANDARD_INCLUDES=1" "-DSHA1DC_CUSTOM_INCLUDE_SHA1_C=\"common.h\"" "-DSHA1DC_CUSTOM_INCLUDE_UBC_CHECK_C=\"common.h\"" "-o" "/opt/rustwide/target/debug/build/libgit2-sys-3084b77a6ad336c3/out/build/2222b295de79a116-pcre_jit_compile.o" "-c" "libgit2/deps/pcre/pcre_jit_compile.c" with args cc did not execute successfully (status code exit status: 1).cargo:warning=libgit2/deps/pcre/pcre_compile.c:9813:1: fatal error: error writing to /tmp/cchOJRgA.s: No space left on device
[INFO] [stderr]   cargo:warning= 9813 | }
[INFO] [stderr]   cargo:warning=      | ^
[INFO] [stderr]   cargo:warning=compilation terminated.
[INFO] [stderr] 
[INFO] [stderr]   exit status: 1
[INFO] [stderr]   cargo:warning=ToolExecError: Command "cc" "-O0" "-ffunction-sections" "-fdata-sections" "-fPIC" "-gdwarf-4" "-fno-omit-frame-pointer" "-m64" "-I" "/opt/rustwide/target/debug/build/libgit2-sys-3084b77a6ad336c3/out/include" "-I" "libgit2/src/libgit2" "-I" "libgit2/src/util" "-I" "libgit2/deps/llhttp" "-I" "libgit2/deps/xdiff" "-I" "libgit2/deps/pcre" "-I" "/opt/rustwide/target/debug/build/libssh2-sys-b1e8881680dcebff/out/include" "-I" "/opt/rustwide/target/debug/build/openssl-sys-2e5169b2a266b0ec/out/openssl-build/install/include" "-I" "/usr/include" "-fvisibility=hidden" "-DGIT_REGEX_BUILTIN=1" "-DHAVE_STDINT_H=1" "-DHAVE_MEMMOVE=1" "-DNO_RECURSE=1" "-DNEWLINE=10" "-DPOSIX_MALLOC_THRESHOLD=10" "-DLINK_SIZE=2" "-DPARENS_NEST_LIMIT=250" "-DMATCH_LIMIT=10000000" "-DMATCH_LIMIT_RECURSION=MATCH_LIMIT" "-DMAX_NAME_SIZE=32" "-DMAX_NAME_COUNT=10000" "-DSHA1DC_NO_STANDARD_INCLUDES=1" "-DSHA1DC_CUSTOM_INCLUDE_SHA1_C=\"common.h\"" "-DSHA1DC_CUSTOM_INCLUDE_UBC_CHECK_C=\"common.h\"" "-o" "/opt/rustwide/target/debug/build/libgit2-sys-3084b77a6ad336c3/out/build/2222b295de79a116-pcre_compile.o" "-c" "libgit2/deps/pcre/pcre_compile.c" with args cc did not execute successfully (status code exit status: 1).cargo:warning=libgit2/deps/pcre/pcre_maketables.c:154:1: fatal error: error writing to /tmp/ccLtRkZg.s: No space left on device
[INFO] [stderr]   cargo:warning=  154 | }
[INFO] [stderr]   cargo:warning=      | ^
[INFO] [stderr]   cargo:warning=compilation terminated.
[INFO] [stderr] 
[INFO] [stderr]   exit status: 1
[INFO] [stderr]   cargo:warning=ToolExecError: Command "cc" "-O0" "-ffunction-sections" "-fdata-sections" "-fPIC" "-gdwarf-4" "-fno-omit-frame-pointer" "-m64" "-I" "/opt/rustwide/target/debug/build/libgit2-sys-3084b77a6ad336c3/out/include" "-I" "libgit2/src/libgit2" "-I" "libgit2/src/util" "-I" "libgit2/deps/llhttp" "-I" "libgit2/deps/xdiff" "-I" "libgit2/deps/pcre" "-I" "/opt/rustwide/target/debug/build/libssh2-sys-b1e8881680dcebff/out/include" "-I" "/opt/rustwide/target/debug/build/openssl-sys-2e5169b2a266b0ec/out/openssl-build/install/include" "-I" "/usr/include" "-fvisibility=hidden" "-DGIT_REGEX_BUILTIN=1" "-DHAVE_STDINT_H=1" "-DHAVE_MEMMOVE=1" "-DNO_RECURSE=1" "-DNEWLINE=10" "-DPOSIX_MALLOC_THRESHOLD=10" "-DLINK_SIZE=2" "-DPARENS_NEST_LIMIT=250" "-DMATCH_LIMIT=10000000" "-DMATCH_LIMIT_RECURSION=MATCH_LIMIT" "-DMAX_NAME_SIZE=32" "-DMAX_NAME_COUNT=10000" "-DSHA1DC_NO_STANDARD_INCLUDES=1" "-DSHA1DC_CUSTOM_INCLUDE_SHA1_C=\"common.h\"" "-DSHA1DC_CUSTOM_INCLUDE_UBC_CHECK_C=\"common.h\"" "-o" "/opt/rustwide/target/debug/build/libgit2-sys-3084b77a6ad336c3/out/build/2222b295de79a116-pcre_maketables.o" "-c" "libgit2/deps/pcre/pcre_maketables.c" with args cc did not execute successfully (status code exit status: 1).cargo:warning=libgit2/deps/pcre/pcre_newline.c:208:1: fatal error: error writing to /tmp/ccrCOk8p.s: No space left on device
[INFO] [stderr]   cargo:warning=  208 | }
[INFO] [stderr]   cargo:warning=      | ^
[INFO] [stderr]   cargo:warning=compilation terminated.
[INFO] [stderr] 
[INFO] [stderr]   exit status: 1
[INFO] [stderr]   cargo:warning=ToolExecError: Command "cc" "-O0" "-ffunction-sections" "-fdata-sections" "-fPIC" "-gdwarf-4" "-fno-omit-frame-pointer" "-m64" "-I" "/opt/rustwide/target/debug/build/libgit2-sys-3084b77a6ad336c3/out/include" "-I" "libgit2/src/libgit2" "-I" "libgit2/src/util" "-I" "libgit2/deps/llhttp" "-I" "libgit2/deps/xdiff" "-I" "libgit2/deps/pcre" "-I" "/opt/rustwide/target/debug/build/libssh2-sys-b1e8881680dcebff/out/include" "-I" "/opt/rustwide/target/debug/build/openssl-sys-2e5169b2a266b0ec/out/openssl-build/install/include" "-I" "/usr/include" "-fvisibility=hidden" "-DGIT_REGEX_BUILTIN=1" "-DHAVE_STDINT_H=1" "-DHAVE_MEMMOVE=1" "-DNO_RECURSE=1" "-DNEWLINE=10" "-DPOSIX_MALLOC_THRESHOLD=10" "-DLINK_SIZE=2" "-DPARENS_NEST_LIMIT=250" "-DMATCH_LIMIT=10000000" "-DMATCH_LIMIT_RECURSION=MATCH_LIMIT" "-DMAX_NAME_SIZE=32" "-DMAX_NAME_COUNT=10000" "-DSHA1DC_NO_STANDARD_INCLUDES=1" "-DSHA1DC_CUSTOM_INCLUDE_SHA1_C=\"common.h\"" "-DSHA1DC_CUSTOM_INCLUDE_UBC_CHECK_C=\"common.h\"" "-o" "/opt/rustwide/target/debug/build/libgit2-sys-3084b77a6ad336c3/out/build/2222b295de79a116-pcre_newline.o" "-c" "libgit2/deps/pcre/pcre_newline.c" with args cc did not execute successfully (status code exit status: 1).cargo:warning=libgit2/deps/pcre/pcre_ord2utf8.c:92:1: fatal error: error writing to /tmp/ccgO8Cex.s: No space left on device
[INFO] [stderr]   cargo:warning=   92 | }
[INFO] [stderr]   cargo:warning=      | ^
[INFO] [stderr]   cargo:warning=compilation terminated.
[INFO] [stderr] 
[INFO] [stderr]   exit status: 1
[INFO] [stderr]   cargo:warning=ToolExecError: Command "cc" "-O0" "-ffunction-sections" "-fdata-sections" "-fPIC" "-gdwarf-4" "-fno-omit-frame-pointer" "-m64" "-I" "/opt/rustwide/target/debug/build/libgit2-sys-3084b77a6ad336c3/out/include" "-I" "libgit2/src/libgit2" "-I" "libgit2/src/util" "-I" "libgit2/deps/llhttp" "-I" "libgit2/deps/xdiff" "-I" "libgit2/deps/pcre" "-I" "/opt/rustwide/target/debug/build/libssh2-sys-b1e8881680dcebff/out/include" "-I" "/opt/rustwide/target/debug/build/openssl-sys-2e5169b2a266b0ec/out/openssl-build/install/include" "-I" "/usr/include" "-fvisibility=hidden" "-DGIT_REGEX_BUILTIN=1" "-DHAVE_STDINT_H=1" "-DHAVE_MEMMOVE=1" "-DNO_RECURSE=1" "-DNEWLINE=10" "-DPOSIX_MALLOC_THRESHOLD=10" "-DLINK_SIZE=2" "-DPARENS_NEST_LIMIT=250" "-DMATCH_LIMIT=10000000" "-DMATCH_LIMIT_RECURSION=MATCH_LIMIT" "-DMAX_NAME_SIZE=32" "-DMAX_NAME_COUNT=10000" "-DSHA1DC_NO_STANDARD_INCLUDES=1" "-DSHA1DC_CUSTOM_INCLUDE_SHA1_C=\"common.h\"" "-DSHA1DC_CUSTOM_INCLUDE_UBC_CHECK_C=\"common.h\"" "-o" "/opt/rustwide/target/debug/build/libgit2-sys-3084b77a6ad336c3/out/build/2222b295de79a116-pcre_ord2utf8.o" "-c" "libgit2/deps/pcre/pcre_ord2utf8.c" with args cc did not execute successfully (status code exit status: 1).cargo:warning=libgit2/deps/pcre/pcre_printint.c:832:1: fatal error: error writing to /tmp/cc9MAX77.s: No space left on device
[INFO] [stderr]   cargo:warning=  832 | }
[INFO] [stderr]   cargo:warning=      | ^
[INFO] [stderr]   cargo:warning=compilation terminated.
[INFO] [stderr] 
[INFO] [stderr]   exit status: 1
[INFO] [stderr]   cargo:warning=ToolExecError: Command "cc" "-O0" "-ffunction-sections" "-fdata-sections" "-fPIC" "-gdwarf-4" "-fno-omit-frame-pointer" "-m64" "-I" "/opt/rustwide/target/debug/build/libgit2-sys-3084b77a6ad336c3/out/include" "-I" "libgit2/src/libgit2" "-I" "libgit2/src/util" "-I" "libgit2/deps/llhttp" "-I" "libgit2/deps/xdiff" "-I" "libgit2/deps/pcre" "-I" "/opt/rustwide/target/debug/build/libssh2-sys-b1e8881680dcebff/out/include" "-I" "/opt/rustwide/target/debug/build/openssl-sys-2e5169b2a266b0ec/out/openssl-build/install/include" "-I" "/usr/include" "-fvisibility=hidden" "-DGIT_REGEX_BUILTIN=1" "-DHAVE_STDINT_H=1" "-DHAVE_MEMMOVE=1" "-DNO_RECURSE=1" "-DNEWLINE=10" "-DPOSIX_MALLOC_THRESHOLD=10" "-DLINK_SIZE=2" "-DPARENS_NEST_LIMIT=250" "-DMATCH_LIMIT=10000000" "-DMATCH_LIMIT_RECURSION=MATCH_LIMIT" "-DMAX_NAME_SIZE=32" "-DMAX_NAME_COUNT=10000" "-DSHA1DC_NO_STANDARD_INCLUDES=1" "-DSHA1DC_CUSTOM_INCLUDE_SHA1_C=\"common.h\"" "-DSHA1DC_CUSTOM_INCLUDE_UBC_CHECK_C=\"common.h\"" "-o" "/opt/rustwide/target/debug/build/libgit2-sys-3084b77a6ad336c3/out/build/2222b295de79a116-pcre_printint.o" "-c" "libgit2/deps/pcre/pcre_printint.c" with args cc did not execute successfully (status code exit status: 1).cargo:warning=libgit2/deps/pcre/pcre_refcount.c:90:1: fatal error: error writing to /tmp/cclnqvQ3.s: No space left on device
[INFO] [stderr]   cargo:warning=   90 | }
[INFO] [stderr]   cargo:warning=      | ^
[INFO] [stderr]   cargo:warning=compilation terminated.
[INFO] [stderr] 
[INFO] [stderr]   exit status: 1
[INFO] [stderr]   cargo:warning=ToolExecError: Command "cc" "-O0" "-ffunction-sections" "-fdata-sections" "-fPIC" "-gdwarf-4" "-fno-omit-frame-pointer" "-m64" "-I" "/opt/rustwide/target/debug/build/libgit2-sys-3084b77a6ad336c3/out/include" "-I" "libgit2/src/libgit2" "-I" "libgit2/src/util" "-I" "libgit2/deps/llhttp" "-I" "libgit2/deps/xdiff" "-I" "libgit2/deps/pcre" "-I" "/opt/rustwide/target/debug/build/libssh2-sys-b1e8881680dcebff/out/include" "-I" "/opt/rustwide/target/debug/build/openssl-sys-2e5169b2a266b0ec/out/openssl-build/install/include" "-I" "/usr/include" "-fvisibility=hidden" "-DGIT_REGEX_BUILTIN=1" "-DHAVE_STDINT_H=1" "-DHAVE_MEMMOVE=1" "-DNO_RECURSE=1" "-DNEWLINE=10" "-DPOSIX_MALLOC_THRESHOLD=10" "-DLINK_SIZE=2" "-DPARENS_NEST_LIMIT=250" "-DMATCH_LIMIT=10000000" "-DMATCH_LIMIT_RECURSION=MATCH_LIMIT" "-DMAX_NAME_SIZE=32" "-DMAX_NAME_COUNT=10000" "-DSHA1DC_NO_STANDARD_INCLUDES=1" "-DSHA1DC_CUSTOM_INCLUDE_SHA1_C=\"common.h\"" "-DSHA1DC_CUSTOM_INCLUDE_UBC_CHECK_C=\"common.h\"" "-o" "/opt/rustwide/target/debug/build/libgit2-sys-3084b77a6ad336c3/out/build/2222b295de79a116-pcre_refcount.o" "-c" "libgit2/deps/pcre/pcre_refcount.c" with args cc did not execute successfully (status code exit status: 1).cargo:warning=libgit2/deps/pcre/pcre_string_utils.c:50: fatal error: error closing /tmp/ccyV2SBI.s: No space left on device
[INFO] [stderr]   cargo:warning=   50 | 
[INFO] [stderr]   cargo:warning=      | 
[INFO] [stderr]   cargo:warning=compilation terminated.
[INFO] [stderr] 
[INFO] [stderr]   exit status: 1
[INFO] [stderr]   cargo:warning=ToolExecError: Command "cc" "-O0" "-ffunction-sections" "-fdata-sections" "-fPIC" "-gdwarf-4" "-fno-omit-frame-pointer" "-m64" "-I" "/opt/rustwide/target/debug/build/libgit2-sys-3084b77a6ad336c3/out/include" "-I" "libgit2/src/libgit2" "-I" "libgit2/src/util" "-I" "libgit2/deps/llhttp" "-I" "libgit2/deps/xdiff" "-I" "libgit2/deps/pcre" "-I" "/opt/rustwide/target/debug/build/libssh2-sys-b1e8881680dcebff/out/include" "-I" "/opt/rustwide/target/debug/build/openssl-sys-2e5169b2a266b0ec/out/openssl-build/install/include" "-I" "/usr/include" "-fvisibility=hidden" "-DGIT_REGEX_BUILTIN=1" "-DHAVE_STDINT_H=1" "-DHAVE_MEMMOVE=1" "-DNO_RECURSE=1" "-DNEWLINE=10" "-DPOSIX_MALLOC_THRESHOLD=10" "-DLINK_SIZE=2" "-DPARENS_NEST_LIMIT=250" "-DMATCH_LIMIT=10000000" "-DMATCH_LIMIT_RECURSION=MATCH_LIMIT" "-DMAX_NAME_SIZE=32" "-DMAX_NAME_COUNT=10000" "-DSHA1DC_NO_STANDARD_INCLUDES=1" "-DSHA1DC_CUSTOM_INCLUDE_SHA1_C=\"common.h\"" "-DSHA1DC_CUSTOM_INCLUDE_UBC_CHECK_C=\"common.h\"" "-o" "/opt/rustwide/target/debug/build/libgit2-sys-3084b77a6ad336c3/out/build/2222b295de79a116-pcre_string_utils.o" "-c" "libgit2/deps/pcre/pcre_string_utils.c" with args cc did not execute successfully (status code exit status: 1).cargo:warning=libgit2/deps/pcre/pcre_exec.c:7171:1: fatal error: error writing to /tmp/ccKRM1QY.s: No space left on device
[INFO] [stderr]   cargo:warning= 7171 | }
[INFO] [stderr]   cargo:warning=      | ^
[INFO] [stderr]   cargo:warning=compilation terminated.
[INFO] [stderr] 
[INFO] [stderr]   exit status: 1
[INFO] [stderr]   cargo:warning=ToolExecError: Command "cc" "-O0" "-ffunction-sections" "-fdata-sections" "-fPIC" "-gdwarf-4" "-fno-omit-frame-pointer" "-m64" "-I" "/opt/rustwide/target/debug/build/libgit2-sys-3084b77a6ad336c3/out/include" "-I" "libgit2/src/libgit2" "-I" "libgit2/src/util" "-I" "libgit2/deps/llhttp" "-I" "libgit2/deps/xdiff" "-I" "libgit2/deps/pcre" "-I" "/opt/rustwide/target/debug/build/libssh2-sys-b1e8881680dcebff/out/include" "-I" "/opt/rustwide/target/debug/build/openssl-sys-2e5169b2a266b0ec/out/openssl-build/install/include" "-I" "/usr/include" "-fvisibility=hidden" "-DGIT_REGEX_BUILTIN=1" "-DHAVE_STDINT_H=1" "-DHAVE_MEMMOVE=1" "-DNO_RECURSE=1" "-DNEWLINE=10" "-DPOSIX_MALLOC_THRESHOLD=10" "-DLINK_SIZE=2" "-DPARENS_NEST_LIMIT=250" "-DMATCH_LIMIT=10000000" "-DMATCH_LIMIT_RECURSION=MATCH_LIMIT" "-DMAX_NAME_SIZE=32" "-DMAX_NAME_COUNT=10000" "-DSHA1DC_NO_STANDARD_INCLUDES=1" "-DSHA1DC_CUSTOM_INCLUDE_SHA1_C=\"common.h\"" "-DSHA1DC_CUSTOM_INCLUDE_UBC_CHECK_C=\"common.h\"" "-o" "/opt/rustwide/target/debug/build/libgit2-sys-3084b77a6ad336c3/out/build/2222b295de79a116-pcre_exec.o" "-c" "libgit2/deps/pcre/pcre_exec.c" with args cc did not execute successfully (status code exit status: 1).cargo:warning=libgit2/deps/pcre/pcre_study.c:1684:1: fatal error: error writing to /tmp/ccSIfC7f.s: No space left on device
[INFO] [stderr]   cargo:warning= 1684 | }
[INFO] [stderr]   cargo:warning=      | ^
[INFO] [stderr]   cargo:warning=compilation terminated.
[INFO] [stderr] 
[INFO] [stderr]   exit status: 1
[INFO] [stderr]   cargo:warning=ToolExecError: Command "cc" "-O0" "-ffunction-sections" "-fdata-sections" "-fPIC" "-gdwarf-4" "-fno-omit-frame-pointer" "-m64" "-I" "/opt/rustwide/target/debug/build/libgit2-sys-3084b77a6ad336c3/out/include" "-I" "libgit2/src/libgit2" "-I" "libgit2/src/util" "-I" "libgit2/deps/llhttp" "-I" "libgit2/deps/xdiff" "-I" "libgit2/deps/pcre" "-I" "/opt/rustwide/target/debug/build/libssh2-sys-b1e8881680dcebff/out/include" "-I" "/opt/rustwide/target/debug/build/openssl-sys-2e5169b2a266b0ec/out/openssl-build/install/include" "-I" "/usr/include" "-fvisibility=hidden" "-DGIT_REGEX_BUILTIN=1" "-DHAVE_STDINT_H=1" "-DHAVE_MEMMOVE=1" "-DNO_RECURSE=1" "-DNEWLINE=10" "-DPOSIX_MALLOC_THRESHOLD=10" "-DLINK_SIZE=2" "-DPARENS_NEST_LIMIT=250" "-DMATCH_LIMIT=10000000" "-DMATCH_LIMIT_RECURSION=MATCH_LIMIT" "-DMAX_NAME_SIZE=32" "-DMAX_NAME_COUNT=10000" "-DSHA1DC_NO_STANDARD_INCLUDES=1" "-DSHA1DC_CUSTOM_INCLUDE_SHA1_C=\"common.h\"" "-DSHA1DC_CUSTOM_INCLUDE_UBC_CHECK_C=\"common.h\"" "-o" "/opt/rustwide/target/debug/build/libgit2-sys-3084b77a6ad336c3/out/build/2222b295de79a116-pcre_study.o" "-c" "libgit2/deps/pcre/pcre_study.c" with args cc did not execute successfully (status code exit status: 1).cargo:warning=libgit2/deps/pcre/pcre_tables.c:65:1: fatal error: error writing to /tmp/ccQkRrj7.s: No space left on device
[INFO] [stderr]   cargo:warning=   65 | const pcre_uint32 PRIV(vspace_list)[] = { VSPACE_LIST };
[INFO] [stderr]   cargo:warning=      | ^~~~~
[INFO] [stderr]   cargo:warning=compilation terminated.
[INFO] [stderr] 
[INFO] [stderr]   exit status: 1
[INFO] [stderr]   cargo:warning=ToolExecError: Command "cc" "-O0" "-ffunction-sections" "-fdata-sections" "-fPIC" "-gdwarf-4" "-fno-omit-frame-pointer" "-m64" "-I" "/opt/rustwide/target/debug/build/libgit2-sys-3084b77a6ad336c3/out/include" "-I" "libgit2/src/libgit2" "-I" "libgit2/src/util" "-I" "libgit2/deps/llhttp" "-I" "libgit2/deps/xdiff" "-I" "libgit2/deps/pcre" "-I" "/opt/rustwide/target/debug/build/libssh2-sys-b1e8881680dcebff/out/include" "-I" "/opt/rustwide/target/debug/build/openssl-sys-2e5169b2a266b0ec/out/openssl-build/install/include" "-I" "/usr/include" "-fvisibility=hidden" "-DGIT_REGEX_BUILTIN=1" "-DHAVE_STDINT_H=1" "-DHAVE_MEMMOVE=1" "-DNO_RECURSE=1" "-DNEWLINE=10" "-DPOSIX_MALLOC_THRESHOLD=10" "-DLINK_SIZE=2" "-DPARENS_NEST_LIMIT=250" "-DMATCH_LIMIT=10000000" "-DMATCH_LIMIT_RECURSION=MATCH_LIMIT" "-DMAX_NAME_SIZE=32" "-DMAX_NAME_COUNT=10000" "-DSHA1DC_NO_STANDARD_INCLUDES=1" "-DSHA1DC_CUSTOM_INCLUDE_SHA1_C=\"common.h\"" "-DSHA1DC_CUSTOM_INCLUDE_UBC_CHECK_C=\"common.h\"" "-o" "/opt/rustwide/target/debug/build/libgit2-sys-3084b77a6ad336c3/out/build/2222b295de79a116-pcre_tables.o" "-c" "libgit2/deps/pcre/pcre_tables.c" with args cc did not execute successfully (status code exit status: 1).cargo:warning=libgit2/deps/pcre/pcre_ucd.c:38:1: fatal error: error writing to /tmp/cciWNgs3.s: No space left on device
[INFO] [stderr]   cargo:warning=   38 | const pcre_uint32 PRIV(ucd_caseless_sets)[] = {0};
[INFO] [stderr]   cargo:warning=      | ^~~~~
[INFO] [stderr]   cargo:warning=compilation terminated.
[INFO] [stderr] 
[INFO] [stderr]   exit status: 1
[INFO] [stderr]   cargo:warning=ToolExecError: Command "cc" "-O0" "-ffunction-sections" "-fdata-sections" "-fPIC" "-gdwarf-4" "-fno-omit-frame-pointer" "-m64" "-I" "/opt/rustwide/target/debug/build/libgit2-sys-3084b77a6ad336c3/out/include" "-I" "libgit2/src/libgit2" "-I" "libgit2/src/util" "-I" "libgit2/deps/llhttp" "-I" "libgit2/deps/xdiff" "-I" "libgit2/deps/pcre" "-I" "/opt/rustwide/target/debug/build/libssh2-sys-b1e8881680dcebff/out/include" "-I" "/opt/rustwide/target/debug/build/openssl-sys-2e5169b2a266b0ec/out/openssl-build/install/include" "-I" "/usr/include" "-fvisibility=hidden" "-DGIT_REGEX_BUILTIN=1" "-DHAVE_STDINT_H=1" "-DHAVE_MEMMOVE=1" "-DNO_RECURSE=1" "-DNEWLINE=10" "-DPOSIX_MALLOC_THRESHOLD=10" "-DLINK_SIZE=2" "-DPARENS_NEST_LIMIT=250" "-DMATCH_LIMIT=10000000" "-DMATCH_LIMIT_RECURSION=MATCH_LIMIT" "-DMAX_NAME_SIZE=32" "-DMAX_NAME_COUNT=10000" "-DSHA1DC_NO_STANDARD_INCLUDES=1" "-DSHA1DC_CUSTOM_INCLUDE_SHA1_C=\"common.h\"" "-DSHA1DC_CUSTOM_INCLUDE_UBC_CHECK_C=\"common.h\"" "-o" "/opt/rustwide/target/debug/build/libgit2-sys-3084b77a6ad336c3/out/build/2222b295de79a116-pcre_ucd.o" "-c" "libgit2/deps/pcre/pcre_ucd.c" with args cc did not execute successfully (status code exit status: 1).cargo:warning=libgit2/deps/pcre/pcre_valid_utf8.c:299:1: fatal error: error writing to /tmp/cciockJf.s: No space left on device
[INFO] [stderr]   cargo:warning=  299 | }
[INFO] [stderr]   cargo:warning=      | ^
[INFO] [stderr]   cargo:warning=compilation terminated.
[INFO] [stderr] 
[INFO] [stderr]   exit status: 1
[INFO] [stderr]   cargo:warning=ToolExecError: Command "cc" "-O0" "-ffunction-sections" "-fdata-sections" "-fPIC" "-gdwarf-4" "-fno-omit-frame-pointer" "-m64" "-I" "/opt/rustwide/target/debug/build/libgit2-sys-3084b77a6ad336c3/out/include" "-I" "libgit2/src/libgit2" "-I" "libgit2/src/util" "-I" "libgit2/deps/llhttp" "-I" "libgit2/deps/xdiff" "-I" "libgit2/deps/pcre" "-I" "/opt/rustwide/target/debug/build/libssh2-sys-b1e8881680dcebff/out/include" "-I" "/opt/rustwide/target/debug/build/openssl-sys-2e5169b2a266b0ec/out/openssl-build/install/include" "-I" "/usr/include" "-fvisibility=hidden" "-DGIT_REGEX_BUILTIN=1" "-DHAVE_STDINT_H=1" "-DHAVE_MEMMOVE=1" "-DNO_RECURSE=1" "-DNEWLINE=10" "-DPOSIX_MALLOC_THRESHOLD=10" "-DLINK_SIZE=2" "-DPARENS_NEST_LIMIT=250" "-DMATCH_LIMIT=10000000" "-DMATCH_LIMIT_RECURSION=MATCH_LIMIT" "-DMAX_NAME_SIZE=32" "-DMAX_NAME_COUNT=10000" "-DSHA1DC_NO_STANDARD_INCLUDES=1" "-DSHA1DC_CUSTOM_INCLUDE_SHA1_C=\"common.h\"" "-DSHA1DC_CUSTOM_INCLUDE_UBC_CHECK_C=\"common.h\"" "-o" "/opt/rustwide/target/debug/build/libgit2-sys-3084b77a6ad336c3/out/build/2222b295de79a116-pcre_valid_utf8.o" "-c" "libgit2/deps/pcre/pcre_valid_utf8.c" with args cc did not execute successfully (status code exit status: 1).cargo:warning=libgit2/deps/pcre/pcre_version.c:96:1: fatal error: error writing to /tmp/ccx5mC1C.s: No space left on device
[INFO] [stderr]   cargo:warning=   96 | }
[INFO] [stderr]   cargo:warning=      | ^
[INFO] [stderr]   cargo:warning=compilation terminated.
[INFO] [stderr] 
[INFO] [stderr]   exit status: 1
[INFO] [stderr]   cargo:warning=ToolExecError: Command "cc" "-O0" "-ffunction-sections" "-fdata-sections" "-fPIC" "-gdwarf-4" "-fno-omit-frame-pointer" "-m64" "-I" "/opt/rustwide/target/debug/build/libgit2-sys-3084b77a6ad336c3/out/include" "-I" "libgit2/src/libgit2" "-I" "libgit2/src/util" "-I" "libgit2/deps/llhttp" "-I" "libgit2/deps/xdiff" "-I" "libgit2/deps/pcre" "-I" "/opt/rustwide/target/debug/build/libssh2-sys-b1e8881680dcebff/out/include" "-I" "/opt/rustwide/target/debug/build/openssl-sys-2e5169b2a266b0ec/out/openssl-build/install/include" "-I" "/usr/include" "-fvisibility=hidden" "-DGIT_REGEX_BUILTIN=1" "-DHAVE_STDINT_H=1" "-DHAVE_MEMMOVE=1" "-DNO_RECURSE=1" "-DNEWLINE=10" "-DPOSIX_MALLOC_THRESHOLD=10" "-DLINK_SIZE=2" "-DPARENS_NEST_LIMIT=250" "-DMATCH_LIMIT=10000000" "-DMATCH_LIMIT_RECURSION=MATCH_LIMIT" "-DMAX_NAME_SIZE=32" "-DMAX_NAME_COUNT=10000" "-DSHA1DC_NO_STANDARD_INCLUDES=1" "-DSHA1DC_CUSTOM_INCLUDE_SHA1_C=\"common.h\"" "-DSHA1DC_CUSTOM_INCLUDE_UBC_CHECK_C=\"common.h\"" "-o" "/opt/rustwide/target/debug/build/libgit2-sys-3084b77a6ad336c3/out/build/2222b295de79a116-pcre_version.o" "-c" "libgit2/deps/pcre/pcre_version.c" with args cc did not execute successfully (status code exit status: 1).cargo:warning=libgit2/deps/pcre/pcre_xclass.c:266:1: fatal error: error writing to /tmp/ccKnDCv8.s: No space left on device
[INFO] [stderr]   cargo:warning=  266 | }
[INFO] [stderr]   cargo:warning=      | ^
[INFO] [stderr]   cargo:warning=compilation terminated.
[INFO] [stderr] 
[INFO] [stderr]   exit status: 1
[INFO] [stderr]   cargo:warning=ToolExecError: Command "cc" "-O0" "-ffunction-sections" "-fdata-sections" "-fPIC" "-gdwarf-4" "-fno-omit-frame-pointer" "-m64" "-I" "/opt/rustwide/target/debug/build/libgit2-sys-3084b77a6ad336c3/out/include" "-I" "libgit2/src/libgit2" "-I" "libgit2/src/util" "-I" "libgit2/deps/llhttp" "-I" "libgit2/deps/xdiff" "-I" "libgit2/deps/pcre" "-I" "/opt/rustwide/target/debug/build/libssh2-sys-b1e8881680dcebff/out/include" "-I" "/opt/rustwide/target/debug/build/openssl-sys-2e5169b2a266b0ec/out/openssl-build/install/include" "-I" "/usr/include" "-fvisibility=hidden" "-DGIT_REGEX_BUILTIN=1" "-DHAVE_STDINT_H=1" "-DHAVE_MEMMOVE=1" "-DNO_RECURSE=1" "-DNEWLINE=10" "-DPOSIX_MALLOC_THRESHOLD=10" "-DLINK_SIZE=2" "-DPARENS_NEST_LIMIT=250" "-DMATCH_LIMIT=10000000" "-DMATCH_LIMIT_RECURSION=MATCH_LIMIT" "-DMAX_NAME_SIZE=32" "-DMAX_NAME_COUNT=10000" "-DSHA1DC_NO_STANDARD_INCLUDES=1" "-DSHA1DC_CUSTOM_INCLUDE_SHA1_C=\"common.h\"" "-DSHA1DC_CUSTOM_INCLUDE_UBC_CHECK_C=\"common.h\"" "-o" "/opt/rustwide/target/debug/build/libgit2-sys-3084b77a6ad336c3/out/build/2222b295de79a116-pcre_xclass.o" "-c" "libgit2/deps/pcre/pcre_xclass.c" with args cc did not execute successfully (status code exit status: 1).cargo:warning=libgit2/deps/pcre/pcreposix.c:418:1: fatal error: error writing to /tmp/ccbxyvNf.s: No space left on device
[INFO] [stderr]   cargo:warning=  418 | }
[INFO] [stderr]   cargo:warning=      | ^
[INFO] [stderr]   cargo:warning=compilation terminated.
[INFO] [stderr] 
[INFO] [stderr]   exit status: 1
[INFO] [stderr]   cargo:warning=ToolExecError: Command "cc" "-O0" "-ffunction-sections" "-fdata-sections" "-fPIC" "-gdwarf-4" "-fno-omit-frame-pointer" "-m64" "-I" "/opt/rustwide/target/debug/build/libgit2-sys-3084b77a6ad336c3/out/include" "-I" "libgit2/src/libgit2" "-I" "libgit2/src/util" "-I" "libgit2/deps/llhttp" "-I" "libgit2/deps/xdiff" "-I" "libgit2/deps/pcre" "-I" "/opt/rustwide/target/debug/build/libssh2-sys-b1e8881680dcebff/out/include" "-I" "/opt/rustwide/target/debug/build/openssl-sys-2e5169b2a266b0ec/out/openssl-build/install/include" "-I" "/usr/include" "-fvisibility=hidden" "-DGIT_REGEX_BUILTIN=1" "-DHAVE_STDINT_H=1" "-DHAVE_MEMMOVE=1" "-DNO_RECURSE=1" "-DNEWLINE=10" "-DPOSIX_MALLOC_THRESHOLD=10" "-DLINK_SIZE=2" "-DPARENS_NEST_LIMIT=250" "-DMATCH_LIMIT=10000000" "-DMATCH_LIMIT_RECURSION=MATCH_LIMIT" "-DMAX_NAME_SIZE=32" "-DMAX_NAME_COUNT=10000" "-DSHA1DC_NO_STANDARD_INCLUDES=1" "-DSHA1DC_CUSTOM_INCLUDE_SHA1_C=\"common.h\"" "-DSHA1DC_CUSTOM_INCLUDE_UBC_CHECK_C=\"common.h\"" "-o" "/opt/rustwide/target/debug/build/libgit2-sys-3084b77a6ad336c3/out/build/2222b295de79a116-pcreposix.o" "-c" "libgit2/deps/pcre/pcreposix.c" with args cc did not execute successfully (status code exit status: 1).cargo:warning=libgit2/src/util/hash/openssl.c: In function 'git_hash_sha256_init':
[INFO] [stderr]   cargo:warning=libgit2/src/util/hash/openssl.c:163:9: warning: 'SHA256_Init' is deprecated: Since OpenSSL 3.0 [-Wdeprecated-declarations]
[INFO] [stderr]   cargo:warning=  163 |         if (SHA256_Init(&ctx->c) != 1) {
[INFO] [stderr]   cargo:warning=      |         ^~
[INFO] [stderr]   cargo:warning=In file included from libgit2/src/util/hash/openssl.h:14,
[INFO] [stderr]   cargo:warning=                 from libgit2/src/util/hash/openssl.c:8:
[INFO] [stderr]   cargo:warning=/opt/rustwide/target/debug/build/openssl-sys-2e5169b2a266b0ec/out/openssl-build/install/include/openssl/sha.h:73:27: note: declared here
[INFO] [stderr]   cargo:warning=   73 | OSSL_DEPRECATEDIN_3_0 int SHA256_Init(SHA256_CTX *c);
[INFO] [stderr]   cargo:warning=      |                           ^~~~~~~~~~~
[INFO] [stderr]   cargo:warning=libgit2/src/util/hash/openssl.c: In function 'git_hash_sha256_update':
[INFO] [stderr]   cargo:warning=libgit2/src/util/hash/openssl.c:175:9: warning: 'SHA256_Update' is deprecated: Since OpenSSL 3.0 [-Wdeprecated-declarations]
[INFO] [stderr]   cargo:warning=  175 |         if (SHA256_Update(&ctx->c, data, len) != 1) {
[INFO] [stderr]   cargo:warning=      |         ^~
[INFO] [stderr]   cargo:warning=In file included from libgit2/src/util/hash/openssl.h:14,
[INFO] [stderr]   cargo:warning=                 from libgit2/src/util/hash/openssl.c:8:
[INFO] [stderr]   cargo:warning=/opt/rustwide/target/debug/build/openssl-sys-2e5169b2a266b0ec/out/openssl-build/install/include/openssl/sha.h:74:27: note: declared here
[INFO] [stderr]   cargo:warning=   74 | OSSL_DEPRECATEDIN_3_0 int SHA256_Update(SHA256_CTX *c,
[INFO] [stderr]   cargo:warning=      |                           ^~~~~~~~~~~~~
[INFO] [stderr]   cargo:warning=libgit2/src/util/hash/openssl.c: In function 'git_hash_sha256_final':
[INFO] [stderr]   cargo:warning=libgit2/src/util/hash/openssl.c:187:9: warning: 'SHA256_Final' is deprecated: Since OpenSSL 3.0 [-Wdeprecated-declarations]
[INFO] [stderr]   cargo:warning=  187 |         if (SHA256_Final(out, &ctx->c) != 1) {
[INFO] [stderr]   cargo:warning=      |         ^~
[INFO] [stderr]   cargo:warning=In file included from libgit2/src/util/hash/openssl.h:14,
[INFO] [stderr]   cargo:warning=                 from libgit2/src/util/hash/openssl.c:8:
[INFO] [stderr]   cargo:warning=/opt/rustwide/target/debug/build/openssl-sys-2e5169b2a266b0ec/out/openssl-build/install/include/openssl/sha.h:76:27: note: declared here
[INFO] [stderr]   cargo:warning=   76 | OSSL_DEPRECATEDIN_3_0 int SHA256_Final(unsigned char *md, SHA256_CTX *c);
[INFO] [stderr]   cargo:warning=      |                           ^~~~~~~~~~~~
[INFO] [stderr] 
[INFO] [stderr]   exit status: 0
[INFO] [stderr]   exit status: 0
[INFO] [stderr]   exit status: 0
[INFO] [stderr]   exit status: 0
[INFO] [stderr]   exit status: 0
[INFO] [stderr]   exit status: 0
[INFO] [stderr]   exit status: 0
[INFO] [stderr]   exit status: 0
[INFO] [stderr]   exit status: 0
[INFO] [stderr] 
[INFO] [stderr]   --- stderr
[INFO] [stderr] 
[INFO] [stderr] 
[INFO] [stderr]   error occurred: Command "cc" "-O0" "-ffunction-sections" "-fdata-sections" "-fPIC" "-gdwarf-4" "-fno-omit-frame-pointer" "-m64" "-I" "/opt/rustwide/target/debug/build/libgit2-sys-3084b77a6ad336c3/out/include" "-I" "libgit2/src/libgit2" "-I" "libgit2/src/util" "-I" "libgit2/deps/llhttp" "-I" "libgit2/deps/xdiff" "-I" "libgit2/deps/pcre" "-I" "/opt/rustwide/target/debug/build/libssh2-sys-b1e8881680dcebff/out/include" "-I" "/opt/rustwide/target/debug/build/openssl-sys-2e5169b2a266b0ec/out/openssl-build/install/include" "-I" "/usr/include" "-fvisibility=hidden" "-DGIT_REGEX_BUILTIN=1" "-DHAVE_STDINT_H=1" "-DHAVE_MEMMOVE=1" "-DNO_RECURSE=1" "-DNEWLINE=10" "-DPOSIX_MALLOC_THRESHOLD=10" "-DLINK_SIZE=2" "-DPARENS_NEST_LIMIT=250" "-DMATCH_LIMIT=10000000" "-DMATCH_LIMIT_RECURSION=MATCH_LIMIT" "-DMAX_NAME_SIZE=32" "-DMAX_NAME_COUNT=10000" "-DSHA1DC_NO_STANDARD_INCLUDES=1" "-DSHA1DC_CUSTOM_INCLUDE_SHA1_C=\"common.h\"" "-DSHA1DC_CUSTOM_INCLUDE_UBC_CHECK_C=\"common.h\"" "-o" "/opt/rustwide/target/debug/build/libgit2-sys-3084b77a6ad336c3/out/build/2222b295de79a116-pcreposix.o" "-c" "libgit2/deps/pcre/pcreposix.c" with args cc did not execute successfully (status code exit status: 1).
[INFO] [stderr] 
[INFO] [stderr] 
[INFO] running `Command { std: "docker" "inspect" "b9e7240b0fa5e670e154cf9ae0e79523b5a2571fd966d1cafa04d7241208b44e", kill_on_drop: false }`
[INFO] running `Command { std: "docker" "rm" "-f" "b9e7240b0fa5e670e154cf9ae0e79523b5a2571fd966d1cafa04d7241208b44e", kill_on_drop: false }`
[INFO] [stdout] b9e7240b0fa5e670e154cf9ae0e79523b5a2571fd966d1cafa04d7241208b44e
