[INFO] fetching crate vectis-wallet 1.0.0-rc2...
[INFO] testing vectis-wallet-1.0.0-rc2 against 1.83.0 for beta-1.84.0-4-retry
[INFO] extracting crate vectis-wallet 1.0.0-rc2 into /workspace/builds/worker-2-tc1/source
[INFO] validating manifest of crates.io crate vectis-wallet 1.0.0-rc2 on toolchain 1.83.0
[INFO] running `Command { std: CARGO_HOME="/workspace/cargo-home" RUSTUP_HOME="/workspace/rustup-home" "/workspace/cargo-home/bin/cargo" "+1.83.0" "metadata" "--manifest-path" "Cargo.toml" "--no-deps", kill_on_drop: false }`
[INFO] started tweaking crates.io crate vectis-wallet 1.0.0-rc2
[INFO] finished tweaking crates.io crate vectis-wallet 1.0.0-rc2
[INFO] tweaked toml for crates.io crate vectis-wallet 1.0.0-rc2 written to /workspace/builds/worker-2-tc1/source/Cargo.toml
[INFO] running `Command { std: CARGO_HOME="/workspace/cargo-home" RUSTUP_HOME="/workspace/rustup-home" "/workspace/cargo-home/bin/cargo" "+1.83.0" "generate-lockfile" "--manifest-path" "Cargo.toml", kill_on_drop: false }`
[INFO] [stderr]     Updating crates.io index
[INFO] [stderr]      Locking 129 packages to latest compatible versions
[INFO] [stderr]       Adding bech32 v0.8.1 (available: v0.11.0)
[INFO] [stderr]       Adding cosmwasm-schema v1.5.9 (available: v2.1.5)
[INFO] [stderr]       Adding cosmwasm-std v1.5.9 (available: v2.1.5)
[INFO] [stderr]       Adding curve25519-dalek v3.2.0 (available: v3.2.1)
[INFO] [stderr]       Adding cw-storage-plus v1.2.0 (available: v2.0.0)
[INFO] [stderr]       Adding cw-utils v1.0.3 (available: v2.0.0)
[INFO] [stderr]       Adding cw2 v1.1.2 (available: v2.0.0)
[INFO] [stderr]       Adding primitive-types v0.10.1 (available: v0.13.1)
[INFO] [stderr]       Adding ripemd160 v0.9.1 (available: v0.10.0)
[INFO] [stderr]       Adding serde-json-wasm v0.5.2 (available: v1.0.1)
[INFO] [stderr]       Adding sylvia v0.9.3 (available: v1.3.1)
[INFO] [stderr]       Adding sylvia-derive v0.9.3 (available: v1.3.1)
[INFO] [stderr]       Adding thiserror v1.0.69 (available: v2.0.7)
[INFO] running `Command { std: CARGO_HOME="/workspace/cargo-home" RUSTUP_HOME="/workspace/rustup-home" "/workspace/cargo-home/bin/cargo" "+1.83.0" "fetch" "--manifest-path" "Cargo.toml", kill_on_drop: false }`
[INFO] [stderr]  Downloading crates ...
[INFO] [stderr]   Downloaded serde-cw-value v0.7.0
[INFO] [stderr]   Downloaded konst_proc_macros v0.3.10
[INFO] [stderr]   Downloaded sylvia v0.9.3
[INFO] [stderr]   Downloaded cosmos-sdk-proto-nymlab v0.19.2
[INFO] [stderr]   Downloaded sylvia-derive v0.9.3
[INFO] running `Command { std: "docker" "create" "-v" "/var/lib/crater-agent-workspace/builds/worker-2-tc1/target:/opt/rustwide/target:rw,Z" "-v" "/var/lib/crater-agent-workspace/builds/worker-2-tc1/source:/opt/rustwide/workdir:ro,Z" "-v" "/var/lib/crater-agent-workspace/cargo-home:/opt/rustwide/cargo-home:ro,Z" "-v" "/var/lib/crater-agent-workspace/rustup-home:/opt/rustwide/rustup-home:ro,Z" "-e" "SOURCE_DIR=/opt/rustwide/workdir" "-e" "CARGO_TARGET_DIR=/opt/rustwide/target" "-e" "CARGO_HOME=/opt/rustwide/cargo-home" "-e" "RUSTUP_HOME=/opt/rustwide/rustup-home" "-w" "/opt/rustwide/workdir" "-m" "1610612736" "--user" "0:0" "--network" "none" "ghcr.io/rust-lang/crates-build-env/linux@sha256:f3a9d4ad9d972b27faf3965f35b62e55ba32bbce8f20bc8fe909558a86702fde" "/opt/rustwide/cargo-home/bin/cargo" "+1.83.0" "metadata" "--no-deps" "--format-version=1", kill_on_drop: false }`
[INFO] [stdout] ebe199ccf86e61920c81dd74cc357de3963a2d685b13dda7cb45b4ee74c3ba7c
[INFO] running `Command { std: "docker" "start" "-a" "ebe199ccf86e61920c81dd74cc357de3963a2d685b13dda7cb45b4ee74c3ba7c", kill_on_drop: false }`
[INFO] running `Command { std: "docker" "inspect" "ebe199ccf86e61920c81dd74cc357de3963a2d685b13dda7cb45b4ee74c3ba7c", kill_on_drop: false }`
[INFO] running `Command { std: "docker" "rm" "-f" "ebe199ccf86e61920c81dd74cc357de3963a2d685b13dda7cb45b4ee74c3ba7c", kill_on_drop: false }`
[INFO] [stdout] ebe199ccf86e61920c81dd74cc357de3963a2d685b13dda7cb45b4ee74c3ba7c
[INFO] running `Command { std: "docker" "create" "-v" "/var/lib/crater-agent-workspace/builds/worker-2-tc1/target:/opt/rustwide/target:rw,Z" "-v" "/var/lib/crater-agent-workspace/builds/worker-2-tc1/source:/opt/rustwide/workdir:ro,Z" "-v" "/var/lib/crater-agent-workspace/cargo-home:/opt/rustwide/cargo-home:ro,Z" "-v" "/var/lib/crater-agent-workspace/rustup-home:/opt/rustwide/rustup-home:ro,Z" "-e" "SOURCE_DIR=/opt/rustwide/workdir" "-e" "CARGO_TARGET_DIR=/opt/rustwide/target" "-e" "CARGO_INCREMENTAL=0" "-e" "RUST_BACKTRACE=full" "-e" "RUSTFLAGS=--cap-lints=warn" "-e" "RUSTDOCFLAGS=--cap-lints=warn" "-e" "CARGO_HOME=/opt/rustwide/cargo-home" "-e" "RUSTUP_HOME=/opt/rustwide/rustup-home" "-w" "/opt/rustwide/workdir" "-m" "1610612736" "--user" "0:0" "--network" "none" "ghcr.io/rust-lang/crates-build-env/linux@sha256:f3a9d4ad9d972b27faf3965f35b62e55ba32bbce8f20bc8fe909558a86702fde" "/opt/rustwide/cargo-home/bin/cargo" "+1.83.0" "build" "--frozen" "--message-format=json", kill_on_drop: false }`
[INFO] [stdout] e8101182be4132dd437cbc4fd53280e70eab6271747d47540cef1e42a6822419
[INFO] running `Command { std: "docker" "start" "-a" "e8101182be4132dd437cbc4fd53280e70eab6271747d47540cef1e42a6822419", kill_on_drop: false }`
[INFO] [stderr]    Compiling version_check v0.9.5
[INFO] [stderr]    Compiling proc-macro2 v1.0.92
[INFO] [stderr]    Compiling unicode-ident v1.0.14
[INFO] [stderr]    Compiling zeroize v1.8.1
[INFO] [stderr]    Compiling typenum v1.17.0
[INFO] [stderr]    Compiling serde v1.0.216
[INFO] [stderr]    Compiling subtle v2.6.1
[INFO] [stderr]    Compiling cfg-if v1.0.0
[INFO] [stderr]    Compiling libc v0.2.168
[INFO] [stderr]    Compiling syn v1.0.109
[INFO] [stderr]    Compiling const-oid v0.9.6
[INFO] [stderr]    Compiling byteorder v1.5.0
[INFO] [stderr]    Compiling der v0.7.9
[INFO] [stderr]    Compiling once_cell v1.20.2
[INFO] [stderr]    Compiling generic-array v0.14.7
[INFO] [stderr]    Compiling ahash v0.7.8
[INFO] [stderr]    Compiling base16ct v0.2.0
[INFO] [stderr]    Compiling cpufeatures v0.2.16
[INFO] [stderr]    Compiling hex v0.4.3
[INFO] [stderr]    Compiling serde_json v1.0.133
[INFO] [stderr]    Compiling thiserror v1.0.69
[INFO] [stderr]    Compiling opaque-debug v0.3.1
[INFO] [stderr]    Compiling itoa v1.0.14
[INFO] [stderr]    Compiling quote v1.0.37
[INFO] [stderr]    Compiling syn v2.0.90
[INFO] [stderr]    Compiling schemars v0.8.21
[INFO] [stderr]    Compiling memchr v2.7.4
[INFO] [stderr]    Compiling ryu v1.0.18
[INFO] [stderr]    Compiling static_assertions v1.1.0
[INFO] [stderr]    Compiling spki v0.7.3
[INFO] [stderr]    Compiling getrandom v0.2.15
[INFO] [stderr]    Compiling rand_core v0.5.1
[INFO] [stderr]    Compiling rand_core v0.6.4
[INFO] [stderr]    Compiling pkcs8 v0.10.2
[INFO] [stderr]    Compiling ff v0.13.0
[INFO] [stderr]    Compiling group v0.13.0
[INFO] [stderr]    Compiling dyn-clone v1.0.17
[INFO] [stderr]    Compiling hashbrown v0.12.3
[INFO] [stderr]    Compiling anyhow v1.0.94
[INFO] [stderr]    Compiling either v1.13.0
[INFO] [stderr]    Compiling proc-macro-error-attr v1.0.4
[INFO] [stderr]    Compiling itertools v0.10.5
[INFO] [stderr]    Compiling crypto-common v0.1.6
[INFO] [stderr]    Compiling block-buffer v0.10.4
[INFO] [stderr]    Compiling digest v0.9.0
[INFO] [stderr]    Compiling block-buffer v0.9.0
[INFO] [stderr]    Compiling sec1 v0.7.3
[INFO] [stderr]    Compiling crypto-bigint v0.5.5
[INFO] [stderr]    Compiling sha2 v0.9.9
[INFO] [stderr]    Compiling digest v0.10.7
[INFO] [stderr]    Compiling curve25519-dalek v3.2.0
[INFO] [stderr]    Compiling hmac v0.12.1
[INFO] [stderr]    Compiling signature v2.2.0
[INFO] [stderr]    Compiling rfc6979 v0.4.0
[INFO] [stderr]    Compiling sha2 v0.10.8
[INFO] [stderr]    Compiling hashbrown v0.15.2
[INFO] [stderr]    Compiling semver v1.0.24
[INFO] [stderr]    Compiling paste v1.0.15
[INFO] [stderr]    Compiling base64 v0.21.7
[INFO] [stderr]    Compiling autocfg v1.4.0
[INFO] [stderr]    Compiling serde_derive_internals v0.29.1
[INFO] [stderr]    Compiling bnum v0.10.0
[INFO] [stderr]    Compiling forward_ref v1.0.0
[INFO] [stderr]    Compiling bech32 v0.9.1
[INFO] [stderr]    Compiling equivalent v1.0.1
[INFO] [stderr]    Compiling num-traits v0.2.19
[INFO] [stderr]    Compiling indexmap v2.7.0
[INFO] [stderr]    Compiling proc-macro-error v1.0.4
[INFO] [stderr]    Compiling winnow v0.5.40
[INFO] [stderr]    Compiling powerfmt v0.2.0
[INFO] [stderr]    Compiling crunchy v0.2.2
[INFO] [stderr]    Compiling elliptic-curve v0.13.8
[INFO] [stderr]    Compiling serde_derive v1.0.216
[INFO] [stderr]    Compiling thiserror-impl v1.0.69
[INFO] [stderr]    Compiling schemars_derive v0.8.21
[INFO] [stderr]    Compiling ecdsa v0.16.9
[INFO] [stderr]    Compiling typewit_proc_macros v1.8.1
[INFO] [stderr]    Compiling k256 v0.13.4
[INFO] [stderr]    Compiling toml_datetime v0.6.8
[INFO] [stderr]    Compiling num-conv v0.1.0
[INFO] [stderr]    Compiling time-core v0.1.2
[INFO] [stderr]    Compiling time-macros v0.2.19
[INFO] [stderr]    Compiling toml_edit v0.19.15
[INFO] [stderr]    Compiling typewit v1.11.0
[INFO] [stderr]    Compiling deranged v0.3.11
[INFO] [stderr]    Compiling unicode-segmentation v1.12.0
[INFO] [stderr]    Compiling convert_case v0.6.0
[INFO] [stderr]    Compiling flex-error v0.4.4
[INFO] [stderr]    Compiling konst_kernel v0.3.15
[INFO] [stderr]    Compiling subtle-encoding v0.5.1
[INFO] [stderr]    Compiling konst_proc_macros v0.3.10
[INFO] [stdout] error: failed to build archive at `/opt/rustwide/target/debug/deps/libsyn-cc6e872063cc04a2.rlib`: No space left on device (os error 28)
[INFO] [stdout] 
[INFO] [stdout] 
[INFO] [stderr] error: could not compile `syn` (lib) due to 1 previous error
[INFO] [stderr] warning: build failed, waiting for other jobs to finish...
[INFO] [stdout] error: linking with `cc` failed: exit status: 1
[INFO] [stdout]   |
[INFO] [stdout]   = note: LC_ALL="C" PATH="/opt/rustwide/rustup-home/toolchains/1.83.0-x86_64-unknown-linux-gnu/lib/rustlib/x86_64-unknown-linux-gnu/bin:/opt/rustwide/cargo-home/bin:/usr/local/sbin:/usr/local/bin:/usr/sbin:/usr/bin:/sbin:/bin" VSLANG="1033" "cc" "-Wl,--version-script=/tmp/rustc0UG3ny/list" "-Wl,--no-undefined-version" "-m64" "/tmp/rustc0UG3ny/symbols.o" "/opt/rustwide/target/debug/deps/time_macros-0097ad81c5969b30.time_macros.c90c0516ebad83f5-cgu.00.rcgu.o" "/opt/rustwide/target/debug/deps/time_macros-0097ad81c5969b30.time_macros.c90c0516ebad83f5-cgu.01.rcgu.o" "/opt/rustwide/target/debug/deps/time_macros-0097ad81c5969b30.time_macros.c90c0516ebad83f5-cgu.02.rcgu.o" "/opt/rustwide/target/debug/deps/time_macros-0097ad81c5969b30.time_macros.c90c0516ebad83f5-cgu.03.rcgu.o" "/opt/rustwide/target/debug/deps/time_macros-0097ad81c5969b30.time_macros.c90c0516ebad83f5-cgu.04.rcgu.o" "/opt/rustwide/target/debug/deps/time_macros-0097ad81c5969b30.time_macros.c90c0516ebad83f5-cgu.05.rcgu.o" "/opt/rustwide/target/debug/deps/time_macros-0097ad81c5969b30.time_macros.c90c0516ebad83f5-cgu.06.rcgu.o" "/opt/rustwide/target/debug/deps/time_macros-0097ad81c5969b30.time_macros.c90c0516ebad83f5-cgu.07.rcgu.o" "/opt/rustwide/target/debug/deps/time_macros-0097ad81c5969b30.time_macros.c90c0516ebad83f5-cgu.08.rcgu.o" "/opt/rustwide/target/debug/deps/time_macros-0097ad81c5969b30.time_macros.c90c0516ebad83f5-cgu.09.rcgu.o" "/opt/rustwide/target/debug/deps/time_macros-0097ad81c5969b30.time_macros.c90c0516ebad83f5-cgu.10.rcgu.o" "/opt/rustwide/target/debug/deps/time_macros-0097ad81c5969b30.time_macros.c90c0516ebad83f5-cgu.11.rcgu.o" "/opt/rustwide/target/debug/deps/time_macros-0097ad81c5969b30.time_macros.c90c0516ebad83f5-cgu.12.rcgu.o" "/opt/rustwide/target/debug/deps/time_macros-0097ad81c5969b30.time_macros.c90c0516ebad83f5-cgu.13.rcgu.o" "/opt/rustwide/target/debug/deps/time_macros-0097ad81c5969b30.time_macros.c90c0516ebad83f5-cgu.14.rcgu.o" "/opt/rustwide/target/debug/deps/time_macros-0097ad81c5969b30.time_macros.c90c0516ebad83f5-cgu.15.rcgu.o" "/opt/rustwide/target/debug/deps/time_macros-0097ad81c5969b30.9msu1kciskt972tuat4gur9ht.rcgu.rmeta" "/opt/rustwide/target/debug/deps/time_macros-0097ad81c5969b30.bp1mv7ve4ve232e70btotlw92.rcgu.o" "-Wl,--as-needed" "-Wl,-Bstatic" "/opt/rustwide/target/debug/deps/libtime_core-920e11b901147e65.rlib" "/opt/rustwide/rustup-home/toolchains/1.83.0-x86_64-unknown-linux-gnu/lib/rustlib/x86_64-unknown-linux-gnu/lib/libproc_macro-a2fc9021817a412b.rlib" "/opt/rustwide/target/debug/deps/libnum_conv-4bd030b5826783c5.rlib" "/opt/rustwide/rustup-home/toolchains/1.83.0-x86_64-unknown-linux-gnu/lib/rustlib/x86_64-unknown-linux-gnu/lib/libstd-ca74a2d9c5166d9f.rlib" "/opt/rustwide/rustup-home/toolchains/1.83.0-x86_64-unknown-linux-gnu/lib/rustlib/x86_64-unknown-linux-gnu/lib/libpanic_unwind-e31ab23316ed5080.rlib" "/opt/rustwide/rustup-home/toolchains/1.83.0-x86_64-unknown-linux-gnu/lib/rustlib/x86_64-unknown-linux-gnu/lib/libobject-27dc4aa955912662.rlib" "/opt/rustwide/rustup-home/toolchains/1.83.0-x86_64-unknown-linux-gnu/lib/rustlib/x86_64-unknown-linux-gnu/lib/libmemchr-bd0d6cccce077b99.rlib" "/opt/rustwide/rustup-home/toolchains/1.83.0-x86_64-unknown-linux-gnu/lib/rustlib/x86_64-unknown-linux-gnu/lib/libaddr2line-8d001680935b5e3c.rlib" "/opt/rustwide/rustup-home/toolchains/1.83.0-x86_64-unknown-linux-gnu/lib/rustlib/x86_64-unknown-linux-gnu/lib/libgimli-ba8ce71964f984f4.rlib" "/opt/rustwide/rustup-home/toolchains/1.83.0-x86_64-unknown-linux-gnu/lib/rustlib/x86_64-unknown-linux-gnu/lib/librustc_demangle-99a73526abcec14b.rlib" "/opt/rustwide/rustup-home/toolchains/1.83.0-x86_64-unknown-linux-gnu/lib/rustlib/x86_64-unknown-linux-gnu/lib/libstd_detect-63ac0d22cff92579.rlib" "/opt/rustwide/rustup-home/toolchains/1.83.0-x86_64-unknown-linux-gnu/lib/rustlib/x86_64-unknown-linux-gnu/lib/libhashbrown-9057355c92c922d5.rlib" "/opt/rustwide/rustup-home/toolchains/1.83.0-x86_64-unknown-linux-gnu/lib/rustlib/x86_64-unknown-linux-gnu/lib/librustc_std_workspace_alloc-358be9bc1f6bab04.rlib" "/opt/rustwide/rustup-home/toolchains/1.83.0-x86_64-unknown-linux-gnu/lib/rustlib/x86_64-unknown-linux-gnu/lib/libminiz_oxide-aca15549d5bff974.rlib" "/opt/rustwide/rustup-home/toolchains/1.83.0-x86_64-unknown-linux-gnu/lib/rustlib/x86_64-unknown-linux-gnu/lib/libadler-8251d2cef7072448.rlib" "/opt/rustwide/rustup-home/toolchains/1.83.0-x86_64-unknown-linux-gnu/lib/rustlib/x86_64-unknown-linux-gnu/lib/libunwind-7d50b86011c66411.rlib" "/opt/rustwide/rustup-home/toolchains/1.83.0-x86_64-unknown-linux-gnu/lib/rustlib/x86_64-unknown-linux-gnu/lib/libcfg_if-51ea098fce5006bf.rlib" "/opt/rustwide/rustup-home/toolchains/1.83.0-x86_64-unknown-linux-gnu/lib/rustlib/x86_64-unknown-linux-gnu/lib/liblibc-5a14e0d0b712e731.rlib" "/opt/rustwide/rustup-home/toolchains/1.83.0-x86_64-unknown-linux-gnu/lib/rustlib/x86_64-unknown-linux-gnu/lib/liballoc-8b83dbf3a7b8f999.rlib" "/opt/rustwide/rustup-home/toolchains/1.83.0-x86_64-unknown-linux-gnu/lib/rustlib/x86_64-unknown-linux-gnu/lib/librustc_std_workspace_core-c6fd227bdc7b39ff.rlib" "/opt/rustwide/rustup-home/toolchains/1.83.0-x86_64-unknown-linux-gnu/lib/rustlib/x86_64-unknown-linux-gnu/lib/libcore-959d3389fa3da8a5.rlib" "/opt/rustwide/rustup-home/toolchains/1.83.0-x86_64-unknown-linux-gnu/lib/rustlib/x86_64-unknown-linux-gnu/lib/libcompiler_builtins-abe05db089cc2c62.rlib" "-Wl,-Bdynamic" "-lgcc_s" "-lutil" "-lrt" "-lpthread" "-lm" "-ldl" "-lc" "-Wl,--eh-frame-hdr" "-Wl,-z,noexecstack" "-L" "/opt/rustwide/rustup-home/toolchains/1.83.0-x86_64-unknown-linux-gnu/lib/rustlib/x86_64-unknown-linux-gnu/lib" "-o" "/opt/rustwide/target/debug/deps/libtime_macros-0097ad81c5969b30.so" "-Wl,--gc-sections" "-shared" "-Wl,-z,relro,-z,now" "-nodefaultlibs"
[INFO] [stdout]   = note: /usr/bin/ld: final link failed: No space left on device
[INFO] [stdout]           collect2: error: ld returned 1 exit status
[INFO] [stdout]           
[INFO] [stdout] 
[INFO] [stdout] 
[INFO] [stderr] error: could not compile `time-macros` (lib) due to 1 previous error
[INFO] [stderr] rustc-LLVM ERROR: IO failure on output stream: No space left on device
[INFO] [stderr] error: could not compile `toml_edit` (lib)
[INFO] [stderr] 
[INFO] [stderr] Caused by:
[INFO] [stderr]   No space left on device (os error 28)
[INFO] [stderr] 
[INFO] [stderr] Caused by:
[INFO] [stderr]   failed to parse process output: `/opt/rustwide/rustup-home/toolchains/1.83.0-x86_64-unknown-linux-gnu/bin/rustc --crate-name toml_edit --edition=2021 /opt/rustwide/cargo-home/registry/src/index.crates.io-6f17d22bba15001f/toml_edit-0.19.15/src/lib.rs --error-format=json --json=diagnostic-rendered-ansi,artifacts,future-incompat --crate-type lib --emit=dep-info,metadata,link -C embed-bitcode=no --cfg 'feature="default"' --check-cfg 'cfg(docsrs)' --check-cfg 'cfg(feature, values("default", "perf", "serde", "unbounded"))' -C metadata=2c92c4ceb00ded6e -C extra-filename=-2c92c4ceb00ded6e --out-dir /opt/rustwide/target/debug/deps -L dependency=/opt/rustwide/target/debug/deps --extern indexmap=/opt/rustwide/target/debug/deps/libindexmap-a8142711b9b8e363.rmeta --extern toml_datetime=/opt/rustwide/target/debug/deps/libtoml_datetime-c3baf274465996b4.rmeta --extern winnow=/opt/rustwide/target/debug/deps/libwinnow-ca22ab5ddf0c6b68.rmeta --cap-lints allow --cap-lints=warn` (exit status: 101)
[INFO] [stdout] error: couldn't create a temp dir: No space left on device (os error 28) at path "/opt/rustwide/target/debug/deps/rmetat3dKmT"
[INFO] [stdout] 
[INFO] [stdout] 
[INFO] [stdout] error: linking with `cc` failed: exit status: 1
[INFO] [stdout]   |
[INFO] [stdout]   = note: LC_ALL="C" PATH="/opt/rustwide/rustup-home/toolchains/1.83.0-x86_64-unknown-linux-gnu/lib/rustlib/x86_64-unknown-linux-gnu/bin:/opt/rustwide/cargo-home/bin:/usr/local/sbin:/usr/local/bin:/usr/sbin:/usr/bin:/sbin:/bin" VSLANG="1033" "cc" "-Wl,--version-script=/tmp/rustcO12cBa/list" "-Wl,--no-undefined-version" "-m64" "/tmp/rustcO12cBa/symbols.o" "/opt/rustwide/target/debug/deps/konst_proc_macros-89f060278d1ad286.konst_proc_macros.7b7f5ba905e8b5aa-cgu.0.rcgu.o" "/opt/rustwide/target/debug/deps/konst_proc_macros-89f060278d1ad286.konst_proc_macros.7b7f5ba905e8b5aa-cgu.1.rcgu.o" "/opt/rustwide/target/debug/deps/konst_proc_macros-89f060278d1ad286.konst_proc_macros.7b7f5ba905e8b5aa-cgu.2.rcgu.o" "/opt/rustwide/target/debug/deps/konst_proc_macros-89f060278d1ad286.konst_proc_macros.7b7f5ba905e8b5aa-cgu.3.rcgu.o" "/opt/rustwide/target/debug/deps/konst_proc_macros-89f060278d1ad286.bvdudjcwk9nhh8q0mrlkwqzs9.rcgu.rmeta" "/opt/rustwide/target/debug/deps/konst_proc_macros-89f060278d1ad286.8jp6fnp5gtin8ljrny4tjkw0t.rcgu.o" "-Wl,--as-needed" "-Wl,-Bstatic" "/opt/rustwide/rustup-home/toolchains/1.83.0-x86_64-unknown-linux-gnu/lib/rustlib/x86_64-unknown-linux-gnu/lib/libproc_macro-a2fc9021817a412b.rlib" "/opt/rustwide/rustup-home/toolchains/1.83.0-x86_64-unknown-linux-gnu/lib/rustlib/x86_64-unknown-linux-gnu/lib/libstd-ca74a2d9c5166d9f.rlib" "/opt/rustwide/rustup-home/toolchains/1.83.0-x86_64-unknown-linux-gnu/lib/rustlib/x86_64-unknown-linux-gnu/lib/libpanic_unwind-e31ab23316ed5080.rlib" "/opt/rustwide/rustup-home/toolchains/1.83.0-x86_64-unknown-linux-gnu/lib/rustlib/x86_64-unknown-linux-gnu/lib/libobject-27dc4aa955912662.rlib" "/opt/rustwide/rustup-home/toolchains/1.83.0-x86_64-unknown-linux-gnu/lib/rustlib/x86_64-unknown-linux-gnu/lib/libmemchr-bd0d6cccce077b99.rlib" "/opt/rustwide/rustup-home/toolchains/1.83.0-x86_64-unknown-linux-gnu/lib/rustlib/x86_64-unknown-linux-gnu/lib/libaddr2line-8d001680935b5e3c.rlib" "/opt/rustwide/rustup-home/toolchains/1.83.0-x86_64-unknown-linux-gnu/lib/rustlib/x86_64-unknown-linux-gnu/lib/libgimli-ba8ce71964f984f4.rlib" "/opt/rustwide/rustup-home/toolchains/1.83.0-x86_64-unknown-linux-gnu/lib/rustlib/x86_64-unknown-linux-gnu/lib/librustc_demangle-99a73526abcec14b.rlib" "/opt/rustwide/rustup-home/toolchains/1.83.0-x86_64-unknown-linux-gnu/lib/rustlib/x86_64-unknown-linux-gnu/lib/libstd_detect-63ac0d22cff92579.rlib" "/opt/rustwide/rustup-home/toolchains/1.83.0-x86_64-unknown-linux-gnu/lib/rustlib/x86_64-unknown-linux-gnu/lib/libhashbrown-9057355c92c922d5.rlib" "/opt/rustwide/rustup-home/toolchains/1.83.0-x86_64-unknown-linux-gnu/lib/rustlib/x86_64-unknown-linux-gnu/lib/librustc_std_workspace_alloc-358be9bc1f6bab04.rlib" "/opt/rustwide/rustup-home/toolchains/1.83.0-x86_64-unknown-linux-gnu/lib/rustlib/x86_64-unknown-linux-gnu/lib/libminiz_oxide-aca15549d5bff974.rlib" "/opt/rustwide/rustup-home/toolchains/1.83.0-x86_64-unknown-linux-gnu/lib/rustlib/x86_64-unknown-linux-gnu/lib/libadler-8251d2cef7072448.rlib" "/opt/rustwide/rustup-home/toolchains/1.83.0-x86_64-unknown-linux-gnu/lib/rustlib/x86_64-unknown-linux-gnu/lib/libunwind-7d50b86011c66411.rlib" "/opt/rustwide/rustup-home/toolchains/1.83.0-x86_64-unknown-linux-gnu/lib/rustlib/x86_64-unknown-linux-gnu/lib/libcfg_if-51ea098fce5006bf.rlib" "/opt/rustwide/rustup-home/toolchains/1.83.0-x86_64-unknown-linux-gnu/lib/rustlib/x86_64-unknown-linux-gnu/lib/liblibc-5a14e0d0b712e731.rlib" "/opt/rustwide/rustup-home/toolchains/1.83.0-x86_64-unknown-linux-gnu/lib/rustlib/x86_64-unknown-linux-gnu/lib/liballoc-8b83dbf3a7b8f999.rlib" "/opt/rustwide/rustup-home/toolchains/1.83.0-x86_64-unknown-linux-gnu/lib/rustlib/x86_64-unknown-linux-gnu/lib/librustc_std_workspace_core-c6fd227bdc7b39ff.rlib" "/opt/rustwide/rustup-home/toolchains/1.83.0-x86_64-unknown-linux-gnu/lib/rustlib/x86_64-unknown-linux-gnu/lib/libcore-959d3389fa3da8a5.rlib" "/opt/rustwide/rustup-home/toolchains/1.83.0-x86_64-unknown-linux-gnu/lib/rustlib/x86_64-unknown-linux-gnu/lib/libcompiler_builtins-abe05db089cc2c62.rlib" "-Wl,-Bdynamic" "-lgcc_s" "-lutil" "-lrt" "-lpthread" "-lm" "-ldl" "-lc" "-Wl,--eh-frame-hdr" "-Wl,-z,noexecstack" "-L" "/opt/rustwide/rustup-home/toolchains/1.83.0-x86_64-unknown-linux-gnu/lib/rustlib/x86_64-unknown-linux-gnu/lib" "-o" "/opt/rustwide/target/debug/deps/libkonst_proc_macros-89f060278d1ad286.so" "-Wl,--gc-sections" "-shared" "-Wl,-z,relro,-z,now" "-nodefaultlibs"
[INFO] [stdout]   = note: /usr/bin/ld: final link failed: No space left on device
[INFO] [stdout]           collect2: error: ld returned 1 exit status
[INFO] [stdout]           
[INFO] [stdout] 
[INFO] [stdout] 
[INFO] [stderr] error: could not compile `num-traits` (lib) due to 1 previous error
[INFO] [stderr] error: could not compile `konst_proc_macros` (lib) due to 1 previous error
[INFO] [stdout] error: linking with `cc` failed: exit status: 1
[INFO] [stdout]   |
[INFO] [stdout]   = note: LC_ALL="C" PATH="/opt/rustwide/rustup-home/toolchains/1.83.0-x86_64-unknown-linux-gnu/lib/rustlib/x86_64-unknown-linux-gnu/bin:/opt/rustwide/cargo-home/bin:/usr/local/sbin:/usr/local/bin:/usr/sbin:/usr/bin:/sbin:/bin" VSLANG="1033" "cc" "-Wl,--version-script=/tmp/rustckggOFO/list" "-Wl,--no-undefined-version" "-m64" "/tmp/rustckggOFO/symbols.o" "/opt/rustwide/target/debug/deps/serde_derive-3584a4623925f159.serde_derive.58edcdb854ce3ed9-cgu.00.rcgu.o" "/opt/rustwide/target/debug/deps/serde_derive-3584a4623925f159.serde_derive.58edcdb854ce3ed9-cgu.01.rcgu.o" "/opt/rustwide/target/debug/deps/serde_derive-3584a4623925f159.serde_derive.58edcdb854ce3ed9-cgu.02.rcgu.o" "/opt/rustwide/target/debug/deps/serde_derive-3584a4623925f159.serde_derive.58edcdb854ce3ed9-cgu.03.rcgu.o" "/opt/rustwide/target/debug/deps/serde_derive-3584a4623925f159.serde_derive.58edcdb854ce3ed9-cgu.04.rcgu.o" "/opt/rustwide/target/debug/deps/serde_derive-3584a4623925f159.serde_derive.58edcdb854ce3ed9-cgu.05.rcgu.o" "/opt/rustwide/target/debug/deps/serde_derive-3584a4623925f159.serde_derive.58edcdb854ce3ed9-cgu.06.rcgu.o" "/opt/rustwide/target/debug/deps/serde_derive-3584a4623925f159.serde_derive.58edcdb854ce3ed9-cgu.07.rcgu.o" "/opt/rustwide/target/debug/deps/serde_derive-3584a4623925f159.serde_derive.58edcdb854ce3ed9-cgu.08.rcgu.o" "/opt/rustwide/target/debug/deps/serde_derive-3584a4623925f159.serde_derive.58edcdb854ce3ed9-cgu.09.rcgu.o" "/opt/rustwide/target/debug/deps/serde_derive-3584a4623925f159.serde_derive.58edcdb854ce3ed9-cgu.10.rcgu.o" "/opt/rustwide/target/debug/deps/serde_derive-3584a4623925f159.serde_derive.58edcdb854ce3ed9-cgu.11.rcgu.o" "/opt/rustwide/target/debug/deps/serde_derive-3584a4623925f159.serde_derive.58edcdb854ce3ed9-cgu.12.rcgu.o" "/opt/rustwide/target/debug/deps/serde_derive-3584a4623925f159.serde_derive.58edcdb854ce3ed9-cgu.13.rcgu.o" "/opt/rustwide/target/debug/deps/serde_derive-3584a4623925f159.serde_derive.58edcdb854ce3ed9-cgu.14.rcgu.o" "/opt/rustwide/target/debug/deps/serde_derive-3584a4623925f159.serde_derive.58edcdb854ce3ed9-cgu.15.rcgu.o" "/opt/rustwide/target/debug/deps/serde_derive-3584a4623925f159.9q9fzxv56iqpsxtzeamiahymu.rcgu.rmeta" "/opt/rustwide/target/debug/deps/serde_derive-3584a4623925f159.8qpa0le3xr7d4y4k5nsluajb8.rcgu.o" "-Wl,--as-needed" "-Wl,-Bstatic" "/opt/rustwide/target/debug/deps/libsyn-38fc397a72a1660b.rlib" "/opt/rustwide/target/debug/deps/libquote-96051cea6d62b4b5.rlib" "/opt/rustwide/target/debug/deps/libproc_macro2-85ee1178db9d334e.rlib" "/opt/rustwide/target/debug/deps/libunicode_ident-f7f10e726d017c79.rlib" "/opt/rustwide/rustup-home/toolchains/1.83.0-x86_64-unknown-linux-gnu/lib/rustlib/x86_64-unknown-linux-gnu/lib/libproc_macro-a2fc9021817a412b.rlib" "/opt/rustwide/rustup-home/toolchains/1.83.0-x86_64-unknown-linux-gnu/lib/rustlib/x86_64-unknown-linux-gnu/lib/libstd-ca74a2d9c5166d9f.rlib" "/opt/rustwide/rustup-home/toolchains/1.83.0-x86_64-unknown-linux-gnu/lib/rustlib/x86_64-unknown-linux-gnu/lib/libpanic_unwind-e31ab23316ed5080.rlib" "/opt/rustwide/rustup-home/toolchains/1.83.0-x86_64-unknown-linux-gnu/lib/rustlib/x86_64-unknown-linux-gnu/lib/libobject-27dc4aa955912662.rlib" "/opt/rustwide/rustup-home/toolchains/1.83.0-x86_64-unknown-linux-gnu/lib/rustlib/x86_64-unknown-linux-gnu/lib/libmemchr-bd0d6cccce077b99.rlib" "/opt/rustwide/rustup-home/toolchains/1.83.0-x86_64-unknown-linux-gnu/lib/rustlib/x86_64-unknown-linux-gnu/lib/libaddr2line-8d001680935b5e3c.rlib" "/opt/rustwide/rustup-home/toolchains/1.83.0-x86_64-unknown-linux-gnu/lib/rustlib/x86_64-unknown-linux-gnu/lib/libgimli-ba8ce71964f984f4.rlib" "/opt/rustwide/rustup-home/toolchains/1.83.0-x86_64-unknown-linux-gnu/lib/rustlib/x86_64-unknown-linux-gnu/lib/librustc_demangle-99a73526abcec14b.rlib" "/opt/rustwide/rustup-home/toolchains/1.83.0-x86_64-unknown-linux-gnu/lib/rustlib/x86_64-unknown-linux-gnu/lib/libstd_detect-63ac0d22cff92579.rlib" "/opt/rustwide/rustup-home/toolchains/1.83.0-x86_64-unknown-linux-gnu/lib/rustlib/x86_64-unknown-linux-gnu/lib/libhashbrown-9057355c92c922d5.rlib" "/opt/rustwide/rustup-home/toolchains/1.83.0-x86_64-unknown-linux-gnu/lib/rustlib/x86_64-unknown-linux-gnu/lib/librustc_std_workspace_alloc-358be9bc1f6bab04.rlib" "/opt/rustwide/rustup-home/toolchains/1.83.0-x86_64-unknown-linux-gnu/lib/rustlib/x86_64-unknown-linux-gnu/lib/libminiz_oxide-aca15549d5bff974.rlib" "/opt/rustwide/rustup-home/toolchains/1.83.0-x86_64-unknown-linux-gnu/lib/rustlib/x86_64-unknown-linux-gnu/lib/libadler-8251d2cef7072448.rlib" "/opt/rustwide/rustup-home/toolchains/1.83.0-x86_64-unknown-linux-gnu/lib/rustlib/x86_64-unknown-linux-gnu/lib/libunwind-7d50b86011c66411.rlib" "/opt/rustwide/rustup-home/toolchains/1.83.0-x86_64-unknown-linux-gnu/lib/rustlib/x86_64-unknown-linux-gnu/lib/libcfg_if-51ea098fce5006bf.rlib" "/opt/rustwide/rustup-home/toolchains/1.83.0-x86_64-unknown-linux-gnu/lib/rustlib/x86_64-unknown-linux-gnu/lib/liblibc-5a14e0d0b712e731.rlib" "/opt/rustwide/rustup-home/toolchains/1.83.0-x86_64-unknown-linux-gnu/lib/rustlib/x86_64-unknown-linux-gnu/lib/liballoc-8b83dbf3a7b8f999.rlib" "/opt/rustwide/rustup-home/toolchains/1.83.0-x86_64-unknown-linux-gnu/lib/rustlib/x86_64-unknown-linux-gnu/lib/librustc_std_workspace_core-c6fd227bdc7b39ff.rlib" "/opt/rustwide/rustup-home/toolchains/1.83.0-x86_64-unknown-linux-gnu/lib/rustlib/x86_64-unknown-linux-gnu/lib/libcore-959d3389fa3da8a5.rlib" "/opt/rustwide/rustup-home/toolchains/1.83.0-x86_64-unknown-linux-gnu/lib/rustlib/x86_64-unknown-linux-gnu/lib/libcompiler_builtins-abe05db089cc2c62.rlib" "-Wl,-Bdynamic" "-lgcc_s" "-lutil" "-lrt" "-lpthread" "-lm" "-ldl" "-lc" "-Wl,--eh-frame-hdr" "-Wl,-z,noexecstack" "-L" "/opt/rustwide/rustup-home/toolchains/1.83.0-x86_64-unknown-linux-gnu/lib/rustlib/x86_64-unknown-linux-gnu/lib" "-o" "/opt/rustwide/target/debug/deps/libserde_derive-3584a4623925f159.so" "-Wl,--gc-sections" "-shared" "-Wl,-z,relro,-z,now" "-nodefaultlibs"
[INFO] [stdout]   = note: /usr/bin/ld: final link failed: No space left on device
[INFO] [stdout]           collect2: error: ld returned 1 exit status
[INFO] [stdout]           
[INFO] [stdout] 
[INFO] [stdout] 
[INFO] [stderr] error: could not compile `serde_derive` (lib) due to 1 previous error
[INFO] running `Command { std: "docker" "inspect" "e8101182be4132dd437cbc4fd53280e70eab6271747d47540cef1e42a6822419", kill_on_drop: false }`
[INFO] running `Command { std: "docker" "rm" "-f" "e8101182be4132dd437cbc4fd53280e70eab6271747d47540cef1e42a6822419", kill_on_drop: false }`
[INFO] [stdout] e8101182be4132dd437cbc4fd53280e70eab6271747d47540cef1e42a6822419
