[INFO] fetching crate upl-delegation-manager 0.1.1...
[INFO] testing upl-delegation-manager-0.1.1 against 1.83.0 for beta-1.84.0-4-retry
[INFO] extracting crate upl-delegation-manager 0.1.1 into /workspace/builds/worker-4-tc1/source
[INFO] validating manifest of crates.io crate upl-delegation-manager 0.1.1 on toolchain 1.83.0
[INFO] running `Command { std: CARGO_HOME="/workspace/cargo-home" RUSTUP_HOME="/workspace/rustup-home" "/workspace/cargo-home/bin/cargo" "+1.83.0" "metadata" "--manifest-path" "Cargo.toml" "--no-deps", kill_on_drop: false }`
[INFO] started tweaking crates.io crate upl-delegation-manager 0.1.1
[INFO] finished tweaking crates.io crate upl-delegation-manager 0.1.1
[INFO] tweaked toml for crates.io crate upl-delegation-manager 0.1.1 written to /workspace/builds/worker-4-tc1/source/Cargo.toml
[INFO] running `Command { std: CARGO_HOME="/workspace/cargo-home" RUSTUP_HOME="/workspace/rustup-home" "/workspace/cargo-home/bin/cargo" "+1.83.0" "generate-lockfile" "--manifest-path" "Cargo.toml", kill_on_drop: false }`
[INFO] [stderr]     Updating crates.io index
[INFO] [stderr]     Blocking waiting for file lock on package cache
[INFO] [stderr]      Locking 190 packages to latest compatible versions
[INFO] [stderr]       Adding anchor-lang v0.26.0 (available: v0.30.1)
[INFO] [stderr]       Adding zeroize v1.3.0 (available: v1.8.1)
[INFO] running `Command { std: CARGO_HOME="/workspace/cargo-home" RUSTUP_HOME="/workspace/rustup-home" "/workspace/cargo-home/bin/cargo" "+1.83.0" "fetch" "--manifest-path" "Cargo.toml", kill_on_drop: false }`
[INFO] [stderr]     Blocking waiting for file lock on package cache
[INFO] running `Command { std: "docker" "create" "-v" "/var/lib/crater-agent-workspace/builds/worker-4-tc1/target:/opt/rustwide/target:rw,Z" "-v" "/var/lib/crater-agent-workspace/builds/worker-4-tc1/source:/opt/rustwide/workdir:ro,Z" "-v" "/var/lib/crater-agent-workspace/cargo-home:/opt/rustwide/cargo-home:ro,Z" "-v" "/var/lib/crater-agent-workspace/rustup-home:/opt/rustwide/rustup-home:ro,Z" "-e" "SOURCE_DIR=/opt/rustwide/workdir" "-e" "CARGO_TARGET_DIR=/opt/rustwide/target" "-e" "CARGO_HOME=/opt/rustwide/cargo-home" "-e" "RUSTUP_HOME=/opt/rustwide/rustup-home" "-w" "/opt/rustwide/workdir" "-m" "1610612736" "--user" "0:0" "--network" "none" "ghcr.io/rust-lang/crates-build-env/linux@sha256:f3a9d4ad9d972b27faf3965f35b62e55ba32bbce8f20bc8fe909558a86702fde" "/opt/rustwide/cargo-home/bin/cargo" "+1.83.0" "metadata" "--no-deps" "--format-version=1", kill_on_drop: false }`
[INFO] [stdout] 5aff5f6cd9bf10a4266a025ea815869e25919a1f8f24cc3abcc77f9731af4024
[INFO] running `Command { std: "docker" "start" "-a" "5aff5f6cd9bf10a4266a025ea815869e25919a1f8f24cc3abcc77f9731af4024", kill_on_drop: false }`
[INFO] running `Command { std: "docker" "inspect" "5aff5f6cd9bf10a4266a025ea815869e25919a1f8f24cc3abcc77f9731af4024", kill_on_drop: false }`
[INFO] running `Command { std: "docker" "rm" "-f" "5aff5f6cd9bf10a4266a025ea815869e25919a1f8f24cc3abcc77f9731af4024", kill_on_drop: false }`
[INFO] [stdout] 5aff5f6cd9bf10a4266a025ea815869e25919a1f8f24cc3abcc77f9731af4024
[INFO] running `Command { std: "docker" "create" "-v" "/var/lib/crater-agent-workspace/builds/worker-4-tc1/target:/opt/rustwide/target:rw,Z" "-v" "/var/lib/crater-agent-workspace/builds/worker-4-tc1/source:/opt/rustwide/workdir:ro,Z" "-v" "/var/lib/crater-agent-workspace/cargo-home:/opt/rustwide/cargo-home:ro,Z" "-v" "/var/lib/crater-agent-workspace/rustup-home:/opt/rustwide/rustup-home:ro,Z" "-e" "SOURCE_DIR=/opt/rustwide/workdir" "-e" "CARGO_TARGET_DIR=/opt/rustwide/target" "-e" "CARGO_INCREMENTAL=0" "-e" "RUST_BACKTRACE=full" "-e" "RUSTFLAGS=--cap-lints=warn" "-e" "RUSTDOCFLAGS=--cap-lints=warn" "-e" "CARGO_HOME=/opt/rustwide/cargo-home" "-e" "RUSTUP_HOME=/opt/rustwide/rustup-home" "-w" "/opt/rustwide/workdir" "-m" "1610612736" "--user" "0:0" "--network" "none" "ghcr.io/rust-lang/crates-build-env/linux@sha256:f3a9d4ad9d972b27faf3965f35b62e55ba32bbce8f20bc8fe909558a86702fde" "/opt/rustwide/cargo-home/bin/cargo" "+1.83.0" "build" "--frozen" "--message-format=json", kill_on_drop: false }`
[INFO] [stdout] 6ee16e8621364f6f50b644735e8e57e974a35bcbea3dddd755fc1d9d11e1cdaa
[INFO] running `Command { std: "docker" "start" "-a" "6ee16e8621364f6f50b644735e8e57e974a35bcbea3dddd755fc1d9d11e1cdaa", kill_on_drop: false }`
[INFO] [stderr]    Compiling proc-macro2 v1.0.92
[INFO] [stderr]    Compiling unicode-ident v1.0.14
[INFO] [stderr]    Compiling version_check v0.9.5
[INFO] [stderr]    Compiling serde v1.0.216
[INFO] [stderr]    Compiling typenum v1.17.0
[INFO] [stderr]    Compiling cfg-if v1.0.0
[INFO] [stderr]    Compiling libc v0.2.168
[INFO] [stderr]    Compiling syn v1.0.109
[INFO] [stderr]    Compiling subtle v2.6.1
[INFO] [stderr]    Compiling byteorder v1.5.0
[INFO] [stderr]    Compiling autocfg v1.4.0
[INFO] [stderr]    Compiling thiserror v1.0.69
[INFO] [stderr]    Compiling cpufeatures v0.2.16
[INFO] [stderr]    Compiling memchr v2.7.4
[INFO] [stderr]    Compiling once_cell v1.20.2
[INFO] [stderr]    Compiling opaque-debug v0.3.1
[INFO] [stderr]    Compiling anyhow v1.0.94
[INFO] [stderr]    Compiling serde_json v1.0.133
[INFO] [stderr]    Compiling ryu v1.0.18
[INFO] [stderr]    Compiling itoa v1.0.14
[INFO] [stderr]    Compiling semver v1.0.24
[INFO] [stderr]    Compiling unicode-segmentation v1.12.0
[INFO] [stderr]    Compiling yansi v0.5.1
[INFO] [stderr]    Compiling either v1.13.0
[INFO] [stderr]    Compiling bs58 v0.3.1
[INFO] [stderr]    Compiling crossbeam-utils v0.8.20
[INFO] [stderr]    Compiling getrandom v0.1.16
[INFO] [stderr]    Compiling crunchy v0.2.2
[INFO] [stderr]    Compiling generic-array v0.14.7
[INFO] [stderr]    Compiling proc-macro2-diagnostics v0.9.1
[INFO] [stderr]    Compiling heck v0.3.3
[INFO] [stderr]    Compiling num-traits v0.2.19
[INFO] [stderr]    Compiling ahash v0.8.11
[INFO] [stderr]    Compiling rustc_version v0.4.1
[INFO] [stderr]    Compiling paste v1.0.15
[INFO] [stderr]    Compiling wasm-bindgen-shared v0.2.99
[INFO] [stderr]    Compiling shlex v1.3.0
[INFO] [stderr]    Compiling itertools v0.10.5
[INFO] [stderr]    Compiling log v0.4.22
[INFO] [stderr]    Compiling hashbrown v0.15.2
[INFO] [stderr]    Compiling equivalent v1.0.1
[INFO] [stderr]    Compiling rayon-core v1.12.1
[INFO] [stderr]    Compiling ahash v0.7.8
[INFO] [stderr]    Compiling rustversion v1.0.18
[INFO] [stderr]    Compiling winnow v0.6.20
[INFO] [stderr]    Compiling toml_datetime v0.6.8
[INFO] [stderr]    Compiling crossbeam-epoch v0.9.18
[INFO] [stderr]    Compiling quote v1.0.37
[INFO] [stderr]    Compiling syn v2.0.90
[INFO] [stderr]    Compiling crossbeam-deque v0.8.5
[INFO] [stderr]    Compiling bumpalo v3.16.0
[INFO] [stderr]    Compiling feature-probe v0.1.1
[INFO] [stderr]    Compiling bitmaps v2.1.0
[INFO] [stderr]    Compiling solana-frozen-abi-macro v1.18.26
[INFO] [stderr]    Compiling im v15.1.0
[INFO] [stderr]    Compiling bs58 v0.4.0
[INFO] [stderr]    Compiling tinyvec_macros v0.1.1
[INFO] [stderr]    Compiling cfg_aliases v0.2.1
[INFO] [stderr]    Compiling bv v0.11.1
[INFO] [stderr]    Compiling tinyvec v1.8.0
[INFO] [stderr]    Compiling indexmap v2.7.0
[INFO] [stderr]    Compiling borsh v1.5.3
[INFO] [stderr]    Compiling solana-frozen-abi v1.18.26
[INFO] [stderr]    Compiling aho-corasick v1.1.3
[INFO] [stderr]    Compiling memoffset v0.9.1
[INFO] [stderr]    Compiling arrayref v0.3.9
[INFO] [stderr]    Compiling regex-syntax v0.8.5
[INFO] [stderr]    Compiling wasm-bindgen v0.2.99
[INFO] [stderr]    Compiling rayon v1.10.0
[INFO] [stderr]    Compiling sized-chunks v0.6.5
[INFO] [stderr]    Compiling num-integer v0.1.46
[INFO] [stderr]    Compiling base64 v0.12.3
[INFO] [stderr]    Compiling lazy_static v1.5.0
[INFO] [stderr]    Compiling constant_time_eq v0.3.1
[INFO] [stderr]    Compiling rustc-hash v1.1.0
[INFO] [stderr]    Compiling arrayvec v0.7.6
[INFO] [stderr]    Compiling keccak v0.1.5
[INFO] [stderr]    Compiling unicode-normalization v0.1.24
[INFO] [stderr]    Compiling num-bigint v0.4.6
[INFO] [stderr]    Compiling base64 v0.21.7
[INFO] [stderr]    Compiling base64 v0.13.1
[INFO] [stderr]    Compiling getrandom v0.2.15
[INFO] [stderr]    Compiling jobserver v0.1.32
[INFO] [stderr]    Compiling memmap2 v0.5.10
[INFO] [stderr]    Compiling rand_core v0.6.4
[INFO] [stderr]    Compiling rand_core v0.5.1
[INFO] [stderr]    Compiling toml_edit v0.22.22
[INFO] [stderr]    Compiling hashbrown v0.11.2
[INFO] [stderr]    Compiling cc v1.2.4
[INFO] [stderr]    Compiling rand_xoshiro v0.6.0
[INFO] [stderr]    Compiling regex-automata v0.4.9
[INFO] [stderr]    Compiling blake3 v1.5.5
[INFO] [stderr]    Compiling solana-program v1.18.26
[INFO] [stderr]    Compiling proc-macro-crate v3.2.0
[INFO] [stderr]    Compiling borsh-derive-internal v0.9.3
[INFO] [stderr]    Compiling borsh-derive-internal v0.10.4
[INFO] [stderr]    Compiling borsh-schema-derive-internal v0.10.4
[INFO] [stderr]    Compiling borsh-schema-derive-internal v0.9.3
[INFO] [stderr]    Compiling wasm-bindgen-backend v0.2.99
[INFO] [stderr]    Compiling ark-serialize-derive v0.4.2
[INFO] [stderr]    Compiling derivative v2.2.0
[INFO] [stderr]    Compiling ark-ff-macros v0.4.2
[INFO] [stderr]    Compiling ark-ff-asm v0.4.2
[INFO] [stderr]    Compiling regex v1.11.1
[INFO] [stderr]    Compiling serde_derive v1.0.216
[INFO] [stderr]    Compiling zerocopy-derive v0.7.35
[INFO] [stderr]    Compiling thiserror-impl v1.0.69
[INFO] [stderr]    Compiling zeroize_derive v1.4.2
[INFO] [stderr]    Compiling bytemuck_derive v1.8.0
[INFO] [stderr]    Compiling borsh-derive v1.5.3
[INFO] [stderr]    Compiling num-derive v0.4.2
[INFO] [stderr]    Compiling solana-sdk-macro v1.18.26
[INFO] [stderr]    Compiling wasm-bindgen-macro-support v0.2.99
[INFO] [stderr]    Compiling zeroize v1.3.0
[INFO] [stderr] rustc-LLVM ERROR: IO failure on output stream: No space left on device
[INFO] [stderr] error: could not compile `borsh-derive` (lib)
[INFO] [stderr] 
[INFO] [stderr] Caused by:
[INFO] [stderr]   No space left on device (os error 28)
[INFO] [stderr] 
[INFO] [stderr] Caused by:
[INFO] [stderr]   failed to parse process output: `/opt/rustwide/rustup-home/toolchains/1.83.0-x86_64-unknown-linux-gnu/bin/rustc --crate-name borsh_derive --edition=2018 /opt/rustwide/cargo-home/registry/src/index.crates.io-6f17d22bba15001f/borsh-derive-1.5.3/src/lib.rs --error-format=json --json=diagnostic-rendered-ansi,artifacts,future-incompat --crate-type proc-macro --emit=dep-info,link -C prefer-dynamic -C embed-bitcode=no --cfg 'feature="default"' --cfg 'feature="schema"' --check-cfg 'cfg(docsrs)' --check-cfg 'cfg(feature, values("default", "force_exhaustive_checks", "schema"))' -C metadata=1ab948d713196cc6 -C extra-filename=-1ab948d713196cc6 --out-dir /opt/rustwide/target/debug/deps -L dependency=/opt/rustwide/target/debug/deps --extern once_cell=/opt/rustwide/target/debug/deps/libonce_cell-6f631f2a5f71cecc.rlib --extern proc_macro_crate=/opt/rustwide/target/debug/deps/libproc_macro_crate-139b0abb89123507.rlib --extern proc_macro2=/opt/rustwide/target/debug/deps/libproc_macro2-f162f48326eebb3b.rlib --extern quote=/opt/rustwide/target/debug/deps/libquote-2be17c4aaacca249.rlib --extern syn=/opt/rustwide/target/debug/deps/libsyn-c725e2a7637079d4.rlib --extern proc_macro --cap-lints allow --cap-lints=warn` (exit status: 101)
[INFO] [stderr] warning: build failed, waiting for other jobs to finish...
[INFO] [stderr] rustc-LLVM ERROR: IO failure on output stream: No space left on device
[INFO] [stdout] error: linking with `cc` failed: exit status: 1
[INFO] [stdout]   |
[INFO] [stdout]   = note: LC_ALL="C" PATH="/opt/rustwide/rustup-home/toolchains/1.83.0-x86_64-unknown-linux-gnu/lib/rustlib/x86_64-unknown-linux-gnu/bin:/opt/rustwide/cargo-home/bin:/usr/local/sbin:/usr/local/bin:/usr/sbin:/usr/bin:/sbin:/bin" VSLANG="1033" "cc" "-Wl,--version-script=/tmp/rustcZ2Ctzx/list" "-Wl,--no-undefined-version" "-m64" "/tmp/rustcZ2Ctzx/symbols.o" "/opt/rustwide/target/debug/deps/bytemuck_derive-bbae784282fb61b7.bytemuck_derive.824309df7c64da8b-cgu.00.rcgu.o" "/opt/rustwide/target/debug/deps/bytemuck_derive-bbae784282fb61b7.bytemuck_derive.824309df7c64da8b-cgu.01.rcgu.o" "/opt/rustwide/target/debug/deps/bytemuck_derive-bbae784282fb61b7.bytemuck_derive.824309df7c64da8b-cgu.02.rcgu.o" "/opt/rustwide/target/debug/deps/bytemuck_derive-bbae784282fb61b7.bytemuck_derive.824309df7c64da8b-cgu.03.rcgu.o" "/opt/rustwide/target/debug/deps/bytemuck_derive-bbae784282fb61b7.bytemuck_derive.824309df7c64da8b-cgu.04.rcgu.o" "/opt/rustwide/target/debug/deps/bytemuck_derive-bbae784282fb61b7.bytemuck_derive.824309df7c64da8b-cgu.05.rcgu.o" "/opt/rustwide/target/debug/deps/bytemuck_derive-bbae784282fb61b7.bytemuck_derive.824309df7c64da8b-cgu.06.rcgu.o" "/opt/rustwide/target/debug/deps/bytemuck_derive-bbae784282fb61b7.bytemuck_derive.824309df7c64da8b-cgu.07.rcgu.o" "/opt/rustwide/target/debug/deps/bytemuck_derive-bbae784282fb61b7.bytemuck_derive.824309df7c64da8b-cgu.08.rcgu.o" "/opt/rustwide/target/debug/deps/bytemuck_derive-bbae784282fb61b7.bytemuck_derive.824309df7c64da8b-cgu.09.rcgu.o" "/opt/rustwide/target/debug/deps/bytemuck_derive-bbae784282fb61b7.0hnq6sxm5k5i97bkac9kaf9bf.rcgu.rmeta" "/opt/rustwide/target/debug/deps/bytemuck_derive-bbae784282fb61b7.c9qf5d8pr9wbjq4oeh7fh0j35.rcgu.o" "-Wl,--as-needed" "-Wl,-Bstatic" "/opt/rustwide/target/debug/deps/libsyn-c725e2a7637079d4.rlib" "/opt/rustwide/target/debug/deps/libquote-2be17c4aaacca249.rlib" "/opt/rustwide/target/debug/deps/libproc_macro2-f162f48326eebb3b.rlib" "/opt/rustwide/target/debug/deps/libunicode_ident-f7f10e726d017c79.rlib" "/opt/rustwide/rustup-home/toolchains/1.83.0-x86_64-unknown-linux-gnu/lib/rustlib/x86_64-unknown-linux-gnu/lib/libproc_macro-a2fc9021817a412b.rlib" "/opt/rustwide/rustup-home/toolchains/1.83.0-x86_64-unknown-linux-gnu/lib/rustlib/x86_64-unknown-linux-gnu/lib/libstd-ca74a2d9c5166d9f.rlib" "/opt/rustwide/rustup-home/toolchains/1.83.0-x86_64-unknown-linux-gnu/lib/rustlib/x86_64-unknown-linux-gnu/lib/libpanic_unwind-e31ab23316ed5080.rlib" "/opt/rustwide/rustup-home/toolchains/1.83.0-x86_64-unknown-linux-gnu/lib/rustlib/x86_64-unknown-linux-gnu/lib/libobject-27dc4aa955912662.rlib" "/opt/rustwide/rustup-home/toolchains/1.83.0-x86_64-unknown-linux-gnu/lib/rustlib/x86_64-unknown-linux-gnu/lib/libmemchr-bd0d6cccce077b99.rlib" "/opt/rustwide/rustup-home/toolchains/1.83.0-x86_64-unknown-linux-gnu/lib/rustlib/x86_64-unknown-linux-gnu/lib/libaddr2line-8d001680935b5e3c.rlib" "/opt/rustwide/rustup-home/toolchains/1.83.0-x86_64-unknown-linux-gnu/lib/rustlib/x86_64-unknown-linux-gnu/lib/libgimli-ba8ce71964f984f4.rlib" "/opt/rustwide/rustup-home/toolchains/1.83.0-x86_64-unknown-linux-gnu/lib/rustlib/x86_64-unknown-linux-gnu/lib/librustc_demangle-99a73526abcec14b.rlib" "/opt/rustwide/rustup-home/toolchains/1.83.0-x86_64-unknown-linux-gnu/lib/rustlib/x86_64-unknown-linux-gnu/lib/libstd_detect-63ac0d22cff92579.rlib" "/opt/rustwide/rustup-home/toolchains/1.83.0-x86_64-unknown-linux-gnu/lib/rustlib/x86_64-unknown-linux-gnu/lib/libhashbrown-9057355c92c922d5.rlib" "/opt/rustwide/rustup-home/toolchains/1.83.0-x86_64-unknown-linux-gnu/lib/rustlib/x86_64-unknown-linux-gnu/lib/librustc_std_workspace_alloc-358be9bc1f6bab04.rlib" "/opt/rustwide/rustup-home/toolchains/1.83.0-x86_64-unknown-linux-gnu/lib/rustlib/x86_64-unknown-linux-gnu/lib/libminiz_oxide-aca15549d5bff974.rlib" "/opt/rustwide/rustup-home/toolchains/1.83.0-x86_64-unknown-linux-gnu/lib/rustlib/x86_64-unknown-linux-gnu/lib/libadler-8251d2cef7072448.rlib" "/opt/rustwide/rustup-home/toolchains/1.83.0-x86_64-unknown-linux-gnu/lib/rustlib/x86_64-unknown-linux-gnu/lib/libunwind-7d50b86011c66411.rlib" "/opt/rustwide/rustup-home/toolchains/1.83.0-x86_64-unknown-linux-gnu/lib/rustlib/x86_64-unknown-linux-gnu/lib/libcfg_if-51ea098fce5006bf.rlib" "/opt/rustwide/rustup-home/toolchains/1.83.0-x86_64-unknown-linux-gnu/lib/rustlib/x86_64-unknown-linux-gnu/lib/liblibc-5a14e0d0b712e731.rlib" "/opt/rustwide/rustup-home/toolchains/1.83.0-x86_64-unknown-linux-gnu/lib/rustlib/x86_64-unknown-linux-gnu/lib/liballoc-8b83dbf3a7b8f999.rlib" "/opt/rustwide/rustup-home/toolchains/1.83.0-x86_64-unknown-linux-gnu/lib/rustlib/x86_64-unknown-linux-gnu/lib/librustc_std_workspace_core-c6fd227bdc7b39ff.rlib" "/opt/rustwide/rustup-home/toolchains/1.83.0-x86_64-unknown-linux-gnu/lib/rustlib/x86_64-unknown-linux-gnu/lib/libcore-959d3389fa3da8a5.rlib" "/opt/rustwide/rustup-home/toolchains/1.83.0-x86_64-unknown-linux-gnu/lib/rustlib/x86_64-unknown-linux-gnu/lib/libcompiler_builtins-abe05db089cc2c62.rlib" "-Wl,-Bdynamic" "-lgcc_s" "-lutil" "-lrt" "-lpthread" "-lm" "-ldl" "-lc" "-Wl,--eh-frame-hdr" "-Wl,-z,noexecstack" "-L" "/opt/rustwide/rustup-home/toolchains/1.83.0-x86_64-unknown-linux-gnu/lib/rustlib/x86_64-unknown-linux-gnu/lib" "-o" "/opt/rustwide/target/debug/deps/libbytemuck_derive-bbae784282fb61b7.so" "-Wl,--gc-sections" "-shared" "-Wl,-z,relro,-z,now" "-nodefaultlibs"
[INFO] [stdout]   = note: /usr/bin/ld: final link failed: No space left on device
[INFO] [stdout]           collect2: error: ld returned 1 exit status
[INFO] [stdout]           
[INFO] [stdout] 
[INFO] [stdout] 
[INFO] [stderr] error: could not compile `wasm-bindgen-macro-support` (lib)
[INFO] [stderr] 
[INFO] [stderr] Caused by:
[INFO] [stderr]   No space left on device (os error 28)
[INFO] [stderr] 
[INFO] [stderr] Caused by:
[INFO] [stderr]   failed to parse process output: `/opt/rustwide/rustup-home/toolchains/1.83.0-x86_64-unknown-linux-gnu/bin/rustc --crate-name wasm_bindgen_macro_support --edition=2021 /opt/rustwide/cargo-home/registry/src/index.crates.io-6f17d22bba15001f/wasm-bindgen-macro-support-0.2.99/src/lib.rs --error-format=json --json=diagnostic-rendered-ansi,artifacts,future-incompat --crate-type lib --emit=dep-info,metadata,link -C embed-bitcode=no '--allow=clippy::type_complexity' '--allow=clippy::too_many_arguments' '--allow=clippy::overly_complex_bool_expr' '--allow=clippy::new_without_default' '--allow=clippy::large_enum_variant' --cfg 'feature="spans"' --cfg 'feature="std"' --check-cfg 'cfg(docsrs)' --check-cfg 'cfg(feature, values("default", "extra-traits", "spans", "std", "strict-macro"))' -C metadata=2ebcd8760c77b057 -C extra-filename=-2ebcd8760c77b057 --out-dir /opt/rustwide/target/debug/deps -L dependency=/opt/rustwide/target/debug/deps --extern proc_macro2=/opt/rustwide/target/debug/deps/libproc_macro2-f162f48326eebb3b.rmeta --extern quote=/opt/rustwide/target/debug/deps/libquote-2be17c4aaacca249.rmeta --extern syn=/opt/rustwide/target/debug/deps/libsyn-c725e2a7637079d4.rmeta --extern wasm_bindgen_backend=/opt/rustwide/target/debug/deps/libwasm_bindgen_backend-574062dff0e71c95.rmeta --extern wasm_bindgen_shared=/opt/rustwide/target/debug/deps/libwasm_bindgen_shared-46a43f9851fed1b3.rmeta --cap-lints allow --cap-lints=warn` (exit status: 101)
[INFO] [stderr] error: could not compile `bytemuck_derive` (lib) due to 1 previous error
[INFO] [stdout] error: linking with `cc` failed: exit status: 1
[INFO] [stdout]   |
[INFO] [stdout]   = note: LC_ALL="C" PATH="/opt/rustwide/rustup-home/toolchains/1.83.0-x86_64-unknown-linux-gnu/lib/rustlib/x86_64-unknown-linux-gnu/bin:/opt/rustwide/cargo-home/bin:/usr/local/sbin:/usr/local/bin:/usr/sbin:/usr/bin:/sbin:/bin" VSLANG="1033" "cc" "-Wl,--version-script=/tmp/rustchnr9Z2/list" "-Wl,--no-undefined-version" "-m64" "/tmp/rustchnr9Z2/symbols.o" "/opt/rustwide/target/debug/deps/solana_sdk_macro-bd93e80358c2110a.solana_sdk_macro.9399b77011ba12d5-cgu.0.rcgu.o" "/opt/rustwide/target/debug/deps/solana_sdk_macro-bd93e80358c2110a.solana_sdk_macro.9399b77011ba12d5-cgu.1.rcgu.o" "/opt/rustwide/target/debug/deps/solana_sdk_macro-bd93e80358c2110a.solana_sdk_macro.9399b77011ba12d5-cgu.2.rcgu.o" "/opt/rustwide/target/debug/deps/solana_sdk_macro-bd93e80358c2110a.solana_sdk_macro.9399b77011ba12d5-cgu.3.rcgu.o" "/opt/rustwide/target/debug/deps/solana_sdk_macro-bd93e80358c2110a.cl46oso12e4vin6k8zvpn9q0x.rcgu.rmeta" "/opt/rustwide/target/debug/deps/solana_sdk_macro-bd93e80358c2110a.4rv15ojqlvv0q2j1mp57b5imy.rcgu.o" "-Wl,--as-needed" "-Wl,-Bstatic" "/opt/rustwide/target/debug/deps/libbs58-dcfac83c2f924b75.rlib" "/opt/rustwide/target/debug/deps/libsyn-c725e2a7637079d4.rlib" "/opt/rustwide/target/debug/deps/libquote-2be17c4aaacca249.rlib" "/opt/rustwide/target/debug/deps/libproc_macro2-f162f48326eebb3b.rlib" "/opt/rustwide/target/debug/deps/libunicode_ident-f7f10e726d017c79.rlib" "/opt/rustwide/rustup-home/toolchains/1.83.0-x86_64-unknown-linux-gnu/lib/rustlib/x86_64-unknown-linux-gnu/lib/libproc_macro-a2fc9021817a412b.rlib" "/opt/rustwide/rustup-home/toolchains/1.83.0-x86_64-unknown-linux-gnu/lib/rustlib/x86_64-unknown-linux-gnu/lib/libstd-ca74a2d9c5166d9f.rlib" "/opt/rustwide/rustup-home/toolchains/1.83.0-x86_64-unknown-linux-gnu/lib/rustlib/x86_64-unknown-linux-gnu/lib/libpanic_unwind-e31ab23316ed5080.rlib" "/opt/rustwide/rustup-home/toolchains/1.83.0-x86_64-unknown-linux-gnu/lib/rustlib/x86_64-unknown-linux-gnu/lib/libobject-27dc4aa955912662.rlib" "/opt/rustwide/rustup-home/toolchains/1.83.0-x86_64-unknown-linux-gnu/lib/rustlib/x86_64-unknown-linux-gnu/lib/libmemchr-bd0d6cccce077b99.rlib" "/opt/rustwide/rustup-home/toolchains/1.83.0-x86_64-unknown-linux-gnu/lib/rustlib/x86_64-unknown-linux-gnu/lib/libaddr2line-8d001680935b5e3c.rlib" "/opt/rustwide/rustup-home/toolchains/1.83.0-x86_64-unknown-linux-gnu/lib/rustlib/x86_64-unknown-linux-gnu/lib/libgimli-ba8ce71964f984f4.rlib" "/opt/rustwide/rustup-home/toolchains/1.83.0-x86_64-unknown-linux-gnu/lib/rustlib/x86_64-unknown-linux-gnu/lib/librustc_demangle-99a73526abcec14b.rlib" "/opt/rustwide/rustup-home/toolchains/1.83.0-x86_64-unknown-linux-gnu/lib/rustlib/x86_64-unknown-linux-gnu/lib/libstd_detect-63ac0d22cff92579.rlib" "/opt/rustwide/rustup-home/toolchains/1.83.0-x86_64-unknown-linux-gnu/lib/rustlib/x86_64-unknown-linux-gnu/lib/libhashbrown-9057355c92c922d5.rlib" "/opt/rustwide/rustup-home/toolchains/1.83.0-x86_64-unknown-linux-gnu/lib/rustlib/x86_64-unknown-linux-gnu/lib/librustc_std_workspace_alloc-358be9bc1f6bab04.rlib" "/opt/rustwide/rustup-home/toolchains/1.83.0-x86_64-unknown-linux-gnu/lib/rustlib/x86_64-unknown-linux-gnu/lib/libminiz_oxide-aca15549d5bff974.rlib" "/opt/rustwide/rustup-home/toolchains/1.83.0-x86_64-unknown-linux-gnu/lib/rustlib/x86_64-unknown-linux-gnu/lib/libadler-8251d2cef7072448.rlib" "/opt/rustwide/rustup-home/toolchains/1.83.0-x86_64-unknown-linux-gnu/lib/rustlib/x86_64-unknown-linux-gnu/lib/libunwind-7d50b86011c66411.rlib" "/opt/rustwide/rustup-home/toolchains/1.83.0-x86_64-unknown-linux-gnu/lib/rustlib/x86_64-unknown-linux-gnu/lib/libcfg_if-51ea098fce5006bf.rlib" "/opt/rustwide/rustup-home/toolchains/1.83.0-x86_64-unknown-linux-gnu/lib/rustlib/x86_64-unknown-linux-gnu/lib/liblibc-5a14e0d0b712e731.rlib" "/opt/rustwide/rustup-home/toolchains/1.83.0-x86_64-unknown-linux-gnu/lib/rustlib/x86_64-unknown-linux-gnu/lib/liballoc-8b83dbf3a7b8f999.rlib" "/opt/rustwide/rustup-home/toolchains/1.83.0-x86_64-unknown-linux-gnu/lib/rustlib/x86_64-unknown-linux-gnu/lib/librustc_std_workspace_core-c6fd227bdc7b39ff.rlib" "/opt/rustwide/rustup-home/toolchains/1.83.0-x86_64-unknown-linux-gnu/lib/rustlib/x86_64-unknown-linux-gnu/lib/libcore-959d3389fa3da8a5.rlib" "/opt/rustwide/rustup-home/toolchains/1.83.0-x86_64-unknown-linux-gnu/lib/rustlib/x86_64-unknown-linux-gnu/lib/libcompiler_builtins-abe05db089cc2c62.rlib" "-Wl,-Bdynamic" "-lgcc_s" "-lutil" "-lrt" "-lpthread" "-lm" "-ldl" "-lc" "-Wl,--eh-frame-hdr" "-Wl,-z,noexecstack" "-L" "/opt/rustwide/rustup-home/toolchains/1.83.0-x86_64-unknown-linux-gnu/lib/rustlib/x86_64-unknown-linux-gnu/lib" "-o" "/opt/rustwide/target/debug/deps/libsolana_sdk_macro-bd93e80358c2110a.so" "-Wl,--gc-sections" "-shared" "-Wl,-z,relro,-z,now" "-nodefaultlibs"
[INFO] [stdout]   = note: /usr/bin/ld: final link failed: No space left on device
[INFO] [stdout]           collect2: error: ld returned 1 exit status
[INFO] [stdout]           
[INFO] [stdout] 
[INFO] [stdout] 
[INFO] [stderr] error: could not compile `solana-sdk-macro` (lib) due to 1 previous error
[INFO] [stdout] error: linking with `cc` failed: exit status: 1
[INFO] [stdout]   |
[INFO] [stdout]   = note: LC_ALL="C" PATH="/opt/rustwide/rustup-home/toolchains/1.83.0-x86_64-unknown-linux-gnu/lib/rustlib/x86_64-unknown-linux-gnu/bin:/opt/rustwide/cargo-home/bin:/usr/local/sbin:/usr/local/bin:/usr/sbin:/usr/bin:/sbin:/bin" VSLANG="1033" "cc" "-Wl,--version-script=/tmp/rustcz9NVFd/list" "-Wl,--no-undefined-version" "-m64" "/tmp/rustcz9NVFd/symbols.o" "/opt/rustwide/target/debug/deps/num_derive-fd0587f20eb8708b.num_derive.92c01d4bec0a3a18-cgu.0.rcgu.o" "/opt/rustwide/target/debug/deps/num_derive-fd0587f20eb8708b.num_derive.92c01d4bec0a3a18-cgu.1.rcgu.o" "/opt/rustwide/target/debug/deps/num_derive-fd0587f20eb8708b.num_derive.92c01d4bec0a3a18-cgu.2.rcgu.o" "/opt/rustwide/target/debug/deps/num_derive-fd0587f20eb8708b.5rq25to7lu6us9jubkojw675f.rcgu.rmeta" "/opt/rustwide/target/debug/deps/num_derive-fd0587f20eb8708b.aurwrtoajn770ge1ptmez86sx.rcgu.o" "-Wl,--as-needed" "-Wl,-Bstatic" "/opt/rustwide/target/debug/deps/libsyn-c725e2a7637079d4.rlib" "/opt/rustwide/target/debug/deps/libquote-2be17c4aaacca249.rlib" "/opt/rustwide/target/debug/deps/libproc_macro2-f162f48326eebb3b.rlib" "/opt/rustwide/target/debug/deps/libunicode_ident-f7f10e726d017c79.rlib" "/opt/rustwide/rustup-home/toolchains/1.83.0-x86_64-unknown-linux-gnu/lib/rustlib/x86_64-unknown-linux-gnu/lib/libproc_macro-a2fc9021817a412b.rlib" "/opt/rustwide/rustup-home/toolchains/1.83.0-x86_64-unknown-linux-gnu/lib/rustlib/x86_64-unknown-linux-gnu/lib/libstd-ca74a2d9c5166d9f.rlib" "/opt/rustwide/rustup-home/toolchains/1.83.0-x86_64-unknown-linux-gnu/lib/rustlib/x86_64-unknown-linux-gnu/lib/libpanic_unwind-e31ab23316ed5080.rlib" "/opt/rustwide/rustup-home/toolchains/1.83.0-x86_64-unknown-linux-gnu/lib/rustlib/x86_64-unknown-linux-gnu/lib/libobject-27dc4aa955912662.rlib" "/opt/rustwide/rustup-home/toolchains/1.83.0-x86_64-unknown-linux-gnu/lib/rustlib/x86_64-unknown-linux-gnu/lib/libmemchr-bd0d6cccce077b99.rlib" "/opt/rustwide/rustup-home/toolchains/1.83.0-x86_64-unknown-linux-gnu/lib/rustlib/x86_64-unknown-linux-gnu/lib/libaddr2line-8d001680935b5e3c.rlib" "/opt/rustwide/rustup-home/toolchains/1.83.0-x86_64-unknown-linux-gnu/lib/rustlib/x86_64-unknown-linux-gnu/lib/libgimli-ba8ce71964f984f4.rlib" "/opt/rustwide/rustup-home/toolchains/1.83.0-x86_64-unknown-linux-gnu/lib/rustlib/x86_64-unknown-linux-gnu/lib/librustc_demangle-99a73526abcec14b.rlib" "/opt/rustwide/rustup-home/toolchains/1.83.0-x86_64-unknown-linux-gnu/lib/rustlib/x86_64-unknown-linux-gnu/lib/libstd_detect-63ac0d22cff92579.rlib" "/opt/rustwide/rustup-home/toolchains/1.83.0-x86_64-unknown-linux-gnu/lib/rustlib/x86_64-unknown-linux-gnu/lib/libhashbrown-9057355c92c922d5.rlib" "/opt/rustwide/rustup-home/toolchains/1.83.0-x86_64-unknown-linux-gnu/lib/rustlib/x86_64-unknown-linux-gnu/lib/librustc_std_workspace_alloc-358be9bc1f6bab04.rlib" "/opt/rustwide/rustup-home/toolchains/1.83.0-x86_64-unknown-linux-gnu/lib/rustlib/x86_64-unknown-linux-gnu/lib/libminiz_oxide-aca15549d5bff974.rlib" "/opt/rustwide/rustup-home/toolchains/1.83.0-x86_64-unknown-linux-gnu/lib/rustlib/x86_64-unknown-linux-gnu/lib/libadler-8251d2cef7072448.rlib" "/opt/rustwide/rustup-home/toolchains/1.83.0-x86_64-unknown-linux-gnu/lib/rustlib/x86_64-unknown-linux-gnu/lib/libunwind-7d50b86011c66411.rlib" "/opt/rustwide/rustup-home/toolchains/1.83.0-x86_64-unknown-linux-gnu/lib/rustlib/x86_64-unknown-linux-gnu/lib/libcfg_if-51ea098fce5006bf.rlib" "/opt/rustwide/rustup-home/toolchains/1.83.0-x86_64-unknown-linux-gnu/lib/rustlib/x86_64-unknown-linux-gnu/lib/liblibc-5a14e0d0b712e731.rlib" "/opt/rustwide/rustup-home/toolchains/1.83.0-x86_64-unknown-linux-gnu/lib/rustlib/x86_64-unknown-linux-gnu/lib/liballoc-8b83dbf3a7b8f999.rlib" "/opt/rustwide/rustup-home/toolchains/1.83.0-x86_64-unknown-linux-gnu/lib/rustlib/x86_64-unknown-linux-gnu/lib/librustc_std_workspace_core-c6fd227bdc7b39ff.rlib" "/opt/rustwide/rustup-home/toolchains/1.83.0-x86_64-unknown-linux-gnu/lib/rustlib/x86_64-unknown-linux-gnu/lib/libcore-959d3389fa3da8a5.rlib" "/opt/rustwide/rustup-home/toolchains/1.83.0-x86_64-unknown-linux-gnu/lib/rustlib/x86_64-unknown-linux-gnu/lib/libcompiler_builtins-abe05db089cc2c62.rlib" "-Wl,-Bdynamic" "-lgcc_s" "-lutil" "-lrt" "-lpthread" "-lm" "-ldl" "-lc" "-Wl,--eh-frame-hdr" "-Wl,-z,noexecstack" "-L" "/opt/rustwide/rustup-home/toolchains/1.83.0-x86_64-unknown-linux-gnu/lib/rustlib/x86_64-unknown-linux-gnu/lib" "-o" "/opt/rustwide/target/debug/deps/libnum_derive-fd0587f20eb8708b.so" "-Wl,--gc-sections" "-shared" "-Wl,-z,relro,-z,now" "-nodefaultlibs"
[INFO] [stdout]   = note: /usr/bin/ld: final link failed: No space left on device
[INFO] [stdout]           collect2: error: ld returned 1 exit status
[INFO] [stdout]           
[INFO] [stdout] 
[INFO] [stdout] 
[INFO] [stdout] error: linking with `cc` failed: exit status: 1
[INFO] [stdout]   |
[INFO] [stdout]   = note: LC_ALL="C" PATH="/opt/rustwide/rustup-home/toolchains/1.83.0-x86_64-unknown-linux-gnu/lib/rustlib/x86_64-unknown-linux-gnu/bin:/opt/rustwide/cargo-home/bin:/usr/local/sbin:/usr/local/bin:/usr/sbin:/usr/bin:/sbin:/bin" VSLANG="1033" "cc" "-Wl,--version-script=/tmp/rustc4TAJdq/list" "-Wl,--no-undefined-version" "-m64" "/tmp/rustc4TAJdq/symbols.o" "/opt/rustwide/target/debug/deps/zerocopy_derive-1a76837e62ceb732.zerocopy_derive.ee934e59bf63ff26-cgu.00.rcgu.o" "/opt/rustwide/target/debug/deps/zerocopy_derive-1a76837e62ceb732.zerocopy_derive.ee934e59bf63ff26-cgu.01.rcgu.o" "/opt/rustwide/target/debug/deps/zerocopy_derive-1a76837e62ceb732.zerocopy_derive.ee934e59bf63ff26-cgu.02.rcgu.o" "/opt/rustwide/target/debug/deps/zerocopy_derive-1a76837e62ceb732.zerocopy_derive.ee934e59bf63ff26-cgu.03.rcgu.o" "/opt/rustwide/target/debug/deps/zerocopy_derive-1a76837e62ceb732.zerocopy_derive.ee934e59bf63ff26-cgu.04.rcgu.o" "/opt/rustwide/target/debug/deps/zerocopy_derive-1a76837e62ceb732.zerocopy_derive.ee934e59bf63ff26-cgu.05.rcgu.o" "/opt/rustwide/target/debug/deps/zerocopy_derive-1a76837e62ceb732.zerocopy_derive.ee934e59bf63ff26-cgu.06.rcgu.o" "/opt/rustwide/target/debug/deps/zerocopy_derive-1a76837e62ceb732.zerocopy_derive.ee934e59bf63ff26-cgu.07.rcgu.o" "/opt/rustwide/target/debug/deps/zerocopy_derive-1a76837e62ceb732.zerocopy_derive.ee934e59bf63ff26-cgu.08.rcgu.o" "/opt/rustwide/target/debug/deps/zerocopy_derive-1a76837e62ceb732.zerocopy_derive.ee934e59bf63ff26-cgu.09.rcgu.o" "/opt/rustwide/target/debug/deps/zerocopy_derive-1a76837e62ceb732.9q9w7d3dm54sa8t2gljsayswe.rcgu.rmeta" "/opt/rustwide/target/debug/deps/zerocopy_derive-1a76837e62ceb732.7zg1y4khub109vjmp4sysfmby.rcgu.o" "-Wl,--as-needed" "-Wl,-Bstatic" "/opt/rustwide/target/debug/deps/libsyn-c725e2a7637079d4.rlib" "/opt/rustwide/target/debug/deps/libquote-2be17c4aaacca249.rlib" "/opt/rustwide/target/debug/deps/libproc_macro2-f162f48326eebb3b.rlib" "/opt/rustwide/target/debug/deps/libunicode_ident-f7f10e726d017c79.rlib" "/opt/rustwide/rustup-home/toolchains/1.83.0-x86_64-unknown-linux-gnu/lib/rustlib/x86_64-unknown-linux-gnu/lib/libproc_macro-a2fc9021817a412b.rlib" "/opt/rustwide/rustup-home/toolchains/1.83.0-x86_64-unknown-linux-gnu/lib/rustlib/x86_64-unknown-linux-gnu/lib/libstd-ca74a2d9c5166d9f.rlib" "/opt/rustwide/rustup-home/toolchains/1.83.0-x86_64-unknown-linux-gnu/lib/rustlib/x86_64-unknown-linux-gnu/lib/libpanic_unwind-e31ab23316ed5080.rlib" "/opt/rustwide/rustup-home/toolchains/1.83.0-x86_64-unknown-linux-gnu/lib/rustlib/x86_64-unknown-linux-gnu/lib/libobject-27dc4aa955912662.rlib" "/opt/rustwide/rustup-home/toolchains/1.83.0-x86_64-unknown-linux-gnu/lib/rustlib/x86_64-unknown-linux-gnu/lib/libmemchr-bd0d6cccce077b99.rlib" "/opt/rustwide/rustup-home/toolchains/1.83.0-x86_64-unknown-linux-gnu/lib/rustlib/x86_64-unknown-linux-gnu/lib/libaddr2line-8d001680935b5e3c.rlib" "/opt/rustwide/rustup-home/toolchains/1.83.0-x86_64-unknown-linux-gnu/lib/rustlib/x86_64-unknown-linux-gnu/lib/libgimli-ba8ce71964f984f4.rlib" "/opt/rustwide/rustup-home/toolchains/1.83.0-x86_64-unknown-linux-gnu/lib/rustlib/x86_64-unknown-linux-gnu/lib/librustc_demangle-99a73526abcec14b.rlib" "/opt/rustwide/rustup-home/toolchains/1.83.0-x86_64-unknown-linux-gnu/lib/rustlib/x86_64-unknown-linux-gnu/lib/libstd_detect-63ac0d22cff92579.rlib" "/opt/rustwide/rustup-home/toolchains/1.83.0-x86_64-unknown-linux-gnu/lib/rustlib/x86_64-unknown-linux-gnu/lib/libhashbrown-9057355c92c922d5.rlib" "/opt/rustwide/rustup-home/toolchains/1.83.0-x86_64-unknown-linux-gnu/lib/rustlib/x86_64-unknown-linux-gnu/lib/librustc_std_workspace_alloc-358be9bc1f6bab04.rlib" "/opt/rustwide/rustup-home/toolchains/1.83.0-x86_64-unknown-linux-gnu/lib/rustlib/x86_64-unknown-linux-gnu/lib/libminiz_oxide-aca15549d5bff974.rlib" "/opt/rustwide/rustup-home/toolchains/1.83.0-x86_64-unknown-linux-gnu/lib/rustlib/x86_64-unknown-linux-gnu/lib/libadler-8251d2cef7072448.rlib" "/opt/rustwide/rustup-home/toolchains/1.83.0-x86_64-unknown-linux-gnu/lib/rustlib/x86_64-unknown-linux-gnu/lib/libunwind-7d50b86011c66411.rlib" "/opt/rustwide/rustup-home/toolchains/1.83.0-x86_64-unknown-linux-gnu/lib/rustlib/x86_64-unknown-linux-gnu/lib/libcfg_if-51ea098fce5006bf.rlib" "/opt/rustwide/rustup-home/toolchains/1.83.0-x86_64-unknown-linux-gnu/lib/rustlib/x86_64-unknown-linux-gnu/lib/liblibc-5a14e0d0b712e731.rlib" "/opt/rustwide/rustup-home/toolchains/1.83.0-x86_64-unknown-linux-gnu/lib/rustlib/x86_64-unknown-linux-gnu/lib/liballoc-8b83dbf3a7b8f999.rlib" "/opt/rustwide/rustup-home/toolchains/1.83.0-x86_64-unknown-linux-gnu/lib/rustlib/x86_64-unknown-linux-gnu/lib/librustc_std_workspace_core-c6fd227bdc7b39ff.rlib" "/opt/rustwide/rustup-home/toolchains/1.83.0-x86_64-unknown-linux-gnu/lib/rustlib/x86_64-unknown-linux-gnu/lib/libcore-959d3389fa3da8a5.rlib" "/opt/rustwide/rustup-home/toolchains/1.83.0-x86_64-unknown-linux-gnu/lib/rustlib/x86_64-unknown-linux-gnu/lib/libcompiler_builtins-abe05db089cc2c62.rlib" "-Wl,-Bdynamic" "-lgcc_s" "-lutil" "-lrt" "-lpthread" "-lm" "-ldl" "-lc" "-Wl,--eh-frame-hdr" "-Wl,-z,noexecstack" "-L" "/opt/rustwide/rustup-home/toolchains/1.83.0-x86_64-unknown-linux-gnu/lib/rustlib/x86_64-unknown-linux-gnu/lib" "-o" "/opt/rustwide/target/debug/deps/libzerocopy_derive-1a76837e62ceb732.so" "-Wl,--gc-sections" "-shared" "-Wl,-z,relro,-z,now" "-nodefaultlibs"
[INFO] [stdout]   = note: /usr/bin/ld: final link failed: No space left on device
[INFO] [stdout]           collect2: error: ld returned 1 exit status
[INFO] [stdout]           
[INFO] [stdout] 
[INFO] [stdout] 
[INFO] [stderr] error: could not compile `num-derive` (lib) due to 1 previous error
[INFO] [stderr] error: could not compile `zerocopy-derive` (lib) due to 1 previous error
[INFO] [stdout] error: linking with `cc` failed: exit status: 1
[INFO] [stdout]   |
[INFO] [stdout]   = note: LC_ALL="C" PATH="/opt/rustwide/rustup-home/toolchains/1.83.0-x86_64-unknown-linux-gnu/lib/rustlib/x86_64-unknown-linux-gnu/bin:/opt/rustwide/cargo-home/bin:/usr/local/sbin:/usr/local/bin:/usr/sbin:/usr/bin:/sbin:/bin" VSLANG="1033" "cc" "-Wl,--version-script=/tmp/rustcnqa7ff/list" "-Wl,--no-undefined-version" "-m64" "/tmp/rustcnqa7ff/symbols.o" "/opt/rustwide/target/debug/deps/thiserror_impl-4dcf5bead037110d.thiserror_impl.93c7b5a02aee2373-cgu.00.rcgu.o" "/opt/rustwide/target/debug/deps/thiserror_impl-4dcf5bead037110d.thiserror_impl.93c7b5a02aee2373-cgu.01.rcgu.o" "/opt/rustwide/target/debug/deps/thiserror_impl-4dcf5bead037110d.thiserror_impl.93c7b5a02aee2373-cgu.02.rcgu.o" "/opt/rustwide/target/debug/deps/thiserror_impl-4dcf5bead037110d.thiserror_impl.93c7b5a02aee2373-cgu.03.rcgu.o" "/opt/rustwide/target/debug/deps/thiserror_impl-4dcf5bead037110d.thiserror_impl.93c7b5a02aee2373-cgu.04.rcgu.o" "/opt/rustwide/target/debug/deps/thiserror_impl-4dcf5bead037110d.thiserror_impl.93c7b5a02aee2373-cgu.05.rcgu.o" "/opt/rustwide/target/debug/deps/thiserror_impl-4dcf5bead037110d.thiserror_impl.93c7b5a02aee2373-cgu.06.rcgu.o" "/opt/rustwide/target/debug/deps/thiserror_impl-4dcf5bead037110d.thiserror_impl.93c7b5a02aee2373-cgu.07.rcgu.o" "/opt/rustwide/target/debug/deps/thiserror_impl-4dcf5bead037110d.thiserror_impl.93c7b5a02aee2373-cgu.08.rcgu.o" "/opt/rustwide/target/debug/deps/thiserror_impl-4dcf5bead037110d.thiserror_impl.93c7b5a02aee2373-cgu.09.rcgu.o" "/opt/rustwide/target/debug/deps/thiserror_impl-4dcf5bead037110d.thiserror_impl.93c7b5a02aee2373-cgu.10.rcgu.o" "/opt/rustwide/target/debug/deps/thiserror_impl-4dcf5bead037110d.thiserror_impl.93c7b5a02aee2373-cgu.11.rcgu.o" "/opt/rustwide/target/debug/deps/thiserror_impl-4dcf5bead037110d.thiserror_impl.93c7b5a02aee2373-cgu.12.rcgu.o" "/opt/rustwide/target/debug/deps/thiserror_impl-4dcf5bead037110d.thiserror_impl.93c7b5a02aee2373-cgu.13.rcgu.o" "/opt/rustwide/target/debug/deps/thiserror_impl-4dcf5bead037110d.thiserror_impl.93c7b5a02aee2373-cgu.14.rcgu.o" "/opt/rustwide/target/debug/deps/thiserror_impl-4dcf5bead037110d.thiserror_impl.93c7b5a02aee2373-cgu.15.rcgu.o" "/opt/rustwide/target/debug/deps/thiserror_impl-4dcf5bead037110d.a9yafbwk06bki2qdv0jxx1w68.rcgu.rmeta" "/opt/rustwide/target/debug/deps/thiserror_impl-4dcf5bead037110d.3mc3zlx5zbywg6so6y95wpnpm.rcgu.o" "-Wl,--as-needed" "-Wl,-Bstatic" "/opt/rustwide/target/debug/deps/libsyn-c725e2a7637079d4.rlib" "/opt/rustwide/target/debug/deps/libquote-2be17c4aaacca249.rlib" "/opt/rustwide/target/debug/deps/libproc_macro2-f162f48326eebb3b.rlib" "/opt/rustwide/target/debug/deps/libunicode_ident-f7f10e726d017c79.rlib" "/opt/rustwide/rustup-home/toolchains/1.83.0-x86_64-unknown-linux-gnu/lib/rustlib/x86_64-unknown-linux-gnu/lib/libproc_macro-a2fc9021817a412b.rlib" "/opt/rustwide/rustup-home/toolchains/1.83.0-x86_64-unknown-linux-gnu/lib/rustlib/x86_64-unknown-linux-gnu/lib/libstd-ca74a2d9c5166d9f.rlib" "/opt/rustwide/rustup-home/toolchains/1.83.0-x86_64-unknown-linux-gnu/lib/rustlib/x86_64-unknown-linux-gnu/lib/libpanic_unwind-e31ab23316ed5080.rlib" "/opt/rustwide/rustup-home/toolchains/1.83.0-x86_64-unknown-linux-gnu/lib/rustlib/x86_64-unknown-linux-gnu/lib/libobject-27dc4aa955912662.rlib" "/opt/rustwide/rustup-home/toolchains/1.83.0-x86_64-unknown-linux-gnu/lib/rustlib/x86_64-unknown-linux-gnu/lib/libmemchr-bd0d6cccce077b99.rlib" "/opt/rustwide/rustup-home/toolchains/1.83.0-x86_64-unknown-linux-gnu/lib/rustlib/x86_64-unknown-linux-gnu/lib/libaddr2line-8d001680935b5e3c.rlib" "/opt/rustwide/rustup-home/toolchains/1.83.0-x86_64-unknown-linux-gnu/lib/rustlib/x86_64-unknown-linux-gnu/lib/libgimli-ba8ce71964f984f4.rlib" "/opt/rustwide/rustup-home/toolchains/1.83.0-x86_64-unknown-linux-gnu/lib/rustlib/x86_64-unknown-linux-gnu/lib/librustc_demangle-99a73526abcec14b.rlib" "/opt/rustwide/rustup-home/toolchains/1.83.0-x86_64-unknown-linux-gnu/lib/rustlib/x86_64-unknown-linux-gnu/lib/libstd_detect-63ac0d22cff92579.rlib" "/opt/rustwide/rustup-home/toolchains/1.83.0-x86_64-unknown-linux-gnu/lib/rustlib/x86_64-unknown-linux-gnu/lib/libhashbrown-9057355c92c922d5.rlib" "/opt/rustwide/rustup-home/toolchains/1.83.0-x86_64-unknown-linux-gnu/lib/rustlib/x86_64-unknown-linux-gnu/lib/librustc_std_workspace_alloc-358be9bc1f6bab04.rlib" "/opt/rustwide/rustup-home/toolchains/1.83.0-x86_64-unknown-linux-gnu/lib/rustlib/x86_64-unknown-linux-gnu/lib/libminiz_oxide-aca15549d5bff974.rlib" "/opt/rustwide/rustup-home/toolchains/1.83.0-x86_64-unknown-linux-gnu/lib/rustlib/x86_64-unknown-linux-gnu/lib/libadler-8251d2cef7072448.rlib" "/opt/rustwide/rustup-home/toolchains/1.83.0-x86_64-unknown-linux-gnu/lib/rustlib/x86_64-unknown-linux-gnu/lib/libunwind-7d50b86011c66411.rlib" "/opt/rustwide/rustup-home/toolchains/1.83.0-x86_64-unknown-linux-gnu/lib/rustlib/x86_64-unknown-linux-gnu/lib/libcfg_if-51ea098fce5006bf.rlib" "/opt/rustwide/rustup-home/toolchains/1.83.0-x86_64-unknown-linux-gnu/lib/rustlib/x86_64-unknown-linux-gnu/lib/liblibc-5a14e0d0b712e731.rlib" "/opt/rustwide/rustup-home/toolchains/1.83.0-x86_64-unknown-linux-gnu/lib/rustlib/x86_64-unknown-linux-gnu/lib/liballoc-8b83dbf3a7b8f999.rlib" "/opt/rustwide/rustup-home/toolchains/1.83.0-x86_64-unknown-linux-gnu/lib/rustlib/x86_64-unknown-linux-gnu/lib/librustc_std_workspace_core-c6fd227bdc7b39ff.rlib" "/opt/rustwide/rustup-home/toolchains/1.83.0-x86_64-unknown-linux-gnu/lib/rustlib/x86_64-unknown-linux-gnu/lib/libcore-959d3389fa3da8a5.rlib" "/opt/rustwide/rustup-home/toolchains/1.83.0-x86_64-unknown-linux-gnu/lib/rustlib/x86_64-unknown-linux-gnu/lib/libcompiler_builtins-abe05db089cc2c62.rlib" "-Wl,-Bdynamic" "-lgcc_s" "-lutil" "-lrt" "-lpthread" "-lm" "-ldl" "-lc" "-Wl,--eh-frame-hdr" "-Wl,-z,noexecstack" "-L" "/opt/rustwide/rustup-home/toolchains/1.83.0-x86_64-unknown-linux-gnu/lib/rustlib/x86_64-unknown-linux-gnu/lib" "-o" "/opt/rustwide/target/debug/deps/libthiserror_impl-4dcf5bead037110d.so" "-Wl,--gc-sections" "-shared" "-Wl,-z,relro,-z,now" "-nodefaultlibs"
[INFO] [stdout]   = note: /usr/bin/ld: final link failed: No space left on device
[INFO] [stdout]           collect2: error: ld returned 1 exit status
[INFO] [stdout]           
[INFO] [stdout] 
[INFO] [stdout] 
[INFO] [stdout] error: linking with `cc` failed: exit status: 1
[INFO] [stdout]   |
[INFO] [stdout]   = note: LC_ALL="C" PATH="/opt/rustwide/rustup-home/toolchains/1.83.0-x86_64-unknown-linux-gnu/lib/rustlib/x86_64-unknown-linux-gnu/bin:/opt/rustwide/cargo-home/bin:/usr/local/sbin:/usr/local/bin:/usr/sbin:/usr/bin:/sbin:/bin" VSLANG="1033" "cc" "-Wl,--version-script=/tmp/rustcjqb5II/list" "-Wl,--no-undefined-version" "-m64" "/tmp/rustcjqb5II/symbols.o" "/opt/rustwide/target/debug/deps/derivative-af7d852a18bc2e42.derivative.2160ea15b7565fe-cgu.00.rcgu.o" "/opt/rustwide/target/debug/deps/derivative-af7d852a18bc2e42.derivative.2160ea15b7565fe-cgu.01.rcgu.o" "/opt/rustwide/target/debug/deps/derivative-af7d852a18bc2e42.derivative.2160ea15b7565fe-cgu.02.rcgu.o" "/opt/rustwide/target/debug/deps/derivative-af7d852a18bc2e42.derivative.2160ea15b7565fe-cgu.03.rcgu.o" "/opt/rustwide/target/debug/deps/derivative-af7d852a18bc2e42.derivative.2160ea15b7565fe-cgu.04.rcgu.o" "/opt/rustwide/target/debug/deps/derivative-af7d852a18bc2e42.derivative.2160ea15b7565fe-cgu.05.rcgu.o" "/opt/rustwide/target/debug/deps/derivative-af7d852a18bc2e42.derivative.2160ea15b7565fe-cgu.06.rcgu.o" "/opt/rustwide/target/debug/deps/derivative-af7d852a18bc2e42.derivative.2160ea15b7565fe-cgu.07.rcgu.o" "/opt/rustwide/target/debug/deps/derivative-af7d852a18bc2e42.derivative.2160ea15b7565fe-cgu.08.rcgu.o" "/opt/rustwide/target/debug/deps/derivative-af7d852a18bc2e42.derivative.2160ea15b7565fe-cgu.09.rcgu.o" "/opt/rustwide/target/debug/deps/derivative-af7d852a18bc2e42.derivative.2160ea15b7565fe-cgu.10.rcgu.o" "/opt/rustwide/target/debug/deps/derivative-af7d852a18bc2e42.derivative.2160ea15b7565fe-cgu.11.rcgu.o" "/opt/rustwide/target/debug/deps/derivative-af7d852a18bc2e42.derivative.2160ea15b7565fe-cgu.12.rcgu.o" "/opt/rustwide/target/debug/deps/derivative-af7d852a18bc2e42.derivative.2160ea15b7565fe-cgu.13.rcgu.o" "/opt/rustwide/target/debug/deps/derivative-af7d852a18bc2e42.derivative.2160ea15b7565fe-cgu.14.rcgu.o" "/opt/rustwide/target/debug/deps/derivative-af7d852a18bc2e42.derivative.2160ea15b7565fe-cgu.15.rcgu.o" "/opt/rustwide/target/debug/deps/derivative-af7d852a18bc2e42.2v33hm0j0gyc42utmm9rbtf8f.rcgu.rmeta" "/opt/rustwide/target/debug/deps/derivative-af7d852a18bc2e42.aowz9l8manapcta9qcm421cjq.rcgu.o" "-Wl,--as-needed" "-Wl,-Bstatic" "/opt/rustwide/target/debug/deps/libsyn-e4ba4afdedd9cb5a.rlib" "/opt/rustwide/target/debug/deps/libquote-2be17c4aaacca249.rlib" "/opt/rustwide/target/debug/deps/libproc_macro2-f162f48326eebb3b.rlib" "/opt/rustwide/target/debug/deps/libunicode_ident-f7f10e726d017c79.rlib" "/opt/rustwide/rustup-home/toolchains/1.83.0-x86_64-unknown-linux-gnu/lib/rustlib/x86_64-unknown-linux-gnu/lib/libproc_macro-a2fc9021817a412b.rlib" "/opt/rustwide/rustup-home/toolchains/1.83.0-x86_64-unknown-linux-gnu/lib/rustlib/x86_64-unknown-linux-gnu/lib/libstd-ca74a2d9c5166d9f.rlib" "/opt/rustwide/rustup-home/toolchains/1.83.0-x86_64-unknown-linux-gnu/lib/rustlib/x86_64-unknown-linux-gnu/lib/libpanic_unwind-e31ab23316ed5080.rlib" "/opt/rustwide/rustup-home/toolchains/1.83.0-x86_64-unknown-linux-gnu/lib/rustlib/x86_64-unknown-linux-gnu/lib/libobject-27dc4aa955912662.rlib" "/opt/rustwide/rustup-home/toolchains/1.83.0-x86_64-unknown-linux-gnu/lib/rustlib/x86_64-unknown-linux-gnu/lib/libmemchr-bd0d6cccce077b99.rlib" "/opt/rustwide/rustup-home/toolchains/1.83.0-x86_64-unknown-linux-gnu/lib/rustlib/x86_64-unknown-linux-gnu/lib/libaddr2line-8d001680935b5e3c.rlib" "/opt/rustwide/rustup-home/toolchains/1.83.0-x86_64-unknown-linux-gnu/lib/rustlib/x86_64-unknown-linux-gnu/lib/libgimli-ba8ce71964f984f4.rlib" "/opt/rustwide/rustup-home/toolchains/1.83.0-x86_64-unknown-linux-gnu/lib/rustlib/x86_64-unknown-linux-gnu/lib/librustc_demangle-99a73526abcec14b.rlib" "/opt/rustwide/rustup-home/toolchains/1.83.0-x86_64-unknown-linux-gnu/lib/rustlib/x86_64-unknown-linux-gnu/lib/libstd_detect-63ac0d22cff92579.rlib" "/opt/rustwide/rustup-home/toolchains/1.83.0-x86_64-unknown-linux-gnu/lib/rustlib/x86_64-unknown-linux-gnu/lib/libhashbrown-9057355c92c922d5.rlib" "/opt/rustwide/rustup-home/toolchains/1.83.0-x86_64-unknown-linux-gnu/lib/rustlib/x86_64-unknown-linux-gnu/lib/librustc_std_workspace_alloc-358be9bc1f6bab04.rlib" "/opt/rustwide/rustup-home/toolchains/1.83.0-x86_64-unknown-linux-gnu/lib/rustlib/x86_64-unknown-linux-gnu/lib/libminiz_oxide-aca15549d5bff974.rlib" "/opt/rustwide/rustup-home/toolchains/1.83.0-x86_64-unknown-linux-gnu/lib/rustlib/x86_64-unknown-linux-gnu/lib/libadler-8251d2cef7072448.rlib" "/opt/rustwide/rustup-home/toolchains/1.83.0-x86_64-unknown-linux-gnu/lib/rustlib/x86_64-unknown-linux-gnu/lib/libunwind-7d50b86011c66411.rlib" "/opt/rustwide/rustup-home/toolchains/1.83.0-x86_64-unknown-linux-gnu/lib/rustlib/x86_64-unknown-linux-gnu/lib/libcfg_if-51ea098fce5006bf.rlib" "/opt/rustwide/rustup-home/toolchains/1.83.0-x86_64-unknown-linux-gnu/lib/rustlib/x86_64-unknown-linux-gnu/lib/liblibc-5a14e0d0b712e731.rlib" "/opt/rustwide/rustup-home/toolchains/1.83.0-x86_64-unknown-linux-gnu/lib/rustlib/x86_64-unknown-linux-gnu/lib/liballoc-8b83dbf3a7b8f999.rlib" "/opt/rustwide/rustup-home/toolchains/1.83.0-x86_64-unknown-linux-gnu/lib/rustlib/x86_64-unknown-linux-gnu/lib/librustc_std_workspace_core-c6fd227bdc7b39ff.rlib" "/opt/rustwide/rustup-home/toolchains/1.83.0-x86_64-unknown-linux-gnu/lib/rustlib/x86_64-unknown-linux-gnu/lib/libcore-959d3389fa3da8a5.rlib" "/opt/rustwide/rustup-home/toolchains/1.83.0-x86_64-unknown-linux-gnu/lib/rustlib/x86_64-unknown-linux-gnu/lib/libcompiler_builtins-abe05db089cc2c62.rlib" "-Wl,-Bdynamic" "-lgcc_s" "-lutil" "-lrt" "-lpthread" "-lm" "-ldl" "-lc" "-Wl,--eh-frame-hdr" "-Wl,-z,noexecstack" "-L" "/opt/rustwide/rustup-home/toolchains/1.83.0-x86_64-unknown-linux-gnu/lib/rustlib/x86_64-unknown-linux-gnu/lib" "-o" "/opt/rustwide/target/debug/deps/libderivative-af7d852a18bc2e42.so" "-Wl,--gc-sections" "-shared" "-Wl,-z,relro,-z,now" "-nodefaultlibs"
[INFO] [stdout]   = note: /usr/bin/ld: final link failed: No space left on device
[INFO] [stdout]           collect2: error: ld returned 1 exit status
[INFO] [stdout]           
[INFO] [stdout] 
[INFO] [stdout] 
[INFO] [stderr] error: could not compile `thiserror-impl` (lib) due to 1 previous error
[INFO] [stderr] error: could not compile `derivative` (lib) due to 1 previous error
[INFO] running `Command { std: "docker" "inspect" "6ee16e8621364f6f50b644735e8e57e974a35bcbea3dddd755fc1d9d11e1cdaa", kill_on_drop: false }`
[INFO] running `Command { std: "docker" "rm" "-f" "6ee16e8621364f6f50b644735e8e57e974a35bcbea3dddd755fc1d9d11e1cdaa", kill_on_drop: false }`
[INFO] [stdout] 6ee16e8621364f6f50b644735e8e57e974a35bcbea3dddd755fc1d9d11e1cdaa
