[INFO] fetching crate tower-sessions-core 0.13.0...
[INFO] testing tower-sessions-core-0.13.0 against 1.83.0 for beta-1.84.0-4-retry
[INFO] extracting crate tower-sessions-core 0.13.0 into /workspace/builds/worker-5-tc1/source
[INFO] validating manifest of crates.io crate tower-sessions-core 0.13.0 on toolchain 1.83.0
[INFO] running `Command { std: CARGO_HOME="/workspace/cargo-home" RUSTUP_HOME="/workspace/rustup-home" "/workspace/cargo-home/bin/cargo" "+1.83.0" "metadata" "--manifest-path" "Cargo.toml" "--no-deps", kill_on_drop: false }`
[INFO] started tweaking crates.io crate tower-sessions-core 0.13.0
[INFO] finished tweaking crates.io crate tower-sessions-core 0.13.0
[INFO] tweaked toml for crates.io crate tower-sessions-core 0.13.0 written to /workspace/builds/worker-5-tc1/source/Cargo.toml
[INFO] running `Command { std: CARGO_HOME="/workspace/cargo-home" RUSTUP_HOME="/workspace/rustup-home" "/workspace/cargo-home/bin/cargo" "+1.83.0" "generate-lockfile" "--manifest-path" "Cargo.toml", kill_on_drop: false }`
[INFO] [stderr]     Updating crates.io index
[INFO] [stderr]      Locking 104 packages to latest compatible versions
[INFO] [stderr]       Adding thiserror v1.0.69 (available: v2.0.7)
[INFO] running `Command { std: CARGO_HOME="/workspace/cargo-home" RUSTUP_HOME="/workspace/rustup-home" "/workspace/cargo-home/bin/cargo" "+1.83.0" "fetch" "--manifest-path" "Cargo.toml", kill_on_drop: false }`
[INFO] [stderr]  Downloading crates ...
[INFO] [stderr]   Downloaded tower-sessions v0.13.0
[INFO] [stderr]   Downloaded tower-sessions-core v0.13.0
[INFO] [stderr]   Downloaded tower-sessions-memory-store v0.13.0
[INFO] running `Command { std: "docker" "create" "-v" "/var/lib/crater-agent-workspace/builds/worker-5-tc1/target:/opt/rustwide/target:rw,Z" "-v" "/var/lib/crater-agent-workspace/builds/worker-5-tc1/source:/opt/rustwide/workdir:ro,Z" "-v" "/var/lib/crater-agent-workspace/cargo-home:/opt/rustwide/cargo-home:ro,Z" "-v" "/var/lib/crater-agent-workspace/rustup-home:/opt/rustwide/rustup-home:ro,Z" "-e" "SOURCE_DIR=/opt/rustwide/workdir" "-e" "CARGO_TARGET_DIR=/opt/rustwide/target" "-e" "CARGO_HOME=/opt/rustwide/cargo-home" "-e" "RUSTUP_HOME=/opt/rustwide/rustup-home" "-w" "/opt/rustwide/workdir" "-m" "1610612736" "--user" "0:0" "--network" "none" "ghcr.io/rust-lang/crates-build-env/linux@sha256:f3a9d4ad9d972b27faf3965f35b62e55ba32bbce8f20bc8fe909558a86702fde" "/opt/rustwide/cargo-home/bin/cargo" "+1.83.0" "metadata" "--no-deps" "--format-version=1", kill_on_drop: false }`
[INFO] [stdout] b62983b5697757e1bb37a952afc1898dd31fa849a5acd5a098c0f196e826c68b
[INFO] running `Command { std: "docker" "start" "-a" "b62983b5697757e1bb37a952afc1898dd31fa849a5acd5a098c0f196e826c68b", kill_on_drop: false }`
[INFO] running `Command { std: "docker" "inspect" "b62983b5697757e1bb37a952afc1898dd31fa849a5acd5a098c0f196e826c68b", kill_on_drop: false }`
[INFO] running `Command { std: "docker" "rm" "-f" "b62983b5697757e1bb37a952afc1898dd31fa849a5acd5a098c0f196e826c68b", kill_on_drop: false }`
[INFO] [stdout] b62983b5697757e1bb37a952afc1898dd31fa849a5acd5a098c0f196e826c68b
[INFO] running `Command { std: "docker" "create" "-v" "/var/lib/crater-agent-workspace/builds/worker-5-tc1/target:/opt/rustwide/target:rw,Z" "-v" "/var/lib/crater-agent-workspace/builds/worker-5-tc1/source:/opt/rustwide/workdir:ro,Z" "-v" "/var/lib/crater-agent-workspace/cargo-home:/opt/rustwide/cargo-home:ro,Z" "-v" "/var/lib/crater-agent-workspace/rustup-home:/opt/rustwide/rustup-home:ro,Z" "-e" "SOURCE_DIR=/opt/rustwide/workdir" "-e" "CARGO_TARGET_DIR=/opt/rustwide/target" "-e" "CARGO_INCREMENTAL=0" "-e" "RUST_BACKTRACE=full" "-e" "RUSTFLAGS=--cap-lints=warn" "-e" "RUSTDOCFLAGS=--cap-lints=warn" "-e" "CARGO_HOME=/opt/rustwide/cargo-home" "-e" "RUSTUP_HOME=/opt/rustwide/rustup-home" "-w" "/opt/rustwide/workdir" "-m" "1610612736" "--user" "0:0" "--network" "none" "ghcr.io/rust-lang/crates-build-env/linux@sha256:f3a9d4ad9d972b27faf3965f35b62e55ba32bbce8f20bc8fe909558a86702fde" "/opt/rustwide/cargo-home/bin/cargo" "+1.83.0" "build" "--frozen" "--message-format=json", kill_on_drop: false }`
[INFO] [stdout] 2468fce16093d2b3016e8e31cfccb44742ad22412909e13ad5d33a3f865d7c31
[INFO] running `Command { std: "docker" "start" "-a" "2468fce16093d2b3016e8e31cfccb44742ad22412909e13ad5d33a3f865d7c31", kill_on_drop: false }`
[INFO] [stderr]    Compiling proc-macro2 v1.0.92
[INFO] [stderr]    Compiling unicode-ident v1.0.14
[INFO] [stderr]    Compiling libc v0.2.168
[INFO] [stderr]    Compiling serde v1.0.216
[INFO] [stderr]    Compiling cfg-if v1.0.0
[INFO] [stderr]    Compiling byteorder v1.5.0
[INFO] [stderr]    Compiling pin-project-lite v0.2.15
[INFO] [stderr]    Compiling autocfg v1.4.0
[INFO] [stderr]    Compiling futures-core v0.3.31
[INFO] [stderr]    Compiling parking_lot_core v0.9.10
[INFO] [stderr]    Compiling futures-sink v0.3.31
[INFO] [stderr]    Compiling powerfmt v0.2.0
[INFO] [stderr]    Compiling smallvec v1.13.2
[INFO] [stderr]    Compiling itoa v1.0.14
[INFO] [stderr]    Compiling pin-utils v0.1.0
[INFO] [stderr]    Compiling scopeguard v1.2.0
[INFO] [stderr]    Compiling thiserror v1.0.69
[INFO] [stderr]    Compiling once_cell v1.20.2
[INFO] [stderr]    Compiling futures-task v0.3.31
[INFO] [stderr]    Compiling serde_json v1.0.133
[INFO] [stderr]    Compiling bytes v1.9.0
[INFO] [stderr]    Compiling futures-io v0.3.31
[INFO] [stderr]    Compiling fnv v1.0.7
[INFO] [stderr]    Compiling futures-channel v0.3.31
[INFO] [stderr]    Compiling log v0.4.22
[INFO] [stderr]    Compiling time-core v0.1.2
[INFO] [stderr]    Compiling ryu v1.0.18
[INFO] [stderr]    Compiling num-conv v0.1.0
[INFO] [stderr]    Compiling memchr v2.7.4
[INFO] [stderr]    Compiling tracing-core v0.1.33
[INFO] [stderr]    Compiling tokio v1.42.0
[INFO] [stderr]    Compiling base64 v0.22.1
[INFO] [stderr]    Compiling lock_api v0.4.12
[INFO] [stderr]    Compiling http v1.2.0
[INFO] [stderr]    Compiling quote v1.0.37
[INFO] [stderr]    Compiling syn v2.0.90
[INFO] [stderr]    Compiling getrandom v0.2.15
[INFO] [stderr]    Compiling rand_core v0.6.4
[INFO] [stderr]    Compiling serde_derive v1.0.216
[INFO] [stderr]    Compiling zerocopy-derive v0.7.35
[INFO] [stderr]    Compiling futures-macro v0.3.31
[INFO] [stderr]    Compiling thiserror-impl v1.0.69
[INFO] [stderr]    Compiling tracing-attributes v0.1.28
[INFO] [stderr]    Compiling async-trait v0.1.83
[INFO] [stderr]    Compiling zerocopy v0.7.35
[INFO] [stderr]    Compiling futures-util v0.3.31
[INFO] [stderr]    Compiling tracing v0.1.41
[INFO] [stderr]    Compiling ppv-lite86 v0.2.20
[INFO] [stderr]    Compiling futures v0.3.31
[INFO] [stderr]    Compiling rand_chacha v0.3.1
[INFO] [stderr]    Compiling rand v0.8.5
[INFO] [stderr]    Compiling deranged v0.3.11
[INFO] [stderr]    Compiling parking_lot v0.12.3
[INFO] [stderr]    Compiling time v0.3.37
[INFO] [stderr]    Compiling tower-sessions-core v0.13.0 (/opt/rustwide/workdir)
[INFO] [stderr]     Finished `dev` profile [unoptimized + debuginfo] target(s) in 25.14s
[INFO] running `Command { std: "docker" "inspect" "2468fce16093d2b3016e8e31cfccb44742ad22412909e13ad5d33a3f865d7c31", kill_on_drop: false }`
[INFO] running `Command { std: "docker" "rm" "-f" "2468fce16093d2b3016e8e31cfccb44742ad22412909e13ad5d33a3f865d7c31", kill_on_drop: false }`
[INFO] [stdout] 2468fce16093d2b3016e8e31cfccb44742ad22412909e13ad5d33a3f865d7c31
[INFO] running `Command { std: "docker" "create" "-v" "/var/lib/crater-agent-workspace/builds/worker-5-tc1/target:/opt/rustwide/target:rw,Z" "-v" "/var/lib/crater-agent-workspace/builds/worker-5-tc1/source:/opt/rustwide/workdir:ro,Z" "-v" "/var/lib/crater-agent-workspace/cargo-home:/opt/rustwide/cargo-home:ro,Z" "-v" "/var/lib/crater-agent-workspace/rustup-home:/opt/rustwide/rustup-home:ro,Z" "-e" "SOURCE_DIR=/opt/rustwide/workdir" "-e" "CARGO_TARGET_DIR=/opt/rustwide/target" "-e" "CARGO_INCREMENTAL=0" "-e" "RUST_BACKTRACE=full" "-e" "RUSTFLAGS=--cap-lints=warn" "-e" "RUSTDOCFLAGS=--cap-lints=warn" "-e" "CARGO_HOME=/opt/rustwide/cargo-home" "-e" "RUSTUP_HOME=/opt/rustwide/rustup-home" "-w" "/opt/rustwide/workdir" "-m" "1610612736" "--user" "0:0" "--network" "none" "ghcr.io/rust-lang/crates-build-env/linux@sha256:f3a9d4ad9d972b27faf3965f35b62e55ba32bbce8f20bc8fe909558a86702fde" "/opt/rustwide/cargo-home/bin/cargo" "+1.83.0" "test" "--frozen" "--no-run" "--message-format=json", kill_on_drop: false }`
[INFO] [stdout] 8dedfa9fbc4a8a3e5d69211bf18daca73bed078b3590b9f4b601271f149b348b
[INFO] running `Command { std: "docker" "start" "-a" "8dedfa9fbc4a8a3e5d69211bf18daca73bed078b3590b9f4b601271f149b348b", kill_on_drop: false }`
[INFO] [stderr]    Compiling futures-core v0.3.31
[INFO] [stderr]    Compiling slab v0.4.9
[INFO] [stderr]    Compiling futures-task v0.3.31
[INFO] [stderr]    Compiling tokio-macros v2.4.0
[INFO] [stderr]    Compiling time-macros v0.2.19
[INFO] [stderr]    Compiling rustversion v1.0.18
[INFO] [stderr]    Compiling version_check v0.9.5
[INFO] [stderr]    Compiling http-body v1.0.1
[INFO] [stderr]    Compiling predicates-core v1.0.8
[INFO] [stderr]    Compiling mockall_derive v0.13.1
[INFO] [stderr]    Compiling sync_wrapper v1.0.2
[INFO] [stderr]    Compiling tower-service v0.3.3
[INFO] [stderr]    Compiling percent-encoding v2.3.1
[INFO] [stderr]    Compiling mime v0.3.17
[INFO] [stderr]    Compiling tower-layer v0.3.3
[INFO] [stderr]    Compiling async-stream-impl v0.3.6
[INFO] [stderr]    Compiling termtree v0.4.1
[INFO] [stderr]    Compiling anstyle v1.0.10
[INFO] [stderr]    Compiling futures-channel v0.3.31
[INFO] [stderr]    Compiling downcast v0.11.0
[INFO] [stderr]    Compiling fragile v2.0.0
[INFO] [stderr]    Compiling predicates-tree v1.0.11
[INFO] [stderr]    Compiling cookie v0.18.1
[INFO] [stderr]    Compiling predicates v3.1.2
[INFO] [stderr]    Compiling futures-util v0.3.31
[INFO] [stderr]    Compiling async-stream v0.3.6
[INFO] [stderr]    Compiling tokio v1.42.0
[INFO] [stderr]    Compiling time v0.3.37
[INFO] [stderr]    Compiling mockall v0.13.1
[INFO] [stderr]    Compiling tokio-stream v0.1.17
[INFO] [stderr]    Compiling futures v0.3.31
[INFO] [stderr]    Compiling http-body-util v0.1.2
[INFO] [stderr]    Compiling axum-core v0.4.5
[INFO] [stderr]    Compiling tokio-test v0.4.4
[INFO] [stderr]    Compiling tower-sessions-core v0.13.0
[INFO] [stderr]    Compiling tower-sessions-core v0.13.0 (/opt/rustwide/workdir)
[INFO] [stderr]    Compiling tower-sessions-memory-store v0.13.0
[INFO] [stderr]    Compiling tower-cookies v0.10.0
[INFO] [stderr]    Compiling tower-sessions v0.13.0
[INFO] [stderr]     Finished `test` profile [unoptimized + debuginfo] target(s) in 19.98s
[INFO] running `Command { std: "docker" "inspect" "8dedfa9fbc4a8a3e5d69211bf18daca73bed078b3590b9f4b601271f149b348b", kill_on_drop: false }`
[INFO] running `Command { std: "docker" "rm" "-f" "8dedfa9fbc4a8a3e5d69211bf18daca73bed078b3590b9f4b601271f149b348b", kill_on_drop: false }`
[INFO] [stdout] 8dedfa9fbc4a8a3e5d69211bf18daca73bed078b3590b9f4b601271f149b348b
[INFO] running `Command { std: "docker" "create" "-v" "/var/lib/crater-agent-workspace/builds/worker-5-tc1/target:/opt/rustwide/target:rw,Z" "-v" "/var/lib/crater-agent-workspace/builds/worker-5-tc1/source:/opt/rustwide/workdir:ro,Z" "-v" "/var/lib/crater-agent-workspace/cargo-home:/opt/rustwide/cargo-home:ro,Z" "-v" "/var/lib/crater-agent-workspace/rustup-home:/opt/rustwide/rustup-home:ro,Z" "-e" "SOURCE_DIR=/opt/rustwide/workdir" "-e" "CARGO_TARGET_DIR=/opt/rustwide/target" "-e" "CARGO_INCREMENTAL=0" "-e" "RUST_BACKTRACE=full" "-e" "RUSTFLAGS=--cap-lints=warn" "-e" "RUSTDOCFLAGS=--cap-lints=warn" "-e" "CARGO_HOME=/opt/rustwide/cargo-home" "-e" "RUSTUP_HOME=/opt/rustwide/rustup-home" "-w" "/opt/rustwide/workdir" "-m" "1610612736" "--user" "0:0" "--network" "none" "ghcr.io/rust-lang/crates-build-env/linux@sha256:f3a9d4ad9d972b27faf3965f35b62e55ba32bbce8f20bc8fe909558a86702fde" "/opt/rustwide/cargo-home/bin/cargo" "+1.83.0" "test" "--frozen", kill_on_drop: false }`
[INFO] [stdout] 0979910dc126b4ec75255c15e8bc49585ab1a5ecb0fa7c54a21565cef56181ea
[INFO] running `Command { std: "docker" "start" "-a" "0979910dc126b4ec75255c15e8bc49585ab1a5ecb0fa7c54a21565cef56181ea", kill_on_drop: false }`
[INFO] [stderr]     Finished `test` profile [unoptimized + debuginfo] target(s) in 0.10s
[INFO] [stderr]      Running unittests src/lib.rs (/opt/rustwide/target/debug/deps/tower_sessions_core-73075447749506d6)
[INFO] [stdout] 
[INFO] [stdout] running 9 tests
[INFO] [stdout] test session::tests::test_cycle_id ... ok
[INFO] [stdout] test session_store::tests::test_caching_store_save ... ok
[INFO] [stdout] test session_store::tests::test_create ... ok
[INFO] [stdout] test session_store::tests::test_caching_store_delete ... ok
[INFO] [stdout] test session_store::tests::test_caching_store_load ... ok
[INFO] [stdout] test session_store::tests::test_caching_store_create ... ok
[INFO] [stdout] test session_store::tests::test_load ... ok
[INFO] [stdout] test session_store::tests::test_save ... ok
[INFO] [stdout] test session_store::tests::test_delete ... ok
[INFO] [stdout] 
[INFO] [stdout] test result: ok. 9 passed; 0 failed; 0 ignored; 0 measured; 0 filtered out; finished in 0.01s
[INFO] [stdout] 
[INFO] [stderr]    Doc-tests tower_sessions_core
[INFO] [stdout] 
[INFO] [stdout] running 24 tests
[INFO] [stdout] test src/session.rs - session::Expiry (line 937) ... ok
[INFO] [stdout] test src/session.rs - session::Session::expiry (line 508) ... ok
[INFO] [stdout] test src/session.rs - session::Id (line 870) ... ok
[INFO] [stdout] test src/session.rs - session::Session::remove (line 299) ... FAILED
[INFO] [stdout] test src/session.rs - session::Session::is_empty (line 419) ... FAILED
[INFO] [stdout] test src/session.rs - session::Session::load (line 693) ... FAILED
[INFO] [stdout] test src/session.rs - session::Session::set_expiry (line 529) ... FAILED
[INFO] [stdout] test src/session.rs - session::Session::clear (line 369) ... FAILED
[INFO] [stdout] test src/session_store.rs - session_store::CachingSessionStore (line 164) ... ignored
[INFO] [stdout] test src/session.rs - session::Session::save (line 644) ... FAILED
[INFO] [stdout] test src/session.rs - session::Session::remove_value (line 335) ... FAILED
[INFO] [stdout] test src/session_store.rs - session_store (line 15) ... FAILED
[INFO] [stdout] test src/session.rs - session::Session::id (line 486) ... ok
[INFO] [stdout] test src/session.rs - session::Session::expiry_date (line 554) ... ok
[INFO] [stdout] test src/session.rs - session::Session::expiry_age (line 586) ... ok
[INFO] [stdout] test src/session.rs - session::Session::get_value (line 269) ... ok
[INFO] [stdout] test src/session.rs - session::Session::insert (line 150) ... ok
[INFO] [stdout] test src/session.rs - session::Session::delete (line 733) ... ok
[INFO] [stdout] test src/session.rs - session::Session::flush (line 771) ... ok
[INFO] [stdout] test src/session.rs - session::Session::new (line 77) ... ok
[INFO] [stdout] test src/session.rs - session::Session::insert_value (line 187) ... ok
[INFO] [stdout] test src/session.rs - session::Session::cycle_id (line 811) ... ok
[INFO] [stdout] test src/session.rs - session::Session::get (line 236) ... ok
[INFO] [stdout] test src/session.rs - session::Session::is_modified (line 611) ... ok
[INFO] [stdout] 
[INFO] [stdout] failures:
[INFO] [stdout] 
[INFO] [stdout] ---- src/session.rs - session::Session::remove (line 299) stdout ----
[INFO] [stdout] Couldn't compile the test.
[INFO] [stdout] ---- src/session.rs - session::Session::is_empty (line 419) stdout ----
[INFO] [stdout] Couldn't compile the test.
[INFO] [stdout] ---- src/session.rs - session::Session::load (line 693) stdout ----
[INFO] [stdout] Couldn't compile the test.
[INFO] [stdout] ---- src/session.rs - session::Session::set_expiry (line 529) stdout ----
[INFO] [stdout] Couldn't compile the test.
[INFO] [stdout] ---- src/session.rs - session::Session::clear (line 369) stdout ----
[INFO] [stdout] Couldn't compile the test.
[INFO] [stdout] ---- src/session.rs - session::Session::save (line 644) stdout ----
[INFO] [stdout] Couldn't compile the test.
[INFO] [stdout] ---- src/session.rs - session::Session::remove_value (line 335) stdout ----
[INFO] [stdout] Couldn't compile the test.
[INFO] [stdout] ---- src/session_store.rs - session_store (line 15) stdout ----
[INFO] [stdout] Couldn't compile the test.
[INFO] [stdout] 
[INFO] [stdout] failures:
[INFO] [stdout]     src/session.rs - session::Session::clear (line 369)
[INFO] [stdout]     src/session.rs - session::Session::is_empty (line 419)
[INFO] [stdout]     src/session.rs - session::Session::load (line 693)
[INFO] [stdout]     src/session.rs - session::Session::remove (line 299)
[INFO] [stdout]     src/session.rs - session::Session::remove_value (line 335)
[INFO] [stdout]     src/session.rs - session::Session::save (line 644)
[INFO] [stdout]     src/session.rs - session::Session::set_expiry (line 529)
[INFO] [stdout]     src/session_store.rs - session_store (line 15)
[INFO] [stdout] 
[INFO] [stdout] test result: FAILED. 15 passed; 8 failed; 1 ignored; 0 measured; 0 filtered out; finished in 9.09s
[INFO] [stdout] 
[INFO] [stderr] error: doctest failed, to rerun pass `--doc`
[INFO] running `Command { std: "docker" "inspect" "0979910dc126b4ec75255c15e8bc49585ab1a5ecb0fa7c54a21565cef56181ea", kill_on_drop: false }`
[INFO] running `Command { std: "docker" "rm" "-f" "0979910dc126b4ec75255c15e8bc49585ab1a5ecb0fa7c54a21565cef56181ea", kill_on_drop: false }`
[INFO] [stdout] 0979910dc126b4ec75255c15e8bc49585ab1a5ecb0fa7c54a21565cef56181ea
