[INFO] fetching crate tor-config 0.25.0...
[INFO] testing tor-config-0.25.0 against beta-2024-12-08 for beta-1.84.0-4-retry
[INFO] extracting crate tor-config 0.25.0 into /workspace/builds/worker-1-tc2/source
[INFO] validating manifest of crates.io crate tor-config 0.25.0 on toolchain beta-2024-12-08
[INFO] running `Command { std: CARGO_HOME="/workspace/cargo-home" RUSTUP_HOME="/workspace/rustup-home" "/workspace/cargo-home/bin/cargo" "+beta-2024-12-08" "metadata" "--manifest-path" "Cargo.toml" "--no-deps", kill_on_drop: false }`
[INFO] started tweaking crates.io crate tor-config 0.25.0
[INFO] finished tweaking crates.io crate tor-config 0.25.0
[INFO] tweaked toml for crates.io crate tor-config 0.25.0 written to /workspace/builds/worker-1-tc2/source/Cargo.toml
[INFO] running `Command { std: CARGO_HOME="/workspace/cargo-home" RUSTUP_HOME="/workspace/rustup-home" "/workspace/cargo-home/bin/cargo" "+beta-2024-12-08" "generate-lockfile" "--manifest-path" "Cargo.toml", kill_on_drop: false }`
[INFO] [stderr]     Blocking waiting for file lock on package cache
[INFO] [stderr]     Updating crates.io index
[INFO] [stderr]     Blocking waiting for file lock on package cache
[INFO] [stderr]      Locking 292 packages to latest compatible versions
[INFO] [stderr]       Adding educe v0.4.23 (available: v0.6.0)
[INFO] running `Command { std: CARGO_HOME="/workspace/cargo-home" RUSTUP_HOME="/workspace/rustup-home" "/workspace/cargo-home/bin/cargo" "+beta-2024-12-08" "fetch" "--manifest-path" "Cargo.toml", kill_on_drop: false }`
[INFO] running `Command { std: "docker" "create" "-v" "/var/lib/crater-agent-workspace/builds/worker-1-tc2/target:/opt/rustwide/target:rw,Z" "-v" "/var/lib/crater-agent-workspace/builds/worker-1-tc2/source:/opt/rustwide/workdir:ro,Z" "-v" "/var/lib/crater-agent-workspace/cargo-home:/opt/rustwide/cargo-home:ro,Z" "-v" "/var/lib/crater-agent-workspace/rustup-home:/opt/rustwide/rustup-home:ro,Z" "-e" "SOURCE_DIR=/opt/rustwide/workdir" "-e" "CARGO_TARGET_DIR=/opt/rustwide/target" "-e" "CARGO_HOME=/opt/rustwide/cargo-home" "-e" "RUSTUP_HOME=/opt/rustwide/rustup-home" "-w" "/opt/rustwide/workdir" "-m" "1610612736" "--user" "0:0" "--network" "none" "ghcr.io/rust-lang/crates-build-env/linux@sha256:f3a9d4ad9d972b27faf3965f35b62e55ba32bbce8f20bc8fe909558a86702fde" "/opt/rustwide/cargo-home/bin/cargo" "+beta-2024-12-08" "metadata" "--no-deps" "--format-version=1", kill_on_drop: false }`
[INFO] [stdout] a4764a0a11c4396cb554dfab672018568a3c76e4feea7f0f3dc3259eb0bcaa26
[INFO] running `Command { std: "docker" "start" "-a" "a4764a0a11c4396cb554dfab672018568a3c76e4feea7f0f3dc3259eb0bcaa26", kill_on_drop: false }`
[INFO] running `Command { std: "docker" "inspect" "a4764a0a11c4396cb554dfab672018568a3c76e4feea7f0f3dc3259eb0bcaa26", kill_on_drop: false }`
[INFO] running `Command { std: "docker" "rm" "-f" "a4764a0a11c4396cb554dfab672018568a3c76e4feea7f0f3dc3259eb0bcaa26", kill_on_drop: false }`
[INFO] [stdout] a4764a0a11c4396cb554dfab672018568a3c76e4feea7f0f3dc3259eb0bcaa26
[INFO] running `Command { std: "docker" "create" "-v" "/var/lib/crater-agent-workspace/builds/worker-1-tc2/target:/opt/rustwide/target:rw,Z" "-v" "/var/lib/crater-agent-workspace/builds/worker-1-tc2/source:/opt/rustwide/workdir:ro,Z" "-v" "/var/lib/crater-agent-workspace/cargo-home:/opt/rustwide/cargo-home:ro,Z" "-v" "/var/lib/crater-agent-workspace/rustup-home:/opt/rustwide/rustup-home:ro,Z" "-e" "SOURCE_DIR=/opt/rustwide/workdir" "-e" "CARGO_TARGET_DIR=/opt/rustwide/target" "-e" "CARGO_INCREMENTAL=0" "-e" "RUST_BACKTRACE=full" "-e" "RUSTFLAGS=--cap-lints=warn" "-e" "RUSTDOCFLAGS=--cap-lints=warn" "-e" "CARGO_HOME=/opt/rustwide/cargo-home" "-e" "RUSTUP_HOME=/opt/rustwide/rustup-home" "-w" "/opt/rustwide/workdir" "-m" "1610612736" "--user" "0:0" "--network" "none" "ghcr.io/rust-lang/crates-build-env/linux@sha256:f3a9d4ad9d972b27faf3965f35b62e55ba32bbce8f20bc8fe909558a86702fde" "/opt/rustwide/cargo-home/bin/cargo" "+beta-2024-12-08" "build" "--frozen" "--message-format=json", kill_on_drop: false }`
[INFO] [stdout] 8b0ce6a015e175a94030dd6300d428adeb34666b576860635ca09787e69c7a32
[INFO] running `Command { std: "docker" "start" "-a" "8b0ce6a015e175a94030dd6300d428adeb34666b576860635ca09787e69c7a32", kill_on_drop: false }`
[INFO] [stderr]    Compiling proc-macro2 v1.0.92
[INFO] [stderr]    Compiling unicode-ident v1.0.14
[INFO] [stderr]    Compiling autocfg v1.4.0
[INFO] [stderr]    Compiling libc v0.2.168
[INFO] [stderr]    Compiling version_check v0.9.5
[INFO] [stderr]    Compiling syn v1.0.109
[INFO] [stderr]    Compiling cfg-if v1.0.0
[INFO] [stderr]    Compiling typenum v1.17.0
[INFO] [stderr]    Compiling equivalent v1.0.1
[INFO] [stderr]    Compiling hashbrown v0.15.2
[INFO] [stderr]    Compiling rustversion v1.0.18
[INFO] [stderr]    Compiling serde v1.0.216
[INFO] [stderr]    Compiling winnow v0.6.20
[INFO] [stderr]    Compiling pin-project-lite v0.2.15
[INFO] [stderr]    Compiling futures-sink v0.3.31
[INFO] [stderr]    Compiling futures-core v0.3.31
[INFO] [stderr]    Compiling heck v0.5.0
[INFO] [stderr]    Compiling semver v1.0.24
[INFO] [stderr]    Compiling paste v1.0.15
[INFO] [stderr]    Compiling ident_case v1.0.1
[INFO] [stderr]    Compiling futures-channel v0.3.31
[INFO] [stderr]    Compiling futures-task v0.3.31
[INFO] [stderr]    Compiling void v1.0.2
[INFO] [stderr]    Compiling fnv v1.0.7
[INFO] [stderr]    Compiling futures-io v0.3.31
[INFO] [stderr]    Compiling pin-utils v0.1.0
[INFO] [stderr]    Compiling memchr v2.7.4
[INFO] [stderr]    Compiling unicode-segmentation v1.12.0
[INFO] [stderr]    Compiling strsim v0.10.0
[INFO] [stderr]    Compiling thiserror v2.0.7
[INFO] [stderr]    Compiling generic-array v0.14.7
[INFO] [stderr]    Compiling toml_datetime v0.6.8
[INFO] [stderr]    Compiling unicode-xid v0.2.6
[INFO] [stderr]    Compiling derive-deftly-macros v0.14.2
[INFO] [stderr]    Compiling keccak v0.1.5
[INFO] [stderr]    Compiling indexmap v2.7.0
[INFO] [stderr]    Compiling slab v0.4.9
[INFO] [stderr]    Compiling num-traits v0.2.19
[INFO] [stderr]    Compiling convert_case v0.6.0
[INFO] [stderr]    Compiling thiserror v1.0.69
[INFO] [stderr]    Compiling once_cell v1.20.2
[INFO] [stderr]    Compiling either v1.13.0
[INFO] [stderr]    Compiling byteorder v1.5.0
[INFO] [stderr]    Compiling getrandom v0.2.15
[INFO] [stderr]    Compiling rustc_version v0.4.1
[INFO] [stderr]    Compiling quote v1.0.37
[INFO] [stderr]    Compiling lock_api v0.4.12
[INFO] [stderr]    Compiling itertools v0.13.0
[INFO] [stderr]    Compiling crossbeam-utils v0.8.20
[INFO] [stderr]    Compiling parking_lot_core v0.9.10
[INFO] [stderr]    Compiling smallvec v1.13.2
[INFO] [stderr]    Compiling rand_core v0.6.4
[INFO] [stderr]    Compiling syn v2.0.90
[INFO] [stderr]    Compiling async_executors v0.7.0
[INFO] [stderr]    Compiling uncased v0.9.10
[INFO] [stderr]    Compiling scopeguard v1.2.0
[INFO] [stderr]    Compiling same-file v1.0.6
[INFO] [stderr]    Compiling option-ext v0.2.0
[INFO] [stderr]    Compiling tracing-core v0.1.33
[INFO] [stderr]    Compiling dirs-sys v0.4.1
[INFO] [stderr]    Compiling walkdir v2.5.0
[INFO] [stderr]    Compiling inotify-sys v0.1.5
[INFO] [stderr]    Compiling figment v0.10.19
[INFO] [stderr]    Compiling instant v0.1.13
[INFO] [stderr]    Compiling log v0.4.22
[INFO] [stderr]    Compiling retry-error v0.6.1
[INFO] [stderr]    Compiling bitflags v1.3.2
[INFO] [stderr]    Compiling regex-syntax v0.8.5
[INFO] [stderr]    Compiling block-buffer v0.10.4
[INFO] [stderr]    Compiling crypto-common v0.1.6
[INFO] [stderr]    Compiling mio v1.0.3
[INFO] [stderr]    Compiling inotify v0.10.2
[INFO] [stderr]    Compiling parking_lot v0.12.3
[INFO] [stderr]    Compiling num-integer v0.1.46
[INFO] [stderr]    Compiling notify-types v1.0.0
[INFO] [stderr]    Compiling crossbeam-queue v0.3.11
[INFO] [stderr]    Compiling digest v0.10.7
[INFO] [stderr]    Compiling dirs v5.0.1
[INFO] [stderr]    Compiling coarsetime v0.1.35
[INFO] [stderr]    Compiling num-bigint v0.4.6
[INFO] [stderr]    Compiling filetime v0.2.25
[INFO] [stderr]    Compiling dyn-clone v1.0.17
[INFO] [stderr]    Compiling sha3 v0.10.8
[INFO] [stderr]    Compiling hex v0.4.3
[INFO] [stderr]    Compiling static_assertions v1.1.0
[INFO] [stderr]    Compiling amplify_num v0.5.3
[INFO] [stderr]    Compiling ordered-float v2.10.1
[INFO] [stderr]    Compiling ascii v1.1.0
[INFO] [stderr]    Compiling toml_edit v0.22.22
[INFO] [stderr]    Compiling atomic v0.5.3
[INFO] [stderr]    Compiling regex-automata v0.4.9
[INFO] [stderr]    Compiling notify v7.0.0
[INFO] [stderr]    Compiling proc-macro-crate v3.2.0
[INFO] [stderr]    Compiling regex v1.11.1
[INFO] [stderr]    Compiling darling_core v0.14.4
[INFO] [stderr]    Compiling amplify_syn v2.0.1
[INFO] [stderr]    Compiling amplify_derive v4.0.1
[INFO] [stderr]    Compiling serde_derive v1.0.216
[INFO] [stderr]    Compiling strum_macros v0.26.4
[INFO] [stderr]    Compiling futures-macro v0.3.31
[INFO] [stderr]    Compiling thiserror-impl v2.0.7
[INFO] [stderr]    Compiling zerocopy-derive v0.7.35
[INFO] [stderr]    Compiling derive_more-impl v1.0.0
[INFO] [stderr]    Compiling thiserror-impl v1.0.69
[INFO] [stderr]    Compiling pin-project-internal v1.1.7
[INFO] [stderr]    Compiling tracing-attributes v0.1.28
[INFO] [stderr]    Compiling blanket v0.3.0
[INFO] [stderr]    Compiling enum-ordinalize v3.1.15
[INFO] [stderr]    Compiling async-trait v0.1.83
[INFO] [stderr]    Compiling zerocopy v0.7.35
[INFO] [stderr]    Compiling educe v0.4.23
[INFO] [stderr]    Compiling tracing v0.1.41
[INFO] [stderr]    Compiling futures-util v0.3.31
[INFO] [stderr]    Compiling darling_macro v0.14.4
[INFO] [stderr]    Compiling ppv-lite86 v0.2.20
[INFO] [stderr]    Compiling pin-project v1.1.7
[INFO] [stderr]    Compiling rand_chacha v0.3.1
[INFO] [stderr]    Compiling strum v0.26.3
[INFO] [stderr]    Compiling amplify v4.8.0
[INFO] [stderr]    Compiling rand v0.8.5
[INFO] [stderr]    Compiling darling v0.14.4
[INFO] [stderr]    Compiling derive_builder_core_fork_arti v0.11.2
[INFO] [stderr]    Compiling derive_builder_macro_fork_arti v0.11.2
[INFO] [stderr]    Compiling futures-executor v0.3.31
[INFO] [stderr]    Compiling futures v0.3.31
[INFO] [stderr]    Compiling derive_builder_fork_arti v0.11.2
[INFO] [stderr]    Compiling postage v0.5.0
[INFO] [stderr]    Compiling derive_more v1.0.0
[INFO] [stderr]    Compiling tor-error v0.25.0
[INFO] [stderr]    Compiling tor-general-addr v0.25.0
[INFO] [stderr]    Compiling tor-basic-utils v0.25.0
[INFO] [stderr]    Compiling tor-rtcompat v0.25.0
[INFO] [stderr]    Compiling derive-deftly v0.14.2
[INFO] [stderr]    Compiling pwd-grp v1.0.0
[INFO] [stderr]    Compiling fs-mistrust v0.8.2
[INFO] [stderr]    Compiling serde_spanned v0.6.8
[INFO] [stderr]    Compiling serde_ignored v0.1.10
[INFO] [stderr]    Compiling serde-value v0.7.0
[INFO] [stderr]    Compiling toml v0.8.19
[INFO] [stderr]    Compiling tor-config v0.25.0 (/opt/rustwide/workdir)
[INFO] [stderr]     Finished `dev` profile [unoptimized + debuginfo] target(s) in 48.77s
[INFO] running `Command { std: "docker" "inspect" "8b0ce6a015e175a94030dd6300d428adeb34666b576860635ca09787e69c7a32", kill_on_drop: false }`
[INFO] running `Command { std: "docker" "rm" "-f" "8b0ce6a015e175a94030dd6300d428adeb34666b576860635ca09787e69c7a32", kill_on_drop: false }`
[INFO] [stdout] 8b0ce6a015e175a94030dd6300d428adeb34666b576860635ca09787e69c7a32
[INFO] running `Command { std: "docker" "create" "-v" "/var/lib/crater-agent-workspace/builds/worker-1-tc2/target:/opt/rustwide/target:rw,Z" "-v" "/var/lib/crater-agent-workspace/builds/worker-1-tc2/source:/opt/rustwide/workdir:ro,Z" "-v" "/var/lib/crater-agent-workspace/cargo-home:/opt/rustwide/cargo-home:ro,Z" "-v" "/var/lib/crater-agent-workspace/rustup-home:/opt/rustwide/rustup-home:ro,Z" "-e" "SOURCE_DIR=/opt/rustwide/workdir" "-e" "CARGO_TARGET_DIR=/opt/rustwide/target" "-e" "CARGO_INCREMENTAL=0" "-e" "RUST_BACKTRACE=full" "-e" "RUSTFLAGS=--cap-lints=warn" "-e" "RUSTDOCFLAGS=--cap-lints=warn" "-e" "CARGO_HOME=/opt/rustwide/cargo-home" "-e" "RUSTUP_HOME=/opt/rustwide/rustup-home" "-w" "/opt/rustwide/workdir" "-m" "1610612736" "--user" "0:0" "--network" "none" "ghcr.io/rust-lang/crates-build-env/linux@sha256:f3a9d4ad9d972b27faf3965f35b62e55ba32bbce8f20bc8fe909558a86702fde" "/opt/rustwide/cargo-home/bin/cargo" "+beta-2024-12-08" "test" "--frozen" "--no-run" "--message-format=json", kill_on_drop: false }`
[INFO] [stdout] ab2f4090997f6618a05f090725f967ac74da2f9957439565da4174572fd7cd20
[INFO] running `Command { std: "docker" "start" "-a" "ab2f4090997f6618a05f090725f967ac74da2f9957439565da4174572fd7cd20", kill_on_drop: false }`
[INFO] [stderr]    Compiling stable_deref_trait v1.2.0
[INFO] [stderr]    Compiling smallvec v1.13.2
[INFO] [stderr]    Compiling log v0.4.22
[INFO] [stderr]    Compiling writeable v0.5.5
[INFO] [stderr]    Compiling shlex v1.3.0
[INFO] [stderr]    Compiling litemap v0.7.4
[INFO] [stderr]    Compiling futures-sink v0.3.31
[INFO] [stderr]    Compiling futures-io v0.3.31
[INFO] [stderr]    Compiling vcpkg v0.2.15
[INFO] [stderr]    Compiling syn v2.0.90
[INFO] [stderr]    Compiling pkg-config v0.3.31
[INFO] [stderr]    Compiling icu_locid_transform_data v1.5.0
[INFO] [stderr]    Compiling bitflags v2.6.0
[INFO] [stderr]    Compiling icu_properties_data v1.5.0
[INFO] [stderr]    Compiling write16 v1.0.0
[INFO] [stderr]    Compiling utf16_iter v1.0.5
[INFO] [stderr]    Compiling icu_normalizer_data v1.5.0
[INFO] [stderr]    Compiling futures-channel v0.3.31
[INFO] [stderr]    Compiling utf8_iter v1.0.4
[INFO] [stderr]    Compiling tracing-core v0.1.33
[INFO] [stderr]    Compiling openssl v0.10.68
[INFO] [stderr]    Compiling foreign-types-shared v0.1.1
[INFO] [stderr]    Compiling socket2 v0.5.8
[INFO] [stderr]    Compiling cc v1.2.4
[INFO] [stderr]    Compiling mio v1.0.3
[INFO] [stderr]    Compiling foreign-types v0.3.2
[INFO] [stderr]    Compiling signal-hook-registry v1.4.2
[INFO] [stderr]    Compiling native-tls v0.2.12
[INFO] [stderr]    Compiling percent-encoding v2.3.1
[INFO] [stderr]    Compiling bytes v1.9.0
[INFO] [stderr]    Compiling regex-syntax v0.8.5
[INFO] [stderr]    Compiling async_executors v0.7.0
[INFO] [stderr]    Compiling regex-syntax v0.6.29
[INFO] [stderr]    Compiling form_urlencoded v1.2.1
[INFO] [stderr]    Compiling openssl-probe v0.1.5
[INFO] [stderr]    Compiling rustix v0.38.42
[INFO] [stderr]    Compiling parking_lot_core v0.9.10
[INFO] [stderr]    Compiling anyhow v1.0.94
[INFO] [stderr]    Compiling overload v0.1.1
[INFO] [stderr]    Compiling linux-raw-sys v0.4.14
[INFO] [stderr]    Compiling lazy_static v1.5.0
[INFO] [stderr]    Compiling sharded-slab v0.1.7
[INFO] [stderr]    Compiling parking_lot v0.12.3
[INFO] [stderr]    Compiling tracing-log v0.2.0
[INFO] [stderr]    Compiling tokio v1.42.0
[INFO] [stderr]    Compiling nu-ansi-term v0.46.0
[INFO] [stderr]    Compiling thread_local v1.1.8
[INFO] [stderr]    Compiling fastrand v2.3.0
[INFO] [stderr]    Compiling serde_json v1.0.133
[INFO] [stderr]    Compiling notify v7.0.0
[INFO] [stderr]    Compiling ryu v1.0.18
[INFO] [stderr]    Compiling itoa v1.0.14
[INFO] [stderr]    Compiling openssl-sys v0.9.104
[INFO] [stderr]    Compiling regex-automata v0.1.10
[INFO] [stderr]    Compiling regex-automata v0.4.9
[INFO] [stderr]    Compiling matchers v0.1.0
[INFO] [stderr]    Compiling tempfile v3.14.0
[INFO] [stderr]    Compiling regex v1.11.1
[INFO] [stderr]    Compiling synstructure v0.13.1
[INFO] [stderr]    Compiling zerofrom-derive v0.1.5
[INFO] [stderr]    Compiling yoke-derive v0.7.5
[INFO] [stderr]    Compiling zerovec-derive v0.10.3
[INFO] [stderr]    Compiling displaydoc v0.2.5
[INFO] [stderr]    Compiling serde_derive v1.0.216
[INFO] [stderr]    Compiling icu_provider_macros v1.5.0
[INFO] [stderr]    Compiling futures-macro v0.3.31
[INFO] [stderr]    Compiling strum_macros v0.26.4
[INFO] [stderr]    Compiling thiserror-impl v1.0.69
[INFO] [stderr]    Compiling thiserror-impl v2.0.7
[INFO] [stderr]    Compiling derive_more-impl v1.0.0
[INFO] [stderr]    Compiling zerocopy-derive v0.7.35
[INFO] [stderr]    Compiling pin-project-internal v1.1.7
[INFO] [stderr]    Compiling tracing-attributes v0.1.28
[INFO] [stderr]    Compiling openssl-macros v0.1.1
[INFO] [stderr]    Compiling enum-ordinalize v3.1.15
[INFO] [stderr]    Compiling futures-util v0.3.31
[INFO] [stderr]    Compiling blanket v0.3.0
[INFO] [stderr]    Compiling pin-project v1.1.7
[INFO] [stderr]    Compiling tokio-util v0.7.13
[INFO] [stderr]    Compiling zerocopy v0.7.35
[INFO] [stderr]    Compiling educe v0.4.23
[INFO] [stderr]    Compiling async-trait v0.1.83
[INFO] [stderr]    Compiling thiserror v1.0.69
[INFO] [stderr]    Compiling tracing-test-macro v0.2.5
[INFO] [stderr]    Compiling tracing v0.1.41
[INFO] [stderr]    Compiling zerofrom v0.1.5
[INFO] [stderr]    Compiling yoke v0.7.5
[INFO] [stderr]    Compiling tracing-subscriber v0.3.19
[INFO] [stderr]    Compiling thiserror v2.0.7
[INFO] [stderr]    Compiling zerovec v0.10.4
[INFO] [stderr]    Compiling ppv-lite86 v0.2.20
[INFO] [stderr]    Compiling rand_chacha v0.3.1
[INFO] [stderr]    Compiling tinystr v0.7.6
[INFO] [stderr]    Compiling icu_collections v1.5.0
[INFO] [stderr]    Compiling strum v0.26.3
[INFO] [stderr]    Compiling rand v0.8.5
[INFO] [stderr]    Compiling derive-deftly-macros v0.14.2
[INFO] [stderr]    Compiling icu_locid v1.5.0
[INFO] [stderr]    Compiling icu_provider v1.5.0
[INFO] [stderr]    Compiling icu_locid_transform v1.5.0
[INFO] [stderr]    Compiling serde v1.0.216
[INFO] [stderr]    Compiling tracing-test v0.2.5
[INFO] [stderr]    Compiling icu_properties v1.5.1
[INFO] [stderr]    Compiling derive_more v1.0.0
[INFO] [stderr]    Compiling tor-general-addr v0.25.0
[INFO] [stderr]    Compiling tor-basic-utils v0.25.0
[INFO] [stderr]    Compiling test-temp-dir v0.3.0
[INFO] [stderr]    Compiling futures-executor v0.3.31
[INFO] [stderr]    Compiling futures v0.3.31
[INFO] [stderr]    Compiling tor-error v0.25.0
[INFO] [stderr]    Compiling postage v0.5.0
[INFO] [stderr]    Compiling icu_normalizer v1.5.0
[INFO] [stderr]    Compiling derive-deftly v0.14.2
[INFO] [stderr]    Compiling pwd-grp v1.0.0
[INFO] [stderr]    Compiling idna_adapter v1.2.0
[INFO] [stderr]    Compiling idna v1.0.3
[INFO] [stderr]    Compiling serde_spanned v0.6.8
[INFO] [stderr]    Compiling toml_datetime v0.6.8
[INFO] [stderr]    Compiling serde-value v0.7.0
[INFO] [stderr]    Compiling serde_ignored v0.1.10
[INFO] [stderr]    Compiling url v2.5.4
[INFO] [stderr]    Compiling fs-mistrust v0.8.2
[INFO] [stderr]    Compiling toml_edit v0.22.22
[INFO] [stderr]    Compiling async-native-tls v0.5.0
[INFO] [stderr]    Compiling tor-rtcompat v0.25.0
[INFO] [stderr]    Compiling toml v0.8.19
[INFO] [stderr]    Compiling figment v0.10.19
[INFO] [stderr]    Compiling tor-config v0.25.0 (/opt/rustwide/workdir)
[INFO] [stderr]     Finished `test` profile [unoptimized + debuginfo] target(s) in 1m 11s
[INFO] running `Command { std: "docker" "inspect" "ab2f4090997f6618a05f090725f967ac74da2f9957439565da4174572fd7cd20", kill_on_drop: false }`
[INFO] running `Command { std: "docker" "rm" "-f" "ab2f4090997f6618a05f090725f967ac74da2f9957439565da4174572fd7cd20", kill_on_drop: false }`
[INFO] [stdout] ab2f4090997f6618a05f090725f967ac74da2f9957439565da4174572fd7cd20
[INFO] running `Command { std: "docker" "create" "-v" "/var/lib/crater-agent-workspace/builds/worker-1-tc2/target:/opt/rustwide/target:rw,Z" "-v" "/var/lib/crater-agent-workspace/builds/worker-1-tc2/source:/opt/rustwide/workdir:ro,Z" "-v" "/var/lib/crater-agent-workspace/cargo-home:/opt/rustwide/cargo-home:ro,Z" "-v" "/var/lib/crater-agent-workspace/rustup-home:/opt/rustwide/rustup-home:ro,Z" "-e" "SOURCE_DIR=/opt/rustwide/workdir" "-e" "CARGO_TARGET_DIR=/opt/rustwide/target" "-e" "CARGO_INCREMENTAL=0" "-e" "RUST_BACKTRACE=full" "-e" "RUSTFLAGS=--cap-lints=warn" "-e" "RUSTDOCFLAGS=--cap-lints=warn" "-e" "CARGO_HOME=/opt/rustwide/cargo-home" "-e" "RUSTUP_HOME=/opt/rustwide/rustup-home" "-w" "/opt/rustwide/workdir" "-m" "1610612736" "--user" "0:0" "--network" "none" "ghcr.io/rust-lang/crates-build-env/linux@sha256:f3a9d4ad9d972b27faf3965f35b62e55ba32bbce8f20bc8fe909558a86702fde" "/opt/rustwide/cargo-home/bin/cargo" "+beta-2024-12-08" "test" "--frozen", kill_on_drop: false }`
[INFO] [stdout] b554797d7d6aebd836773b7e743c65fc24be6d2fb34f3783d69ffdea84696014
[INFO] running `Command { std: "docker" "start" "-a" "b554797d7d6aebd836773b7e743c65fc24be6d2fb34f3783d69ffdea84696014", kill_on_drop: false }`
[INFO] [stderr]     Finished `test` profile [unoptimized + debuginfo] target(s) in 0.45s
[INFO] [stderr]      Running unittests src/lib.rs (/opt/rustwide/target/debug/deps/tor_config-520df51cdf24e5f8)
[INFO] [stdout] 
[INFO] [stdout] running 64 tests
[INFO] [stdout] test cmdline::test::bareword_expansion ... ok
[INFO] [stdout] test cmdline::test::conv_toml_error ... ok
[INFO] [stdout] test err::test::build_err ... ok
[INFO] [stdout] test err::test::build_subfield_err ... ok
[INFO] [stdout] test cmdline::test::parse_bad ... ok
[INFO] [stdout] test cmdline::test::parse_good ... ok
[INFO] [stdout] test flatten::test::flattenable_test_b ... ok
[INFO] [stdout] test flatten::test::flattenable_test_c ... ok
[INFO] [stdout] test file_watcher::test::notify_event_handler ... ok
[INFO] [stdout] test flatten::test::flattenable_test_a ... ok
[INFO] [stdout] test flatten::test::nested ... ok
[INFO] [stdout] test flatten::test::ser ... ok
[INFO] [stdout] test list_builder::test::deser ... ok
[INFO] [stdout] test flatten::test::plain ... ok
[INFO] [stdout] test list_builder::test::vecbuilder ... ok
[INFO] [stdout] test load::test::test_impl_Default_for_TestConfigA ... ok
[INFO] [stdout] test listen::test::listen_parse ... ok
[INFO] [stdout] test load::test::build_error ... ok
[INFO] [stdout] test listen::test::is_localhost ... ok
[INFO] [stdout] test err::test::within ... ok
[INFO] [stdout] test load::test::test_ok_unquoted ... ok
[INFO] [stdout] test flatten::test::ignored ... ok
[INFO] [stdout] test load::test::test_intersect_unrecognized_list ... ok
[INFO] [stdout] test load::test::test_display_key ... ok
[INFO] [stdout] test load::test::test_impl_Default_for_TestConfigC ... ok
[INFO] [stdout] test misc::test_not_auto_value_f64::auto_is_not_a_valid_value_for_f64 ... ok
[INFO] [stdout] test load::test::test_resolve ... ok
[INFO] [stdout] test misc::test::bool_or_auto ... ok
[INFO] [stdout] test misc::test::explicit_or_auto ... ok
[INFO] [stdout] test misc::test_not_auto_value_bool::auto_is_not_a_valid_value_for_bool ... ok
[INFO] [stdout] test misc::test_not_auto_value_f32::auto_is_not_a_valid_value_for_f32 ... ok
[INFO] [stdout] test flatten::test::flattenable_extract_fields_a_test ... ok
[INFO] [stdout] test load::test::test_impl_Default_for_TestConfigB ... ok
[INFO] [stdout] test list_builder::test::nonempty_default ... ok
[INFO] [stdout] test misc::test::padding_level ... ok
[INFO] [stdout] test misc::test_not_auto_value_char::auto_is_not_a_valid_value_for_char ... ok
[INFO] [stdout] test listen::test::display_listen ... ok
[INFO] [stdout] test misc::test_not_auto_value_i128::auto_is_not_a_valid_value_for_i128 ... ok
[INFO] [stdout] test misc::test_not_auto_value_i16::auto_is_not_a_valid_value_for_i16 ... ok
[INFO] [stdout] test misc::test_not_auto_value_i32::auto_is_not_a_valid_value_for_i32 ... ok
[INFO] [stdout] test misc::test_not_auto_value_i8::auto_is_not_a_valid_value_for_i8 ... ok
[INFO] [stdout] test misc::test_not_auto_value_i64::auto_is_not_a_valid_value_for_i64 ... ok
[INFO] [stdout] test misc::test_not_auto_value_u128::auto_is_not_a_valid_value_for_u128 ... ok
[INFO] [stdout] test misc::test_not_auto_value_u16::auto_is_not_a_valid_value_for_u16 ... ok
[INFO] [stdout] test misc::test_not_auto_value_u8::auto_is_not_a_valid_value_for_u8 ... ok
[INFO] [stdout] test misc::test_not_auto_value_u32::auto_is_not_a_valid_value_for_u32 ... ok
[INFO] [stdout] test misc::test_not_auto_value_u64::auto_is_not_a_valid_value_for_u64 ... ok
[INFO] [stdout] test mut_cfg::test::basic_constructors ... ok
[INFO] [stdout] test mut_cfg::test::check_and_replace ... ok
[INFO] [stdout] test mut_cfg::test::map_and_replace ... ok
[INFO] [stdout] test mut_cfg::test::mutate_with_existing_ref ... ok
[INFO] [stdout] test sources::test::both_required_and_not ... ok
[INFO] [stdout] test sources::test::dir_syntax ... ok
[INFO] [stdout] test misc::test_not_auto_value_usize::auto_is_not_a_valid_value_for_usize ... ok
[INFO] [stdout] test sources::test::from_cmdline ... ok
[INFO] [stdout] test sources::test::dir_with_some ... ok
[INFO] [stdout] test sources::test::load_two_files_with_cmdline ... ok
[INFO] [stdout] test misc::test_not_auto_value_isize::auto_is_not_a_valid_value_for_isize ... ok
[INFO] [stdout] test sources::test::non_required_file ... ok
[INFO] [stdout] test test::resolve_option_test ... ok
[INFO] [stdout] test file_watcher::test::watch_file_path ... ok
[INFO] [stdout] test file_watcher::test::watch_dirs ... ok
[INFO] [stdout] test test::reconfigure_helpers ... ok
[INFO] [stdout] test file_watcher::test::watch_dir_path ... ok
[INFO] [stdout] 
[INFO] [stdout] test result: ok. 64 passed; 0 failed; 0 ignored; 0 measured; 0 filtered out; finished in 0.13s
[INFO] [stdout] 
[INFO] [stderr]    Doc-tests tor_config
[INFO] [stdout] 
[INFO] [stdout] running 14 tests
[INFO] [stdout] test src/misc.rs - misc::ExplicitOrAuto (line 177) ... ignored
[INFO] [stdout] test src/misc.rs - misc::impl_not_auto_value (line 96) ... ok
[INFO] [stdout] test src/misc.rs - misc::ExplicitOrAuto<T>::into_value (line 220) ... ok
[INFO] [stdout] test src/flatten.rs - flatten::derive_deftly_template_Flattenable (line 89) ... ok
[INFO] [stdout] test src/lib.rs - impl_standard_builder (line 309) ... ok
[INFO] [stdout] test src/list_builder.rs - list_builder::DirectDefaultEmptyListBuilderAccessors (line 406) ... ok
[INFO] [stdout] test src/lib.rs - resolve_alternative_specs (line 245) ... ok
[INFO] [stdout] test src/list_builder.rs - list_builder (line 73) ... FAILED
[INFO] [stdout] test src/flatten.rs - flatten::Flatten (line 156) ... FAILED
[INFO] [stdout] test src/list_builder.rs - list_builder (line 27) ... ok
[INFO] [stdout] test src/list_builder.rs - list_builder::VecBuilder (line 457) ... ok
[INFO] [stdout] test src/misc.rs - misc::BoolOrAuto::as_bool (line 30) ... ok
[INFO] [stdout] test src/list_builder.rs - list_builder::MultilineListBuilder (line 505) ... ok
[INFO] [stdout] test src/load.rs - load (line 45) ... ok
[INFO] [stdout] 
[INFO] [stdout] failures:
[INFO] [stdout] 
[INFO] [stdout] ---- src/list_builder.rs - list_builder (line 73) stdout ----
[INFO] [stdout] error: linking with `cc` failed: exit status: 1
[INFO] [stdout]   |
[INFO] [stdout]   = note: LC_ALL="C" PATH="/opt/rustwide/rustup-home/toolchains/beta-2024-12-08-x86_64-unknown-linux-gnu/lib/rustlib/x86_64-unknown-linux-gnu/bin:/opt/rustwide/cargo-home/bin:/usr/local/sbin:/usr/local/bin:/usr/sbin:/usr/bin:/sbin:/bin" VSLANG="1033" "cc" "-m64" "/tmp/rustcQd8qLc/symbols.o" "/tmp/rustdoctestW6TkiM/rust_out.rust_out.9242fac72db2cd11-cgu.0.rcgu.o" "/tmp/rustdoctestW6TkiM/rust_out.2hl2tb9xdtge7mguxzn2q1kvi.rcgu.o" "-Wl,--as-needed" "-Wl,-Bstatic" "/opt/rustwide/target/debug/deps/libtor_config-1a0cc9e657a5b6af.rlib" "/opt/rustwide/target/debug/deps/libfigment-57144e746bc9e9b3.rlib" "/opt/rustwide/target/debug/deps/libtoml-8ce8d24667ad4649.rlib" "/opt/rustwide/target/debug/deps/libtoml_edit-3f09192dc62d13bd.rlib" "/opt/rustwide/target/debug/deps/libserde_spanned-5c266e81dd037e88.rlib" "/opt/rustwide/target/debug/deps/libindexmap-4adac39f4066dbcd.rlib" "/opt/rustwide/target/debug/deps/libequivalent-e4dc2e1acc32de2c.rlib" "/opt/rustwide/target/debug/deps/libhashbrown-d84fbfd56281ed8b.rlib" "/opt/rustwide/target/debug/deps/libwinnow-9e33a48fcf274143.rlib" "/opt/rustwide/target/debug/deps/libtoml_datetime-5fd63ac82731444f.rlib" "/opt/rustwide/target/debug/deps/libuncased-5293d2a95e5e2d3d.rlib" "/opt/rustwide/target/debug/deps/libfs_mistrust-fc94420d11c8ab88.rlib" "/opt/rustwide/target/debug/deps/libdirs-17b6e279dfa321ed.rlib" "/opt/rustwide/target/debug/deps/libdirs_sys-a39e649996e5b216.rlib" "/opt/rustwide/target/debug/deps/liboption_ext-7a7b9d4573f6b609.rlib" "/opt/rustwide/target/debug/deps/libderive_builder_fork_arti-22bafa749daf9318.rlib" "/opt/rustwide/target/debug/deps/libpwd_grp-d198c8fbe62beb06.rlib" "/opt/rustwide/target/debug/deps/libserde_ignored-e46da99c6dd6d42e.rlib" "/opt/rustwide/target/debug/deps/libtracing-7fa61e5159cb1dcf.rlib" "/opt/rustwide/target/debug/deps/libtracing_core-64d779e1fe82265f.rlib" "/opt/rustwide/target/debug/deps/libserde_value-338da72f4a9b58f4.rlib" "/opt/rustwide/target/debug/deps/libordered_float-567609f455e6f637.rlib" "/opt/rustwide/target/debug/deps/libnum_traits-138504e55ddf17d2.rlib" "/opt/rustwide/target/debug/deps/libserde-44e6b32c7f49887b.rlib" "/opt/rustwide/target/debug/deps/libderive_deftly-a84f79e200f9908f.rlib" "/opt/rustwide/target/debug/deps/libheck-8014e0f9dc1c6b6e.rlib" "/opt/rustwide/target/debug/deps/libpostage-d3ee0051463afe26.rlib" "/opt/rustwide/target/debug/deps/libparking_lot-b5b5fc0a294afc53.rlib" "/opt/rustwide/target/debug/deps/libparking_lot_core-e8ea8cdb8ff886a9.rlib" "/opt/rustwide/target/debug/deps/liblock_api-6967e438d0a7fd52.rlib" "/opt/rustwide/target/debug/deps/libscopeguard-f937485db0060aca.rlib" "/opt/rustwide/target/debug/deps/libcrossbeam_queue-07c368ebf446bcbe.rlib" "/opt/rustwide/target/debug/deps/libcrossbeam_utils-922404919385f485.rlib" "/opt/rustwide/target/debug/deps/libstatic_assertions-0ef270c4de502b0e.rlib" "/opt/rustwide/target/debug/deps/libatomic-53f0f8d874cc0157.rlib" "/opt/rustwide/target/debug/deps/libnotify-543185b5407f56bc.rlib" "/opt/rustwide/target/debug/deps/libfiletime-54999f6f9886601f.rlib" "/opt/rustwide/target/debug/deps/libwalkdir-16a83d3e0202b63d.rlib" "/opt/rustwide/target/debug/deps/libsame_file-63d3c1419bab90cd.rlib" "/opt/rustwide/target/debug/deps/libinotify-7b95885ca29b2067.rlib" "/opt/rustwide/target/debug/deps/libinotify_sys-55d6b0b4fa5d87e2.rlib" "/opt/rustwide/target/debug/deps/libbitflags-85e13ed1e0c6d910.rlib" "/opt/rustwide/target/debug/deps/libnotify_types-dedbb371442074a8.rlib" "/opt/rustwide/target/debug/deps/libinstant-38b7cd718018b070.rlib" "/opt/rustwide/target/debug/deps/libamplify-9287c3de91b3ad53.rlib" "/opt/rustwide/target/debug/deps/libascii-b44f7917d17650b9.rlib" "/opt/rustwide/target/debug/deps/libamplify_num-04ba13f2c123f522.rlib" "/opt/rustwide/target/debug/deps/libtor_rtcompat-3bdaeed0706ca49d.rlib" "/opt/rustwide/target/debug/deps/libcoarsetime-cc562ff72c61377e.rlib" "/opt/rustwide/target/debug/deps/libasync_native_tls-c333130be6f22e6b.rlib" "/opt/rustwide/target/debug/deps/libthiserror-adabc6dbccefd567.rlib" "/opt/rustwide/target/debug/deps/liburl-bb13e20123f64562.rlib" "/opt/rustwide/target/debug/deps/libidna-90779e0d512b84b5.rlib" "/opt/rustwide/target/debug/deps/libidna_adapter-731c4e6bb46b207d.rlib" "/opt/rustwide/target/debug/deps/libicu_normalizer-66fa059fc1971b02.rlib" "/opt/rustwide/target/debug/deps/libicu_normalizer_data-d3c2725a089a2467.rlib" "/opt/rustwide/target/debug/deps/libwrite16-d15e33f2b3b5e6d8.rlib" "/opt/rustwide/target/debug/deps/libutf8_iter-d5e8daeaacfd8f95.rlib" "/opt/rustwide/target/debug/deps/libutf16_iter-9749a04129eccc81.rlib" "/opt/rustwide/target/debug/deps/libicu_properties-46e3205f8881ba8f.rlib" "/opt/rustwide/target/debug/deps/libicu_properties_data-8db115c81033ba3a.rlib" "/opt/rustwide/target/debug/deps/libicu_locid_transform-5e91e601f8d7860d.rlib" "/opt/rustwide/target/debug/deps/libicu_locid_transform_data-b75aeb662448ba61.rlib" "/opt/rustwide/target/debug/deps/libicu_collections-4775e53f09f86c67.rlib" "/opt/rustwide/target/debug/deps/libicu_provider-aab12e62eb21a968.rlib" "/opt/rustwide/target/debug/deps/libicu_locid-5c6afad52a166631.rlib" "/opt/rustwide/target/debug/deps/liblitemap-f4f1c45b9b1b6474.rlib" "/opt/rustwide/target/debug/deps/libtinystr-8cb4f4e4e162fb31.rlib" "/opt/rustwide/target/debug/deps/libzerovec-e3bf4d958f5b955c.rlib" "/opt/rustwide/target/debug/deps/libwriteable-d425da3f2cf37998.rlib" "/opt/rustwide/target/debug/deps/libyoke-b55b3062831cfcff.rlib" "/opt/rustwide/target/debug/deps/libzerofrom-5d80ea442dd530a4.rlib" "/opt/rustwide/target/debug/deps/libstable_deref_trait-8e22d1dc883a4bb5.rlib" "/opt/rustwide/target/debug/deps/libform_urlencoded-225480349c93ac62.rlib" "/opt/rustwide/target/debug/deps/libpercent_encoding-0e0b8bd7b8462710.rlib" "/opt/rustwide/target/debug/deps/libasync_executors-32352c8315cf15f6.rlib" "/opt/rustwide/target/debug/deps/libpin_project-c4b2516f91018d5d.rlib" "/opt/rustwide/target/debug/deps/libdyn_clone-3efd4ac34a7b414b.rlib" "/opt/rustwide/target/debug/deps/libnative_tls-a5f7c74d16876f54.rlib" "/opt/rustwide/target/debug/deps/libopenssl_probe-ed1174850529d944.rlib" "/opt/rustwide/target/debug/deps/libopenssl-32706cbfee13c68e.rlib" "/opt/rustwide/target/debug/deps/libbitflags-e303ea873600dc51.rlib" "/opt/rustwide/target/debug/deps/libforeign_types-2619a4331d8b6eb7.rlib" "/opt/rustwide/target/debug/deps/libforeign_types_shared-c35523625cfd8702.rlib" "/opt/rustwide/target/debug/deps/libopenssl_sys-52e86da2219abac5.rlib" "/opt/rustwide/target/debug/deps/libtokio_util-31564301860f89d0.rlib" "/opt/rustwide/target/debug/deps/libtokio-3c0512d0db93bcc4.rlib" "/opt/rustwide/target/debug/deps/libsignal_hook_registry-e39bbd51ff6364f9.rlib" "/opt/rustwide/target/debug/deps/libsocket2-433ce6310ebfb808.rlib" "/opt/rustwide/target/debug/deps/libbytes-d350a029aac7517f.rlib" "/opt/rustwide/target/debug/deps/libmio-e9bd58d250d5a697.rlib" "/opt/rustwide/target/debug/deps/liblog-e73d77c4679bb236.rlib" "/opt/rustwide/target/debug/deps/libtor_general_addr-be78a3aeb17a279a.rlib" "/opt/rustwide/target/debug/deps/libtor_error-51f6e36997d07b5d.rlib" "/opt/rustwide/target/debug/deps/libvoid-e9e66bdf6e7605ed.rlib" "/opt/rustwide/target/debug/deps/libfutures-53326bca07acd11f.rlib" "/opt/rustwide/target/debug/deps/libfutures_executor-d2398a4448b5d3ec.rlib" "/opt/rustwide/target/debug/deps/libfutures_util-c4d3a4cbbdabc6b4.rlib" "/opt/rustwide/target/debug/deps/libmemchr-412d53cbfea52259.rlib" "/opt/rustwide/target/debug/deps/libfutures_io-21bfb1226bcc61eb.rlib" "/opt/rustwide/target/debug/deps/libfutures_channel-b5988b46d8271465.rlib" "/opt/rustwide/target/debug/deps/libpin_project_lite-7402bb5815a515fa.rlib" "/opt/rustwide/target/debug/deps/libfutures_sink-c08971cd7bb2121a.rlib" "/opt/rustwide/target/debug/deps/libfutures_task-8f3d517e46b5e056.rlib" "/opt/rustwide/target/debug/deps/libpin_utils-e8360a4d12f71807.rlib" "/opt/rustwide/target/debug/deps/libfutures_core-155b59cd655dda41.rlib" "/opt/rustwide/target/debug/deps/libretry_error-9fb1db517c787676.rlib" "/opt/rustwide/target/debug/deps/libstrum-287a33c90c52a1e6.rlib" "/opt/rustwide/target/debug/deps/libtor_basic_utils-2b4fd0738715b76e.rlib" "/opt/rustwide/target/debug/deps/libhex-bf5d7c1623e40692.rlib" "/opt/rustwide/target/debug/deps/libthiserror-806defba342d5532.rlib" "/opt/rustwide/target/debug/deps/libitertools-a7302f02179615ca.rlib" "/opt/rustwide/target/debug/deps/libeither-5adc936c7a206324.rlib" "/opt/rustwide/target/debug/deps/libderive_more-25f4ff27cb65116e.rlib" "/opt/rustwide/target/debug/deps/librand-bdc37f11bf7cddc2.rlib" "/opt/rustwide/target/debug/deps/librand_chacha-0d30c459705ac19d.rlib" "/opt/rustwide/target/debug/deps/libppv_lite86-fdf58e856de477b6.rlib" "/opt/rustwide/target/debug/deps/libzerocopy-a2bc5fbca0d06b40.rlib" "/opt/rustwide/target/debug/deps/libbyteorder-1330d4a483bc0841.rlib" "/opt/rustwide/target/debug/deps/librand_core-24762e9e1e96b4fc.rlib" "/opt/rustwide/target/debug/deps/libgetrandom-4ed2622a5aaffb15.rlib" "/opt/rustwide/target/debug/deps/liblibc-ab537429a1f68abe.rlib" "/opt/rustwide/target/debug/deps/libcfg_if-a3e7e701fcd1f47b.rlib" "/opt/rustwide/target/debug/deps/libsmallvec-53fd8ee9edcafbcd.rlib" "/opt/rustwide/target/debug/deps/libslab-1467acbaaf6df1c2.rlib" "/opt/rustwide/target/debug/deps/libregex-e260f541642f3cc4.rlib" "/opt/rustwide/target/debug/deps/libregex_automata-12253fe313d2c157.rlib" "/opt/rustwide/target/debug/deps/libregex_syntax-1d8110e2a68162ad.rlib" "/opt/rustwide/target/debug/deps/libonce_cell-0a05695a483fa658.rlib" "/opt/rustwide/rustup-home/toolchains/beta-2024-12-08-x86_64-unknown-linux-gnu/lib/rustlib/x86_64-unknown-linux-gnu/lib/libstd-02dc84f49135b6b8.rlib" "/opt/rustwide/rustup-home/toolchains/beta-2024-12-08-x86_64-unknown-linux-gnu/lib/rustlib/x86_64-unknown-linux-gnu/lib/libpanic_unwind-a8f45b397fae3f81.rlib" "/opt/rustwide/rustup-home/toolchains/beta-2024-12-08-x86_64-unknown-linux-gnu/lib/rustlib/x86_64-unknown-linux-gnu/lib/libobject-089607133c180609.rlib" "/opt/rustwide/rustup-home/toolchains/beta-2024-12-08-x86_64-unknown-linux-gnu/lib/rustlib/x86_64-unknown-linux-gnu/lib/libmemchr-fc89f091bcd86cbb.rlib" "/opt/rustwide/rustup-home/toolchains/beta-2024-12-08-x86_64-unknown-linux-gnu/lib/rustlib/x86_64-unknown-linux-gnu/lib/libaddr2line-5a60949f01c7340c.rlib" "/opt/rustwide/rustup-home/toolchains/beta-2024-12-08-x86_64-unknown-linux-gnu/lib/rustlib/x86_64-unknown-linux-gnu/lib/libgimli-d29e6a55ca253c8c.rlib" "/opt/rustwide/rustup-home/toolchains/beta-2024-12-08-x86_64-unknown-linux-gnu/lib/rustlib/x86_64-unknown-linux-gnu/lib/librustc_demangle-273c078d5f65de7a.rlib" "/opt/rustwide/rustup-home/toolchains/beta-2024-12-08-x86_64-unknown-linux-gnu/lib/rustlib/x86_64-unknown-linux-gnu/lib/libstd_detect-413c950ffbdd4454.rlib" "/opt/rustwide/rustup-home/toolchains/beta-2024-12-08-x86_64-unknown-linux-gnu/lib/rustlib/x86_64-unknown-linux-gnu/lib/libhashbrown-1853c0976a1d88a6.rlib" "/opt/rustwide/rustup-home/toolchains/beta-2024-12-08-x86_64-unknown-linux-gnu/lib/rustlib/x86_64-unknown-linux-gnu/lib/librustc_std_workspace_alloc-ccb3384ddacb0f9e.rlib" "/opt/rustwide/rustup-home/toolchains/beta-2024-12-08-x86_64-unknown-linux-gnu/lib/rustlib/x86_64-unknown-linux-gnu/lib/libminiz_oxide-0b901dfb0ca849e0.rlib" "/opt/rustwide/rustup-home/toolchains/beta-2024-12-08-x86_64-unknown-linux-gnu/lib/rustlib/x86_64-unknown-linux-gnu/lib/libadler-eebeb8d7c64543ad.rlib" "/opt/rustwide/rustup-home/toolchains/beta-2024-12-08-x86_64-unknown-linux-gnu/lib/rustlib/x86_64-unknown-linux-gnu/lib/libunwind-4723ef81d6079867.rlib" "/opt/rustwide/rustup-home/toolchains/beta-2024-12-08-x86_64-unknown-linux-gnu/lib/rustlib/x86_64-unknown-linux-gnu/lib/libcfg_if-54442f8b422f5a54.rlib" "/opt/rustwide/rustup-home/toolchains/beta-2024-12-08-x86_64-unknown-linux-gnu/lib/rustlib/x86_64-unknown-linux-gnu/lib/liblibc-e0bbe034b5282553.rlib" "/opt/rustwide/rustup-home/toolchains/beta-2024-12-08-x86_64-unknown-linux-gnu/lib/rustlib/x86_64-unknown-linux-gnu/lib/liballoc-d0febb68c1c37b90.rlib" "/opt/rustwide/rustup-home/toolchains/beta-2024-12-08-x86_64-unknown-linux-gnu/lib/rustlib/x86_64-unknown-linux-gnu/lib/librustc_std_workspace_core-4cf833632aafa84c.rlib" "/opt/rustwide/rustup-home/toolchains/beta-2024-12-08-x86_64-unknown-linux-gnu/lib/rustlib/x86_64-unknown-linux-gnu/lib/libcore-65c2c6d2d6ae570b.rlib" "/opt/rustwide/rustup-home/toolchains/beta-2024-12-08-x86_64-unknown-linux-gnu/lib/rustlib/x86_64-unknown-linux-gnu/lib/libcompiler_builtins-97929cee0dcfe424.rlib" "-Wl,-Bdynamic" "-lssl" "-lcrypto" "-lgcc_s" "-lutil" "-lrt" "-lpthread" "-lm" "-ldl" "-lc" "-Wl,--eh-frame-hdr" "-Wl,-z,noexecstack" "-L" "/opt/rustwide/rustup-home/toolchains/beta-2024-12-08-x86_64-unknown-linux-gnu/lib/rustlib/x86_64-unknown-linux-gnu/lib" "-o" "/tmp/rustdoctestW6TkiM/rust_out" "-Wl,--gc-sections" "-pie" "-Wl,-z,relro,-z,now" "-nodefaultlibs"
[INFO] [stdout]   = note: collect2: fatal error: ld terminated with signal 9 [Killed]
[INFO] [stdout]           compilation terminated.
[INFO] [stdout]           
[INFO] [stdout] 
[INFO] [stdout] error: aborting due to 1 previous error
[INFO] [stdout] 
[INFO] [stdout] Couldn't compile the test.
[INFO] [stdout] ---- src/flatten.rs - flatten::Flatten (line 156) stdout ----
[INFO] [stdout] error: linking with `cc` failed: exit status: 1
[INFO] [stdout]   |
[INFO] [stdout]   = note: LC_ALL="C" PATH="/opt/rustwide/rustup-home/toolchains/beta-2024-12-08-x86_64-unknown-linux-gnu/lib/rustlib/x86_64-unknown-linux-gnu/bin:/opt/rustwide/cargo-home/bin:/usr/local/sbin:/usr/local/bin:/usr/sbin:/usr/bin:/sbin:/bin" VSLANG="1033" "cc" "-m64" "/tmp/rustcrHvJ7k/symbols.o" "/tmp/rustdoctestj5e2JO/rust_out.rust_out.9242fac72db2cd11-cgu.0.rcgu.o" "/tmp/rustdoctestj5e2JO/rust_out.2hl2tb9xdtge7mguxzn2q1kvi.rcgu.o" "-Wl,--as-needed" "-Wl,-Bstatic" "/opt/rustwide/target/debug/deps/libtor_config-1a0cc9e657a5b6af.rlib" "/opt/rustwide/target/debug/deps/libfigment-57144e746bc9e9b3.rlib" "/opt/rustwide/target/debug/deps/libtoml-8ce8d24667ad4649.rlib" "/opt/rustwide/target/debug/deps/libtoml_edit-3f09192dc62d13bd.rlib" "/opt/rustwide/target/debug/deps/libserde_spanned-5c266e81dd037e88.rlib" "/opt/rustwide/target/debug/deps/libindexmap-4adac39f4066dbcd.rlib" "/opt/rustwide/target/debug/deps/libequivalent-e4dc2e1acc32de2c.rlib" "/opt/rustwide/target/debug/deps/libhashbrown-d84fbfd56281ed8b.rlib" "/opt/rustwide/target/debug/deps/libwinnow-9e33a48fcf274143.rlib" "/opt/rustwide/target/debug/deps/libtoml_datetime-5fd63ac82731444f.rlib" "/opt/rustwide/target/debug/deps/libuncased-5293d2a95e5e2d3d.rlib" "/opt/rustwide/target/debug/deps/libfs_mistrust-fc94420d11c8ab88.rlib" "/opt/rustwide/target/debug/deps/libdirs-17b6e279dfa321ed.rlib" "/opt/rustwide/target/debug/deps/libdirs_sys-a39e649996e5b216.rlib" "/opt/rustwide/target/debug/deps/liboption_ext-7a7b9d4573f6b609.rlib" "/opt/rustwide/target/debug/deps/libderive_builder_fork_arti-22bafa749daf9318.rlib" "/opt/rustwide/target/debug/deps/libpwd_grp-d198c8fbe62beb06.rlib" "/opt/rustwide/target/debug/deps/libserde_ignored-e46da99c6dd6d42e.rlib" "/opt/rustwide/target/debug/deps/libtracing-7fa61e5159cb1dcf.rlib" "/opt/rustwide/target/debug/deps/libtracing_core-64d779e1fe82265f.rlib" "/opt/rustwide/target/debug/deps/libserde_value-338da72f4a9b58f4.rlib" "/opt/rustwide/target/debug/deps/libordered_float-567609f455e6f637.rlib" "/opt/rustwide/target/debug/deps/libnum_traits-138504e55ddf17d2.rlib" "/opt/rustwide/target/debug/deps/libserde-44e6b32c7f49887b.rlib" "/opt/rustwide/target/debug/deps/libderive_deftly-a84f79e200f9908f.rlib" "/opt/rustwide/target/debug/deps/libheck-8014e0f9dc1c6b6e.rlib" "/opt/rustwide/target/debug/deps/libpostage-d3ee0051463afe26.rlib" "/opt/rustwide/target/debug/deps/libparking_lot-b5b5fc0a294afc53.rlib" "/opt/rustwide/target/debug/deps/libparking_lot_core-e8ea8cdb8ff886a9.rlib" "/opt/rustwide/target/debug/deps/liblock_api-6967e438d0a7fd52.rlib" "/opt/rustwide/target/debug/deps/libscopeguard-f937485db0060aca.rlib" "/opt/rustwide/target/debug/deps/libcrossbeam_queue-07c368ebf446bcbe.rlib" "/opt/rustwide/target/debug/deps/libcrossbeam_utils-922404919385f485.rlib" "/opt/rustwide/target/debug/deps/libstatic_assertions-0ef270c4de502b0e.rlib" "/opt/rustwide/target/debug/deps/libatomic-53f0f8d874cc0157.rlib" "/opt/rustwide/target/debug/deps/libnotify-543185b5407f56bc.rlib" "/opt/rustwide/target/debug/deps/libfiletime-54999f6f9886601f.rlib" "/opt/rustwide/target/debug/deps/libwalkdir-16a83d3e0202b63d.rlib" "/opt/rustwide/target/debug/deps/libsame_file-63d3c1419bab90cd.rlib" "/opt/rustwide/target/debug/deps/libinotify-7b95885ca29b2067.rlib" "/opt/rustwide/target/debug/deps/libinotify_sys-55d6b0b4fa5d87e2.rlib" "/opt/rustwide/target/debug/deps/libbitflags-85e13ed1e0c6d910.rlib" "/opt/rustwide/target/debug/deps/libnotify_types-dedbb371442074a8.rlib" "/opt/rustwide/target/debug/deps/libinstant-38b7cd718018b070.rlib" "/opt/rustwide/target/debug/deps/libamplify-9287c3de91b3ad53.rlib" "/opt/rustwide/target/debug/deps/libascii-b44f7917d17650b9.rlib" "/opt/rustwide/target/debug/deps/libamplify_num-04ba13f2c123f522.rlib" "/opt/rustwide/target/debug/deps/libtor_rtcompat-3bdaeed0706ca49d.rlib" "/opt/rustwide/target/debug/deps/libcoarsetime-cc562ff72c61377e.rlib" "/opt/rustwide/target/debug/deps/libasync_native_tls-c333130be6f22e6b.rlib" "/opt/rustwide/target/debug/deps/libthiserror-adabc6dbccefd567.rlib" "/opt/rustwide/target/debug/deps/liburl-bb13e20123f64562.rlib" "/opt/rustwide/target/debug/deps/libidna-90779e0d512b84b5.rlib" "/opt/rustwide/target/debug/deps/libidna_adapter-731c4e6bb46b207d.rlib" "/opt/rustwide/target/debug/deps/libicu_normalizer-66fa059fc1971b02.rlib" "/opt/rustwide/target/debug/deps/libicu_normalizer_data-d3c2725a089a2467.rlib" "/opt/rustwide/target/debug/deps/libwrite16-d15e33f2b3b5e6d8.rlib" "/opt/rustwide/target/debug/deps/libutf8_iter-d5e8daeaacfd8f95.rlib" "/opt/rustwide/target/debug/deps/libutf16_iter-9749a04129eccc81.rlib" "/opt/rustwide/target/debug/deps/libicu_properties-46e3205f8881ba8f.rlib" "/opt/rustwide/target/debug/deps/libicu_properties_data-8db115c81033ba3a.rlib" "/opt/rustwide/target/debug/deps/libicu_locid_transform-5e91e601f8d7860d.rlib" "/opt/rustwide/target/debug/deps/libicu_locid_transform_data-b75aeb662448ba61.rlib" "/opt/rustwide/target/debug/deps/libicu_collections-4775e53f09f86c67.rlib" "/opt/rustwide/target/debug/deps/libicu_provider-aab12e62eb21a968.rlib" "/opt/rustwide/target/debug/deps/libicu_locid-5c6afad52a166631.rlib" "/opt/rustwide/target/debug/deps/liblitemap-f4f1c45b9b1b6474.rlib" "/opt/rustwide/target/debug/deps/libtinystr-8cb4f4e4e162fb31.rlib" "/opt/rustwide/target/debug/deps/libzerovec-e3bf4d958f5b955c.rlib" "/opt/rustwide/target/debug/deps/libwriteable-d425da3f2cf37998.rlib" "/opt/rustwide/target/debug/deps/libyoke-b55b3062831cfcff.rlib" "/opt/rustwide/target/debug/deps/libzerofrom-5d80ea442dd530a4.rlib" "/opt/rustwide/target/debug/deps/libstable_deref_trait-8e22d1dc883a4bb5.rlib" "/opt/rustwide/target/debug/deps/libform_urlencoded-225480349c93ac62.rlib" "/opt/rustwide/target/debug/deps/libpercent_encoding-0e0b8bd7b8462710.rlib" "/opt/rustwide/target/debug/deps/libasync_executors-32352c8315cf15f6.rlib" "/opt/rustwide/target/debug/deps/libpin_project-c4b2516f91018d5d.rlib" "/opt/rustwide/target/debug/deps/libdyn_clone-3efd4ac34a7b414b.rlib" "/opt/rustwide/target/debug/deps/libnative_tls-a5f7c74d16876f54.rlib" "/opt/rustwide/target/debug/deps/libopenssl_probe-ed1174850529d944.rlib" "/opt/rustwide/target/debug/deps/libopenssl-32706cbfee13c68e.rlib" "/opt/rustwide/target/debug/deps/libbitflags-e303ea873600dc51.rlib" "/opt/rustwide/target/debug/deps/libforeign_types-2619a4331d8b6eb7.rlib" "/opt/rustwide/target/debug/deps/libforeign_types_shared-c35523625cfd8702.rlib" "/opt/rustwide/target/debug/deps/libopenssl_sys-52e86da2219abac5.rlib" "/opt/rustwide/target/debug/deps/libtokio_util-31564301860f89d0.rlib" "/opt/rustwide/target/debug/deps/libtokio-3c0512d0db93bcc4.rlib" "/opt/rustwide/target/debug/deps/libsignal_hook_registry-e39bbd51ff6364f9.rlib" "/opt/rustwide/target/debug/deps/libsocket2-433ce6310ebfb808.rlib" "/opt/rustwide/target/debug/deps/libbytes-d350a029aac7517f.rlib" "/opt/rustwide/target/debug/deps/libmio-e9bd58d250d5a697.rlib" "/opt/rustwide/target/debug/deps/liblog-e73d77c4679bb236.rlib" "/opt/rustwide/target/debug/deps/libtor_general_addr-be78a3aeb17a279a.rlib" "/opt/rustwide/target/debug/deps/libtor_error-51f6e36997d07b5d.rlib" "/opt/rustwide/target/debug/deps/libvoid-e9e66bdf6e7605ed.rlib" "/opt/rustwide/target/debug/deps/libfutures-53326bca07acd11f.rlib" "/opt/rustwide/target/debug/deps/libfutures_executor-d2398a4448b5d3ec.rlib" "/opt/rustwide/target/debug/deps/libfutures_util-c4d3a4cbbdabc6b4.rlib" "/opt/rustwide/target/debug/deps/libmemchr-412d53cbfea52259.rlib" "/opt/rustwide/target/debug/deps/libfutures_io-21bfb1226bcc61eb.rlib" "/opt/rustwide/target/debug/deps/libfutures_channel-b5988b46d8271465.rlib" "/opt/rustwide/target/debug/deps/libpin_project_lite-7402bb5815a515fa.rlib" "/opt/rustwide/target/debug/deps/libfutures_sink-c08971cd7bb2121a.rlib" "/opt/rustwide/target/debug/deps/libfutures_task-8f3d517e46b5e056.rlib" "/opt/rustwide/target/debug/deps/libpin_utils-e8360a4d12f71807.rlib" "/opt/rustwide/target/debug/deps/libfutures_core-155b59cd655dda41.rlib" "/opt/rustwide/target/debug/deps/libretry_error-9fb1db517c787676.rlib" "/opt/rustwide/target/debug/deps/libstrum-287a33c90c52a1e6.rlib" "/opt/rustwide/target/debug/deps/libtor_basic_utils-2b4fd0738715b76e.rlib" "/opt/rustwide/target/debug/deps/libhex-bf5d7c1623e40692.rlib" "/opt/rustwide/target/debug/deps/libthiserror-806defba342d5532.rlib" "/opt/rustwide/target/debug/deps/libitertools-a7302f02179615ca.rlib" "/opt/rustwide/target/debug/deps/libeither-5adc936c7a206324.rlib" "/opt/rustwide/target/debug/deps/libderive_more-25f4ff27cb65116e.rlib" "/opt/rustwide/target/debug/deps/librand-bdc37f11bf7cddc2.rlib" "/opt/rustwide/target/debug/deps/librand_chacha-0d30c459705ac19d.rlib" "/opt/rustwide/target/debug/deps/libppv_lite86-fdf58e856de477b6.rlib" "/opt/rustwide/target/debug/deps/libzerocopy-a2bc5fbca0d06b40.rlib" "/opt/rustwide/target/debug/deps/libbyteorder-1330d4a483bc0841.rlib" "/opt/rustwide/target/debug/deps/librand_core-24762e9e1e96b4fc.rlib" "/opt/rustwide/target/debug/deps/libgetrandom-4ed2622a5aaffb15.rlib" "/opt/rustwide/target/debug/deps/liblibc-ab537429a1f68abe.rlib" "/opt/rustwide/target/debug/deps/libcfg_if-a3e7e701fcd1f47b.rlib" "/opt/rustwide/target/debug/deps/libsmallvec-53fd8ee9edcafbcd.rlib" "/opt/rustwide/target/debug/deps/libslab-1467acbaaf6df1c2.rlib" "/opt/rustwide/target/debug/deps/libregex-e260f541642f3cc4.rlib" "/opt/rustwide/target/debug/deps/libregex_automata-12253fe313d2c157.rlib" "/opt/rustwide/target/debug/deps/libregex_syntax-1d8110e2a68162ad.rlib" "/opt/rustwide/target/debug/deps/libonce_cell-0a05695a483fa658.rlib" "/opt/rustwide/rustup-home/toolchains/beta-2024-12-08-x86_64-unknown-linux-gnu/lib/rustlib/x86_64-unknown-linux-gnu/lib/libstd-02dc84f49135b6b8.rlib" "/opt/rustwide/rustup-home/toolchains/beta-2024-12-08-x86_64-unknown-linux-gnu/lib/rustlib/x86_64-unknown-linux-gnu/lib/libpanic_unwind-a8f45b397fae3f81.rlib" "/opt/rustwide/rustup-home/toolchains/beta-2024-12-08-x86_64-unknown-linux-gnu/lib/rustlib/x86_64-unknown-linux-gnu/lib/libobject-089607133c180609.rlib" "/opt/rustwide/rustup-home/toolchains/beta-2024-12-08-x86_64-unknown-linux-gnu/lib/rustlib/x86_64-unknown-linux-gnu/lib/libmemchr-fc89f091bcd86cbb.rlib" "/opt/rustwide/rustup-home/toolchains/beta-2024-12-08-x86_64-unknown-linux-gnu/lib/rustlib/x86_64-unknown-linux-gnu/lib/libaddr2line-5a60949f01c7340c.rlib" "/opt/rustwide/rustup-home/toolchains/beta-2024-12-08-x86_64-unknown-linux-gnu/lib/rustlib/x86_64-unknown-linux-gnu/lib/libgimli-d29e6a55ca253c8c.rlib" "/opt/rustwide/rustup-home/toolchains/beta-2024-12-08-x86_64-unknown-linux-gnu/lib/rustlib/x86_64-unknown-linux-gnu/lib/librustc_demangle-273c078d5f65de7a.rlib" "/opt/rustwide/rustup-home/toolchains/beta-2024-12-08-x86_64-unknown-linux-gnu/lib/rustlib/x86_64-unknown-linux-gnu/lib/libstd_detect-413c950ffbdd4454.rlib" "/opt/rustwide/rustup-home/toolchains/beta-2024-12-08-x86_64-unknown-linux-gnu/lib/rustlib/x86_64-unknown-linux-gnu/lib/libhashbrown-1853c0976a1d88a6.rlib" "/opt/rustwide/rustup-home/toolchains/beta-2024-12-08-x86_64-unknown-linux-gnu/lib/rustlib/x86_64-unknown-linux-gnu/lib/librustc_std_workspace_alloc-ccb3384ddacb0f9e.rlib" "/opt/rustwide/rustup-home/toolchains/beta-2024-12-08-x86_64-unknown-linux-gnu/lib/rustlib/x86_64-unknown-linux-gnu/lib/libminiz_oxide-0b901dfb0ca849e0.rlib" "/opt/rustwide/rustup-home/toolchains/beta-2024-12-08-x86_64-unknown-linux-gnu/lib/rustlib/x86_64-unknown-linux-gnu/lib/libadler-eebeb8d7c64543ad.rlib" "/opt/rustwide/rustup-home/toolchains/beta-2024-12-08-x86_64-unknown-linux-gnu/lib/rustlib/x86_64-unknown-linux-gnu/lib/libunwind-4723ef81d6079867.rlib" "/opt/rustwide/rustup-home/toolchains/beta-2024-12-08-x86_64-unknown-linux-gnu/lib/rustlib/x86_64-unknown-linux-gnu/lib/libcfg_if-54442f8b422f5a54.rlib" "/opt/rustwide/rustup-home/toolchains/beta-2024-12-08-x86_64-unknown-linux-gnu/lib/rustlib/x86_64-unknown-linux-gnu/lib/liblibc-e0bbe034b5282553.rlib" "/opt/rustwide/rustup-home/toolchains/beta-2024-12-08-x86_64-unknown-linux-gnu/lib/rustlib/x86_64-unknown-linux-gnu/lib/liballoc-d0febb68c1c37b90.rlib" "/opt/rustwide/rustup-home/toolchains/beta-2024-12-08-x86_64-unknown-linux-gnu/lib/rustlib/x86_64-unknown-linux-gnu/lib/librustc_std_workspace_core-4cf833632aafa84c.rlib" "/opt/rustwide/rustup-home/toolchains/beta-2024-12-08-x86_64-unknown-linux-gnu/lib/rustlib/x86_64-unknown-linux-gnu/lib/libcore-65c2c6d2d6ae570b.rlib" "/opt/rustwide/rustup-home/toolchains/beta-2024-12-08-x86_64-unknown-linux-gnu/lib/rustlib/x86_64-unknown-linux-gnu/lib/libcompiler_builtins-97929cee0dcfe424.rlib" "-Wl,-Bdynamic" "-lssl" "-lcrypto" "-lgcc_s" "-lutil" "-lrt" "-lpthread" "-lm" "-ldl" "-lc" "-Wl,--eh-frame-hdr" "-Wl,-z,noexecstack" "-L" "/opt/rustwide/rustup-home/toolchains/beta-2024-12-08-x86_64-unknown-linux-gnu/lib/rustlib/x86_64-unknown-linux-gnu/lib" "-o" "/tmp/rustdoctestj5e2JO/rust_out" "-Wl,--gc-sections" "-pie" "-Wl,-z,relro,-z,now" "-nodefaultlibs"
[INFO] [stdout]   = note: collect2: fatal error: ld terminated with signal 9 [Killed]
[INFO] [stdout]           compilation terminated.
[INFO] [stdout]           
[INFO] [stdout] 
[INFO] [stdout] error: aborting due to 1 previous error
[INFO] [stdout] 
[INFO] [stdout] Couldn't compile the test.
[INFO] [stdout] 
[INFO] [stdout] failures:
[INFO] [stdout]     src/flatten.rs - flatten::Flatten (line 156)
[INFO] [stdout]     src/list_builder.rs - list_builder (line 73)
[INFO] [stdout] 
[INFO] [stdout] test result: FAILED. 11 passed; 2 failed; 1 ignored; 0 measured; 0 filtered out; finished in 7.70s
[INFO] [stdout] 
[INFO] [stderr] error: doctest failed, to rerun pass `--doc`
[INFO] running `Command { std: "docker" "inspect" "b554797d7d6aebd836773b7e743c65fc24be6d2fb34f3783d69ffdea84696014", kill_on_drop: false }`
[INFO] running `Command { std: "docker" "rm" "-f" "b554797d7d6aebd836773b7e743c65fc24be6d2fb34f3783d69ffdea84696014", kill_on_drop: false }`
[INFO] [stdout] b554797d7d6aebd836773b7e743c65fc24be6d2fb34f3783d69ffdea84696014
