[INFO] fetching crate routee-compass 0.8.0...
[INFO] testing routee-compass-0.8.0 against beta-2024-12-08 for beta-1.84.0-4-retry
[INFO] extracting crate routee-compass 0.8.0 into /workspace/builds/worker-7-tc2/source
[INFO] validating manifest of crates.io crate routee-compass 0.8.0 on toolchain beta-2024-12-08
[INFO] running `Command { std: CARGO_HOME="/workspace/cargo-home" RUSTUP_HOME="/workspace/rustup-home" "/workspace/cargo-home/bin/cargo" "+beta-2024-12-08" "metadata" "--manifest-path" "Cargo.toml" "--no-deps", kill_on_drop: false }`
[INFO] started tweaking crates.io crate routee-compass 0.8.0
[INFO] finished tweaking crates.io crate routee-compass 0.8.0
[INFO] tweaked toml for crates.io crate routee-compass 0.8.0 written to /workspace/builds/worker-7-tc2/source/Cargo.toml
[INFO] crate crates.io crate routee-compass 0.8.0 already has a lockfile, it will not be regenerated
[INFO] running `Command { std: CARGO_HOME="/workspace/cargo-home" RUSTUP_HOME="/workspace/rustup-home" "/workspace/cargo-home/bin/cargo" "+beta-2024-12-08" "fetch" "--manifest-path" "Cargo.toml", kill_on_drop: false }`
[INFO] running `Command { std: "docker" "create" "-v" "/var/lib/crater-agent-workspace/builds/worker-7-tc2/target:/opt/rustwide/target:rw,Z" "-v" "/var/lib/crater-agent-workspace/builds/worker-7-tc2/source:/opt/rustwide/workdir:ro,Z" "-v" "/var/lib/crater-agent-workspace/cargo-home:/opt/rustwide/cargo-home:ro,Z" "-v" "/var/lib/crater-agent-workspace/rustup-home:/opt/rustwide/rustup-home:ro,Z" "-e" "SOURCE_DIR=/opt/rustwide/workdir" "-e" "CARGO_TARGET_DIR=/opt/rustwide/target" "-e" "CARGO_HOME=/opt/rustwide/cargo-home" "-e" "RUSTUP_HOME=/opt/rustwide/rustup-home" "-w" "/opt/rustwide/workdir" "-m" "1610612736" "--user" "0:0" "--network" "none" "ghcr.io/rust-lang/crates-build-env/linux@sha256:f3a9d4ad9d972b27faf3965f35b62e55ba32bbce8f20bc8fe909558a86702fde" "/opt/rustwide/cargo-home/bin/cargo" "+beta-2024-12-08" "metadata" "--no-deps" "--format-version=1", kill_on_drop: false }`
[INFO] [stdout] a1795e0cf72545287b9971157e7aa8d09c78e298541840ee5a0d97aab6396b59
[INFO] running `Command { std: "docker" "start" "-a" "a1795e0cf72545287b9971157e7aa8d09c78e298541840ee5a0d97aab6396b59", kill_on_drop: false }`
[INFO] running `Command { std: "docker" "inspect" "a1795e0cf72545287b9971157e7aa8d09c78e298541840ee5a0d97aab6396b59", kill_on_drop: false }`
[INFO] running `Command { std: "docker" "rm" "-f" "a1795e0cf72545287b9971157e7aa8d09c78e298541840ee5a0d97aab6396b59", kill_on_drop: false }`
[INFO] [stdout] a1795e0cf72545287b9971157e7aa8d09c78e298541840ee5a0d97aab6396b59
[INFO] running `Command { std: "docker" "create" "-v" "/var/lib/crater-agent-workspace/builds/worker-7-tc2/target:/opt/rustwide/target:rw,Z" "-v" "/var/lib/crater-agent-workspace/builds/worker-7-tc2/source:/opt/rustwide/workdir:ro,Z" "-v" "/var/lib/crater-agent-workspace/cargo-home:/opt/rustwide/cargo-home:ro,Z" "-v" "/var/lib/crater-agent-workspace/rustup-home:/opt/rustwide/rustup-home:ro,Z" "-e" "SOURCE_DIR=/opt/rustwide/workdir" "-e" "CARGO_TARGET_DIR=/opt/rustwide/target" "-e" "CARGO_INCREMENTAL=0" "-e" "RUST_BACKTRACE=full" "-e" "RUSTFLAGS=--cap-lints=warn" "-e" "RUSTDOCFLAGS=--cap-lints=warn" "-e" "CARGO_HOME=/opt/rustwide/cargo-home" "-e" "RUSTUP_HOME=/opt/rustwide/rustup-home" "-w" "/opt/rustwide/workdir" "-m" "1610612736" "--user" "0:0" "--network" "none" "ghcr.io/rust-lang/crates-build-env/linux@sha256:f3a9d4ad9d972b27faf3965f35b62e55ba32bbce8f20bc8fe909558a86702fde" "/opt/rustwide/cargo-home/bin/cargo" "+beta-2024-12-08" "build" "--frozen" "--message-format=json", kill_on_drop: false }`
[INFO] [stdout] f68f22c8f3a387b7d311280884a8b2c70d59de7c799a01cf481f16f2d106fdd4
[INFO] running `Command { std: "docker" "start" "-a" "f68f22c8f3a387b7d311280884a8b2c70d59de7c799a01cf481f16f2d106fdd4", kill_on_drop: false }`
[INFO] [stderr]    Compiling proc-macro2 v1.0.79
[INFO] [stderr]    Compiling unicode-ident v1.0.12
[INFO] [stderr]    Compiling autocfg v1.2.0
[INFO] [stderr]    Compiling serde v1.0.197
[INFO] [stderr]    Compiling cfg-if v1.0.0
[INFO] [stderr]    Compiling libm v0.2.8
[INFO] [stderr]    Compiling version_check v0.9.4
[INFO] [stderr]    Compiling once_cell v1.19.0
[INFO] [stderr]    Compiling zerocopy v0.7.32
[INFO] [stderr]    Compiling memchr v2.7.2
[INFO] [stderr]    Compiling libc v0.2.153
[INFO] [stderr]    Compiling thiserror v1.0.58
[INFO] [stderr]    Compiling allocator-api2 v0.2.16
[INFO] [stderr]    Compiling byteorder v1.5.0
[INFO] [stderr]    Compiling heapless v0.8.0
[INFO] [stderr]    Compiling crunchy v0.2.2
[INFO] [stderr]    Compiling tiny-keccak v2.0.2
[INFO] [stderr]    Compiling stable_deref_trait v1.2.0
[INFO] [stderr]    Compiling crossbeam-utils v0.8.19
[INFO] [stderr]    Compiling hash32 v0.3.1
[INFO] [stderr]    Compiling smallvec v1.13.2
[INFO] [stderr]    Compiling log v0.4.21
[INFO] [stderr]    Compiling equivalent v1.0.1
[INFO] [stderr]    Compiling syn v1.0.109
[INFO] [stderr]    Compiling either v1.10.0
[INFO] [stderr]    Compiling regex-syntax v0.8.3
[INFO] [stderr]    Compiling rustix v0.38.32
[INFO] [stderr]    Compiling serde_json v1.0.115
[INFO] [stderr]    Compiling num-traits v0.2.18
[INFO] [stderr]    Compiling num-bigint v0.4.4
[INFO] [stderr]    Compiling ucd-trie v0.1.6
[INFO] [stderr]    Compiling itoa v1.0.11
[INFO] [stderr]    Compiling ahash v0.8.11
[INFO] [stderr]    Compiling utf8parse v0.2.1
[INFO] [stderr]    Compiling ryu v1.0.17
[INFO] [stderr]    Compiling num-rational v0.4.1
[INFO] [stderr]    Compiling quote v1.0.35
[INFO] [stderr]    Compiling aho-corasick v1.1.3
[INFO] [stderr]    Compiling anstyle-parse v0.2.3
[INFO] [stderr]    Compiling syn v2.0.55
[INFO] [stderr]    Compiling anstyle v1.0.6
[INFO] [stderr]    Compiling rayon-core v1.12.1
[INFO] [stderr]    Compiling anstyle-query v1.0.2
[INFO] [stderr]    Compiling colorchoice v1.0.0
[INFO] [stderr]    Compiling linux-raw-sys v0.4.13
[INFO] [stderr]    Compiling hashbrown v0.14.3
[INFO] [stderr]    Compiling crc32fast v1.4.0
[INFO] [stderr]    Compiling hashbrown v0.13.2
[INFO] [stderr]    Compiling itertools v0.11.0
[INFO] [stderr]    Compiling matrixmultiply v0.3.8
[INFO] [stderr]    Compiling anstream v0.6.13
[INFO] [stderr]    Compiling allocative v0.3.3
[INFO] [stderr]    Compiling getrandom v0.2.12
[INFO] [stderr]    Compiling crossbeam-epoch v0.9.18
[INFO] [stderr]    Compiling crossbeam-deque v0.8.5
[INFO] [stderr]    Compiling const-random-macro v0.1.16
[INFO] [stderr]    Compiling ppv-lite86 v0.2.17
[INFO] [stderr]    Compiling robust v1.1.0
[INFO] [stderr]    Compiling adler v1.0.2
[INFO] [stderr]    Compiling rand_core v0.6.4
[INFO] [stderr]    Compiling geographiclib-rs v0.2.4
[INFO] [stderr]    Compiling const-random v0.1.18
[INFO] [stderr]    Compiling csv-core v0.1.11
[INFO] [stderr]    Compiling dlv-list v0.5.2
[INFO] [stderr]    Compiling miniz_oxide v0.7.2
[INFO] [stderr]    Compiling async-trait v0.1.79
[INFO] [stderr]    Compiling winnow v0.6.5
[INFO] [stderr]    Compiling rand_chacha v0.3.1
[INFO] [stderr]    Compiling convert_case v0.4.0
[INFO] [stderr]    Compiling float_next_after v1.0.0
[INFO] [stderr]    Compiling inventory v0.3.15
[INFO] [stderr]    Compiling rawpointer v0.2.1
[INFO] [stderr]    Compiling iana-time-zone v0.1.60
[INFO] [stderr]    Compiling indexmap v2.2.6
[INFO] [stderr]    Compiling lru v0.12.3
[INFO] [stderr]    Compiling approx v0.5.1
[INFO] [stderr]    Compiling num-integer v0.1.46
[INFO] [stderr]    Compiling rstar v0.12.0
[INFO] [stderr]    Compiling num-complex v0.4.5
[INFO] [stderr]    Compiling spade v2.6.0
[INFO] [stderr]    Compiling earcutr v0.4.3
[INFO] [stderr]    Compiling chrono v0.4.37
[INFO] [stderr]    Compiling rayon v1.10.0
[INFO] [stderr]    Compiling rand v0.8.5
[INFO] [stderr]    Compiling regex-automata v0.4.6
[INFO] [stderr]    Compiling num-iter v0.1.44
[INFO] [stderr]    Compiling priority-queue v2.0.2
[INFO] [stderr]    Compiling flate2 v1.0.28
[INFO] [stderr]    Compiling ordered-multimap v0.6.0
[INFO] [stderr]    Compiling itertools v0.12.1
[INFO] [stderr]    Compiling clap_lex v0.7.0
[INFO] [stderr]    Compiling base64 v0.21.7
[INFO] [stderr]    Compiling strsim v0.11.0
[INFO] [stderr]    Compiling linked-hash-map v0.5.6
[INFO] [stderr]    Compiling humantime v2.1.0
[INFO] [stderr]    Compiling unicode-segmentation v1.11.0
[INFO] [stderr]    Compiling heck v0.5.0
[INFO] [stderr]    Compiling minimal-lexical v0.2.1
[INFO] [stderr]    Compiling clap_builder v4.5.2
[INFO] [stderr]    Compiling yaml-rust v0.4.5
[INFO] [stderr]    Compiling rust-ini v0.19.0
[INFO] [stderr]    Compiling nom v7.1.3
[INFO] [stderr]    Compiling convert_case v0.6.0
[INFO] [stderr]    Compiling ndarray v0.15.6
[INFO] [stderr]    Compiling pathdiff v0.2.1
[INFO] [stderr]    Compiling lazy_static v1.4.0
[INFO] [stderr]    Compiling indoc v2.0.5
[INFO] [stderr]    Compiling num v0.4.1
[INFO] [stderr]    Compiling ctor v0.1.26
[INFO] [stderr]    Compiling derive_more v0.99.17
[INFO] [stderr]    Compiling regex v1.10.4
[INFO] [stderr]    Compiling env_filter v0.1.0
[INFO] [stderr]    Compiling env_logger v0.11.3
[INFO] [stderr]    Compiling serde_derive v1.0.197
[INFO] [stderr]    Compiling thiserror-impl v1.0.58
[INFO] [stderr]    Compiling allocative_derive v0.3.3
[INFO] [stderr]    Compiling typetag-impl v0.2.16
[INFO] [stderr]    Compiling serde_repr v0.1.18
[INFO] [stderr]    Compiling clap_derive v4.5.4
[INFO] [stderr]    Compiling pest v2.7.8
[INFO] [stderr]    Compiling clap v4.5.4
[INFO] [stderr]    Compiling pest_meta v2.7.8
[INFO] [stderr]    Compiling pest_generator v2.7.8
[INFO] [stderr]    Compiling pest_derive v2.7.8
[INFO] [stderr]    Compiling bitflags v2.5.0
[INFO] [stderr]    Compiling geo-types v0.7.13
[INFO] [stderr]    Compiling toml_datetime v0.6.5
[INFO] [stderr]    Compiling erased-serde v0.4.4
[INFO] [stderr]    Compiling serde_spanned v0.6.5
[INFO] [stderr]    Compiling ordered-float v4.2.0
[INFO] [stderr]    Compiling csv v1.3.0
[INFO] [stderr]    Compiling bincode v1.3.3
[INFO] [stderr]    Compiling json5 v0.4.1
[INFO] [stderr]    Compiling ordered_hash_map v0.4.0
[INFO] [stderr]    Compiling toml_edit v0.22.9
[INFO] [stderr]    Compiling ron v0.8.1
[INFO] [stderr]    Compiling wkt v0.10.3
[INFO] [stderr]    Compiling geo v0.28.0
[INFO] [stderr]    Compiling typetag v0.2.16
[INFO] [stderr]    Compiling terminal_size v0.3.0
[INFO] [stderr]    Compiling kdam v0.5.1
[INFO] [stderr]    Compiling smartcore v0.3.2
[INFO] [stderr]    Compiling geojson v0.24.1
[INFO] [stderr]    Compiling toml v0.8.12
[INFO] [stderr]    Compiling config v0.14.0
[INFO] [stderr]    Compiling routee-compass-core v0.8.0
[INFO] [stderr]    Compiling routee-compass-powertrain v0.8.0
[INFO] [stderr]    Compiling routee-compass v0.8.0 (/opt/rustwide/workdir)
[INFO] [stderr]     Finished `dev` profile [unoptimized + debuginfo] target(s) in 1m 29s
[INFO] running `Command { std: "docker" "inspect" "f68f22c8f3a387b7d311280884a8b2c70d59de7c799a01cf481f16f2d106fdd4", kill_on_drop: false }`
[INFO] running `Command { std: "docker" "rm" "-f" "f68f22c8f3a387b7d311280884a8b2c70d59de7c799a01cf481f16f2d106fdd4", kill_on_drop: false }`
[INFO] [stdout] f68f22c8f3a387b7d311280884a8b2c70d59de7c799a01cf481f16f2d106fdd4
[INFO] running `Command { std: "docker" "create" "-v" "/var/lib/crater-agent-workspace/builds/worker-7-tc2/target:/opt/rustwide/target:rw,Z" "-v" "/var/lib/crater-agent-workspace/builds/worker-7-tc2/source:/opt/rustwide/workdir:ro,Z" "-v" "/var/lib/crater-agent-workspace/cargo-home:/opt/rustwide/cargo-home:ro,Z" "-v" "/var/lib/crater-agent-workspace/rustup-home:/opt/rustwide/rustup-home:ro,Z" "-e" "SOURCE_DIR=/opt/rustwide/workdir" "-e" "CARGO_TARGET_DIR=/opt/rustwide/target" "-e" "CARGO_INCREMENTAL=0" "-e" "RUST_BACKTRACE=full" "-e" "RUSTFLAGS=--cap-lints=warn" "-e" "RUSTDOCFLAGS=--cap-lints=warn" "-e" "CARGO_HOME=/opt/rustwide/cargo-home" "-e" "RUSTUP_HOME=/opt/rustwide/rustup-home" "-w" "/opt/rustwide/workdir" "-m" "1610612736" "--user" "0:0" "--network" "none" "ghcr.io/rust-lang/crates-build-env/linux@sha256:f3a9d4ad9d972b27faf3965f35b62e55ba32bbce8f20bc8fe909558a86702fde" "/opt/rustwide/cargo-home/bin/cargo" "+beta-2024-12-08" "test" "--frozen" "--no-run" "--message-format=json", kill_on_drop: false }`
[INFO] [stdout] 50c283eab24c449e7d48fabe9288bb25366a41b3bfceb2b4a93514f80742d2ed
[INFO] running `Command { std: "docker" "start" "-a" "50c283eab24c449e7d48fabe9288bb25366a41b3bfceb2b4a93514f80742d2ed", kill_on_drop: false }`
[INFO] [stderr]    Compiling routee-compass v0.8.0 (/opt/rustwide/workdir)
[INFO] [stderr]     Finished `test` profile [unoptimized + debuginfo] target(s) in 16.60s
[INFO] running `Command { std: "docker" "inspect" "50c283eab24c449e7d48fabe9288bb25366a41b3bfceb2b4a93514f80742d2ed", kill_on_drop: false }`
[INFO] running `Command { std: "docker" "rm" "-f" "50c283eab24c449e7d48fabe9288bb25366a41b3bfceb2b4a93514f80742d2ed", kill_on_drop: false }`
[INFO] [stdout] 50c283eab24c449e7d48fabe9288bb25366a41b3bfceb2b4a93514f80742d2ed
[INFO] running `Command { std: "docker" "create" "-v" "/var/lib/crater-agent-workspace/builds/worker-7-tc2/target:/opt/rustwide/target:rw,Z" "-v" "/var/lib/crater-agent-workspace/builds/worker-7-tc2/source:/opt/rustwide/workdir:ro,Z" "-v" "/var/lib/crater-agent-workspace/cargo-home:/opt/rustwide/cargo-home:ro,Z" "-v" "/var/lib/crater-agent-workspace/rustup-home:/opt/rustwide/rustup-home:ro,Z" "-e" "SOURCE_DIR=/opt/rustwide/workdir" "-e" "CARGO_TARGET_DIR=/opt/rustwide/target" "-e" "CARGO_INCREMENTAL=0" "-e" "RUST_BACKTRACE=full" "-e" "RUSTFLAGS=--cap-lints=warn" "-e" "RUSTDOCFLAGS=--cap-lints=warn" "-e" "CARGO_HOME=/opt/rustwide/cargo-home" "-e" "RUSTUP_HOME=/opt/rustwide/rustup-home" "-w" "/opt/rustwide/workdir" "-m" "1610612736" "--user" "0:0" "--network" "none" "ghcr.io/rust-lang/crates-build-env/linux@sha256:f3a9d4ad9d972b27faf3965f35b62e55ba32bbce8f20bc8fe909558a86702fde" "/opt/rustwide/cargo-home/bin/cargo" "+beta-2024-12-08" "test" "--frozen", kill_on_drop: false }`
[INFO] [stdout] b8cb3a44b50363d5b4d86d457408651a7ca0a2ea5f5eab80fea42df1318b0c9f
[INFO] running `Command { std: "docker" "start" "-a" "b8cb3a44b50363d5b4d86d457408651a7ca0a2ea5f5eab80fea42df1318b0c9f", kill_on_drop: false }`
[INFO] [stderr]     Finished `test` profile [unoptimized + debuginfo] target(s) in 0.23s
[INFO] [stderr]      Running unittests src/lib.rs (/opt/rustwide/target/debug/deps/routee_compass-a13dbbe951ac95f8)
[INFO] [stdout] 
[INFO] [stdout] running 14 tests
[INFO] [stdout] test app::compass::compass_app_ops::test::test_big_outlier ... ok
[INFO] [stdout] test app::compass::compass_app_ops::test::test_cycling_input ... ok
[INFO] [stdout] test app::compass::compass_app_ops::test::test_incremental_input ... ok
[INFO] [stdout] test plugin::input::default::grid_search::plugin::test::test_grid_search_using_objects ... ok
[INFO] [stdout] test app::compass::config::frontier_model::vehicle_restrictions::vehicle_restriction::test::test_deserialize ... ok
[INFO] [stdout] test plugin::input::default::grid_search::plugin::test::test_grid_search_persisted_parent_keys ... ok
[INFO] [stdout] test app::compass::compass_app_ops::test::test_uniform_input ... ok
[INFO] [stdout] test plugin::input::default::grid_search::plugin::test::test_handle_recursion ... ok
[INFO] [stdout] test plugin::input::default::grid_search::plugin::test::test_grid_search_empty_parent_object ... ok
[INFO] [stdout] test plugin::input::default::grid_search::plugin::test::test_nested ... ok
[INFO] [stdout] test plugin::output::default::traversal::traversal_output_format::test::test ... ok
[INFO] [stdout] test plugin::output::default::traversal::plugin::tests::test_geometry_deserialization ... ok
[INFO] [stdout] test plugin::input::default::vertex_rtree::plugin::test::test_rtree_plugin ... ok
[INFO] [stdout] test app::compass::compass_app::tests::test_speeds ... FAILED
[INFO] [stdout] 
[INFO] [stdout] failures:
[INFO] [stdout] 
[INFO] [stdout] ---- app::compass::compass_app::tests::test_speeds stdout ----
[INFO] [stdout] cwd           : /opt/rustwide/workdir
[INFO] [stdout] Cargo.toml dir: /opt/rustwide/workdir
[INFO] [stdout] 
[INFO] [stdout] 
[INFO] [stdout] 
[INFO] [stdout] 
[INFO] [stdout] thread '<unnamed>' panicked at /opt/rustwide/cargo-home/registry/src/index.crates.io-6f17d22bba15001f/routee-compass-core-0.8.0/src/algorithm/search/a_star/a_star_algorithm.rs:163:42:
[INFO] [stdout] called `Result::unwrap()` on an `Err` value: Os { code: 2, kind: NotFound, message: "No such file or directory" }
[INFO] [stdout] stack backtrace:
[INFO] [stdout]    0:     0x655016bdaaca - std::backtrace_rs::backtrace::libunwind::trace::h8810477743020387
[INFO] [stdout]                                at /rustc/202008a1b8de96d2e5b6bc02d379db03a877d34d/library/std/src/../../backtrace/src/backtrace/libunwind.rs:116:5
[INFO] [stdout]    1:     0x655016bdaaca - std::backtrace_rs::backtrace::trace_unsynchronized::h3aa55355dd6c54a6
[INFO] [stdout]                                at /rustc/202008a1b8de96d2e5b6bc02d379db03a877d34d/library/std/src/../../backtrace/src/backtrace/mod.rs:66:5
[INFO] [stdout]    2:     0x655016bdaaca - std::sys::backtrace::_print_fmt::h8588b0f62410823f
[INFO] [stdout]                                at /rustc/202008a1b8de96d2e5b6bc02d379db03a877d34d/library/std/src/sys/backtrace.rs:66:9
[INFO] [stdout]    3:     0x655016bdaaca - <std::sys::backtrace::BacktraceLock::print::DisplayBacktrace as core::fmt::Display>::fmt::h98c26ac25ffe89bb
[INFO] [stdout]                                at /rustc/202008a1b8de96d2e5b6bc02d379db03a877d34d/library/std/src/sys/backtrace.rs:39:26
[INFO] [stdout]    4:     0x655016c04353 - core::fmt::rt::Argument::fmt::hf95377f4aebd453b
[INFO] [stdout]                                at /rustc/202008a1b8de96d2e5b6bc02d379db03a877d34d/library/core/src/fmt/rt.rs:177:76
[INFO] [stdout]    5:     0x655016c04353 - core::fmt::write::h0dd5f6e2238c7982
[INFO] [stdout]                                at /rustc/202008a1b8de96d2e5b6bc02d379db03a877d34d/library/core/src/fmt/mod.rs:1189:21
[INFO] [stdout]    6:     0x655016bd7753 - std::io::Write::write_fmt::h03bb0ca26e6faf8c
[INFO] [stdout]                                at /rustc/202008a1b8de96d2e5b6bc02d379db03a877d34d/library/std/src/io/mod.rs:1884:15
[INFO] [stdout]    7:     0x655016bda912 - std::sys::backtrace::BacktraceLock::print::h5c19c1c038ee186d
[INFO] [stdout]                                at /rustc/202008a1b8de96d2e5b6bc02d379db03a877d34d/library/std/src/sys/backtrace.rs:42:9
[INFO] [stdout]    8:     0x655016bdbf4d - std::panicking::default_hook::{{closure}}::h77172f079a1fcb13
[INFO] [stdout]                                at /rustc/202008a1b8de96d2e5b6bc02d379db03a877d34d/library/std/src/panicking.rs:268:22
[INFO] [stdout]    9:     0x655016bdbd57 - std::panicking::default_hook::he5f8e3b203ccddba
[INFO] [stdout]                                at /rustc/202008a1b8de96d2e5b6bc02d379db03a877d34d/library/std/src/panicking.rs:292:9
[INFO] [stdout]   10:     0x65501646a027 - <alloc::boxed::Box<F,A> as core::ops::function::Fn<Args>>::call::h7a3c7b4a1ae77f2f
[INFO] [stdout]                                at /rustc/202008a1b8de96d2e5b6bc02d379db03a877d34d/library/alloc/src/boxed.rs:1986:9
[INFO] [stdout]   11:     0x65501646a027 - test::test_main::{{closure}}::hf0d3b69ae9b353d1
[INFO] [stdout]                                at /rustc/202008a1b8de96d2e5b6bc02d379db03a877d34d/library/test/src/lib.rs:134:21
[INFO] [stdout]   12:     0x655016bdc5f8 - <alloc::boxed::Box<F,A> as core::ops::function::Fn<Args>>::call::h6332e82e7b189abd
[INFO] [stdout]                                at /rustc/202008a1b8de96d2e5b6bc02d379db03a877d34d/library/alloc/src/boxed.rs:1986:9
[INFO] [stdout]   13:     0x655016bdc5f8 - std::panicking::rust_panic_with_hook::h53863d4e9018df39
[INFO] [stdout]                                at /rustc/202008a1b8de96d2e5b6bc02d379db03a877d34d/library/std/src/panicking.rs:809:13
[INFO] [stdout]   14:     0x655016bdc3ba - std::panicking::begin_panic_handler::{{closure}}::h67280e6fa0757873
[INFO] [stdout]                                at /rustc/202008a1b8de96d2e5b6bc02d379db03a877d34d/library/std/src/panicking.rs:674:13
[INFO] [stdout]   15:     0x655016bdafa9 - std::sys::backtrace::__rust_end_short_backtrace::h1dac3f54d6fbbeb2
[INFO] [stdout]                                at /rustc/202008a1b8de96d2e5b6bc02d379db03a877d34d/library/std/src/sys/backtrace.rs:170:18
[INFO] [stdout]   16:     0x655016bdc04c - rust_begin_unwind
[INFO] [stdout]                                at /rustc/202008a1b8de96d2e5b6bc02d379db03a877d34d/library/std/src/panicking.rs:665:5
[INFO] [stdout]   17:     0x6550161a33e0 - core::panicking::panic_fmt::h6792bd1b2bf01041
[INFO] [stdout]                                at /rustc/202008a1b8de96d2e5b6bc02d379db03a877d34d/library/core/src/panicking.rs:76:14
[INFO] [stdout]   18:     0x6550161a3866 - core::result::unwrap_failed::h05e0602ed34287c5
[INFO] [stdout]                                at /rustc/202008a1b8de96d2e5b6bc02d379db03a877d34d/library/core/src/result.rs:1699:5
[INFO] [stdout]   19:     0x6550168682ca - core::result::Result<T,E>::unwrap::hc9040d459bf42746
[INFO] [stdout]                                at /rustc/202008a1b8de96d2e5b6bc02d379db03a877d34d/library/core/src/result.rs:1104:23
[INFO] [stdout]   20:     0x6550168682ca - routee_compass_core::algorithm::search::a_star::a_star_algorithm::run_a_star::h2115a8c7eb51ec5d
[INFO] [stdout]                                at /opt/rustwide/cargo-home/registry/src/index.crates.io-6f17d22bba15001f/routee-compass-core-0.8.0/src/algorithm/search/a_star/a_star_algorithm.rs:163:13
[INFO] [stdout]   21:     0x6550167bccd2 - routee_compass_core::algorithm::search::search_algorithm::SearchAlgorithm::run_vertex_oriented::h05959c36b5b17737
[INFO] [stdout]                                at /opt/rustwide/cargo-home/registry/src/index.crates.io-6f17d22bba15001f/routee-compass-core-0.8.0/src/algorithm/search/search_algorithm.rs:45:37
[INFO] [stdout]   22:     0x6550163158c8 - routee_compass::app::search::search_app::SearchApp::run_vertex_oriented::h64508b0e7007379f
[INFO] [stdout]                                at /opt/rustwide/workdir/src/app/search/search_app.rs:123:9
[INFO] [stdout]   23:     0x65501631509f - routee_compass::app::search::search_app::SearchApp::run::h382fd982322406cc
[INFO] [stdout]                                at /opt/rustwide/workdir/src/app/search/search_app.rs:86:42
[INFO] [stdout]   24:     0x65501630d8e4 - routee_compass::app::compass::compass_app::run_single_query::h8ffcef060412ae65
[INFO] [stdout]                                at /opt/rustwide/workdir/src/app/compass/compass_app.rs:483:25
[INFO] [stdout]   25:     0x65501630df40 - routee_compass::app::compass::compass_app::run_batch_with_responses::{{closure}}::{{closure}}::h11667329ebac309f
[INFO] [stdout]                                at /opt/rustwide/workdir/src/app/compass/compass_app.rs:515:25
[INFO] [stdout]   26:     0x6550163549df - core::iter::adapters::map::map_try_fold::{{closure}}::h1bf74625a2a5662e
[INFO] [stdout]                                at /rustc/202008a1b8de96d2e5b6bc02d379db03a877d34d/library/core/src/iter/adapters/map.rs:95:28
[INFO] [stdout]   27:     0x6550162890ab - core::iter::traits::iterator::Iterator::try_fold::h53e3253e18c33d05
[INFO] [stdout]                                at /rustc/202008a1b8de96d2e5b6bc02d379db03a877d34d/library/core/src/iter/traits/iterator.rs:2370:21
[INFO] [stdout]   28:     0x65501634932f - <core::iter::adapters::map::Map<I,F> as core::iter::traits::iterator::Iterator>::try_fold::hec3fd1b3d70a9d71
[INFO] [stdout]                                at /rustc/202008a1b8de96d2e5b6bc02d379db03a877d34d/library/core/src/iter/adapters/map.rs:121:9
[INFO] [stdout]   29:     0x65501626c075 - <core::iter::adapters::GenericShunt<I,R> as core::iter::traits::iterator::Iterator>::try_fold::h44c6c329cfc4318f
[INFO] [stdout]                                at /rustc/202008a1b8de96d2e5b6bc02d379db03a877d34d/library/core/src/iter/adapters/mod.rs:191:9
[INFO] [stdout]   30:     0x65501626b70d - core::iter::traits::iterator::Iterator::try_for_each::h75b776cd2710bd42
[INFO] [stdout]                                at /rustc/202008a1b8de96d2e5b6bc02d379db03a877d34d/library/core/src/iter/traits/iterator.rs:2431:9
[INFO] [stdout]   31:     0x65501626b70d - <core::iter::adapters::GenericShunt<I,R> as core::iter::traits::iterator::Iterator>::next::hcb55e554ebce76a3
[INFO] [stdout]                                at /rustc/202008a1b8de96d2e5b6bc02d379db03a877d34d/library/core/src/iter/adapters/mod.rs:174:14
[INFO] [stdout]   32:     0x6550161abedd - <alloc::vec::Vec<T> as alloc::vec::spec_from_iter_nested::SpecFromIterNested<T,I>>::from_iter::hb4180b9b835ccea9
[INFO] [stdout]                                at /rustc/202008a1b8de96d2e5b6bc02d379db03a877d34d/library/alloc/src/vec/spec_from_iter_nested.rs:25:32
[INFO] [stdout]   33:     0x6550161c7f6d - <alloc::vec::Vec<T> as alloc::vec::spec_from_iter::SpecFromIter<T,I>>::from_iter::h8d089847d4a9507e
[INFO] [stdout]                                at /rustc/202008a1b8de96d2e5b6bc02d379db03a877d34d/library/alloc/src/vec/spec_from_iter.rs:34:9
[INFO] [stdout]   34:     0x6550161c63d1 - <alloc::vec::Vec<T> as core::iter::traits::collect::FromIterator<T>>::from_iter::h361878e4f77dc50c
[INFO] [stdout]                                at /rustc/202008a1b8de96d2e5b6bc02d379db03a877d34d/library/alloc/src/vec/mod.rs:3412:9
[INFO] [stdout]   35:     0x655016319f58 - core::iter::traits::iterator::Iterator::collect::h7aee3b0fcfc9f705
[INFO] [stdout]                                at /rustc/202008a1b8de96d2e5b6bc02d379db03a877d34d/library/core/src/iter/traits/iterator.rs:1971:9
[INFO] [stdout]   36:     0x655016319f58 - <core::result::Result<V,E> as core::iter::traits::collect::FromIterator<core::result::Result<A,E>>>::from_iter::{{closure}}::h14ff24f0e1572a35
[INFO] [stdout]                                at /rustc/202008a1b8de96d2e5b6bc02d379db03a877d34d/library/core/src/result.rs:1980:51
[INFO] [stdout]   37:     0x655016277b68 - core::iter::adapters::try_process::h6efb130360d6c73b
[INFO] [stdout]                                at /rustc/202008a1b8de96d2e5b6bc02d379db03a877d34d/library/core/src/iter/adapters/mod.rs:160:17
[INFO] [stdout]   38:     0x6550163199f7 - <core::result::Result<V,E> as core::iter::traits::collect::FromIterator<core::result::Result<A,E>>>::from_iter::h33d0a09b017f5d1c
[INFO] [stdout]                                at /rustc/202008a1b8de96d2e5b6bc02d379db03a877d34d/library/core/src/result.rs:1980:9
[INFO] [stdout]   39:     0x655016353acd - core::iter::traits::iterator::Iterator::collect::h92a78ebcc925b9a4
[INFO] [stdout]                                at /rustc/202008a1b8de96d2e5b6bc02d379db03a877d34d/library/core/src/iter/traits/iterator.rs:1971:9
[INFO] [stdout]   40:     0x65501630ded7 - routee_compass::app::compass::compass_app::run_batch_with_responses::{{closure}}::hb6aec21f5be165d5
[INFO] [stdout]                                at /opt/rustwide/workdir/src/app/compass/compass_app.rs:511:13
[INFO] [stdout]   41:     0x6550162f7502 - core::ops::function::impls::<impl core::ops::function::FnMut<A> for &F>::call_mut::hb6d7b2b6d74dab97
[INFO] [stdout]                                at /rustc/202008a1b8de96d2e5b6bc02d379db03a877d34d/library/core/src/ops/function.rs:272:13
[INFO] [stdout]   42:     0x6550162f752f - core::ops::function::impls::<impl core::ops::function::FnOnce<A> for &mut F>::call_once::h52b6a4a9d2eb6e91
[INFO] [stdout]                                at /rustc/202008a1b8de96d2e5b6bc02d379db03a877d34d/library/core/src/ops/function.rs:305:13
[INFO] [stdout]   43:     0x6550163474ea - core::option::Option<T>::map::hdc3e1e86a35c6de3
[INFO] [stdout]                                at /rustc/202008a1b8de96d2e5b6bc02d379db03a877d34d/library/core/src/option.rs:1113:29
[INFO] [stdout]   44:     0x6550163474ea - <core::iter::adapters::map::Map<I,F> as core::iter::traits::iterator::Iterator>::next::h94ced3f5cc5027bd
[INFO] [stdout]                                at /rustc/202008a1b8de96d2e5b6bc02d379db03a877d34d/library/core/src/iter/adapters/map.rs:107:26
[INFO] [stdout]   45:     0x6550163483f7 - <core::iter::adapters::map::Map<I,F> as core::iter::traits::iterator::Iterator>::next::hddf04b2ffea05ec5
[INFO] [stdout]                                at /rustc/202008a1b8de96d2e5b6bc02d379db03a877d34d/library/core/src/iter/adapters/map.rs:107:9
[INFO] [stdout]   46:     0x6550163195b3 - <core::iter::adapters::take_while::TakeWhile<I,P> as core::iter::traits::iterator::Iterator>::next::h7b70028298b85221
[INFO] [stdout]                                at /rustc/202008a1b8de96d2e5b6bc02d379db03a877d34d/library/core/src/iter/adapters/take_while.rs:48:21
[INFO] [stdout]   47:     0x6550163489d8 - <core::iter::adapters::map::Map<I,F> as core::iter::traits::iterator::Iterator>::next::hecf9fea6961557f6
[INFO] [stdout]                                at /rustc/202008a1b8de96d2e5b6bc02d379db03a877d34d/library/core/src/iter/adapters/map.rs:107:9
[INFO] [stdout]   48:     0x6550161b9a09 - alloc::vec::Vec<T,A>::extend_desugared::h9ae9b4716553af14
[INFO] [stdout]                                at /rustc/202008a1b8de96d2e5b6bc02d379db03a877d34d/library/alloc/src/vec/mod.rs:3520:35
[INFO] [stdout]   49:     0x6550161c77ba - <alloc::vec::Vec<T,A> as alloc::vec::spec_extend::SpecExtend<T,I>>::spec_extend::hbc1c02111edb5ddc
[INFO] [stdout]                                at /rustc/202008a1b8de96d2e5b6bc02d379db03a877d34d/library/alloc/src/vec/spec_extend.rs:19:9
[INFO] [stdout]   50:     0x6550161c58af - <alloc::vec::Vec<T,A> as core::iter::traits::collect::Extend<T>>::extend::h71bda0e54db5e546
[INFO] [stdout]                                at /rustc/202008a1b8de96d2e5b6bc02d379db03a877d34d/library/alloc/src/vec/mod.rs:3481:9
[INFO] [stdout]   51:     0x6550163c4674 - <rayon::iter::extend::ListVecFolder<T> as rayon::iter::plumbing::Folder<T>>::consume_iter::h1519c90f759b1366
[INFO] [stdout]                                at /opt/rustwide/cargo-home/registry/src/index.crates.io-6f17d22bba15001f/rayon-1.10.0/src/iter/extend.rs:130:9
[INFO] [stdout]   52:     0x65501631aa51 - <rayon::iter::while_some::WhileSomeFolder<C> as rayon::iter::plumbing::Folder<core::option::Option<T>>>::consume_iter::he2728c0ace5b88a4
[INFO] [stdout]                                at /opt/rustwide/cargo-home/registry/src/index.crates.io-6f17d22bba15001f/rayon-1.10.0/src/iter/while_some.rs:139:21
[INFO] [stdout]   53:     0x6550162831e3 - <rayon::iter::map::MapFolder<C,F> as rayon::iter::plumbing::Folder<T>>::consume_iter::hff7563b1040030ae
[INFO] [stdout]                                at /opt/rustwide/cargo-home/registry/src/index.crates.io-6f17d22bba15001f/rayon-1.10.0/src/iter/map.rs:248:21
[INFO] [stdout]   54:     0x655016282bb6 - <rayon::iter::map::MapFolder<C,F> as rayon::iter::plumbing::Folder<T>>::consume_iter::h715fc84a6d581c57
[INFO] [stdout]                                at /opt/rustwide/cargo-home/registry/src/index.crates.io-6f17d22bba15001f/rayon-1.10.0/src/iter/map.rs:248:21
[INFO] [stdout]   55:     0x6550163d4752 - rayon::iter::plumbing::Producer::fold_with::hef2d85bbf11c0ffc
[INFO] [stdout]                                at /opt/rustwide/cargo-home/registry/src/index.crates.io-6f17d22bba15001f/rayon-1.10.0/src/iter/plumbing/mod.rs:109:9
[INFO] [stdout]   56:     0x6550162dd6fc - rayon::iter::plumbing::bridge_producer_consumer::helper::h4ee62e3705d7e655
[INFO] [stdout]                                at /opt/rustwide/cargo-home/registry/src/index.crates.io-6f17d22bba15001f/rayon-1.10.0/src/iter/plumbing/mod.rs:437:13
[INFO] [stdout]   57:     0x6550162e06f3 - rayon::iter::plumbing::bridge_producer_consumer::helper::{{closure}}::he31bf7318e99efd7
[INFO] [stdout]                                at /opt/rustwide/cargo-home/registry/src/index.crates.io-6f17d22bba15001f/rayon-1.10.0/src/iter/plumbing/mod.rs:417:21
[INFO] [stdout]   58:     0x6550162f0e24 - rayon_core::join::join_context::call_a::{{closure}}::h5365dbb57a223ec5
[INFO] [stdout]                                at /opt/rustwide/cargo-home/registry/src/index.crates.io-6f17d22bba15001f/rayon-core-1.12.1/src/join/mod.rs:124:17
[INFO] [stdout]   59:     0x6550163e74ec - <core::panic::unwind_safe::AssertUnwindSafe<F> as core::ops::function::FnOnce<()>>::call_once::h105589c5d2783e82
[INFO] [stdout]                                at /rustc/202008a1b8de96d2e5b6bc02d379db03a877d34d/library/core/src/panic/unwind_safe.rs:272:9
[INFO] [stdout]   60:     0x655016234a29 - std::panicking::try::do_call::hc3cc969222ee73a7
[INFO] [stdout]                                at /rustc/202008a1b8de96d2e5b6bc02d379db03a877d34d/library/std/src/panicking.rs:557:40
[INFO] [stdout]   61:     0x6550163193cb - __rust_try
[INFO] [stdout]   62:     0x6550162f4989 - std::panicking::try::hf068e54eff886a79
[INFO] [stdout]                                at /rustc/202008a1b8de96d2e5b6bc02d379db03a877d34d/library/std/src/panicking.rs:520:19
[INFO] [stdout]   63:     0x6550162f4989 - std::panic::catch_unwind::h4b276bcae331c132
[INFO] [stdout]                                at /rustc/202008a1b8de96d2e5b6bc02d379db03a877d34d/library/std/src/panic.rs:358:14
[INFO] [stdout]   64:     0x6550163fe65c - rayon_core::unwind::halt_unwinding::hffa41abd68479bb4
[INFO] [stdout]                                at /opt/rustwide/cargo-home/registry/src/index.crates.io-6f17d22bba15001f/rayon-core-1.12.1/src/unwind.rs:17:5
[INFO] [stdout]   65:     0x6550162f0460 - rayon_core::join::join_context::{{closure}}::hd20ea65b133fb270
[INFO] [stdout]                                at /opt/rustwide/cargo-home/registry/src/index.crates.io-6f17d22bba15001f/rayon-core-1.12.1/src/join/mod.rs:142:24
[INFO] [stdout]   66:     0x6550163e36a4 - rayon_core::registry::Registry::in_worker_cold::{{closure}}::{{closure}}::hf05ec0a50c6cd46e
[INFO] [stdout]                                at /opt/rustwide/cargo-home/registry/src/index.crates.io-6f17d22bba15001f/rayon-core-1.12.1/src/registry.rs:522:21
[INFO] [stdout]   67:     0x6550163de662 - rayon_core::job::JobResult<T>::call::{{closure}}::he53bb1559d5c982a
[INFO] [stdout]                                at /opt/rustwide/cargo-home/registry/src/index.crates.io-6f17d22bba15001f/rayon-core-1.12.1/src/job.rs:218:41
[INFO] [stdout]   68:     0x6550163e78ad - <core::panic::unwind_safe::AssertUnwindSafe<F> as core::ops::function::FnOnce<()>>::call_once::h67919d2ac82dd279
[INFO] [stdout]                                at /rustc/202008a1b8de96d2e5b6bc02d379db03a877d34d/library/core/src/panic/unwind_safe.rs:272:9
[INFO] [stdout]   69:     0x6550162343f0 - std::panicking::try::do_call::h86c55c8b9eebd1ae
[INFO] [stdout]                                at /rustc/202008a1b8de96d2e5b6bc02d379db03a877d34d/library/std/src/panicking.rs:557:40
[INFO] [stdout]   70:     0x6550163193cb - __rust_try
[INFO] [stdout]   71:     0x6550162f4acf - std::panicking::try::h06e2ebc57da1da86
[INFO] [stdout]                                at /rustc/202008a1b8de96d2e5b6bc02d379db03a877d34d/library/std/src/panicking.rs:520:19
[INFO] [stdout]   72:     0x6550162f4acf - std::panic::catch_unwind::h4e5114bc7b126216
[INFO] [stdout]                                at /rustc/202008a1b8de96d2e5b6bc02d379db03a877d34d/library/std/src/panic.rs:358:14
[INFO] [stdout]   73:     0x6550163fe51d - rayon_core::unwind::halt_unwinding::hd18e764d8a03a8ce
[INFO] [stdout]                                at /opt/rustwide/cargo-home/registry/src/index.crates.io-6f17d22bba15001f/rayon-core-1.12.1/src/unwind.rs:17:5
[INFO] [stdout]   74:     0x6550163dcf7f - rayon_core::job::JobResult<T>::call::h04e2b3e984258b82
[INFO] [stdout]                                at /opt/rustwide/cargo-home/registry/src/index.crates.io-6f17d22bba15001f/rayon-core-1.12.1/src/job.rs:218:15
[INFO] [stdout]   75:     0x6550163f9b76 - <rayon_core::job::StackJob<L,F,R> as rayon_core::job::Job>::execute::ha1830ff44bdff6f5
[INFO] [stdout]                                at /opt/rustwide/cargo-home/registry/src/index.crates.io-6f17d22bba15001f/rayon-core-1.12.1/src/job.rs:120:32
[INFO] [stdout]   76:     0x65501650a2ab - rayon_core::job::JobRef::execute::h465b943d0a96bd5c
[INFO] [stdout]                                at /opt/rustwide/cargo-home/registry/src/index.crates.io-6f17d22bba15001f/rayon-core-1.12.1/src/job.rs:64:9
[INFO] [stdout]   77:     0x6550164f88f0 - rayon_core::registry::WorkerThread::execute::hbdf49cc6821bb64f
[INFO] [stdout]                                at /opt/rustwide/cargo-home/registry/src/index.crates.io-6f17d22bba15001f/rayon-core-1.12.1/src/registry.rs:860:9
[INFO] [stdout]   78:     0x6550164f864c - rayon_core::registry::WorkerThread::wait_until_cold::hb87938b65799a370
[INFO] [stdout]                                at /opt/rustwide/cargo-home/registry/src/index.crates.io-6f17d22bba15001f/rayon-core-1.12.1/src/registry.rs:794:21
[INFO] [stdout]   79:     0x6550164f83eb - rayon_core::registry::WorkerThread::wait_until::hd38717a98b48ab7c
[INFO] [stdout]                                at /opt/rustwide/cargo-home/registry/src/index.crates.io-6f17d22bba15001f/rayon-core-1.12.1/src/registry.rs:769:13
[INFO] [stdout]   80:     0x6550164f87c5 - rayon_core::registry::WorkerThread::wait_until_out_of_work::h66d9c14f401bf778
[INFO] [stdout]                                at /opt/rustwide/cargo-home/registry/src/index.crates.io-6f17d22bba15001f/rayon-core-1.12.1/src/registry.rs:818:9
[INFO] [stdout]   81:     0x6550164f8ccf - rayon_core::registry::main_loop::h932a3fff08bd2a24
[INFO] [stdout]                                at /opt/rustwide/cargo-home/registry/src/index.crates.io-6f17d22bba15001f/rayon-core-1.12.1/src/registry.rs:923:5
[INFO] [stdout]   82:     0x6550164f5a66 - rayon_core::registry::ThreadBuilder::run::h3471e8dfcd4742e2
[INFO] [stdout]                                at /opt/rustwide/cargo-home/registry/src/index.crates.io-6f17d22bba15001f/rayon-core-1.12.1/src/registry.rs:53:18
[INFO] [stdout]   83:     0x6550164f5eed - <rayon_core::registry::DefaultSpawn as rayon_core::registry::ThreadSpawn>::spawn::{{closure}}::h822be21e53a21136
[INFO] [stdout]                                at /opt/rustwide/cargo-home/registry/src/index.crates.io-6f17d22bba15001f/rayon-core-1.12.1/src/registry.rs:98:20
[INFO] [stdout]   84:     0x655016501326 - std::sys::backtrace::__rust_begin_short_backtrace::hdfb002a1bfc23529
[INFO] [stdout]                                at /rustc/202008a1b8de96d2e5b6bc02d379db03a877d34d/library/std/src/sys/backtrace.rs:154:18
[INFO] [stdout]   85:     0x65501650001b - std::thread::Builder::spawn_unchecked_::{{closure}}::{{closure}}::h950faeda7ad13a22
[INFO] [stdout]                                at /rustc/202008a1b8de96d2e5b6bc02d379db03a877d34d/library/std/src/thread/mod.rs:561:17
[INFO] [stdout]   86:     0x65501650a7a4 - <core::panic::unwind_safe::AssertUnwindSafe<F> as core::ops::function::FnOnce<()>>::call_once::h87beaf60793bad7d
[INFO] [stdout]                                at /rustc/202008a1b8de96d2e5b6bc02d379db03a877d34d/library/core/src/panic/unwind_safe.rs:272:9
[INFO] [stdout]   87:     0x655016501594 - std::panicking::try::do_call::hca7fdfa55b414506
[INFO] [stdout]                                at /rustc/202008a1b8de96d2e5b6bc02d379db03a877d34d/library/std/src/panicking.rs:557:40
[INFO] [stdout]   88:     0x655016500fdb - __rust_try
[INFO] [stdout]   89:     0x6550164ff9c0 - std::panicking::try::h71d9d8b83d8f81a3
[INFO] [stdout]                                at /rustc/202008a1b8de96d2e5b6bc02d379db03a877d34d/library/std/src/panicking.rs:520:19
[INFO] [stdout]   90:     0x6550164ff9c0 - std::panic::catch_unwind::ha40f233954c90323
[INFO] [stdout]                                at /rustc/202008a1b8de96d2e5b6bc02d379db03a877d34d/library/std/src/panic.rs:358:14
[INFO] [stdout]   91:     0x6550164ff9c0 - std::thread::Builder::spawn_unchecked_::{{closure}}::h685d6b1b19778a08
[INFO] [stdout]                                at /rustc/202008a1b8de96d2e5b6bc02d379db03a877d34d/library/std/src/thread/mod.rs:559:30
[INFO] [stdout]   92:     0x65501650d7af - core::ops::function::FnOnce::call_once{{vtable.shim}}::h94a91b43fba09250
[INFO] [stdout]                                at /rustc/202008a1b8de96d2e5b6bc02d379db03a877d34d/library/core/src/ops/function.rs:250:5
[INFO] [stdout]   93:     0x655016be09db - <alloc::boxed::Box<F,A> as core::ops::function::FnOnce<Args>>::call_once::h42f0ba71002a1b2c
[INFO] [stdout]                                at /rustc/202008a1b8de96d2e5b6bc02d379db03a877d34d/library/alloc/src/boxed.rs:1972:9
[INFO] [stdout]   94:     0x655016be09db - <alloc::boxed::Box<F,A> as core::ops::function::FnOnce<Args>>::call_once::had9e47d7a3dcecb8
[INFO] [stdout]                                at /rustc/202008a1b8de96d2e5b6bc02d379db03a877d34d/library/alloc/src/boxed.rs:1972:9
[INFO] [stdout]   95:     0x655016be09db - std::sys::pal::unix::thread::Thread::new::thread_start::h48cf765408f6f5f2
[INFO] [stdout]                                at /rustc/202008a1b8de96d2e5b6bc02d379db03a877d34d/library/std/src/sys/pal/unix/thread.rs:105:17
[INFO] [stdout]   96:     0x7525df0f8ac3 - <unknown>
[INFO] [stdout]   97:     0x7525df189a04 - clone
[INFO] [stdout]   98:                0x0 - <unknown>
[INFO] [stdout] 
[INFO] [stdout] 
[INFO] [stdout] failures:
[INFO] [stdout]     app::compass::compass_app::tests::test_speeds
[INFO] [stdout] 
[INFO] [stdout] test result: FAILED. 13 passed; 1 failed; 0 ignored; 0 measured; 0 filtered out; finished in 0.18s
[INFO] [stdout] 
[INFO] [stderr] 

edge list: 100%|██████████| 3/3 [00:00<00:00, 5002.17it/s]

vertex list: 100%|██████████| 3/3 [00:00<00:00, 6781.02it/s]

geometry file: 100%|██████████| 3/3 [00:00<00:00, 24600.25it/s]

input plugins: 100%|██████████| 1/1 [00:00<00:00, 105.02it/s]error: test failed, to rerun pass `--lib`
[INFO] running `Command { std: "docker" "inspect" "b8cb3a44b50363d5b4d86d457408651a7ca0a2ea5f5eab80fea42df1318b0c9f", kill_on_drop: false }`
[INFO] running `Command { std: "docker" "rm" "-f" "b8cb3a44b50363d5b4d86d457408651a7ca0a2ea5f5eab80fea42df1318b0c9f", kill_on_drop: false }`
[INFO] [stdout] b8cb3a44b50363d5b4d86d457408651a7ca0a2ea5f5eab80fea42df1318b0c9f
