[INFO] fetching crate pulumi-watch 0.1.5...
[INFO] testing pulumi-watch-0.1.5 against 1.83.0 for beta-1.84.0-4-retry
[INFO] extracting crate pulumi-watch 0.1.5 into /workspace/builds/worker-2-tc1/source
[INFO] validating manifest of crates.io crate pulumi-watch 0.1.5 on toolchain 1.83.0
[INFO] running `Command { std: CARGO_HOME="/workspace/cargo-home" RUSTUP_HOME="/workspace/rustup-home" "/workspace/cargo-home/bin/cargo" "+1.83.0" "metadata" "--manifest-path" "Cargo.toml" "--no-deps", kill_on_drop: false }`
[INFO] started tweaking crates.io crate pulumi-watch 0.1.5
[INFO] finished tweaking crates.io crate pulumi-watch 0.1.5
[INFO] tweaked toml for crates.io crate pulumi-watch 0.1.5 written to /workspace/builds/worker-2-tc1/source/Cargo.toml
[INFO] crate crates.io crate pulumi-watch 0.1.5 already has a lockfile, it will not be regenerated
[INFO] running `Command { std: CARGO_HOME="/workspace/cargo-home" RUSTUP_HOME="/workspace/rustup-home" "/workspace/cargo-home/bin/cargo" "+1.83.0" "fetch" "--manifest-path" "Cargo.toml", kill_on_drop: false }`
[INFO] [stderr]     Blocking waiting for file lock on package cache
[INFO] [stderr]     Updating crates.io index
[INFO] [stderr]  Downloading crates ...
[INFO] [stderr]   Downloaded git-path v0.4.2
[INFO] [stderr]   Downloaded ignore-files v1.0.1
[INFO] [stderr]   Downloaded watchexec-filterer-ignore v1.0.0
[INFO] [stderr]   Downloaded watchexec v2.0.2
[INFO] [stderr]   Downloaded git-glob v0.3.2
[INFO] [stderr]   Downloaded atomic-take v1.0.0
[INFO] [stderr]   Downloaded git-lock v2.1.1
[INFO] [stderr]   Downloaded git-hash v0.9.9
[INFO] [stderr]   Downloaded git-validate v0.5.5
[INFO] [stderr]   Downloaded async-priority-channel v0.1.0
[INFO] [stderr]   Downloaded git-tempfile v2.0.4
[INFO] [stderr]   Downloaded git-ref v0.15.4
[INFO] [stderr]   Downloaded git-date v0.1.0
[INFO] [stderr]   Downloaded git-object v0.20.3
[INFO] [stderr]   Downloaded git-sec v0.3.1
[INFO] [stderr]   Downloaded watchexec-filterer-globset v1.0.1
[INFO] [stderr]   Downloaded git-config v0.7.1
[INFO] [stderr]   Downloaded git-features v0.22.4
[INFO] [stderr]   Downloaded git-actor v0.11.4
[INFO] [stderr]   Downloaded project-origins v1.1.1
[INFO] running `Command { std: "docker" "create" "-v" "/var/lib/crater-agent-workspace/builds/worker-2-tc1/target:/opt/rustwide/target:rw,Z" "-v" "/var/lib/crater-agent-workspace/builds/worker-2-tc1/source:/opt/rustwide/workdir:ro,Z" "-v" "/var/lib/crater-agent-workspace/cargo-home:/opt/rustwide/cargo-home:ro,Z" "-v" "/var/lib/crater-agent-workspace/rustup-home:/opt/rustwide/rustup-home:ro,Z" "-e" "SOURCE_DIR=/opt/rustwide/workdir" "-e" "CARGO_TARGET_DIR=/opt/rustwide/target" "-e" "CARGO_HOME=/opt/rustwide/cargo-home" "-e" "RUSTUP_HOME=/opt/rustwide/rustup-home" "-w" "/opt/rustwide/workdir" "-m" "1610612736" "--user" "0:0" "--network" "none" "ghcr.io/rust-lang/crates-build-env/linux@sha256:f3a9d4ad9d972b27faf3965f35b62e55ba32bbce8f20bc8fe909558a86702fde" "/opt/rustwide/cargo-home/bin/cargo" "+1.83.0" "metadata" "--no-deps" "--format-version=1", kill_on_drop: false }`
[INFO] [stdout] ebf8a79edaedd220479438e7e597cbf3d384d678df6784ca482ae16b47da920a
[INFO] running `Command { std: "docker" "start" "-a" "ebf8a79edaedd220479438e7e597cbf3d384d678df6784ca482ae16b47da920a", kill_on_drop: false }`
[INFO] running `Command { std: "docker" "inspect" "ebf8a79edaedd220479438e7e597cbf3d384d678df6784ca482ae16b47da920a", kill_on_drop: false }`
[INFO] running `Command { std: "docker" "rm" "-f" "ebf8a79edaedd220479438e7e597cbf3d384d678df6784ca482ae16b47da920a", kill_on_drop: false }`
[INFO] [stdout] ebf8a79edaedd220479438e7e597cbf3d384d678df6784ca482ae16b47da920a
[INFO] running `Command { std: "docker" "create" "-v" "/var/lib/crater-agent-workspace/builds/worker-2-tc1/target:/opt/rustwide/target:rw,Z" "-v" "/var/lib/crater-agent-workspace/builds/worker-2-tc1/source:/opt/rustwide/workdir:ro,Z" "-v" "/var/lib/crater-agent-workspace/cargo-home:/opt/rustwide/cargo-home:ro,Z" "-v" "/var/lib/crater-agent-workspace/rustup-home:/opt/rustwide/rustup-home:ro,Z" "-e" "SOURCE_DIR=/opt/rustwide/workdir" "-e" "CARGO_TARGET_DIR=/opt/rustwide/target" "-e" "CARGO_INCREMENTAL=0" "-e" "RUST_BACKTRACE=full" "-e" "RUSTFLAGS=--cap-lints=warn" "-e" "RUSTDOCFLAGS=--cap-lints=warn" "-e" "CARGO_HOME=/opt/rustwide/cargo-home" "-e" "RUSTUP_HOME=/opt/rustwide/rustup-home" "-w" "/opt/rustwide/workdir" "-m" "1610612736" "--user" "0:0" "--network" "none" "ghcr.io/rust-lang/crates-build-env/linux@sha256:f3a9d4ad9d972b27faf3965f35b62e55ba32bbce8f20bc8fe909558a86702fde" "/opt/rustwide/cargo-home/bin/cargo" "+1.83.0" "build" "--frozen" "--message-format=json", kill_on_drop: false }`
[INFO] [stdout] 7fd1aa693f871fed2358e7ab5dab4ec9d623b26d6a63616e91d4ed08fe175bc1
[INFO] running `Command { std: "docker" "start" "-a" "7fd1aa693f871fed2358e7ab5dab4ec9d623b26d6a63616e91d4ed08fe175bc1", kill_on_drop: false }`
[INFO] [stderr]    Compiling libc v0.2.132
[INFO] [stderr]    Compiling autocfg v1.1.0
[INFO] [stderr]    Compiling cfg-if v1.0.0
[INFO] [stderr]    Compiling proc-macro2 v1.0.43
[INFO] [stderr]    Compiling unicode-ident v1.0.3
[INFO] [stderr]    Compiling quote v1.0.21
[INFO] [stderr]    Compiling syn v1.0.99
[INFO] [stderr]    Compiling memchr v2.5.0
[INFO] [stderr]    Compiling once_cell v1.14.0
[INFO] [stderr]    Compiling parking_lot_core v0.9.3
[INFO] [stderr]    Compiling smallvec v1.9.0
[INFO] [stderr]    Compiling version_check v0.9.4
[INFO] [stderr]    Compiling scopeguard v1.1.0
[INFO] [stderr]    Compiling log v0.4.17
[INFO] [stderr]    Compiling getrandom v0.1.16
[INFO] [stderr]    Compiling lazy_static v1.4.0
[INFO] [stderr]    Compiling regex-automata v0.1.10
[INFO] [stderr]    Compiling bitflags v1.3.2
[INFO] [stderr]    Compiling pin-project-lite v0.2.9
[INFO] [stderr]    Compiling futures-core v0.3.24
[INFO] [stderr]    Compiling ppv-lite86 v0.2.16
[INFO] [stderr]    Compiling siphasher v0.3.10
[INFO] [stderr]    Compiling same-file v1.0.6
[INFO] [stderr]    Compiling hashbrown v0.12.3
[INFO] [stderr]    Compiling quick-error v2.0.1
[INFO] [stderr]    Compiling futures-task v0.3.24
[INFO] [stderr]    Compiling itoa v1.0.3
[INFO] [stderr]    Compiling lock_api v0.4.8
[INFO] [stderr]    Compiling num-traits v0.2.15
[INFO] [stderr]    Compiling walkdir v2.3.2
[INFO] [stderr]    Compiling tokio v1.21.0
[INFO] [stderr]    Compiling slab v0.4.7
[INFO] [stderr]    Compiling futures-channel v0.3.24
[INFO] [stderr]    Compiling phf_shared v0.8.0
[INFO] [stderr]    Compiling num_threads v0.1.6
[INFO] [stderr]    Compiling signal-hook v0.3.14
[INFO] [stderr]    Compiling time-macros v0.2.4
[INFO] [stderr]    Compiling futures-sink v0.3.24
[INFO] [stderr]    Compiling crossbeam-utils v0.8.11
[INFO] [stderr]    Compiling hex v0.4.3
[INFO] [stderr]    Compiling minimal-lexical v0.2.1
[INFO] [stderr]    Compiling bstr v0.2.17
[INFO] [stderr]    Compiling bytes v1.2.1
[INFO] [stderr]    Compiling remove_dir_all v0.5.3
[INFO] [stderr]    Compiling futures-util v0.3.24
[INFO] [stderr]    Compiling fastrand v1.8.0
[INFO] [stderr]    Compiling nom v7.1.1
[INFO] [stderr]    Compiling fnv v1.0.7
[INFO] [stderr]    Compiling pin-utils v0.1.0
[INFO] [stderr]    Compiling sha1_smol v1.0.0
[INFO] [stderr]    Compiling futures-io v0.3.24
[INFO] [stderr]    Compiling aho-corasick v0.7.19
[INFO] [stderr]    Compiling memoffset v0.6.5
[INFO] [stderr]    Compiling nom v5.1.2
[INFO] [stderr]    Compiling regex-syntax v0.6.27
[INFO] [stderr]    Compiling serde v1.0.144
[INFO] [stderr]    Compiling semver v1.0.13
[INFO] [stderr]    Compiling cfg-if v0.1.10
[INFO] [stderr]    Compiling async-trait v0.1.57
[INFO] [stderr]    Compiling phf v0.8.0
[INFO] [stderr]    Compiling proc-macro-error-attr v1.0.4
[INFO] [stderr]    Compiling btoi v0.4.2
[INFO] [stderr]    Compiling rand_core v0.5.1
[INFO] [stderr]    Compiling git-validate v0.5.5
[INFO] [stderr]    Compiling git-glob v0.3.2
[INFO] [stderr]    Compiling tracing-core v0.1.29
[INFO] [stderr]    Compiling thread_local v1.1.4
[INFO] [stderr]    Compiling unicode-bom v1.1.4
[INFO] [stderr]    Compiling unicode-width v0.1.9
[INFO] [stderr]    Compiling either v1.8.0
[INFO] [stderr]    Compiling signal-hook-registry v1.4.0
[INFO] [stderr]    Compiling rand_pcg v0.2.1
[INFO] [stderr]    Compiling rand_chacha v0.2.2
[INFO] [stderr]    Compiling mio v0.8.4
[INFO] [stderr]    Compiling parking_lot v0.12.1
[INFO] [stderr]    Compiling socket2 v0.4.7
[INFO] [stderr]    Compiling num_cpus v1.13.1
[INFO] [stderr]    Compiling rand v0.7.3
[INFO] [stderr]    Compiling time v0.3.14
[INFO] [stderr]    Compiling dashmap v5.4.0
[INFO] [stderr]    Compiling tempfile v3.3.0
[INFO] [stderr]    Compiling memmap2 v0.5.7
[INFO] [stderr]    Compiling dirs-sys v0.3.7
[INFO] [stderr]    Compiling inotify-sys v0.1.5
[INFO] [stderr]    Compiling git-sec v0.3.1
[INFO] [stderr]    Compiling which v4.3.0
[INFO] [stderr]    Compiling dirs v2.0.2
[INFO] [stderr]    Compiling inotify v0.9.6
[INFO] [stderr]    Compiling phf_generator v0.8.0
[INFO] [stderr]    Compiling nix v0.22.3
[INFO] [stderr]    Compiling nix v0.24.2
[INFO] [stderr]    Compiling filetime v0.2.17
[INFO] [stderr]    Compiling phf_codegen v0.8.0
[INFO] [stderr]    Compiling git-tempfile v2.0.4
[INFO] [stderr]    Compiling crossbeam-channel v0.5.6
[INFO] [stderr]    Compiling proc-macro-error v1.0.4
[INFO] [stderr]    Compiling terminfo v0.7.3
[INFO] [stderr]    Compiling dunce v1.0.2
[INFO] [stderr]    Compiling event-listener v2.5.3
[INFO] [stderr]    Compiling rustc_version v0.4.0
[INFO] [stderr]    Compiling git-lock v2.1.1
[INFO] [stderr]    Compiling async-priority-channel v0.1.0
[INFO] [stderr]    Compiling indexmap v1.9.1
[INFO] [stderr]    Compiling num-integer v0.1.45
[INFO] [stderr]    Compiling notify v5.0.0
[INFO] [stderr]    Compiling atomic-take v1.0.0
[INFO] [stderr]    Compiling regex v1.6.0
[INFO] [stderr]    Compiling cc v1.0.73
[INFO] [stderr]    Compiling os_str_bytes v6.3.0
[INFO] [stderr]    Compiling heck v0.4.0
[INFO] [stderr]    Compiling atty v0.2.14
[INFO] [stderr]    Compiling time v0.1.44
[INFO] [stderr]    Compiling iana-time-zone v0.1.47
[INFO] [stderr]    Compiling strsim v0.10.0
[INFO] [stderr]    Compiling git-date v0.1.0
[INFO] [stderr]    Compiling clap_lex v0.2.4
[INFO] [stderr]    Compiling textwrap v0.15.0
[INFO] [stderr]    Compiling termcolor v1.1.3
[INFO] [stderr]    Compiling git-actor v0.11.4
[INFO] [stderr]    Compiling globset v0.4.9
[INFO] [stderr]    Compiling chrono v0.4.22
[INFO] [stderr]    Compiling ignore v0.4.18
[INFO] [stderr]    Compiling toml v0.5.8
[INFO] [stderr]    Compiling embed-resource v1.7.3
[INFO] [stderr]    Compiling pulumi-watch v0.1.5 (/opt/rustwide/workdir)
[INFO] [stderr]    Compiling thiserror-impl v1.0.34
[INFO] [stderr]    Compiling tokio-macros v1.8.0
[INFO] [stderr]    Compiling futures-macro v0.3.24
[INFO] [stderr]    Compiling tracing-attributes v0.1.22
[INFO] [stderr]    Compiling miette-derive v5.3.0
[INFO] [stderr]    Compiling async-recursion v1.0.0
[INFO] [stderr]    Compiling clap_derive v3.2.18
[INFO] [stdout] error: linking with `cc` failed: exit status: 1
[INFO] [stdout]   |
[INFO] [stdout]   = note: LC_ALL="C" PATH="/opt/rustwide/rustup-home/toolchains/1.83.0-x86_64-unknown-linux-gnu/lib/rustlib/x86_64-unknown-linux-gnu/bin:/opt/rustwide/cargo-home/bin:/usr/local/sbin:/usr/local/bin:/usr/sbin:/usr/bin:/sbin:/bin" VSLANG="1033" "cc" "-Wl,--version-script=/tmp/rustchO4vYl/list" "-Wl,--no-undefined-version" "-m64" "/tmp/rustchO4vYl/symbols.o" "/opt/rustwide/target/debug/deps/tokio_macros-815a378e311a72ac.tokio_macros.dd758c4bae6afacf-cgu.0.rcgu.o" "/opt/rustwide/target/debug/deps/tokio_macros-815a378e311a72ac.tokio_macros.dd758c4bae6afacf-cgu.1.rcgu.o" "/opt/rustwide/target/debug/deps/tokio_macros-815a378e311a72ac.tokio_macros.dd758c4bae6afacf-cgu.2.rcgu.o" "/opt/rustwide/target/debug/deps/tokio_macros-815a378e311a72ac.tokio_macros.dd758c4bae6afacf-cgu.3.rcgu.o" "/opt/rustwide/target/debug/deps/tokio_macros-815a378e311a72ac.tokio_macros.dd758c4bae6afacf-cgu.4.rcgu.o" "/opt/rustwide/target/debug/deps/tokio_macros-815a378e311a72ac.eaef9bomejoocq8r1n5b0k2nv.rcgu.rmeta" "/opt/rustwide/target/debug/deps/tokio_macros-815a378e311a72ac.dmoc94o37p4a4i4e2g0iozy5r.rcgu.o" "-Wl,--as-needed" "-Wl,-Bstatic" "/opt/rustwide/target/debug/deps/libsyn-9f341abc093fd533.rlib" "/opt/rustwide/target/debug/deps/libquote-4dd79b35b93cd5e4.rlib" "/opt/rustwide/target/debug/deps/libproc_macro2-a25489fec74a111b.rlib" "/opt/rustwide/target/debug/deps/libunicode_ident-5a3a64e0637c21d7.rlib" "/opt/rustwide/rustup-home/toolchains/1.83.0-x86_64-unknown-linux-gnu/lib/rustlib/x86_64-unknown-linux-gnu/lib/libproc_macro-a2fc9021817a412b.rlib" "/opt/rustwide/rustup-home/toolchains/1.83.0-x86_64-unknown-linux-gnu/lib/rustlib/x86_64-unknown-linux-gnu/lib/libstd-ca74a2d9c5166d9f.rlib" "/opt/rustwide/rustup-home/toolchains/1.83.0-x86_64-unknown-linux-gnu/lib/rustlib/x86_64-unknown-linux-gnu/lib/libpanic_unwind-e31ab23316ed5080.rlib" "/opt/rustwide/rustup-home/toolchains/1.83.0-x86_64-unknown-linux-gnu/lib/rustlib/x86_64-unknown-linux-gnu/lib/libobject-27dc4aa955912662.rlib" "/opt/rustwide/rustup-home/toolchains/1.83.0-x86_64-unknown-linux-gnu/lib/rustlib/x86_64-unknown-linux-gnu/lib/libmemchr-bd0d6cccce077b99.rlib" "/opt/rustwide/rustup-home/toolchains/1.83.0-x86_64-unknown-linux-gnu/lib/rustlib/x86_64-unknown-linux-gnu/lib/libaddr2line-8d001680935b5e3c.rlib" "/opt/rustwide/rustup-home/toolchains/1.83.0-x86_64-unknown-linux-gnu/lib/rustlib/x86_64-unknown-linux-gnu/lib/libgimli-ba8ce71964f984f4.rlib" "/opt/rustwide/rustup-home/toolchains/1.83.0-x86_64-unknown-linux-gnu/lib/rustlib/x86_64-unknown-linux-gnu/lib/librustc_demangle-99a73526abcec14b.rlib" "/opt/rustwide/rustup-home/toolchains/1.83.0-x86_64-unknown-linux-gnu/lib/rustlib/x86_64-unknown-linux-gnu/lib/libstd_detect-63ac0d22cff92579.rlib" "/opt/rustwide/rustup-home/toolchains/1.83.0-x86_64-unknown-linux-gnu/lib/rustlib/x86_64-unknown-linux-gnu/lib/libhashbrown-9057355c92c922d5.rlib" "/opt/rustwide/rustup-home/toolchains/1.83.0-x86_64-unknown-linux-gnu/lib/rustlib/x86_64-unknown-linux-gnu/lib/librustc_std_workspace_alloc-358be9bc1f6bab04.rlib" "/opt/rustwide/rustup-home/toolchains/1.83.0-x86_64-unknown-linux-gnu/lib/rustlib/x86_64-unknown-linux-gnu/lib/libminiz_oxide-aca15549d5bff974.rlib" "/opt/rustwide/rustup-home/toolchains/1.83.0-x86_64-unknown-linux-gnu/lib/rustlib/x86_64-unknown-linux-gnu/lib/libadler-8251d2cef7072448.rlib" "/opt/rustwide/rustup-home/toolchains/1.83.0-x86_64-unknown-linux-gnu/lib/rustlib/x86_64-unknown-linux-gnu/lib/libunwind-7d50b86011c66411.rlib" "/opt/rustwide/rustup-home/toolchains/1.83.0-x86_64-unknown-linux-gnu/lib/rustlib/x86_64-unknown-linux-gnu/lib/libcfg_if-51ea098fce5006bf.rlib" "/opt/rustwide/rustup-home/toolchains/1.83.0-x86_64-unknown-linux-gnu/lib/rustlib/x86_64-unknown-linux-gnu/lib/liblibc-5a14e0d0b712e731.rlib" "/opt/rustwide/rustup-home/toolchains/1.83.0-x86_64-unknown-linux-gnu/lib/rustlib/x86_64-unknown-linux-gnu/lib/liballoc-8b83dbf3a7b8f999.rlib" "/opt/rustwide/rustup-home/toolchains/1.83.0-x86_64-unknown-linux-gnu/lib/rustlib/x86_64-unknown-linux-gnu/lib/librustc_std_workspace_core-c6fd227bdc7b39ff.rlib" "/opt/rustwide/rustup-home/toolchains/1.83.0-x86_64-unknown-linux-gnu/lib/rustlib/x86_64-unknown-linux-gnu/lib/libcore-959d3389fa3da8a5.rlib" "/opt/rustwide/rustup-home/toolchains/1.83.0-x86_64-unknown-linux-gnu/lib/rustlib/x86_64-unknown-linux-gnu/lib/libcompiler_builtins-abe05db089cc2c62.rlib" "-Wl,-Bdynamic" "-lgcc_s" "-lutil" "-lrt" "-lpthread" "-lm" "-ldl" "-lc" "-Wl,--eh-frame-hdr" "-Wl,-z,noexecstack" "-L" "/opt/rustwide/rustup-home/toolchains/1.83.0-x86_64-unknown-linux-gnu/lib/rustlib/x86_64-unknown-linux-gnu/lib" "-o" "/opt/rustwide/target/debug/deps/libtokio_macros-815a378e311a72ac.so" "-Wl,--gc-sections" "-shared" "-Wl,-z,relro,-z,now" "-nodefaultlibs"
[INFO] [stdout]   = note: /usr/bin/ld: final link failed: No space left on device
[INFO] [stdout]           collect2: error: ld returned 1 exit status
[INFO] [stdout]           
[INFO] [stdout] 
[INFO] [stdout] 
[INFO] [stdout] error: linking with `cc` failed: exit status: 1
[INFO] [stdout]   |
[INFO] [stdout]   = note: LC_ALL="C" PATH="/opt/rustwide/rustup-home/toolchains/1.83.0-x86_64-unknown-linux-gnu/lib/rustlib/x86_64-unknown-linux-gnu/bin:/opt/rustwide/cargo-home/bin:/usr/local/sbin:/usr/local/bin:/usr/sbin:/usr/bin:/sbin:/bin" VSLANG="1033" "cc" "-Wl,--version-script=/tmp/rustcmaAMCO/list" "-Wl,--no-undefined-version" "-m64" "/tmp/rustcmaAMCO/symbols.o" "/opt/rustwide/target/debug/deps/thiserror_impl-1495b5958d791731.thiserror_impl.c5084aa9d3e8b780-cgu.00.rcgu.o" "/opt/rustwide/target/debug/deps/thiserror_impl-1495b5958d791731.thiserror_impl.c5084aa9d3e8b780-cgu.01.rcgu.o" "/opt/rustwide/target/debug/deps/thiserror_impl-1495b5958d791731.thiserror_impl.c5084aa9d3e8b780-cgu.02.rcgu.o" "/opt/rustwide/target/debug/deps/thiserror_impl-1495b5958d791731.thiserror_impl.c5084aa9d3e8b780-cgu.03.rcgu.o" "/opt/rustwide/target/debug/deps/thiserror_impl-1495b5958d791731.thiserror_impl.c5084aa9d3e8b780-cgu.04.rcgu.o" "/opt/rustwide/target/debug/deps/thiserror_impl-1495b5958d791731.thiserror_impl.c5084aa9d3e8b780-cgu.05.rcgu.o" "/opt/rustwide/target/debug/deps/thiserror_impl-1495b5958d791731.thiserror_impl.c5084aa9d3e8b780-cgu.06.rcgu.o" "/opt/rustwide/target/debug/deps/thiserror_impl-1495b5958d791731.thiserror_impl.c5084aa9d3e8b780-cgu.07.rcgu.o" "/opt/rustwide/target/debug/deps/thiserror_impl-1495b5958d791731.thiserror_impl.c5084aa9d3e8b780-cgu.08.rcgu.o" "/opt/rustwide/target/debug/deps/thiserror_impl-1495b5958d791731.thiserror_impl.c5084aa9d3e8b780-cgu.09.rcgu.o" "/opt/rustwide/target/debug/deps/thiserror_impl-1495b5958d791731.thiserror_impl.c5084aa9d3e8b780-cgu.10.rcgu.o" "/opt/rustwide/target/debug/deps/thiserror_impl-1495b5958d791731.thiserror_impl.c5084aa9d3e8b780-cgu.11.rcgu.o" "/opt/rustwide/target/debug/deps/thiserror_impl-1495b5958d791731.thiserror_impl.c5084aa9d3e8b780-cgu.12.rcgu.o" "/opt/rustwide/target/debug/deps/thiserror_impl-1495b5958d791731.thiserror_impl.c5084aa9d3e8b780-cgu.13.rcgu.o" "/opt/rustwide/target/debug/deps/thiserror_impl-1495b5958d791731.thiserror_impl.c5084aa9d3e8b780-cgu.14.rcgu.o" "/opt/rustwide/target/debug/deps/thiserror_impl-1495b5958d791731.thiserror_impl.c5084aa9d3e8b780-cgu.15.rcgu.o" "/opt/rustwide/target/debug/deps/thiserror_impl-1495b5958d791731.0mohjp7ldm4kzixu1j5lg44nq.rcgu.rmeta" "/opt/rustwide/target/debug/deps/thiserror_impl-1495b5958d791731.5mn2j4t19b5z2wa5vowpkj25u.rcgu.o" "-Wl,--as-needed" "-Wl,-Bstatic" "/opt/rustwide/target/debug/deps/libsyn-9f341abc093fd533.rlib" "/opt/rustwide/target/debug/deps/libquote-4dd79b35b93cd5e4.rlib" "/opt/rustwide/target/debug/deps/libproc_macro2-a25489fec74a111b.rlib" "/opt/rustwide/target/debug/deps/libunicode_ident-5a3a64e0637c21d7.rlib" "/opt/rustwide/rustup-home/toolchains/1.83.0-x86_64-unknown-linux-gnu/lib/rustlib/x86_64-unknown-linux-gnu/lib/libproc_macro-a2fc9021817a412b.rlib" "/opt/rustwide/rustup-home/toolchains/1.83.0-x86_64-unknown-linux-gnu/lib/rustlib/x86_64-unknown-linux-gnu/lib/libstd-ca74a2d9c5166d9f.rlib" "/opt/rustwide/rustup-home/toolchains/1.83.0-x86_64-unknown-linux-gnu/lib/rustlib/x86_64-unknown-linux-gnu/lib/libpanic_unwind-e31ab23316ed5080.rlib" "/opt/rustwide/rustup-home/toolchains/1.83.0-x86_64-unknown-linux-gnu/lib/rustlib/x86_64-unknown-linux-gnu/lib/libobject-27dc4aa955912662.rlib" "/opt/rustwide/rustup-home/toolchains/1.83.0-x86_64-unknown-linux-gnu/lib/rustlib/x86_64-unknown-linux-gnu/lib/libmemchr-bd0d6cccce077b99.rlib" "/opt/rustwide/rustup-home/toolchains/1.83.0-x86_64-unknown-linux-gnu/lib/rustlib/x86_64-unknown-linux-gnu/lib/libaddr2line-8d001680935b5e3c.rlib" "/opt/rustwide/rustup-home/toolchains/1.83.0-x86_64-unknown-linux-gnu/lib/rustlib/x86_64-unknown-linux-gnu/lib/libgimli-ba8ce71964f984f4.rlib" "/opt/rustwide/rustup-home/toolchains/1.83.0-x86_64-unknown-linux-gnu/lib/rustlib/x86_64-unknown-linux-gnu/lib/librustc_demangle-99a73526abcec14b.rlib" "/opt/rustwide/rustup-home/toolchains/1.83.0-x86_64-unknown-linux-gnu/lib/rustlib/x86_64-unknown-linux-gnu/lib/libstd_detect-63ac0d22cff92579.rlib" "/opt/rustwide/rustup-home/toolchains/1.83.0-x86_64-unknown-linux-gnu/lib/rustlib/x86_64-unknown-linux-gnu/lib/libhashbrown-9057355c92c922d5.rlib" "/opt/rustwide/rustup-home/toolchains/1.83.0-x86_64-unknown-linux-gnu/lib/rustlib/x86_64-unknown-linux-gnu/lib/librustc_std_workspace_alloc-358be9bc1f6bab04.rlib" "/opt/rustwide/rustup-home/toolchains/1.83.0-x86_64-unknown-linux-gnu/lib/rustlib/x86_64-unknown-linux-gnu/lib/libminiz_oxide-aca15549d5bff974.rlib" "/opt/rustwide/rustup-home/toolchains/1.83.0-x86_64-unknown-linux-gnu/lib/rustlib/x86_64-unknown-linux-gnu/lib/libadler-8251d2cef7072448.rlib" "/opt/rustwide/rustup-home/toolchains/1.83.0-x86_64-unknown-linux-gnu/lib/rustlib/x86_64-unknown-linux-gnu/lib/libunwind-7d50b86011c66411.rlib" "/opt/rustwide/rustup-home/toolchains/1.83.0-x86_64-unknown-linux-gnu/lib/rustlib/x86_64-unknown-linux-gnu/lib/libcfg_if-51ea098fce5006bf.rlib" "/opt/rustwide/rustup-home/toolchains/1.83.0-x86_64-unknown-linux-gnu/lib/rustlib/x86_64-unknown-linux-gnu/lib/liblibc-5a14e0d0b712e731.rlib" "/opt/rustwide/rustup-home/toolchains/1.83.0-x86_64-unknown-linux-gnu/lib/rustlib/x86_64-unknown-linux-gnu/lib/liballoc-8b83dbf3a7b8f999.rlib" "/opt/rustwide/rustup-home/toolchains/1.83.0-x86_64-unknown-linux-gnu/lib/rustlib/x86_64-unknown-linux-gnu/lib/librustc_std_workspace_core-c6fd227bdc7b39ff.rlib" "/opt/rustwide/rustup-home/toolchains/1.83.0-x86_64-unknown-linux-gnu/lib/rustlib/x86_64-unknown-linux-gnu/lib/libcore-959d3389fa3da8a5.rlib" "/opt/rustwide/rustup-home/toolchains/1.83.0-x86_64-unknown-linux-gnu/lib/rustlib/x86_64-unknown-linux-gnu/lib/libcompiler_builtins-abe05db089cc2c62.rlib" "-Wl,-Bdynamic" "-lgcc_s" "-lutil" "-lrt" "-lpthread" "-lm" "-ldl" "-lc" "-Wl,--eh-frame-hdr" "-Wl,-z,noexecstack" "-L" "/opt/rustwide/rustup-home/toolchains/1.83.0-x86_64-unknown-linux-gnu/lib/rustlib/x86_64-unknown-linux-gnu/lib" "-o" "/opt/rustwide/target/debug/deps/libthiserror_impl-1495b5958d791731.so" "-Wl,--gc-sections" "-shared" "-Wl,-z,relro,-z,now" "-nodefaultlibs"
[INFO] [stdout]   = note: /usr/bin/ld: final link failed: No space left on device
[INFO] [stdout]           collect2: error: ld returned 1 exit status
[INFO] [stdout]           
[INFO] [stdout] 
[INFO] [stdout] 
[INFO] [stdout] error: linking with `cc` failed: exit status: 1
[INFO] [stdout]   |
[INFO] [stdout]   = note: LC_ALL="C" PATH="/opt/rustwide/rustup-home/toolchains/1.83.0-x86_64-unknown-linux-gnu/lib/rustlib/x86_64-unknown-linux-gnu/bin:/opt/rustwide/cargo-home/bin:/usr/local/sbin:/usr/local/bin:/usr/sbin:/usr/bin:/sbin:/bin" VSLANG="1033" "cc" "-Wl,--version-script=/tmp/rustcHK0uGK/list" "-Wl,--no-undefined-version" "-m64" "/tmp/rustcHK0uGK/symbols.o" "/opt/rustwide/target/debug/deps/futures_macro-974758c346ee2af5.futures_macro.3e9ac4e16df1b742-cgu.0.rcgu.o" "/opt/rustwide/target/debug/deps/futures_macro-974758c346ee2af5.futures_macro.3e9ac4e16df1b742-cgu.1.rcgu.o" "/opt/rustwide/target/debug/deps/futures_macro-974758c346ee2af5.futures_macro.3e9ac4e16df1b742-cgu.2.rcgu.o" "/opt/rustwide/target/debug/deps/futures_macro-974758c346ee2af5.futures_macro.3e9ac4e16df1b742-cgu.3.rcgu.o" "/opt/rustwide/target/debug/deps/futures_macro-974758c346ee2af5.futures_macro.3e9ac4e16df1b742-cgu.4.rcgu.o" "/opt/rustwide/target/debug/deps/futures_macro-974758c346ee2af5.futures_macro.3e9ac4e16df1b742-cgu.5.rcgu.o" "/opt/rustwide/target/debug/deps/futures_macro-974758c346ee2af5.265j2yuth644p8ep9859c9nbp.rcgu.rmeta" "/opt/rustwide/target/debug/deps/futures_macro-974758c346ee2af5.0m4lh0b9g82mzepg32sysqiml.rcgu.o" "-Wl,--as-needed" "-Wl,-Bstatic" "/opt/rustwide/target/debug/deps/libsyn-9f341abc093fd533.rlib" "/opt/rustwide/target/debug/deps/libquote-4dd79b35b93cd5e4.rlib" "/opt/rustwide/target/debug/deps/libproc_macro2-a25489fec74a111b.rlib" "/opt/rustwide/target/debug/deps/libunicode_ident-5a3a64e0637c21d7.rlib" "/opt/rustwide/rustup-home/toolchains/1.83.0-x86_64-unknown-linux-gnu/lib/rustlib/x86_64-unknown-linux-gnu/lib/libproc_macro-a2fc9021817a412b.rlib" "/opt/rustwide/rustup-home/toolchains/1.83.0-x86_64-unknown-linux-gnu/lib/rustlib/x86_64-unknown-linux-gnu/lib/libstd-ca74a2d9c5166d9f.rlib" "/opt/rustwide/rustup-home/toolchains/1.83.0-x86_64-unknown-linux-gnu/lib/rustlib/x86_64-unknown-linux-gnu/lib/libpanic_unwind-e31ab23316ed5080.rlib" "/opt/rustwide/rustup-home/toolchains/1.83.0-x86_64-unknown-linux-gnu/lib/rustlib/x86_64-unknown-linux-gnu/lib/libobject-27dc4aa955912662.rlib" "/opt/rustwide/rustup-home/toolchains/1.83.0-x86_64-unknown-linux-gnu/lib/rustlib/x86_64-unknown-linux-gnu/lib/libmemchr-bd0d6cccce077b99.rlib" "/opt/rustwide/rustup-home/toolchains/1.83.0-x86_64-unknown-linux-gnu/lib/rustlib/x86_64-unknown-linux-gnu/lib/libaddr2line-8d001680935b5e3c.rlib" "/opt/rustwide/rustup-home/toolchains/1.83.0-x86_64-unknown-linux-gnu/lib/rustlib/x86_64-unknown-linux-gnu/lib/libgimli-ba8ce71964f984f4.rlib" "/opt/rustwide/rustup-home/toolchains/1.83.0-x86_64-unknown-linux-gnu/lib/rustlib/x86_64-unknown-linux-gnu/lib/librustc_demangle-99a73526abcec14b.rlib" "/opt/rustwide/rustup-home/toolchains/1.83.0-x86_64-unknown-linux-gnu/lib/rustlib/x86_64-unknown-linux-gnu/lib/libstd_detect-63ac0d22cff92579.rlib" "/opt/rustwide/rustup-home/toolchains/1.83.0-x86_64-unknown-linux-gnu/lib/rustlib/x86_64-unknown-linux-gnu/lib/libhashbrown-9057355c92c922d5.rlib" "/opt/rustwide/rustup-home/toolchains/1.83.0-x86_64-unknown-linux-gnu/lib/rustlib/x86_64-unknown-linux-gnu/lib/librustc_std_workspace_alloc-358be9bc1f6bab04.rlib" "/opt/rustwide/rustup-home/toolchains/1.83.0-x86_64-unknown-linux-gnu/lib/rustlib/x86_64-unknown-linux-gnu/lib/libminiz_oxide-aca15549d5bff974.rlib" "/opt/rustwide/rustup-home/toolchains/1.83.0-x86_64-unknown-linux-gnu/lib/rustlib/x86_64-unknown-linux-gnu/lib/libadler-8251d2cef7072448.rlib" "/opt/rustwide/rustup-home/toolchains/1.83.0-x86_64-unknown-linux-gnu/lib/rustlib/x86_64-unknown-linux-gnu/lib/libunwind-7d50b86011c66411.rlib" "/opt/rustwide/rustup-home/toolchains/1.83.0-x86_64-unknown-linux-gnu/lib/rustlib/x86_64-unknown-linux-gnu/lib/libcfg_if-51ea098fce5006bf.rlib" "/opt/rustwide/rustup-home/toolchains/1.83.0-x86_64-unknown-linux-gnu/lib/rustlib/x86_64-unknown-linux-gnu/lib/liblibc-5a14e0d0b712e731.rlib" "/opt/rustwide/rustup-home/toolchains/1.83.0-x86_64-unknown-linux-gnu/lib/rustlib/x86_64-unknown-linux-gnu/lib/liballoc-8b83dbf3a7b8f999.rlib" "/opt/rustwide/rustup-home/toolchains/1.83.0-x86_64-unknown-linux-gnu/lib/rustlib/x86_64-unknown-linux-gnu/lib/librustc_std_workspace_core-c6fd227bdc7b39ff.rlib" "/opt/rustwide/rustup-home/toolchains/1.83.0-x86_64-unknown-linux-gnu/lib/rustlib/x86_64-unknown-linux-gnu/lib/libcore-959d3389fa3da8a5.rlib" "/opt/rustwide/rustup-home/toolchains/1.83.0-x86_64-unknown-linux-gnu/lib/rustlib/x86_64-unknown-linux-gnu/lib/libcompiler_builtins-abe05db089cc2c62.rlib" "-Wl,-Bdynamic" "-lgcc_s" "-lutil" "-lrt" "-lpthread" "-lm" "-ldl" "-lc" "-Wl,--eh-frame-hdr" "-Wl,-z,noexecstack" "-L" "/opt/rustwide/rustup-home/toolchains/1.83.0-x86_64-unknown-linux-gnu/lib/rustlib/x86_64-unknown-linux-gnu/lib" "-o" "/opt/rustwide/target/debug/deps/libfutures_macro-974758c346ee2af5.so" "-Wl,--gc-sections" "-shared" "-Wl,-z,relro,-z,now" "-nodefaultlibs"
[INFO] [stdout]   = note: /usr/bin/ld: final link failed: No space left on device
[INFO] [stdout]           collect2: error: ld returned 1 exit status
[INFO] [stdout]           
[INFO] [stdout] 
[INFO] [stdout] 
[INFO] [stderr] error: could not compile `tokio-macros` (lib) due to 1 previous error
[INFO] [stderr] warning: build failed, waiting for other jobs to finish...
[INFO] [stderr] error: could not compile `thiserror-impl` (lib) due to 1 previous error
[INFO] [stderr] error: could not compile `futures-macro` (lib) due to 1 previous error
[INFO] [stdout] error: failed to write to `/opt/rustwide/target/debug/deps/rmetaQrTOeJ/lib.rmeta`: No space left on device (os error 28)
[INFO] [stdout] 
[INFO] [stdout] 
[INFO] [stderr] error: could not compile `terminfo` (lib) due to 1 previous error; 2 warnings emitted
[INFO] [stdout] error: linking with `cc` failed: exit status: 1
[INFO] [stdout]   |
[INFO] [stdout]   = note: LC_ALL="C" PATH="/opt/rustwide/rustup-home/toolchains/1.83.0-x86_64-unknown-linux-gnu/lib/rustlib/x86_64-unknown-linux-gnu/bin:/opt/rustwide/cargo-home/bin:/usr/local/sbin:/usr/local/bin:/usr/sbin:/usr/bin:/sbin:/bin" VSLANG="1033" "cc" "-Wl,--version-script=/tmp/rustcvX5FPv/list" "-Wl,--no-undefined-version" "-m64" "/tmp/rustcvX5FPv/symbols.o" "/opt/rustwide/target/debug/deps/tracing_attributes-7aa272f4bdcd063f.tracing_attributes.2003484385ef3f29-cgu.00.rcgu.o" "/opt/rustwide/target/debug/deps/tracing_attributes-7aa272f4bdcd063f.tracing_attributes.2003484385ef3f29-cgu.01.rcgu.o" "/opt/rustwide/target/debug/deps/tracing_attributes-7aa272f4bdcd063f.tracing_attributes.2003484385ef3f29-cgu.02.rcgu.o" "/opt/rustwide/target/debug/deps/tracing_attributes-7aa272f4bdcd063f.tracing_attributes.2003484385ef3f29-cgu.03.rcgu.o" "/opt/rustwide/target/debug/deps/tracing_attributes-7aa272f4bdcd063f.tracing_attributes.2003484385ef3f29-cgu.04.rcgu.o" "/opt/rustwide/target/debug/deps/tracing_attributes-7aa272f4bdcd063f.tracing_attributes.2003484385ef3f29-cgu.05.rcgu.o" "/opt/rustwide/target/debug/deps/tracing_attributes-7aa272f4bdcd063f.tracing_attributes.2003484385ef3f29-cgu.06.rcgu.o" "/opt/rustwide/target/debug/deps/tracing_attributes-7aa272f4bdcd063f.tracing_attributes.2003484385ef3f29-cgu.07.rcgu.o" "/opt/rustwide/target/debug/deps/tracing_attributes-7aa272f4bdcd063f.tracing_attributes.2003484385ef3f29-cgu.08.rcgu.o" "/opt/rustwide/target/debug/deps/tracing_attributes-7aa272f4bdcd063f.tracing_attributes.2003484385ef3f29-cgu.09.rcgu.o" "/opt/rustwide/target/debug/deps/tracing_attributes-7aa272f4bdcd063f.tracing_attributes.2003484385ef3f29-cgu.10.rcgu.o" "/opt/rustwide/target/debug/deps/tracing_attributes-7aa272f4bdcd063f.tracing_attributes.2003484385ef3f29-cgu.11.rcgu.o" "/opt/rustwide/target/debug/deps/tracing_attributes-7aa272f4bdcd063f.tracing_attributes.2003484385ef3f29-cgu.12.rcgu.o" "/opt/rustwide/target/debug/deps/tracing_attributes-7aa272f4bdcd063f.tracing_attributes.2003484385ef3f29-cgu.13.rcgu.o" "/opt/rustwide/target/debug/deps/tracing_attributes-7aa272f4bdcd063f.tracing_attributes.2003484385ef3f29-cgu.14.rcgu.o" "/opt/rustwide/target/debug/deps/tracing_attributes-7aa272f4bdcd063f.tracing_attributes.2003484385ef3f29-cgu.15.rcgu.o" "/opt/rustwide/target/debug/deps/tracing_attributes-7aa272f4bdcd063f.b5y1q53qriin0dqmps0qx58jd.rcgu.rmeta" "/opt/rustwide/target/debug/deps/tracing_attributes-7aa272f4bdcd063f.11gsg37n9p87603y9yuuwhxb0.rcgu.o" "-Wl,--as-needed" "-Wl,-Bstatic" "/opt/rustwide/target/debug/deps/libsyn-9f341abc093fd533.rlib" "/opt/rustwide/target/debug/deps/libquote-4dd79b35b93cd5e4.rlib" "/opt/rustwide/target/debug/deps/libproc_macro2-a25489fec74a111b.rlib" "/opt/rustwide/target/debug/deps/libunicode_ident-5a3a64e0637c21d7.rlib" "/opt/rustwide/rustup-home/toolchains/1.83.0-x86_64-unknown-linux-gnu/lib/rustlib/x86_64-unknown-linux-gnu/lib/libproc_macro-a2fc9021817a412b.rlib" "/opt/rustwide/rustup-home/toolchains/1.83.0-x86_64-unknown-linux-gnu/lib/rustlib/x86_64-unknown-linux-gnu/lib/libstd-ca74a2d9c5166d9f.rlib" "/opt/rustwide/rustup-home/toolchains/1.83.0-x86_64-unknown-linux-gnu/lib/rustlib/x86_64-unknown-linux-gnu/lib/libpanic_unwind-e31ab23316ed5080.rlib" "/opt/rustwide/rustup-home/toolchains/1.83.0-x86_64-unknown-linux-gnu/lib/rustlib/x86_64-unknown-linux-gnu/lib/libobject-27dc4aa955912662.rlib" "/opt/rustwide/rustup-home/toolchains/1.83.0-x86_64-unknown-linux-gnu/lib/rustlib/x86_64-unknown-linux-gnu/lib/libmemchr-bd0d6cccce077b99.rlib" "/opt/rustwide/rustup-home/toolchains/1.83.0-x86_64-unknown-linux-gnu/lib/rustlib/x86_64-unknown-linux-gnu/lib/libaddr2line-8d001680935b5e3c.rlib" "/opt/rustwide/rustup-home/toolchains/1.83.0-x86_64-unknown-linux-gnu/lib/rustlib/x86_64-unknown-linux-gnu/lib/libgimli-ba8ce71964f984f4.rlib" "/opt/rustwide/rustup-home/toolchains/1.83.0-x86_64-unknown-linux-gnu/lib/rustlib/x86_64-unknown-linux-gnu/lib/librustc_demangle-99a73526abcec14b.rlib" "/opt/rustwide/rustup-home/toolchains/1.83.0-x86_64-unknown-linux-gnu/lib/rustlib/x86_64-unknown-linux-gnu/lib/libstd_detect-63ac0d22cff92579.rlib" "/opt/rustwide/rustup-home/toolchains/1.83.0-x86_64-unknown-linux-gnu/lib/rustlib/x86_64-unknown-linux-gnu/lib/libhashbrown-9057355c92c922d5.rlib" "/opt/rustwide/rustup-home/toolchains/1.83.0-x86_64-unknown-linux-gnu/lib/rustlib/x86_64-unknown-linux-gnu/lib/librustc_std_workspace_alloc-358be9bc1f6bab04.rlib" "/opt/rustwide/rustup-home/toolchains/1.83.0-x86_64-unknown-linux-gnu/lib/rustlib/x86_64-unknown-linux-gnu/lib/libminiz_oxide-aca15549d5bff974.rlib" "/opt/rustwide/rustup-home/toolchains/1.83.0-x86_64-unknown-linux-gnu/lib/rustlib/x86_64-unknown-linux-gnu/lib/libadler-8251d2cef7072448.rlib" "/opt/rustwide/rustup-home/toolchains/1.83.0-x86_64-unknown-linux-gnu/lib/rustlib/x86_64-unknown-linux-gnu/lib/libunwind-7d50b86011c66411.rlib" "/opt/rustwide/rustup-home/toolchains/1.83.0-x86_64-unknown-linux-gnu/lib/rustlib/x86_64-unknown-linux-gnu/lib/libcfg_if-51ea098fce5006bf.rlib" "/opt/rustwide/rustup-home/toolchains/1.83.0-x86_64-unknown-linux-gnu/lib/rustlib/x86_64-unknown-linux-gnu/lib/liblibc-5a14e0d0b712e731.rlib" "/opt/rustwide/rustup-home/toolchains/1.83.0-x86_64-unknown-linux-gnu/lib/rustlib/x86_64-unknown-linux-gnu/lib/liballoc-8b83dbf3a7b8f999.rlib" "/opt/rustwide/rustup-home/toolchains/1.83.0-x86_64-unknown-linux-gnu/lib/rustlib/x86_64-unknown-linux-gnu/lib/librustc_std_workspace_core-c6fd227bdc7b39ff.rlib" "/opt/rustwide/rustup-home/toolchains/1.83.0-x86_64-unknown-linux-gnu/lib/rustlib/x86_64-unknown-linux-gnu/lib/libcore-959d3389fa3da8a5.rlib" "/opt/rustwide/rustup-home/toolchains/1.83.0-x86_64-unknown-linux-gnu/lib/rustlib/x86_64-unknown-linux-gnu/lib/libcompiler_builtins-abe05db089cc2c62.rlib" "-Wl,-Bdynamic" "-lgcc_s" "-lutil" "-lrt" "-lpthread" "-lm" "-ldl" "-lc" "-Wl,--eh-frame-hdr" "-Wl,-z,noexecstack" "-L" "/opt/rustwide/rustup-home/toolchains/1.83.0-x86_64-unknown-linux-gnu/lib/rustlib/x86_64-unknown-linux-gnu/lib" "-o" "/opt/rustwide/target/debug/deps/libtracing_attributes-7aa272f4bdcd063f.so" "-Wl,--gc-sections" "-shared" "-Wl,-z,relro,-z,now" "-nodefaultlibs"
[INFO] [stdout]   = note: /usr/bin/ld: final link failed: No space left on device
[INFO] [stdout]           collect2: error: ld returned 1 exit status
[INFO] [stdout]           
[INFO] [stdout] 
[INFO] [stdout] 
[INFO] [stderr] error: could not compile `tracing-attributes` (lib) due to 1 previous error
[INFO] [stdout] error: linking with `cc` failed: exit status: 1
[INFO] [stdout]   |
[INFO] [stdout]   = note: LC_ALL="C" PATH="/opt/rustwide/rustup-home/toolchains/1.83.0-x86_64-unknown-linux-gnu/lib/rustlib/x86_64-unknown-linux-gnu/bin:/opt/rustwide/cargo-home/bin:/usr/local/sbin:/usr/local/bin:/usr/sbin:/usr/bin:/sbin:/bin" VSLANG="1033" "cc" "-Wl,--version-script=/tmp/rustcfcrA7o/list" "-Wl,--no-undefined-version" "-m64" "/tmp/rustcfcrA7o/symbols.o" "/opt/rustwide/target/debug/deps/clap_derive-83feb243ad7c93dc.clap_derive.e055336ae298b808-cgu.00.rcgu.o" "/opt/rustwide/target/debug/deps/clap_derive-83feb243ad7c93dc.clap_derive.e055336ae298b808-cgu.01.rcgu.o" "/opt/rustwide/target/debug/deps/clap_derive-83feb243ad7c93dc.clap_derive.e055336ae298b808-cgu.02.rcgu.o" "/opt/rustwide/target/debug/deps/clap_derive-83feb243ad7c93dc.clap_derive.e055336ae298b808-cgu.03.rcgu.o" "/opt/rustwide/target/debug/deps/clap_derive-83feb243ad7c93dc.clap_derive.e055336ae298b808-cgu.04.rcgu.o" "/opt/rustwide/target/debug/deps/clap_derive-83feb243ad7c93dc.clap_derive.e055336ae298b808-cgu.05.rcgu.o" "/opt/rustwide/target/debug/deps/clap_derive-83feb243ad7c93dc.clap_derive.e055336ae298b808-cgu.06.rcgu.o" "/opt/rustwide/target/debug/deps/clap_derive-83feb243ad7c93dc.clap_derive.e055336ae298b808-cgu.07.rcgu.o" "/opt/rustwide/target/debug/deps/clap_derive-83feb243ad7c93dc.clap_derive.e055336ae298b808-cgu.08.rcgu.o" "/opt/rustwide/target/debug/deps/clap_derive-83feb243ad7c93dc.clap_derive.e055336ae298b808-cgu.09.rcgu.o" "/opt/rustwide/target/debug/deps/clap_derive-83feb243ad7c93dc.clap_derive.e055336ae298b808-cgu.10.rcgu.o" "/opt/rustwide/target/debug/deps/clap_derive-83feb243ad7c93dc.clap_derive.e055336ae298b808-cgu.11.rcgu.o" "/opt/rustwide/target/debug/deps/clap_derive-83feb243ad7c93dc.clap_derive.e055336ae298b808-cgu.12.rcgu.o" "/opt/rustwide/target/debug/deps/clap_derive-83feb243ad7c93dc.clap_derive.e055336ae298b808-cgu.13.rcgu.o" "/opt/rustwide/target/debug/deps/clap_derive-83feb243ad7c93dc.clap_derive.e055336ae298b808-cgu.14.rcgu.o" "/opt/rustwide/target/debug/deps/clap_derive-83feb243ad7c93dc.clap_derive.e055336ae298b808-cgu.15.rcgu.o" "/opt/rustwide/target/debug/deps/clap_derive-83feb243ad7c93dc.ee1mzh5zb7i5x1pfls3za6iui.rcgu.rmeta" "/opt/rustwide/target/debug/deps/clap_derive-83feb243ad7c93dc.a0kik75e4je4htt5hf9m5pj31.rcgu.o" "-Wl,--as-needed" "-Wl,-Bstatic" "/opt/rustwide/target/debug/deps/libheck-40498f0d95d1d65c.rlib" "/opt/rustwide/target/debug/deps/libproc_macro_error-771d1053daca7c13.rlib" "/opt/rustwide/target/debug/deps/libsyn-9f341abc093fd533.rlib" "/opt/rustwide/target/debug/deps/libquote-4dd79b35b93cd5e4.rlib" "/opt/rustwide/target/debug/deps/libproc_macro2-a25489fec74a111b.rlib" "/opt/rustwide/target/debug/deps/libunicode_ident-5a3a64e0637c21d7.rlib" "/opt/rustwide/rustup-home/toolchains/1.83.0-x86_64-unknown-linux-gnu/lib/rustlib/x86_64-unknown-linux-gnu/lib/libproc_macro-a2fc9021817a412b.rlib" "/opt/rustwide/rustup-home/toolchains/1.83.0-x86_64-unknown-linux-gnu/lib/rustlib/x86_64-unknown-linux-gnu/lib/libstd-ca74a2d9c5166d9f.rlib" "/opt/rustwide/rustup-home/toolchains/1.83.0-x86_64-unknown-linux-gnu/lib/rustlib/x86_64-unknown-linux-gnu/lib/libpanic_unwind-e31ab23316ed5080.rlib" "/opt/rustwide/rustup-home/toolchains/1.83.0-x86_64-unknown-linux-gnu/lib/rustlib/x86_64-unknown-linux-gnu/lib/libobject-27dc4aa955912662.rlib" "/opt/rustwide/rustup-home/toolchains/1.83.0-x86_64-unknown-linux-gnu/lib/rustlib/x86_64-unknown-linux-gnu/lib/libmemchr-bd0d6cccce077b99.rlib" "/opt/rustwide/rustup-home/toolchains/1.83.0-x86_64-unknown-linux-gnu/lib/rustlib/x86_64-unknown-linux-gnu/lib/libaddr2line-8d001680935b5e3c.rlib" "/opt/rustwide/rustup-home/toolchains/1.83.0-x86_64-unknown-linux-gnu/lib/rustlib/x86_64-unknown-linux-gnu/lib/libgimli-ba8ce71964f984f4.rlib" "/opt/rustwide/rustup-home/toolchains/1.83.0-x86_64-unknown-linux-gnu/lib/rustlib/x86_64-unknown-linux-gnu/lib/librustc_demangle-99a73526abcec14b.rlib" "/opt/rustwide/rustup-home/toolchains/1.83.0-x86_64-unknown-linux-gnu/lib/rustlib/x86_64-unknown-linux-gnu/lib/libstd_detect-63ac0d22cff92579.rlib" "/opt/rustwide/rustup-home/toolchains/1.83.0-x86_64-unknown-linux-gnu/lib/rustlib/x86_64-unknown-linux-gnu/lib/libhashbrown-9057355c92c922d5.rlib" "/opt/rustwide/rustup-home/toolchains/1.83.0-x86_64-unknown-linux-gnu/lib/rustlib/x86_64-unknown-linux-gnu/lib/librustc_std_workspace_alloc-358be9bc1f6bab04.rlib" "/opt/rustwide/rustup-home/toolchains/1.83.0-x86_64-unknown-linux-gnu/lib/rustlib/x86_64-unknown-linux-gnu/lib/libminiz_oxide-aca15549d5bff974.rlib" "/opt/rustwide/rustup-home/toolchains/1.83.0-x86_64-unknown-linux-gnu/lib/rustlib/x86_64-unknown-linux-gnu/lib/libadler-8251d2cef7072448.rlib" "/opt/rustwide/rustup-home/toolchains/1.83.0-x86_64-unknown-linux-gnu/lib/rustlib/x86_64-unknown-linux-gnu/lib/libunwind-7d50b86011c66411.rlib" "/opt/rustwide/rustup-home/toolchains/1.83.0-x86_64-unknown-linux-gnu/lib/rustlib/x86_64-unknown-linux-gnu/lib/libcfg_if-51ea098fce5006bf.rlib" "/opt/rustwide/rustup-home/toolchains/1.83.0-x86_64-unknown-linux-gnu/lib/rustlib/x86_64-unknown-linux-gnu/lib/liblibc-5a14e0d0b712e731.rlib" "/opt/rustwide/rustup-home/toolchains/1.83.0-x86_64-unknown-linux-gnu/lib/rustlib/x86_64-unknown-linux-gnu/lib/liballoc-8b83dbf3a7b8f999.rlib" "/opt/rustwide/rustup-home/toolchains/1.83.0-x86_64-unknown-linux-gnu/lib/rustlib/x86_64-unknown-linux-gnu/lib/librustc_std_workspace_core-c6fd227bdc7b39ff.rlib" "/opt/rustwide/rustup-home/toolchains/1.83.0-x86_64-unknown-linux-gnu/lib/rustlib/x86_64-unknown-linux-gnu/lib/libcore-959d3389fa3da8a5.rlib" "/opt/rustwide/rustup-home/toolchains/1.83.0-x86_64-unknown-linux-gnu/lib/rustlib/x86_64-unknown-linux-gnu/lib/libcompiler_builtins-abe05db089cc2c62.rlib" "-Wl,-Bdynamic" "-lgcc_s" "-lutil" "-lrt" "-lpthread" "-lm" "-ldl" "-lc" "-Wl,--eh-frame-hdr" "-Wl,-z,noexecstack" "-L" "/opt/rustwide/rustup-home/toolchains/1.83.0-x86_64-unknown-linux-gnu/lib/rustlib/x86_64-unknown-linux-gnu/lib" "-o" "/opt/rustwide/target/debug/deps/libclap_derive-83feb243ad7c93dc.so" "-Wl,--gc-sections" "-shared" "-Wl,-z,relro,-z,now" "-nodefaultlibs"
[INFO] [stdout]   = note: /usr/bin/ld: final link failed: No space left on device
[INFO] [stdout]           collect2: error: ld returned 1 exit status
[INFO] [stdout]           
[INFO] [stdout] 
[INFO] [stdout] 
[INFO] [stdout] error: linking with `cc` failed: exit status: 1
[INFO] [stdout]   |
[INFO] [stdout]   = note: LC_ALL="C" PATH="/opt/rustwide/rustup-home/toolchains/1.83.0-x86_64-unknown-linux-gnu/lib/rustlib/x86_64-unknown-linux-gnu/bin:/opt/rustwide/cargo-home/bin:/usr/local/sbin:/usr/local/bin:/usr/sbin:/usr/bin:/sbin:/bin" VSLANG="1033" "cc" "-Wl,--version-script=/tmp/rustcOae0IJ/list" "-Wl,--no-undefined-version" "-m64" "/tmp/rustcOae0IJ/symbols.o" "/opt/rustwide/target/debug/deps/async_trait-3e88dac16e390c3d.async_trait.99dc3c065a96e188-cgu.00.rcgu.o" "/opt/rustwide/target/debug/deps/async_trait-3e88dac16e390c3d.async_trait.99dc3c065a96e188-cgu.01.rcgu.o" "/opt/rustwide/target/debug/deps/async_trait-3e88dac16e390c3d.async_trait.99dc3c065a96e188-cgu.02.rcgu.o" "/opt/rustwide/target/debug/deps/async_trait-3e88dac16e390c3d.async_trait.99dc3c065a96e188-cgu.03.rcgu.o" "/opt/rustwide/target/debug/deps/async_trait-3e88dac16e390c3d.async_trait.99dc3c065a96e188-cgu.04.rcgu.o" "/opt/rustwide/target/debug/deps/async_trait-3e88dac16e390c3d.async_trait.99dc3c065a96e188-cgu.05.rcgu.o" "/opt/rustwide/target/debug/deps/async_trait-3e88dac16e390c3d.async_trait.99dc3c065a96e188-cgu.06.rcgu.o" "/opt/rustwide/target/debug/deps/async_trait-3e88dac16e390c3d.async_trait.99dc3c065a96e188-cgu.07.rcgu.o" "/opt/rustwide/target/debug/deps/async_trait-3e88dac16e390c3d.async_trait.99dc3c065a96e188-cgu.08.rcgu.o" "/opt/rustwide/target/debug/deps/async_trait-3e88dac16e390c3d.async_trait.99dc3c065a96e188-cgu.09.rcgu.o" "/opt/rustwide/target/debug/deps/async_trait-3e88dac16e390c3d.0pl7bbeyoaer465e9r9rypdxb.rcgu.rmeta" "/opt/rustwide/target/debug/deps/async_trait-3e88dac16e390c3d.5pywztddsjvqr34v1e5735q8o.rcgu.o" "-Wl,--as-needed" "-Wl,-Bstatic" "/opt/rustwide/target/debug/deps/libsyn-9f341abc093fd533.rlib" "/opt/rustwide/target/debug/deps/libquote-4dd79b35b93cd5e4.rlib" "/opt/rustwide/target/debug/deps/libproc_macro2-a25489fec74a111b.rlib" "/opt/rustwide/target/debug/deps/libunicode_ident-5a3a64e0637c21d7.rlib" "/opt/rustwide/rustup-home/toolchains/1.83.0-x86_64-unknown-linux-gnu/lib/rustlib/x86_64-unknown-linux-gnu/lib/libproc_macro-a2fc9021817a412b.rlib" "/opt/rustwide/rustup-home/toolchains/1.83.0-x86_64-unknown-linux-gnu/lib/rustlib/x86_64-unknown-linux-gnu/lib/libstd-ca74a2d9c5166d9f.rlib" "/opt/rustwide/rustup-home/toolchains/1.83.0-x86_64-unknown-linux-gnu/lib/rustlib/x86_64-unknown-linux-gnu/lib/libpanic_unwind-e31ab23316ed5080.rlib" "/opt/rustwide/rustup-home/toolchains/1.83.0-x86_64-unknown-linux-gnu/lib/rustlib/x86_64-unknown-linux-gnu/lib/libobject-27dc4aa955912662.rlib" "/opt/rustwide/rustup-home/toolchains/1.83.0-x86_64-unknown-linux-gnu/lib/rustlib/x86_64-unknown-linux-gnu/lib/libmemchr-bd0d6cccce077b99.rlib" "/opt/rustwide/rustup-home/toolchains/1.83.0-x86_64-unknown-linux-gnu/lib/rustlib/x86_64-unknown-linux-gnu/lib/libaddr2line-8d001680935b5e3c.rlib" "/opt/rustwide/rustup-home/toolchains/1.83.0-x86_64-unknown-linux-gnu/lib/rustlib/x86_64-unknown-linux-gnu/lib/libgimli-ba8ce71964f984f4.rlib" "/opt/rustwide/rustup-home/toolchains/1.83.0-x86_64-unknown-linux-gnu/lib/rustlib/x86_64-unknown-linux-gnu/lib/librustc_demangle-99a73526abcec14b.rlib" "/opt/rustwide/rustup-home/toolchains/1.83.0-x86_64-unknown-linux-gnu/lib/rustlib/x86_64-unknown-linux-gnu/lib/libstd_detect-63ac0d22cff92579.rlib" "/opt/rustwide/rustup-home/toolchains/1.83.0-x86_64-unknown-linux-gnu/lib/rustlib/x86_64-unknown-linux-gnu/lib/libhashbrown-9057355c92c922d5.rlib" "/opt/rustwide/rustup-home/toolchains/1.83.0-x86_64-unknown-linux-gnu/lib/rustlib/x86_64-unknown-linux-gnu/lib/librustc_std_workspace_alloc-358be9bc1f6bab04.rlib" "/opt/rustwide/rustup-home/toolchains/1.83.0-x86_64-unknown-linux-gnu/lib/rustlib/x86_64-unknown-linux-gnu/lib/libminiz_oxide-aca15549d5bff974.rlib" "/opt/rustwide/rustup-home/toolchains/1.83.0-x86_64-unknown-linux-gnu/lib/rustlib/x86_64-unknown-linux-gnu/lib/libadler-8251d2cef7072448.rlib" "/opt/rustwide/rustup-home/toolchains/1.83.0-x86_64-unknown-linux-gnu/lib/rustlib/x86_64-unknown-linux-gnu/lib/libunwind-7d50b86011c66411.rlib" "/opt/rustwide/rustup-home/toolchains/1.83.0-x86_64-unknown-linux-gnu/lib/rustlib/x86_64-unknown-linux-gnu/lib/libcfg_if-51ea098fce5006bf.rlib" "/opt/rustwide/rustup-home/toolchains/1.83.0-x86_64-unknown-linux-gnu/lib/rustlib/x86_64-unknown-linux-gnu/lib/liblibc-5a14e0d0b712e731.rlib" "/opt/rustwide/rustup-home/toolchains/1.83.0-x86_64-unknown-linux-gnu/lib/rustlib/x86_64-unknown-linux-gnu/lib/liballoc-8b83dbf3a7b8f999.rlib" "/opt/rustwide/rustup-home/toolchains/1.83.0-x86_64-unknown-linux-gnu/lib/rustlib/x86_64-unknown-linux-gnu/lib/librustc_std_workspace_core-c6fd227bdc7b39ff.rlib" "/opt/rustwide/rustup-home/toolchains/1.83.0-x86_64-unknown-linux-gnu/lib/rustlib/x86_64-unknown-linux-gnu/lib/libcore-959d3389fa3da8a5.rlib" "/opt/rustwide/rustup-home/toolchains/1.83.0-x86_64-unknown-linux-gnu/lib/rustlib/x86_64-unknown-linux-gnu/lib/libcompiler_builtins-abe05db089cc2c62.rlib" "-Wl,-Bdynamic" "-lgcc_s" "-lutil" "-lrt" "-lpthread" "-lm" "-ldl" "-lc" "-Wl,--eh-frame-hdr" "-Wl,-z,noexecstack" "-L" "/opt/rustwide/rustup-home/toolchains/1.83.0-x86_64-unknown-linux-gnu/lib/rustlib/x86_64-unknown-linux-gnu/lib" "-o" "/opt/rustwide/target/debug/deps/libasync_trait-3e88dac16e390c3d.so" "-Wl,--gc-sections" "-shared" "-Wl,-z,relro,-z,now" "-nodefaultlibs"
[INFO] [stdout]   = note: /usr/bin/ld: final link failed: No space left on device
[INFO] [stdout]           collect2: error: ld returned 1 exit status
[INFO] [stdout]           
[INFO] [stdout] 
[INFO] [stdout] 
[INFO] [stderr] error: could not compile `clap_derive` (lib) due to 1 previous error
[INFO] [stderr] error: could not compile `async-trait` (lib) due to 1 previous error
[INFO] running `Command { std: "docker" "inspect" "7fd1aa693f871fed2358e7ab5dab4ec9d623b26d6a63616e91d4ed08fe175bc1", kill_on_drop: false }`
[INFO] running `Command { std: "docker" "rm" "-f" "7fd1aa693f871fed2358e7ab5dab4ec9d623b26d6a63616e91d4ed08fe175bc1", kill_on_drop: false }`
[INFO] [stdout] 7fd1aa693f871fed2358e7ab5dab4ec9d623b26d6a63616e91d4ed08fe175bc1
