[INFO] fetching crate nenv 0.5.2...
[INFO] testing nenv-0.5.2 against 1.83.0 for beta-1.84.0-4-retry
[INFO] extracting crate nenv 0.5.2 into /workspace/builds/worker-3-tc1/source
[INFO] validating manifest of crates.io crate nenv 0.5.2 on toolchain 1.83.0
[INFO] running `Command { std: CARGO_HOME="/workspace/cargo-home" RUSTUP_HOME="/workspace/rustup-home" "/workspace/cargo-home/bin/cargo" "+1.83.0" "metadata" "--manifest-path" "Cargo.toml" "--no-deps", kill_on_drop: false }`
[INFO] started tweaking crates.io crate nenv 0.5.2
[INFO] finished tweaking crates.io crate nenv 0.5.2
[INFO] tweaked toml for crates.io crate nenv 0.5.2 written to /workspace/builds/worker-3-tc1/source/Cargo.toml
[INFO] crate crates.io crate nenv 0.5.2 already has a lockfile, it will not be regenerated
[INFO] running `Command { std: CARGO_HOME="/workspace/cargo-home" RUSTUP_HOME="/workspace/rustup-home" "/workspace/cargo-home/bin/cargo" "+1.83.0" "fetch" "--manifest-path" "Cargo.toml", kill_on_drop: false }`
[INFO] [stderr]     Updating crates.io index
[INFO] [stderr]  Downloading crates ...
[INFO] [stderr]   Downloaded miette-derive v5.5.0
[INFO] [stderr]   Downloaded miette v5.5.0
[INFO] [stderr]   Downloaded xkcd_unreachable v0.1.1
[INFO] running `Command { std: "docker" "create" "-v" "/var/lib/crater-agent-workspace/builds/worker-3-tc1/target:/opt/rustwide/target:rw,Z" "-v" "/var/lib/crater-agent-workspace/builds/worker-3-tc1/source:/opt/rustwide/workdir:ro,Z" "-v" "/var/lib/crater-agent-workspace/cargo-home:/opt/rustwide/cargo-home:ro,Z" "-v" "/var/lib/crater-agent-workspace/rustup-home:/opt/rustwide/rustup-home:ro,Z" "-e" "SOURCE_DIR=/opt/rustwide/workdir" "-e" "CARGO_TARGET_DIR=/opt/rustwide/target" "-e" "CARGO_HOME=/opt/rustwide/cargo-home" "-e" "RUSTUP_HOME=/opt/rustwide/rustup-home" "-w" "/opt/rustwide/workdir" "-m" "1610612736" "--user" "0:0" "--network" "none" "ghcr.io/rust-lang/crates-build-env/linux@sha256:f3a9d4ad9d972b27faf3965f35b62e55ba32bbce8f20bc8fe909558a86702fde" "/opt/rustwide/cargo-home/bin/cargo" "+1.83.0" "metadata" "--no-deps" "--format-version=1", kill_on_drop: false }`
[INFO] [stdout] e88c4e37ba7d603e7e5a14313d3abcea1dd6b96dd67fc24192c5e33d74a95961
[INFO] running `Command { std: "docker" "start" "-a" "e88c4e37ba7d603e7e5a14313d3abcea1dd6b96dd67fc24192c5e33d74a95961", kill_on_drop: false }`
[INFO] running `Command { std: "docker" "inspect" "e88c4e37ba7d603e7e5a14313d3abcea1dd6b96dd67fc24192c5e33d74a95961", kill_on_drop: false }`
[INFO] running `Command { std: "docker" "rm" "-f" "e88c4e37ba7d603e7e5a14313d3abcea1dd6b96dd67fc24192c5e33d74a95961", kill_on_drop: false }`
[INFO] [stdout] e88c4e37ba7d603e7e5a14313d3abcea1dd6b96dd67fc24192c5e33d74a95961
[INFO] running `Command { std: "docker" "create" "-v" "/var/lib/crater-agent-workspace/builds/worker-3-tc1/target:/opt/rustwide/target:rw,Z" "-v" "/var/lib/crater-agent-workspace/builds/worker-3-tc1/source:/opt/rustwide/workdir:ro,Z" "-v" "/var/lib/crater-agent-workspace/cargo-home:/opt/rustwide/cargo-home:ro,Z" "-v" "/var/lib/crater-agent-workspace/rustup-home:/opt/rustwide/rustup-home:ro,Z" "-e" "SOURCE_DIR=/opt/rustwide/workdir" "-e" "CARGO_TARGET_DIR=/opt/rustwide/target" "-e" "CARGO_INCREMENTAL=0" "-e" "RUST_BACKTRACE=full" "-e" "RUSTFLAGS=--cap-lints=warn" "-e" "RUSTDOCFLAGS=--cap-lints=warn" "-e" "CARGO_HOME=/opt/rustwide/cargo-home" "-e" "RUSTUP_HOME=/opt/rustwide/rustup-home" "-w" "/opt/rustwide/workdir" "-m" "1610612736" "--user" "0:0" "--network" "none" "ghcr.io/rust-lang/crates-build-env/linux@sha256:f3a9d4ad9d972b27faf3965f35b62e55ba32bbce8f20bc8fe909558a86702fde" "/opt/rustwide/cargo-home/bin/cargo" "+1.83.0" "build" "--frozen" "--message-format=json", kill_on_drop: false }`
[INFO] [stdout] c40d0eb0ebf067cc8c6cacfd5e8687c4c67625d2e709d33b448e807cffb619f9
[INFO] running `Command { std: "docker" "start" "-a" "c40d0eb0ebf067cc8c6cacfd5e8687c4c67625d2e709d33b448e807cffb619f9", kill_on_drop: false }`
[INFO] [stderr]    Compiling libc v0.2.139
[INFO] [stderr]    Compiling cfg-if v1.0.0
[INFO] [stderr]    Compiling proc-macro2 v1.0.50
[INFO] [stderr]    Compiling quote v1.0.23
[INFO] [stderr]    Compiling unicode-ident v1.0.6
[INFO] [stderr]    Compiling syn v1.0.107
[INFO] [stderr]    Compiling autocfg v1.1.0
[INFO] [stderr]    Compiling version_check v0.9.4
[INFO] [stderr]    Compiling pkg-config v0.3.26
[INFO] [stderr]    Compiling memchr v2.5.0
[INFO] [stderr]    Compiling log v0.4.17
[INFO] [stderr]    Compiling once_cell v1.17.0
[INFO] [stderr]    Compiling pin-project-lite v0.2.9
[INFO] [stderr]    Compiling typenum v1.16.0
[INFO] [stderr]    Compiling generic-array v0.14.6
[INFO] [stderr]    Compiling futures-core v0.3.25
[INFO] [stderr]    Compiling regex-syntax v0.6.28
[INFO] [stderr]    Compiling itoa v1.0.5
[INFO] [stderr]    Compiling slab v0.4.7
[INFO] [stderr]    Compiling jobserver v0.1.25
[INFO] [stderr]    Compiling futures-channel v0.3.25
[INFO] [stderr]    Compiling futures-sink v0.3.25
[INFO] [stderr]    Compiling cc v1.0.78
[INFO] [stderr]    Compiling bytes v1.3.0
[INFO] [stderr]    Compiling bitflags v1.3.2
[INFO] [stderr]    Compiling serde_derive v1.0.152
[INFO] [stderr]    Compiling futures-task v0.3.25
[INFO] [stderr]    Compiling signal-hook-registry v1.4.0
[INFO] [stderr]    Compiling mio v0.8.5
[INFO] [stderr]    Compiling tracing-core v0.1.30
[INFO] [stderr]    Compiling ahash v0.7.6
[INFO] [stderr]    Compiling tokio v1.24.2
[INFO] [stderr]    Compiling futures-util v0.3.25
[INFO] [stderr]    Compiling serde v1.0.152
[INFO] [stderr]    Compiling socket2 v0.4.7
[INFO] [stderr]    Compiling getrandom v0.2.8
[INFO] [stderr]    Compiling indexmap v1.9.2
[INFO] [stderr]    Compiling openssl-sys v0.9.80
[INFO] [stderr]    Compiling pin-utils v0.1.0
[INFO] [stderr]    Compiling subtle v2.4.1
[INFO] [stderr]    Compiling futures-io v0.3.25
[INFO] [stderr]    Compiling zstd-sys v2.0.5+zstd.1.5.2
[INFO] [stderr]    Compiling block-buffer v0.10.3
[INFO] [stderr]    Compiling crypto-common v0.1.6
[INFO] [stderr]    Compiling aho-corasick v0.7.20
[INFO] [stderr]    Compiling foreign-types-shared v0.1.1
[INFO] [stderr]    Compiling hashbrown v0.12.3
[INFO] [stderr]    Compiling openssl v0.10.45
[INFO] [stderr]    Compiling lazy_static v1.4.0
[INFO] [stderr]    Compiling fnv v1.0.7
[INFO] [stderr]    Compiling http v0.2.8
[INFO] [stderr]    Compiling foreign-types v0.3.2
[INFO] [stderr]    Compiling digest v0.10.6
[INFO] [stderr]    Compiling proc-macro-error-attr v1.0.4
[INFO] [stderr]    Compiling regex v1.7.1
[INFO] [stderr]    Compiling unicode-width v0.1.10
[INFO] [stderr]    Compiling tinyvec_macros v0.1.0
[INFO] [stderr]    Compiling native-tls v0.2.11
[INFO] [stderr]    Compiling io-lifetimes v1.0.4
[INFO] [stderr]    Compiling httparse v1.8.0
[INFO] [stderr]    Compiling cpufeatures v0.2.5
[INFO] [stderr]    Compiling crc32fast v1.3.2
[INFO] [stderr]    Compiling adler v1.0.2
[INFO] [stderr]    Compiling miniz_oxide v0.6.2
[INFO] [stderr]    Compiling tinyvec v1.6.0
[INFO] [stderr]    Compiling bzip2-sys v0.1.11+1.0.8
[INFO] [stderr]    Compiling atty v0.2.14
[INFO] [stderr]    Compiling proc-macro-error v1.0.4
[INFO] [stderr]    Compiling lock_api v0.4.9
[INFO] [stderr]    Compiling zstd-safe v5.0.2+zstd.1.5.2
[INFO] [stderr]    Compiling percent-encoding v2.2.0
[INFO] [stderr]    Compiling parking_lot_core v0.9.6
[INFO] [stderr]    Compiling try-lock v0.2.4
[INFO] [stderr]    Compiling signal-hook v0.3.14
[INFO] [stderr]    Compiling smallvec v1.10.0
[INFO] [stderr]    Compiling rustix v0.36.7
[INFO] [stderr]    Compiling openssl-probe v0.1.5
[INFO] [stderr]    Compiling want v0.3.0
[INFO] [stderr]    Compiling form_urlencoded v1.1.0
[INFO] [stderr]    Compiling unicode-normalization v0.1.22
[INFO] [stderr]    Compiling http-body v0.4.5
[INFO] [stderr]    Compiling backtrace v0.3.67
[INFO] [stderr]    Compiling encoding_rs v0.8.31
[INFO] [stderr]    Compiling portable-atomic v0.3.19
[INFO] [stderr]    Compiling ryu v1.0.12
[INFO] [stderr]    Compiling linux-raw-sys v0.1.4
[INFO] [stderr]    Compiling serde_json v1.0.91
[INFO] [stderr]    Compiling base64ct v1.5.3
[INFO] [stderr]    Compiling unicode-bidi v0.3.10
[INFO] [stderr]    Compiling rand_core v0.6.4
[INFO] [stderr]    Compiling httpdate v1.0.2
[INFO] [stderr]    Compiling thiserror v1.0.38
[INFO] [stderr]    Compiling gimli v0.27.0
[INFO] [stderr]    Compiling time-core v0.1.0
[INFO] [stderr]    Compiling tower-service v0.3.2
[INFO] [stderr]    Compiling scopeguard v1.1.0
[INFO] [stderr]    Compiling time-macros v0.2.6
[INFO] [stderr]    Compiling idna v0.3.0
[INFO] [stderr]    Compiling password-hash v0.4.2
[INFO] [stderr]    Compiling unicode-linebreak v0.1.4
[INFO] [stderr]    Compiling tokio-macros v1.8.2
[INFO] [stderr]    Compiling futures-macro v0.3.25
[INFO] [stderr]    Compiling tracing-attributes v0.1.23
[INFO] [stderr]    Compiling openssl-macros v0.1.0
[INFO] [stderr]    Compiling thiserror-impl v1.0.38
[INFO] [stderr] error: could not parse/generate dep info at: /opt/rustwide/target/debug/deps/futures_macro-8b4106b5476e1789.d
[INFO] [stderr] 
[INFO] [stderr] Caused by:
[INFO] [stderr]   failed to write `/opt/rustwide/target/debug/.fingerprint/futures-macro-8b4106b5476e1789/dep-lib-futures_macro`
[INFO] [stderr] 
[INFO] [stderr] Caused by:
[INFO] [stderr]   No space left on device (os error 28)
[INFO] [stderr] warning: build failed, waiting for other jobs to finish...
[INFO] [stderr] rustc-LLVM ERROR: IO failure on output stream: No space left on device
[INFO] [stderr] error: could not compile `tracing-attributes` (lib)
[INFO] [stderr] 
[INFO] [stderr] Caused by:
[INFO] [stderr]   No space left on device (os error 28)
[INFO] [stderr] 
[INFO] [stderr] Caused by:
[INFO] [stderr]   failed to parse process output: `/opt/rustwide/rustup-home/toolchains/1.83.0-x86_64-unknown-linux-gnu/bin/rustc --crate-name tracing_attributes --edition=2018 /opt/rustwide/cargo-home/registry/src/index.crates.io-6f17d22bba15001f/tracing-attributes-0.1.23/src/lib.rs --error-format=json --json=diagnostic-rendered-ansi,artifacts,future-incompat --crate-type proc-macro --emit=dep-info,link -C prefer-dynamic -C embed-bitcode=no --check-cfg 'cfg(docsrs)' --check-cfg 'cfg(feature, values("async-await"))' -C metadata=a8a8de9466696769 -C extra-filename=-a8a8de9466696769 --out-dir /opt/rustwide/target/debug/deps -L dependency=/opt/rustwide/target/debug/deps --extern proc_macro2=/opt/rustwide/target/debug/deps/libproc_macro2-77f4996de002b274.rlib --extern quote=/opt/rustwide/target/debug/deps/libquote-8721f4e389e5f3e1.rlib --extern syn=/opt/rustwide/target/debug/deps/libsyn-92a63217bbfe0111.rlib --extern proc_macro --cap-lints allow --cap-lints=warn` (exit status: 101)
[INFO] [stdout] error: couldn't create a temp dir: No space left on device (os error 28) at path "/opt/rustwide/target/debug/deps/rmetaKMM8SA"
[INFO] [stdout] 
[INFO] [stdout] 
[INFO] [stderr] The following warnings were emitted during compilation:
[INFO] [stderr] 
[INFO] [stderr] warning: bzip2-sys@0.1.11+1.0.8: /tmp/ccGC1M5m.s: Assembler messages:
[INFO] [stderr] warning: bzip2-sys@0.1.11+1.0.8: /tmp/ccGC1M5m.s: Fatal error: can't write 80 bytes to section .text.BZ2_hbMakeCodeLengths of /opt/rustwide/target/debug/build/bzip2-sys-735eeb9e9825ac74/out/lib/bzip2-1.0.8/huffman.o: 'No space left on device'
[INFO] [stderr] warning: bzip2-sys@0.1.11+1.0.8: /tmp/ccGC1M5m.s: Fatal error: /opt/rustwide/target/debug/build/bzip2-sys-735eeb9e9825ac74/out/lib/bzip2-1.0.8/huffman.o: No space left on device
[INFO] [stderr] warning: bzip2-sys@0.1.11+1.0.8: bzip2-1.0.8/crctable.c:99:1: fatal error: error writing to /tmp/ccNbtF6p.s: No space left on device
[INFO] [stderr] warning: bzip2-sys@0.1.11+1.0.8:    99 | };
[INFO] [stderr] warning: bzip2-sys@0.1.11+1.0.8:       | ^
[INFO] [stderr] warning: bzip2-sys@0.1.11+1.0.8: compilation terminated.
[INFO] [stderr] warning: bzip2-sys@0.1.11+1.0.8: bzip2-1.0.8/randtable.c:79:1: fatal error: error writing to /tmp/ccwN25Vi.s: No space left on device
[INFO] [stderr] warning: bzip2-sys@0.1.11+1.0.8:    79 | };
[INFO] [stderr] warning: bzip2-sys@0.1.11+1.0.8:       | ^
[INFO] [stderr] warning: bzip2-sys@0.1.11+1.0.8: compilation terminated.
[INFO] [stderr] 
[INFO] [stderr] error: failed to run custom build command for `bzip2-sys v0.1.11+1.0.8`
[INFO] [stderr] note: To improve backtraces for build dependencies, set the CARGO_PROFILE_DEV_BUILD_OVERRIDE_DEBUG=true environment variable to enable debug information generation.
[INFO] [stderr] 
[INFO] [stderr] Caused by:
[INFO] [stderr]   process didn't exit successfully: `/opt/rustwide/target/debug/build/bzip2-sys-b90e08bd258c66cb/build-script-build` (exit status: 1)
[INFO] [stderr]   --- stdout
[INFO] [stderr]   cargo:rerun-if-env-changed=BZIP2_NO_PKG_CONFIG
[INFO] [stderr]   cargo:rerun-if-env-changed=PKG_CONFIG_x86_64-unknown-linux-gnu
[INFO] [stderr]   cargo:rerun-if-env-changed=PKG_CONFIG_x86_64_unknown_linux_gnu
[INFO] [stderr]   cargo:rerun-if-env-changed=HOST_PKG_CONFIG
[INFO] [stderr]   cargo:rerun-if-env-changed=PKG_CONFIG
[INFO] [stderr]   cargo:rerun-if-env-changed=BZIP2_STATIC
[INFO] [stderr]   cargo:rerun-if-env-changed=BZIP2_DYNAMIC
[INFO] [stderr]   cargo:rerun-if-env-changed=PKG_CONFIG_ALL_STATIC
[INFO] [stderr]   cargo:rerun-if-env-changed=PKG_CONFIG_ALL_DYNAMIC
[INFO] [stderr]   cargo:rerun-if-env-changed=PKG_CONFIG_PATH_x86_64-unknown-linux-gnu
[INFO] [stderr]   cargo:rerun-if-env-changed=PKG_CONFIG_PATH_x86_64_unknown_linux_gnu
[INFO] [stderr]   cargo:rerun-if-env-changed=HOST_PKG_CONFIG_PATH
[INFO] [stderr]   cargo:rerun-if-env-changed=PKG_CONFIG_PATH
[INFO] [stderr]   cargo:rerun-if-env-changed=PKG_CONFIG_LIBDIR_x86_64-unknown-linux-gnu
[INFO] [stderr]   cargo:rerun-if-env-changed=PKG_CONFIG_LIBDIR_x86_64_unknown_linux_gnu
[INFO] [stderr]   cargo:rerun-if-env-changed=HOST_PKG_CONFIG_LIBDIR
[INFO] [stderr]   cargo:rerun-if-env-changed=PKG_CONFIG_LIBDIR
[INFO] [stderr]   cargo:rerun-if-env-changed=PKG_CONFIG_SYSROOT_DIR_x86_64-unknown-linux-gnu
[INFO] [stderr]   cargo:rerun-if-env-changed=PKG_CONFIG_SYSROOT_DIR_x86_64_unknown_linux_gnu
[INFO] [stderr]   cargo:rerun-if-env-changed=HOST_PKG_CONFIG_SYSROOT_DIR
[INFO] [stderr]   cargo:rerun-if-env-changed=PKG_CONFIG_SYSROOT_DIR
[INFO] [stderr]   TARGET = Some("x86_64-unknown-linux-gnu")
[INFO] [stderr]   OPT_LEVEL = Some("0")
[INFO] [stderr]   HOST = Some("x86_64-unknown-linux-gnu")
[INFO] [stderr]   cargo:rerun-if-env-changed=CC_x86_64-unknown-linux-gnu
[INFO] [stderr]   CC_x86_64-unknown-linux-gnu = None
[INFO] [stderr]   cargo:rerun-if-env-changed=CC_x86_64_unknown_linux_gnu
[INFO] [stderr]   CC_x86_64_unknown_linux_gnu = None
[INFO] [stderr]   cargo:rerun-if-env-changed=HOST_CC
[INFO] [stderr]   HOST_CC = None
[INFO] [stderr]   cargo:rerun-if-env-changed=CC
[INFO] [stderr]   CC = None
[INFO] [stderr]   cargo:rerun-if-env-changed=CFLAGS_x86_64-unknown-linux-gnu
[INFO] [stderr]   CFLAGS_x86_64-unknown-linux-gnu = None
[INFO] [stderr]   cargo:rerun-if-env-changed=CFLAGS_x86_64_unknown_linux_gnu
[INFO] [stderr]   CFLAGS_x86_64_unknown_linux_gnu = None
[INFO] [stderr]   cargo:rerun-if-env-changed=HOST_CFLAGS
[INFO] [stderr]   HOST_CFLAGS = None
[INFO] [stderr]   cargo:rerun-if-env-changed=CFLAGS
[INFO] [stderr]   CFLAGS = None
[INFO] [stderr]   cargo:rerun-if-env-changed=CRATE_CC_NO_DEFAULTS
[INFO] [stderr]   CRATE_CC_NO_DEFAULTS = None
[INFO] [stderr]   DEBUG = Some("true")
[INFO] [stderr]   CARGO_CFG_TARGET_FEATURE = Some("fxsr,sse,sse2")
[INFO] [stderr]   running: "cc" "-O0" "-ffunction-sections" "-fdata-sections" "-fPIC" "-gdwarf-4" "-fno-omit-frame-pointer" "-m64" "-I" "bzip2-1.0.8" "-D_FILE_OFFSET_BITS=64" "-DBZ_NO_STDIO" "-o" "/opt/rustwide/target/debug/build/bzip2-sys-735eeb9e9825ac74/out/lib/bzip2-1.0.8/blocksort.o" "-c" "bzip2-1.0.8/blocksort.c"
[INFO] [stderr]   running: "cc" "-O0" "-ffunction-sections" "-fdata-sections" "-fPIC" "-gdwarf-4" "-fno-omit-frame-pointer" "-m64" "-I" "bzip2-1.0.8" "-D_FILE_OFFSET_BITS=64" "-DBZ_NO_STDIO" "-o" "/opt/rustwide/target/debug/build/bzip2-sys-735eeb9e9825ac74/out/lib/bzip2-1.0.8/huffman.o" "-c" "bzip2-1.0.8/huffman.c"
[INFO] [stderr]   exit status: 0
[INFO] [stderr]   running: "cc" "-O0" "-ffunction-sections" "-fdata-sections" "-fPIC" "-gdwarf-4" "-fno-omit-frame-pointer" "-m64" "-I" "bzip2-1.0.8" "-D_FILE_OFFSET_BITS=64" "-DBZ_NO_STDIO" "-o" "/opt/rustwide/target/debug/build/bzip2-sys-735eeb9e9825ac74/out/lib/bzip2-1.0.8/crctable.o" "-c" "bzip2-1.0.8/crctable.c"
[INFO] [stderr]   cargo:warning=/tmp/ccGC1M5m.s: Assembler messages:
[INFO] [stderr]   cargo:warning=/tmp/ccGC1M5m.s: Fatal error: can't write 80 bytes to section .text.BZ2_hbMakeCodeLengths of /opt/rustwide/target/debug/build/bzip2-sys-735eeb9e9825ac74/out/lib/bzip2-1.0.8/huffman.o: 'No space left on device'
[INFO] [stderr]   cargo:warning=/tmp/ccGC1M5m.s: Fatal error: /opt/rustwide/target/debug/build/bzip2-sys-735eeb9e9825ac74/out/lib/bzip2-1.0.8/huffman.o: No space left on device
[INFO] [stderr]   exit status: 1
[INFO] [stderr]   cargo:warning=bzip2-1.0.8/crctable.c:99:1: fatal error: error writing to /tmp/ccNbtF6p.s: No space left on device
[INFO] [stderr]   cargo:warning=   99 | };
[INFO] [stderr]   cargo:warning=      | ^
[INFO] [stderr]   cargo:warning=compilation terminated.
[INFO] [stderr]   exit status: 1
[INFO] [stderr]   running: "cc" "-O0" "-ffunction-sections" "-fdata-sections" "-fPIC" "-gdwarf-4" "-fno-omit-frame-pointer" "-m64" "-I" "bzip2-1.0.8" "-D_FILE_OFFSET_BITS=64" "-DBZ_NO_STDIO" "-o" "/opt/rustwide/target/debug/build/bzip2-sys-735eeb9e9825ac74/out/lib/bzip2-1.0.8/randtable.o" "-c" "bzip2-1.0.8/randtable.c"
[INFO] [stderr]   cargo:warning=bzip2-1.0.8/randtable.c:79:1: fatal error: error writing to /tmp/ccwN25Vi.s: No space left on device
[INFO] [stderr]   cargo:warning=   79 | };
[INFO] [stderr]   cargo:warning=      | ^
[INFO] [stderr]   cargo:warning=compilation terminated.
[INFO] [stderr]   exit status: 1
[INFO] [stderr] 
[INFO] [stderr]   --- stderr
[INFO] [stderr] 
[INFO] [stderr] 
[INFO] [stderr]   error occurred: Command "cc" "-O0" "-ffunction-sections" "-fdata-sections" "-fPIC" "-gdwarf-4" "-fno-omit-frame-pointer" "-m64" "-I" "bzip2-1.0.8" "-D_FILE_OFFSET_BITS=64" "-DBZ_NO_STDIO" "-o" "/opt/rustwide/target/debug/build/bzip2-sys-735eeb9e9825ac74/out/lib/bzip2-1.0.8/huffman.o" "-c" "bzip2-1.0.8/huffman.c" with args "cc" did not execute successfully (status code exit status: 1).
[INFO] [stderr] 
[INFO] [stderr] 
[INFO] [stderr] error: could not compile `thiserror-impl` (lib) due to 1 previous error
[INFO] [stdout] error: error writing dependencies to `/opt/rustwide/target/debug/deps/tokio-a49258d1d4337294.d`: No space left on device (os error 28)
[INFO] [stdout] 
[INFO] [stdout] 
[INFO] [stderr] The following warnings were emitted during compilation:
[INFO] [stderr] 
[INFO] [stderr] warning: zstd-sys@2.0.5+zstd.1.5.2: zstd/lib/common/threading.c:21:1: fatal error: error closing /tmp/ccG3L4gL.s: No space left on device
[INFO] [stderr] warning: zstd-sys@2.0.5+zstd.1.5.2:    21 | int g_ZSTD_threading_useless_symbol;
[INFO] [stderr] warning: zstd-sys@2.0.5+zstd.1.5.2:       | ^~~
[INFO] [stderr] warning: zstd-sys@2.0.5+zstd.1.5.2: compilation terminated.
[INFO] [stderr] warning: zstd-sys@2.0.5+zstd.1.5.2: zstd/lib/common/zstd_common.c:83:1: fatal error: error writing to /tmp/ccM3iiI0.s: No space left on device
[INFO] [stderr] warning: zstd-sys@2.0.5+zstd.1.5.2:    83 | }
[INFO] [stderr] warning: zstd-sys@2.0.5+zstd.1.5.2:       | ^
[INFO] [stderr] warning: zstd-sys@2.0.5+zstd.1.5.2: compilation terminated.
[INFO] [stderr] warning: zstd-sys@2.0.5+zstd.1.5.2: zstd/lib/common/pool.c:353:1: fatal error: error writing to /tmp/ccKq8HPf.s: No space left on device
[INFO] [stderr] warning: zstd-sys@2.0.5+zstd.1.5.2:   353 | }
[INFO] [stderr] warning: zstd-sys@2.0.5+zstd.1.5.2:       | ^
[INFO] [stderr] warning: zstd-sys@2.0.5+zstd.1.5.2: compilation terminated.
[INFO] [stderr] 
[INFO] [stderr] error: failed to run custom build command for `zstd-sys v2.0.5+zstd.1.5.2`
[INFO] [stderr] note: To improve backtraces for build dependencies, set the CARGO_PROFILE_DEV_BUILD_OVERRIDE_DEBUG=true environment variable to enable debug information generation.
[INFO] [stderr] 
[INFO] [stderr] Caused by:
[INFO] [stderr]   process didn't exit successfully: `/opt/rustwide/target/debug/build/zstd-sys-39d5fa1498c41aa3/build-script-build` (exit status: 1)
[INFO] [stderr]   --- stdout
[INFO] [stderr]   cargo:rerun-if-env-changed=ZSTD_SYS_USE_PKG_CONFIG
[INFO] [stderr]   TARGET = Some("x86_64-unknown-linux-gnu")
[INFO] [stderr]   OPT_LEVEL = Some("0")
[INFO] [stderr]   HOST = Some("x86_64-unknown-linux-gnu")
[INFO] [stderr]   cargo:rerun-if-env-changed=CC_x86_64-unknown-linux-gnu
[INFO] [stderr]   CC_x86_64-unknown-linux-gnu = None
[INFO] [stderr]   cargo:rerun-if-env-changed=CC_x86_64_unknown_linux_gnu
[INFO] [stderr]   CC_x86_64_unknown_linux_gnu = None
[INFO] [stderr]   cargo:rerun-if-env-changed=HOST_CC
[INFO] [stderr]   HOST_CC = None
[INFO] [stderr]   cargo:rerun-if-env-changed=CC
[INFO] [stderr]   CC = None
[INFO] [stderr]   cargo:rerun-if-env-changed=CFLAGS_x86_64-unknown-linux-gnu
[INFO] [stderr]   CFLAGS_x86_64-unknown-linux-gnu = None
[INFO] [stderr]   cargo:rerun-if-env-changed=CFLAGS_x86_64_unknown_linux_gnu
[INFO] [stderr]   CFLAGS_x86_64_unknown_linux_gnu = None
[INFO] [stderr]   cargo:rerun-if-env-changed=HOST_CFLAGS
[INFO] [stderr]   HOST_CFLAGS = None
[INFO] [stderr]   cargo:rerun-if-env-changed=CFLAGS
[INFO] [stderr]   CFLAGS = None
[INFO] [stderr]   cargo:rerun-if-env-changed=CRATE_CC_NO_DEFAULTS
[INFO] [stderr]   CRATE_CC_NO_DEFAULTS = None
[INFO] [stderr]   DEBUG = Some("true")
[INFO] [stderr]   CARGO_CFG_TARGET_FEATURE = Some("fxsr,sse,sse2")
[INFO] [stderr]   running: "cc" "-O0" "-ffunction-sections" "-fdata-sections" "-fPIC" "-gdwarf-4" "-fno-omit-frame-pointer" "-m64" "-I" "zstd/lib/" "-I" "zstd/lib/common" "-I" "zstd/lib/legacy" "-fvisibility=hidden" "-DZSTD_LIB_DEPRECATED=0" "-DXXH_PRIVATE_API=" "-DZSTDLIB_VISIBILITY=" "-DZDICTLIB_VISIBILITY=" "-DZSTDERRORLIB_VISIBILITY=" "-DZSTD_LEGACY_SUPPORT=1" "-o" "/opt/rustwide/target/debug/build/zstd-sys-401051d5802ba251/out/zstd/lib/common/debug.o" "-c" "zstd/lib/common/debug.c"
[INFO] [stderr]   exit status: 0
[INFO] [stderr]   running: "cc" "-O0" "-ffunction-sections" "-fdata-sections" "-fPIC" "-gdwarf-4" "-fno-omit-frame-pointer" "-m64" "-I" "zstd/lib/" "-I" "zstd/lib/common" "-I" "zstd/lib/legacy" "-fvisibility=hidden" "-DZSTD_LIB_DEPRECATED=0" "-DXXH_PRIVATE_API=" "-DZSTDLIB_VISIBILITY=" "-DZDICTLIB_VISIBILITY=" "-DZSTDERRORLIB_VISIBILITY=" "-DZSTD_LEGACY_SUPPORT=1" "-o" "/opt/rustwide/target/debug/build/zstd-sys-401051d5802ba251/out/zstd/lib/common/entropy_common.o" "-c" "zstd/lib/common/entropy_common.c"
[INFO] [stderr]   exit status: 0
[INFO] [stderr]   running: "cc" "-O0" "-ffunction-sections" "-fdata-sections" "-fPIC" "-gdwarf-4" "-fno-omit-frame-pointer" "-m64" "-I" "zstd/lib/" "-I" "zstd/lib/common" "-I" "zstd/lib/legacy" "-fvisibility=hidden" "-DZSTD_LIB_DEPRECATED=0" "-DXXH_PRIVATE_API=" "-DZSTDLIB_VISIBILITY=" "-DZDICTLIB_VISIBILITY=" "-DZSTDERRORLIB_VISIBILITY=" "-DZSTD_LEGACY_SUPPORT=1" "-o" "/opt/rustwide/target/debug/build/zstd-sys-401051d5802ba251/out/zstd/lib/common/error_private.o" "-c" "zstd/lib/common/error_private.c"
[INFO] [stderr]   exit status: 0
[INFO] [stderr]   running: "cc" "-O0" "-ffunction-sections" "-fdata-sections" "-fPIC" "-gdwarf-4" "-fno-omit-frame-pointer" "-m64" "-I" "zstd/lib/" "-I" "zstd/lib/common" "-I" "zstd/lib/legacy" "-fvisibility=hidden" "-DZSTD_LIB_DEPRECATED=0" "-DXXH_PRIVATE_API=" "-DZSTDLIB_VISIBILITY=" "-DZDICTLIB_VISIBILITY=" "-DZSTDERRORLIB_VISIBILITY=" "-DZSTD_LEGACY_SUPPORT=1" "-o" "/opt/rustwide/target/debug/build/zstd-sys-401051d5802ba251/out/zstd/lib/common/fse_decompress.o" "-c" "zstd/lib/common/fse_decompress.c"
[INFO] [stderr]   exit status: 0
[INFO] [stderr]   running: "cc" "-O0" "-ffunction-sections" "-fdata-sections" "-fPIC" "-gdwarf-4" "-fno-omit-frame-pointer" "-m64" "-I" "zstd/lib/" "-I" "zstd/lib/common" "-I" "zstd/lib/legacy" "-fvisibility=hidden" "-DZSTD_LIB_DEPRECATED=0" "-DXXH_PRIVATE_API=" "-DZSTDLIB_VISIBILITY=" "-DZDICTLIB_VISIBILITY=" "-DZSTDERRORLIB_VISIBILITY=" "-DZSTD_LEGACY_SUPPORT=1" "-o" "/opt/rustwide/target/debug/build/zstd-sys-401051d5802ba251/out/zstd/lib/common/pool.o" "-c" "zstd/lib/common/pool.c"
[INFO] [stderr]   running: "cc" "-O0" "-ffunction-sections" "-fdata-sections" "-fPIC" "-gdwarf-4" "-fno-omit-frame-pointer" "-m64" "-I" "zstd/lib/" "-I" "zstd/lib/common" "-I" "zstd/lib/legacy" "-fvisibility=hidden" "-DZSTD_LIB_DEPRECATED=0" "-DXXH_PRIVATE_API=" "-DZSTDLIB_VISIBILITY=" "-DZDICTLIB_VISIBILITY=" "-DZSTDERRORLIB_VISIBILITY=" "-DZSTD_LEGACY_SUPPORT=1" "-o" "/opt/rustwide/target/debug/build/zstd-sys-401051d5802ba251/out/zstd/lib/common/threading.o" "-c" "zstd/lib/common/threading.c"
[INFO] [stderr]   cargo:warning=zstd/lib/common/threading.c:21:1: fatal error: error closing /tmp/ccG3L4gL.s: No space left on device
[INFO] [stderr]   cargo:warning=   21 | int g_ZSTD_threading_useless_symbol;
[INFO] [stderr]   cargo:warning=      | ^~~
[INFO] [stderr]   cargo:warning=compilation terminated.
[INFO] [stderr]   exit status: 1
[INFO] [stderr]   running: "cc" "-O0" "-ffunction-sections" "-fdata-sections" "-fPIC" "-gdwarf-4" "-fno-omit-frame-pointer" "-m64" "-I" "zstd/lib/" "-I" "zstd/lib/common" "-I" "zstd/lib/legacy" "-fvisibility=hidden" "-DZSTD_LIB_DEPRECATED=0" "-DXXH_PRIVATE_API=" "-DZSTDLIB_VISIBILITY=" "-DZDICTLIB_VISIBILITY=" "-DZSTDERRORLIB_VISIBILITY=" "-DZSTD_LEGACY_SUPPORT=1" "-o" "/opt/rustwide/target/debug/build/zstd-sys-401051d5802ba251/out/zstd/lib/common/zstd_common.o" "-c" "zstd/lib/common/zstd_common.c"
[INFO] [stderr]   cargo:warning=zstd/lib/common/zstd_common.c:83:1: fatal error: error writing to /tmp/ccM3iiI0.s: No space left on device
[INFO] [stderr]   cargo:warning=   83 | }
[INFO] [stderr]   cargo:warning=      | ^
[INFO] [stderr]   cargo:warning=compilation terminated.
[INFO] [stderr]   exit status: 1
[INFO] [stderr]   cargo:warning=zstd/lib/common/pool.c:353:1: fatal error: error writing to /tmp/ccKq8HPf.s: No space left on device
[INFO] [stderr]   cargo:warning=  353 | }
[INFO] [stderr]   cargo:warning=      | ^
[INFO] [stderr]   cargo:warning=compilation terminated.
[INFO] [stderr]   exit status: 1
[INFO] [stderr] 
[INFO] [stderr]   --- stderr
[INFO] [stderr] 
[INFO] [stderr] 
[INFO] [stderr]   error occurred: Command "cc" "-O0" "-ffunction-sections" "-fdata-sections" "-fPIC" "-gdwarf-4" "-fno-omit-frame-pointer" "-m64" "-I" "zstd/lib/" "-I" "zstd/lib/common" "-I" "zstd/lib/legacy" "-fvisibility=hidden" "-DZSTD_LIB_DEPRECATED=0" "-DXXH_PRIVATE_API=" "-DZSTDLIB_VISIBILITY=" "-DZDICTLIB_VISIBILITY=" "-DZSTDERRORLIB_VISIBILITY=" "-DZSTD_LEGACY_SUPPORT=1" "-o" "/opt/rustwide/target/debug/build/zstd-sys-401051d5802ba251/out/zstd/lib/common/pool.o" "-c" "zstd/lib/common/pool.c" with args "cc" did not execute successfully (status code exit status: 1).
[INFO] [stderr] 
[INFO] [stderr] 
[INFO] [stderr] error: could not compile `tokio` (lib) due to 1 previous error
[INFO] running `Command { std: "docker" "inspect" "c40d0eb0ebf067cc8c6cacfd5e8687c4c67625d2e709d33b448e807cffb619f9", kill_on_drop: false }`
[INFO] running `Command { std: "docker" "rm" "-f" "c40d0eb0ebf067cc8c6cacfd5e8687c4c67625d2e709d33b448e807cffb619f9", kill_on_drop: false }`
[INFO] [stdout] c40d0eb0ebf067cc8c6cacfd5e8687c4c67625d2e709d33b448e807cffb619f9
