[INFO] fetching crate mqttwrk 0.2.0...
[INFO] testing mqttwrk-0.2.0 against 1.83.0 for beta-1.84.0-4-retry
[INFO] extracting crate mqttwrk 0.2.0 into /workspace/builds/worker-7-tc1/source
[INFO] validating manifest of crates.io crate mqttwrk 0.2.0 on toolchain 1.83.0
[INFO] running `Command { std: CARGO_HOME="/workspace/cargo-home" RUSTUP_HOME="/workspace/rustup-home" "/workspace/cargo-home/bin/cargo" "+1.83.0" "metadata" "--manifest-path" "Cargo.toml" "--no-deps", kill_on_drop: false }`
[INFO] started tweaking crates.io crate mqttwrk 0.2.0
[INFO] finished tweaking crates.io crate mqttwrk 0.2.0
[INFO] tweaked toml for crates.io crate mqttwrk 0.2.0 written to /workspace/builds/worker-7-tc1/source/Cargo.toml
[INFO] crate crates.io crate mqttwrk 0.2.0 already has a lockfile, it will not be regenerated
[INFO] running `Command { std: CARGO_HOME="/workspace/cargo-home" RUSTUP_HOME="/workspace/rustup-home" "/workspace/cargo-home/bin/cargo" "+1.83.0" "fetch" "--manifest-path" "Cargo.toml", kill_on_drop: false }`
[INFO] [stderr]  Downloading crates ...
[INFO] [stderr]   Downloaded rumqttc v0.20.0
[INFO] [stderr]   Downloaded dummy v0.4.1
[INFO] running `Command { std: "docker" "create" "-v" "/var/lib/crater-agent-workspace/builds/worker-7-tc1/target:/opt/rustwide/target:rw,Z" "-v" "/var/lib/crater-agent-workspace/builds/worker-7-tc1/source:/opt/rustwide/workdir:ro,Z" "-v" "/var/lib/crater-agent-workspace/cargo-home:/opt/rustwide/cargo-home:ro,Z" "-v" "/var/lib/crater-agent-workspace/rustup-home:/opt/rustwide/rustup-home:ro,Z" "-e" "SOURCE_DIR=/opt/rustwide/workdir" "-e" "CARGO_TARGET_DIR=/opt/rustwide/target" "-e" "CARGO_HOME=/opt/rustwide/cargo-home" "-e" "RUSTUP_HOME=/opt/rustwide/rustup-home" "-w" "/opt/rustwide/workdir" "-m" "1610612736" "--user" "0:0" "--network" "none" "ghcr.io/rust-lang/crates-build-env/linux@sha256:f3a9d4ad9d972b27faf3965f35b62e55ba32bbce8f20bc8fe909558a86702fde" "/opt/rustwide/cargo-home/bin/cargo" "+1.83.0" "metadata" "--no-deps" "--format-version=1", kill_on_drop: false }`
[INFO] [stdout] 449029ad5360a5d26b2a342c0adc4b9ec5bc5a528287f4d882a291648d14187d
[INFO] running `Command { std: "docker" "start" "-a" "449029ad5360a5d26b2a342c0adc4b9ec5bc5a528287f4d882a291648d14187d", kill_on_drop: false }`
[INFO] running `Command { std: "docker" "inspect" "449029ad5360a5d26b2a342c0adc4b9ec5bc5a528287f4d882a291648d14187d", kill_on_drop: false }`
[INFO] running `Command { std: "docker" "rm" "-f" "449029ad5360a5d26b2a342c0adc4b9ec5bc5a528287f4d882a291648d14187d", kill_on_drop: false }`
[INFO] [stdout] 449029ad5360a5d26b2a342c0adc4b9ec5bc5a528287f4d882a291648d14187d
[INFO] running `Command { std: "docker" "create" "-v" "/var/lib/crater-agent-workspace/builds/worker-7-tc1/target:/opt/rustwide/target:rw,Z" "-v" "/var/lib/crater-agent-workspace/builds/worker-7-tc1/source:/opt/rustwide/workdir:ro,Z" "-v" "/var/lib/crater-agent-workspace/cargo-home:/opt/rustwide/cargo-home:ro,Z" "-v" "/var/lib/crater-agent-workspace/rustup-home:/opt/rustwide/rustup-home:ro,Z" "-e" "SOURCE_DIR=/opt/rustwide/workdir" "-e" "CARGO_TARGET_DIR=/opt/rustwide/target" "-e" "CARGO_INCREMENTAL=0" "-e" "RUST_BACKTRACE=full" "-e" "RUSTFLAGS=--cap-lints=warn" "-e" "RUSTDOCFLAGS=--cap-lints=warn" "-e" "CARGO_HOME=/opt/rustwide/cargo-home" "-e" "RUSTUP_HOME=/opt/rustwide/rustup-home" "-w" "/opt/rustwide/workdir" "-m" "1610612736" "--user" "0:0" "--network" "none" "ghcr.io/rust-lang/crates-build-env/linux@sha256:f3a9d4ad9d972b27faf3965f35b62e55ba32bbce8f20bc8fe909558a86702fde" "/opt/rustwide/cargo-home/bin/cargo" "+1.83.0" "build" "--frozen" "--message-format=json", kill_on_drop: false }`
[INFO] [stdout] f5dcba214a7b206279633d5be61b1eaa9b3c4d42e6563cd3209864e6ad1fbb38
[INFO] running `Command { std: "docker" "start" "-a" "f5dcba214a7b206279633d5be61b1eaa9b3c4d42e6563cd3209864e6ad1fbb38", kill_on_drop: false }`
[INFO] [stderr]    Compiling libc v0.2.139
[INFO] [stderr]    Compiling proc-macro2 v1.0.51
[INFO] [stderr]    Compiling quote v1.0.23
[INFO] [stderr]    Compiling unicode-ident v1.0.6
[INFO] [stderr]    Compiling cfg-if v1.0.0
[INFO] [stderr]    Compiling syn v1.0.107
[INFO] [stderr]    Compiling autocfg v1.1.0
[INFO] [stderr]    Compiling memchr v2.5.0
[INFO] [stderr]    Compiling log v0.4.17
[INFO] [stderr]    Compiling scopeguard v1.1.0
[INFO] [stderr]    Compiling version_check v0.9.4
[INFO] [stderr]    Compiling smallvec v1.10.0
[INFO] [stderr]    Compiling cc v1.0.79
[INFO] [stderr]    Compiling futures-core v0.3.26
[INFO] [stderr]    Compiling bitflags v1.3.2
[INFO] [stderr]    Compiling futures-sink v0.3.26
[INFO] [stderr]    Compiling pin-project-lite v0.2.9
[INFO] [stderr]    Compiling parking_lot_core v0.9.7
[INFO] [stderr]    Compiling once_cell v1.17.0
[INFO] [stderr]    Compiling futures-task v0.3.26
[INFO] [stderr]    Compiling strsim v0.10.0
[INFO] [stderr]    Compiling spin v0.5.2
[INFO] [stderr]    Compiling untrusted v0.7.1
[INFO] [stderr]    Compiling lazy_static v1.4.0
[INFO] [stderr]    Compiling futures-channel v0.3.26
[INFO] [stderr]    Compiling unicode-width v0.1.10
[INFO] [stderr]    Compiling futures-util v0.3.26
[INFO] [stderr]    Compiling proc-macro-error-attr v1.0.4
[INFO] [stderr]    Compiling proc-macro-error v1.0.4
[INFO] [stderr]    Compiling io-lifetimes v1.0.5
[INFO] [stderr]    Compiling lock_api v0.4.9
[INFO] [stderr]    Compiling slab v0.4.7
[INFO] [stderr]    Compiling tokio v1.25.0
[INFO] [stderr]    Compiling ident_case v1.0.1
[INFO] [stderr]    Compiling parking_lot_core v0.8.6
[INFO] [stderr]    Compiling fnv v1.0.7
[INFO] [stderr]    Compiling instant v0.1.12
[INFO] [stderr]    Compiling bytes v1.4.0
[INFO] [stderr]    Compiling futures-io v0.3.26
[INFO] [stderr]    Compiling pin-utils v0.1.0
[INFO] [stderr]    Compiling serde_derive v1.0.152
[INFO] [stderr]    Compiling rustls v0.20.8
[INFO] [stderr]    Compiling crossbeam-utils v0.8.14
[INFO] [stderr]    Compiling rustix v0.36.8
[INFO] [stderr]    Compiling crc32fast v1.3.2
[INFO] [stderr]    Compiling num-traits v0.2.15
[INFO] [stderr]    Compiling portable-atomic v0.3.19
[INFO] [stderr]    Compiling aho-corasick v0.7.20
[INFO] [stderr]    Compiling unicode-segmentation v1.10.1
[INFO] [stderr]    Compiling adler v1.0.2
[INFO] [stderr]    Compiling regex-syntax v0.6.28
[INFO] [stderr]    Compiling termcolor v1.2.0
[INFO] [stderr]    Compiling linux-raw-sys v0.1.4
[INFO] [stderr]    Compiling serde v1.0.152
[INFO] [stderr]    Compiling quick-error v1.2.3
[INFO] [stderr]    Compiling thiserror v1.0.38
[INFO] [stderr]    Compiling base64 v0.21.0
[INFO] [stderr]    Compiling ppv-lite86 v0.2.17
[INFO] [stderr]    Compiling heck v0.3.3
[INFO] [stderr]    Compiling humantime v1.3.0
[INFO] [stderr]    Compiling ring v0.16.20
[INFO] [stderr]    Compiling getrandom v0.2.8
[INFO] [stderr]    Compiling signal-hook-registry v1.4.0
[INFO] [stderr]    Compiling atty v0.2.14
[INFO] [stderr]    Compiling socket2 v0.4.7
[INFO] [stderr]    Compiling mio v0.8.5
[INFO] [stderr]    Compiling num_cpus v1.15.0
[INFO] [stderr]    Compiling rand_core v0.6.4
[INFO] [stderr]    Compiling mio v0.7.14
[INFO] [stderr]    Compiling parking_lot v0.12.1
[INFO] [stderr]    Compiling nanorand v0.7.0
[INFO] [stderr]    Compiling signal-hook v0.1.17
[INFO] [stderr]    Compiling parking_lot v0.11.2
[INFO] [stderr]    Compiling rand_chacha v0.3.1
[INFO] [stderr]    Compiling rustls-pemfile v1.0.2
[INFO] [stderr]    Compiling miniz_oxide v0.6.2
[INFO] [stderr]    Compiling spin v0.9.5
[INFO] [stderr]    Compiling textwrap v0.11.0
[INFO] [stderr]    Compiling anyhow v1.0.69
[INFO] [stderr]    Compiling os_str_bytes v6.4.1
[INFO] [stderr]    Compiling openssl-probe v0.1.5
[INFO] [stderr]    Compiling strsim v0.8.0
[INFO] [stderr]    Compiling ansi_term v0.12.1
[INFO] [stderr]    Compiling minimal-lexical v0.2.1
[INFO] [stderr]    Compiling heck v0.4.1
[INFO] [stderr]    Compiling serde_json v1.0.92
[INFO] [stderr]    Compiling vec_map v0.8.2
[INFO] [stderr]    Compiling clap_lex v0.3.1
[INFO] [stderr]    Compiling clap v2.34.0
[INFO] [stderr]    Compiling crossbeam-channel v0.5.6
[INFO] [stderr]    Compiling rustls-native-certs v0.6.2
[INFO] [stderr]    Compiling crossterm v0.19.0
[INFO] [stderr]    Compiling nom v7.1.3
[INFO] [stderr]    Compiling rand v0.8.5
[INFO] [stderr]    Compiling flate2 v1.0.25
[INFO] [stderr]    Compiling console v0.15.5
[INFO] [stderr]    Compiling number_prefix v0.4.0
[INFO] [stderr]    Compiling byteorder v1.4.3
[INFO] [stderr]    Compiling base64 v0.13.1
[INFO] [stderr]    Compiling regex v1.7.1
[INFO] [stderr]    Compiling is-terminal v0.4.3
[INFO] [stderr]    Compiling ryu v1.0.12
[INFO] [stderr]    Compiling pollster v0.2.5
[INFO] [stderr]    Compiling itoa v1.0.5
[INFO] [stderr]    Compiling colour v0.6.0
[INFO] [stderr]    Compiling indicatif v0.17.3
[INFO] [stderr]    Compiling colored v2.0.0
[INFO] [stderr]    Compiling uuid v1.3.0
[INFO] [stderr]    Compiling whoami v1.3.0
[INFO] [stderr]    Compiling env_logger v0.7.1
[INFO] [stderr]    Compiling pretty_env_logger v0.4.0
[INFO] [stderr]    Compiling webpki v0.22.0
[INFO] [stderr]    Compiling sct v0.7.0
[INFO] [stderr]    Compiling darling_core v0.13.4
[INFO] [stderr]    Compiling hdrhistogram v7.5.2
[INFO] [stderr]    Compiling tokio-macros v1.8.2
[INFO] [stderr]    Compiling futures-macro v0.3.26
[INFO] [stderr]    Compiling pin-project-internal v1.0.12
[INFO] [stderr]    Compiling thiserror-impl v1.0.38
[INFO] [stderr]    Compiling structopt-derive v0.4.18
[INFO] [stderr]    Compiling clap_derive v4.1.0
[INFO] [stdout] error: linking with `cc` failed: exit status: 1
[INFO] [stdout]   |
[INFO] [stdout]   = note: LC_ALL="C" PATH="/opt/rustwide/rustup-home/toolchains/1.83.0-x86_64-unknown-linux-gnu/lib/rustlib/x86_64-unknown-linux-gnu/bin:/opt/rustwide/cargo-home/bin:/usr/local/sbin:/usr/local/bin:/usr/sbin:/usr/bin:/sbin:/bin" VSLANG="1033" "cc" "-Wl,--version-script=/tmp/rustcXIaIsk/list" "-Wl,--no-undefined-version" "-m64" "/tmp/rustcXIaIsk/symbols.o" "/opt/rustwide/target/debug/deps/futures_macro-e186b14dd1b1ba2b.futures_macro.d3d8b7a9f4525095-cgu.0.rcgu.o" "/opt/rustwide/target/debug/deps/futures_macro-e186b14dd1b1ba2b.futures_macro.d3d8b7a9f4525095-cgu.1.rcgu.o" "/opt/rustwide/target/debug/deps/futures_macro-e186b14dd1b1ba2b.futures_macro.d3d8b7a9f4525095-cgu.2.rcgu.o" "/opt/rustwide/target/debug/deps/futures_macro-e186b14dd1b1ba2b.futures_macro.d3d8b7a9f4525095-cgu.3.rcgu.o" "/opt/rustwide/target/debug/deps/futures_macro-e186b14dd1b1ba2b.futures_macro.d3d8b7a9f4525095-cgu.4.rcgu.o" "/opt/rustwide/target/debug/deps/futures_macro-e186b14dd1b1ba2b.futures_macro.d3d8b7a9f4525095-cgu.5.rcgu.o" "/opt/rustwide/target/debug/deps/futures_macro-e186b14dd1b1ba2b.60j7pk7rwmc2j94j5pkftrj1e.rcgu.rmeta" "/opt/rustwide/target/debug/deps/futures_macro-e186b14dd1b1ba2b.1px6uin4jnmpxygcx05ph0qeb.rcgu.o" "-Wl,--as-needed" "-Wl,-Bstatic" "/opt/rustwide/target/debug/deps/libsyn-08716ac0814d29fd.rlib" "/opt/rustwide/target/debug/deps/libquote-1654efb6c424ee20.rlib" "/opt/rustwide/target/debug/deps/libproc_macro2-b298e6a07746db9b.rlib" "/opt/rustwide/target/debug/deps/libunicode_ident-8c53233dd0f97cd7.rlib" "/opt/rustwide/rustup-home/toolchains/1.83.0-x86_64-unknown-linux-gnu/lib/rustlib/x86_64-unknown-linux-gnu/lib/libproc_macro-a2fc9021817a412b.rlib" "/opt/rustwide/rustup-home/toolchains/1.83.0-x86_64-unknown-linux-gnu/lib/rustlib/x86_64-unknown-linux-gnu/lib/libstd-ca74a2d9c5166d9f.rlib" "/opt/rustwide/rustup-home/toolchains/1.83.0-x86_64-unknown-linux-gnu/lib/rustlib/x86_64-unknown-linux-gnu/lib/libpanic_unwind-e31ab23316ed5080.rlib" "/opt/rustwide/rustup-home/toolchains/1.83.0-x86_64-unknown-linux-gnu/lib/rustlib/x86_64-unknown-linux-gnu/lib/libobject-27dc4aa955912662.rlib" "/opt/rustwide/rustup-home/toolchains/1.83.0-x86_64-unknown-linux-gnu/lib/rustlib/x86_64-unknown-linux-gnu/lib/libmemchr-bd0d6cccce077b99.rlib" "/opt/rustwide/rustup-home/toolchains/1.83.0-x86_64-unknown-linux-gnu/lib/rustlib/x86_64-unknown-linux-gnu/lib/libaddr2line-8d001680935b5e3c.rlib" "/opt/rustwide/rustup-home/toolchains/1.83.0-x86_64-unknown-linux-gnu/lib/rustlib/x86_64-unknown-linux-gnu/lib/libgimli-ba8ce71964f984f4.rlib" "/opt/rustwide/rustup-home/toolchains/1.83.0-x86_64-unknown-linux-gnu/lib/rustlib/x86_64-unknown-linux-gnu/lib/librustc_demangle-99a73526abcec14b.rlib" "/opt/rustwide/rustup-home/toolchains/1.83.0-x86_64-unknown-linux-gnu/lib/rustlib/x86_64-unknown-linux-gnu/lib/libstd_detect-63ac0d22cff92579.rlib" "/opt/rustwide/rustup-home/toolchains/1.83.0-x86_64-unknown-linux-gnu/lib/rustlib/x86_64-unknown-linux-gnu/lib/libhashbrown-9057355c92c922d5.rlib" "/opt/rustwide/rustup-home/toolchains/1.83.0-x86_64-unknown-linux-gnu/lib/rustlib/x86_64-unknown-linux-gnu/lib/librustc_std_workspace_alloc-358be9bc1f6bab04.rlib" "/opt/rustwide/rustup-home/toolchains/1.83.0-x86_64-unknown-linux-gnu/lib/rustlib/x86_64-unknown-linux-gnu/lib/libminiz_oxide-aca15549d5bff974.rlib" "/opt/rustwide/rustup-home/toolchains/1.83.0-x86_64-unknown-linux-gnu/lib/rustlib/x86_64-unknown-linux-gnu/lib/libadler-8251d2cef7072448.rlib" "/opt/rustwide/rustup-home/toolchains/1.83.0-x86_64-unknown-linux-gnu/lib/rustlib/x86_64-unknown-linux-gnu/lib/libunwind-7d50b86011c66411.rlib" "/opt/rustwide/rustup-home/toolchains/1.83.0-x86_64-unknown-linux-gnu/lib/rustlib/x86_64-unknown-linux-gnu/lib/libcfg_if-51ea098fce5006bf.rlib" "/opt/rustwide/rustup-home/toolchains/1.83.0-x86_64-unknown-linux-gnu/lib/rustlib/x86_64-unknown-linux-gnu/lib/liblibc-5a14e0d0b712e731.rlib" "/opt/rustwide/rustup-home/toolchains/1.83.0-x86_64-unknown-linux-gnu/lib/rustlib/x86_64-unknown-linux-gnu/lib/liballoc-8b83dbf3a7b8f999.rlib" "/opt/rustwide/rustup-home/toolchains/1.83.0-x86_64-unknown-linux-gnu/lib/rustlib/x86_64-unknown-linux-gnu/lib/librustc_std_workspace_core-c6fd227bdc7b39ff.rlib" "/opt/rustwide/rustup-home/toolchains/1.83.0-x86_64-unknown-linux-gnu/lib/rustlib/x86_64-unknown-linux-gnu/lib/libcore-959d3389fa3da8a5.rlib" "/opt/rustwide/rustup-home/toolchains/1.83.0-x86_64-unknown-linux-gnu/lib/rustlib/x86_64-unknown-linux-gnu/lib/libcompiler_builtins-abe05db089cc2c62.rlib" "-Wl,-Bdynamic" "-lgcc_s" "-lutil" "-lrt" "-lpthread" "-lm" "-ldl" "-lc" "-Wl,--eh-frame-hdr" "-Wl,-z,noexecstack" "-L" "/opt/rustwide/rustup-home/toolchains/1.83.0-x86_64-unknown-linux-gnu/lib/rustlib/x86_64-unknown-linux-gnu/lib" "-o" "/opt/rustwide/target/debug/deps/libfutures_macro-e186b14dd1b1ba2b.so" "-Wl,--gc-sections" "-shared" "-Wl,-z,relro,-z,now" "-nodefaultlibs"
[INFO] [stdout]   = note: /usr/bin/ld: final link failed: No space left on device
[INFO] [stdout]           collect2: error: ld returned 1 exit status
[INFO] [stdout]           
[INFO] [stdout] 
[INFO] [stdout] 
[INFO] [stderr] error: could not compile `futures-macro` (lib) due to 1 previous error
[INFO] [stderr] warning: build failed, waiting for other jobs to finish...
[INFO] [stdout] error: failed to write to `/opt/rustwide/target/debug/deps/rmetaQEZhJj/lib.rmeta`: No space left on device (os error 28)
[INFO] [stdout] 
[INFO] [stdout] 
[INFO] [stderr] error: could not parse/generate dep info at: /opt/rustwide/target/debug/deps/thiserror_impl-79db790a130e8b34.d
[INFO] [stderr] 
[INFO] [stderr] Caused by:
[INFO] [stderr]   failed to write `/opt/rustwide/target/debug/.fingerprint/thiserror-impl-79db790a130e8b34/dep-lib-thiserror_impl`
[INFO] [stderr] 
[INFO] [stderr] Caused by:
[INFO] [stderr]   No space left on device (os error 28)
[INFO] [stderr] rustc-LLVM ERROR: IO failure on output stream: No space left on device
[INFO] [stderr] error: could not compile `rustls` (lib) due to 1 previous error
[INFO] [stdout] error: linking with `cc` failed: exit status: 1
[INFO] [stdout]   |
[INFO] [stdout]   = note: LC_ALL="C" PATH="/opt/rustwide/rustup-home/toolchains/1.83.0-x86_64-unknown-linux-gnu/lib/rustlib/x86_64-unknown-linux-gnu/bin:/opt/rustwide/cargo-home/bin:/usr/local/sbin:/usr/local/bin:/usr/sbin:/usr/bin:/sbin:/bin" VSLANG="1033" "cc" "-Wl,--version-script=/tmp/rustcYorKDS/list" "-Wl,--no-undefined-version" "-m64" "/tmp/rustcYorKDS/symbols.o" "/opt/rustwide/target/debug/deps/structopt_derive-3812484b2d1b1c89.structopt_derive.687a683f0f5bcb3d-cgu.00.rcgu.o" "/opt/rustwide/target/debug/deps/structopt_derive-3812484b2d1b1c89.structopt_derive.687a683f0f5bcb3d-cgu.01.rcgu.o" "/opt/rustwide/target/debug/deps/structopt_derive-3812484b2d1b1c89.structopt_derive.687a683f0f5bcb3d-cgu.02.rcgu.o" "/opt/rustwide/target/debug/deps/structopt_derive-3812484b2d1b1c89.structopt_derive.687a683f0f5bcb3d-cgu.03.rcgu.o" "/opt/rustwide/target/debug/deps/structopt_derive-3812484b2d1b1c89.structopt_derive.687a683f0f5bcb3d-cgu.04.rcgu.o" "/opt/rustwide/target/debug/deps/structopt_derive-3812484b2d1b1c89.structopt_derive.687a683f0f5bcb3d-cgu.05.rcgu.o" "/opt/rustwide/target/debug/deps/structopt_derive-3812484b2d1b1c89.structopt_derive.687a683f0f5bcb3d-cgu.06.rcgu.o" "/opt/rustwide/target/debug/deps/structopt_derive-3812484b2d1b1c89.structopt_derive.687a683f0f5bcb3d-cgu.07.rcgu.o" "/opt/rustwide/target/debug/deps/structopt_derive-3812484b2d1b1c89.structopt_derive.687a683f0f5bcb3d-cgu.08.rcgu.o" "/opt/rustwide/target/debug/deps/structopt_derive-3812484b2d1b1c89.structopt_derive.687a683f0f5bcb3d-cgu.09.rcgu.o" "/opt/rustwide/target/debug/deps/structopt_derive-3812484b2d1b1c89.65dq771q2lpcjp0o7wusmkr3c.rcgu.rmeta" "/opt/rustwide/target/debug/deps/structopt_derive-3812484b2d1b1c89.10jphdii7v48rbbto3z9x2gk7.rcgu.o" "-Wl,--as-needed" "-Wl,-Bstatic" "/opt/rustwide/target/debug/deps/libproc_macro_error-aa5fc2d33530ff9a.rlib" "/opt/rustwide/target/debug/deps/libsyn-08716ac0814d29fd.rlib" "/opt/rustwide/target/debug/deps/libquote-1654efb6c424ee20.rlib" "/opt/rustwide/target/debug/deps/libproc_macro2-b298e6a07746db9b.rlib" "/opt/rustwide/target/debug/deps/libunicode_ident-8c53233dd0f97cd7.rlib" "/opt/rustwide/target/debug/deps/libheck-e8028ff1a946d03e.rlib" "/opt/rustwide/target/debug/deps/libunicode_segmentation-de316d5b0bedb874.rlib" "/opt/rustwide/rustup-home/toolchains/1.83.0-x86_64-unknown-linux-gnu/lib/rustlib/x86_64-unknown-linux-gnu/lib/libproc_macro-a2fc9021817a412b.rlib" "/opt/rustwide/rustup-home/toolchains/1.83.0-x86_64-unknown-linux-gnu/lib/rustlib/x86_64-unknown-linux-gnu/lib/libstd-ca74a2d9c5166d9f.rlib" "/opt/rustwide/rustup-home/toolchains/1.83.0-x86_64-unknown-linux-gnu/lib/rustlib/x86_64-unknown-linux-gnu/lib/libpanic_unwind-e31ab23316ed5080.rlib" "/opt/rustwide/rustup-home/toolchains/1.83.0-x86_64-unknown-linux-gnu/lib/rustlib/x86_64-unknown-linux-gnu/lib/libobject-27dc4aa955912662.rlib" "/opt/rustwide/rustup-home/toolchains/1.83.0-x86_64-unknown-linux-gnu/lib/rustlib/x86_64-unknown-linux-gnu/lib/libmemchr-bd0d6cccce077b99.rlib" "/opt/rustwide/rustup-home/toolchains/1.83.0-x86_64-unknown-linux-gnu/lib/rustlib/x86_64-unknown-linux-gnu/lib/libaddr2line-8d001680935b5e3c.rlib" "/opt/rustwide/rustup-home/toolchains/1.83.0-x86_64-unknown-linux-gnu/lib/rustlib/x86_64-unknown-linux-gnu/lib/libgimli-ba8ce71964f984f4.rlib" "/opt/rustwide/rustup-home/toolchains/1.83.0-x86_64-unknown-linux-gnu/lib/rustlib/x86_64-unknown-linux-gnu/lib/librustc_demangle-99a73526abcec14b.rlib" "/opt/rustwide/rustup-home/toolchains/1.83.0-x86_64-unknown-linux-gnu/lib/rustlib/x86_64-unknown-linux-gnu/lib/libstd_detect-63ac0d22cff92579.rlib" "/opt/rustwide/rustup-home/toolchains/1.83.0-x86_64-unknown-linux-gnu/lib/rustlib/x86_64-unknown-linux-gnu/lib/libhashbrown-9057355c92c922d5.rlib" "/opt/rustwide/rustup-home/toolchains/1.83.0-x86_64-unknown-linux-gnu/lib/rustlib/x86_64-unknown-linux-gnu/lib/librustc_std_workspace_alloc-358be9bc1f6bab04.rlib" "/opt/rustwide/rustup-home/toolchains/1.83.0-x86_64-unknown-linux-gnu/lib/rustlib/x86_64-unknown-linux-gnu/lib/libminiz_oxide-aca15549d5bff974.rlib" "/opt/rustwide/rustup-home/toolchains/1.83.0-x86_64-unknown-linux-gnu/lib/rustlib/x86_64-unknown-linux-gnu/lib/libadler-8251d2cef7072448.rlib" "/opt/rustwide/rustup-home/toolchains/1.83.0-x86_64-unknown-linux-gnu/lib/rustlib/x86_64-unknown-linux-gnu/lib/libunwind-7d50b86011c66411.rlib" "/opt/rustwide/rustup-home/toolchains/1.83.0-x86_64-unknown-linux-gnu/lib/rustlib/x86_64-unknown-linux-gnu/lib/libcfg_if-51ea098fce5006bf.rlib" "/opt/rustwide/rustup-home/toolchains/1.83.0-x86_64-unknown-linux-gnu/lib/rustlib/x86_64-unknown-linux-gnu/lib/liblibc-5a14e0d0b712e731.rlib" "/opt/rustwide/rustup-home/toolchains/1.83.0-x86_64-unknown-linux-gnu/lib/rustlib/x86_64-unknown-linux-gnu/lib/liballoc-8b83dbf3a7b8f999.rlib" "/opt/rustwide/rustup-home/toolchains/1.83.0-x86_64-unknown-linux-gnu/lib/rustlib/x86_64-unknown-linux-gnu/lib/librustc_std_workspace_core-c6fd227bdc7b39ff.rlib" "/opt/rustwide/rustup-home/toolchains/1.83.0-x86_64-unknown-linux-gnu/lib/rustlib/x86_64-unknown-linux-gnu/lib/libcore-959d3389fa3da8a5.rlib" "/opt/rustwide/rustup-home/toolchains/1.83.0-x86_64-unknown-linux-gnu/lib/rustlib/x86_64-unknown-linux-gnu/lib/libcompiler_builtins-abe05db089cc2c62.rlib" "-Wl,-Bdynamic" "-lgcc_s" "-lutil" "-lrt" "-lpthread" "-lm" "-ldl" "-lc" "-Wl,--eh-frame-hdr" "-Wl,-z,noexecstack" "-L" "/opt/rustwide/rustup-home/toolchains/1.83.0-x86_64-unknown-linux-gnu/lib/rustlib/x86_64-unknown-linux-gnu/lib" "-o" "/opt/rustwide/target/debug/deps/libstructopt_derive-3812484b2d1b1c89.so" "-Wl,--gc-sections" "-shared" "-Wl,-z,relro,-z,now" "-nodefaultlibs"
[INFO] [stdout]   = note: /usr/bin/ld: final link failed: No space left on device
[INFO] [stdout]           collect2: error: ld returned 1 exit status
[INFO] [stdout]           
[INFO] [stdout] 
[INFO] [stdout] 
[INFO] [stdout] error: linking with `cc` failed: exit status: 1
[INFO] [stdout]   |
[INFO] [stdout]   = note: LC_ALL="C" PATH="/opt/rustwide/rustup-home/toolchains/1.83.0-x86_64-unknown-linux-gnu/lib/rustlib/x86_64-unknown-linux-gnu/bin:/opt/rustwide/cargo-home/bin:/usr/local/sbin:/usr/local/bin:/usr/sbin:/usr/bin:/sbin:/bin" VSLANG="1033" "cc" "-Wl,--version-script=/tmp/rustcJCZW3K/list" "-Wl,--no-undefined-version" "-m64" "/tmp/rustcJCZW3K/symbols.o" "/opt/rustwide/target/debug/deps/pin_project_internal-abfb61a60c99a599.pin_project_internal.1fe014e2c8dc8b5c-cgu.00.rcgu.o" "/opt/rustwide/target/debug/deps/pin_project_internal-abfb61a60c99a599.pin_project_internal.1fe014e2c8dc8b5c-cgu.01.rcgu.o" "/opt/rustwide/target/debug/deps/pin_project_internal-abfb61a60c99a599.pin_project_internal.1fe014e2c8dc8b5c-cgu.02.rcgu.o" "/opt/rustwide/target/debug/deps/pin_project_internal-abfb61a60c99a599.pin_project_internal.1fe014e2c8dc8b5c-cgu.03.rcgu.o" "/opt/rustwide/target/debug/deps/pin_project_internal-abfb61a60c99a599.pin_project_internal.1fe014e2c8dc8b5c-cgu.04.rcgu.o" "/opt/rustwide/target/debug/deps/pin_project_internal-abfb61a60c99a599.pin_project_internal.1fe014e2c8dc8b5c-cgu.05.rcgu.o" "/opt/rustwide/target/debug/deps/pin_project_internal-abfb61a60c99a599.pin_project_internal.1fe014e2c8dc8b5c-cgu.06.rcgu.o" "/opt/rustwide/target/debug/deps/pin_project_internal-abfb61a60c99a599.pin_project_internal.1fe014e2c8dc8b5c-cgu.07.rcgu.o" "/opt/rustwide/target/debug/deps/pin_project_internal-abfb61a60c99a599.pin_project_internal.1fe014e2c8dc8b5c-cgu.08.rcgu.o" "/opt/rustwide/target/debug/deps/pin_project_internal-abfb61a60c99a599.pin_project_internal.1fe014e2c8dc8b5c-cgu.09.rcgu.o" "/opt/rustwide/target/debug/deps/pin_project_internal-abfb61a60c99a599.pin_project_internal.1fe014e2c8dc8b5c-cgu.10.rcgu.o" "/opt/rustwide/target/debug/deps/pin_project_internal-abfb61a60c99a599.ajx3fnzc9u35j2f59sw3vtq79.rcgu.rmeta" "/opt/rustwide/target/debug/deps/pin_project_internal-abfb61a60c99a599.3kbul6lelz0ial90psf9wi4sx.rcgu.o" "-Wl,--as-needed" "-Wl,-Bstatic" "/opt/rustwide/target/debug/deps/libsyn-08716ac0814d29fd.rlib" "/opt/rustwide/target/debug/deps/libquote-1654efb6c424ee20.rlib" "/opt/rustwide/target/debug/deps/libproc_macro2-b298e6a07746db9b.rlib" "/opt/rustwide/target/debug/deps/libunicode_ident-8c53233dd0f97cd7.rlib" "/opt/rustwide/rustup-home/toolchains/1.83.0-x86_64-unknown-linux-gnu/lib/rustlib/x86_64-unknown-linux-gnu/lib/libproc_macro-a2fc9021817a412b.rlib" "/opt/rustwide/rustup-home/toolchains/1.83.0-x86_64-unknown-linux-gnu/lib/rustlib/x86_64-unknown-linux-gnu/lib/libstd-ca74a2d9c5166d9f.rlib" "/opt/rustwide/rustup-home/toolchains/1.83.0-x86_64-unknown-linux-gnu/lib/rustlib/x86_64-unknown-linux-gnu/lib/libpanic_unwind-e31ab23316ed5080.rlib" "/opt/rustwide/rustup-home/toolchains/1.83.0-x86_64-unknown-linux-gnu/lib/rustlib/x86_64-unknown-linux-gnu/lib/libobject-27dc4aa955912662.rlib" "/opt/rustwide/rustup-home/toolchains/1.83.0-x86_64-unknown-linux-gnu/lib/rustlib/x86_64-unknown-linux-gnu/lib/libmemchr-bd0d6cccce077b99.rlib" "/opt/rustwide/rustup-home/toolchains/1.83.0-x86_64-unknown-linux-gnu/lib/rustlib/x86_64-unknown-linux-gnu/lib/libaddr2line-8d001680935b5e3c.rlib" "/opt/rustwide/rustup-home/toolchains/1.83.0-x86_64-unknown-linux-gnu/lib/rustlib/x86_64-unknown-linux-gnu/lib/libgimli-ba8ce71964f984f4.rlib" "/opt/rustwide/rustup-home/toolchains/1.83.0-x86_64-unknown-linux-gnu/lib/rustlib/x86_64-unknown-linux-gnu/lib/librustc_demangle-99a73526abcec14b.rlib" "/opt/rustwide/rustup-home/toolchains/1.83.0-x86_64-unknown-linux-gnu/lib/rustlib/x86_64-unknown-linux-gnu/lib/libstd_detect-63ac0d22cff92579.rlib" "/opt/rustwide/rustup-home/toolchains/1.83.0-x86_64-unknown-linux-gnu/lib/rustlib/x86_64-unknown-linux-gnu/lib/libhashbrown-9057355c92c922d5.rlib" "/opt/rustwide/rustup-home/toolchains/1.83.0-x86_64-unknown-linux-gnu/lib/rustlib/x86_64-unknown-linux-gnu/lib/librustc_std_workspace_alloc-358be9bc1f6bab04.rlib" "/opt/rustwide/rustup-home/toolchains/1.83.0-x86_64-unknown-linux-gnu/lib/rustlib/x86_64-unknown-linux-gnu/lib/libminiz_oxide-aca15549d5bff974.rlib" "/opt/rustwide/rustup-home/toolchains/1.83.0-x86_64-unknown-linux-gnu/lib/rustlib/x86_64-unknown-linux-gnu/lib/libadler-8251d2cef7072448.rlib" "/opt/rustwide/rustup-home/toolchains/1.83.0-x86_64-unknown-linux-gnu/lib/rustlib/x86_64-unknown-linux-gnu/lib/libunwind-7d50b86011c66411.rlib" "/opt/rustwide/rustup-home/toolchains/1.83.0-x86_64-unknown-linux-gnu/lib/rustlib/x86_64-unknown-linux-gnu/lib/libcfg_if-51ea098fce5006bf.rlib" "/opt/rustwide/rustup-home/toolchains/1.83.0-x86_64-unknown-linux-gnu/lib/rustlib/x86_64-unknown-linux-gnu/lib/liblibc-5a14e0d0b712e731.rlib" "/opt/rustwide/rustup-home/toolchains/1.83.0-x86_64-unknown-linux-gnu/lib/rustlib/x86_64-unknown-linux-gnu/lib/liballoc-8b83dbf3a7b8f999.rlib" "/opt/rustwide/rustup-home/toolchains/1.83.0-x86_64-unknown-linux-gnu/lib/rustlib/x86_64-unknown-linux-gnu/lib/librustc_std_workspace_core-c6fd227bdc7b39ff.rlib" "/opt/rustwide/rustup-home/toolchains/1.83.0-x86_64-unknown-linux-gnu/lib/rustlib/x86_64-unknown-linux-gnu/lib/libcore-959d3389fa3da8a5.rlib" "/opt/rustwide/rustup-home/toolchains/1.83.0-x86_64-unknown-linux-gnu/lib/rustlib/x86_64-unknown-linux-gnu/lib/libcompiler_builtins-abe05db089cc2c62.rlib" "-Wl,-Bdynamic" "-lgcc_s" "-lutil" "-lrt" "-lpthread" "-lm" "-ldl" "-lc" "-Wl,--eh-frame-hdr" "-Wl,-z,noexecstack" "-L" "/opt/rustwide/rustup-home/toolchains/1.83.0-x86_64-unknown-linux-gnu/lib/rustlib/x86_64-unknown-linux-gnu/lib" "-o" "/opt/rustwide/target/debug/deps/libpin_project_internal-abfb61a60c99a599.so" "-Wl,--gc-sections" "-shared" "-Wl,-z,relro,-z,now" "-nodefaultlibs"
[INFO] [stdout]   = note: /usr/bin/ld: final link failed: No space left on device
[INFO] [stdout]           collect2: error: ld returned 1 exit status
[INFO] [stdout]           
[INFO] [stdout] 
[INFO] [stdout] 
[INFO] [stderr] error: could not compile `structopt-derive` (lib) due to 1 previous error
[INFO] [stderr] error: could not compile `clap` (lib)
[INFO] [stderr] 
[INFO] [stderr] Caused by:
[INFO] [stderr]   No space left on device (os error 28)
[INFO] [stderr] 
[INFO] [stderr] Caused by:
[INFO] [stderr]   failed to parse process output: `/opt/rustwide/rustup-home/toolchains/1.83.0-x86_64-unknown-linux-gnu/bin/rustc --crate-name clap --edition=2018 /opt/rustwide/cargo-home/registry/src/index.crates.io-6f17d22bba15001f/clap-2.34.0/src/lib.rs --error-format=json --json=diagnostic-rendered-ansi,artifacts,future-incompat --crate-type lib --emit=dep-info,metadata,link -C embed-bitcode=no -C debuginfo=2 --cfg 'feature="ansi_term"' --cfg 'feature="atty"' --cfg 'feature="color"' --cfg 'feature="default"' --cfg 'feature="strsim"' --cfg 'feature="suggestions"' --cfg 'feature="vec_map"' --check-cfg 'cfg(docsrs)' --check-cfg 'cfg(feature, values("ansi_term", "atty", "clippy", "color", "debug", "default", "doc", "nightly", "no_cargo", "strsim", "suggestions", "term_size", "unstable", "vec_map", "wrap_help", "yaml", "yaml-rust"))' -C metadata=18061cb75f017b58 -C extra-filename=-18061cb75f017b58 --out-dir /opt/rustwide/target/debug/deps -L dependency=/opt/rustwide/target/debug/deps --extern ansi_term=/opt/rustwide/target/debug/deps/libansi_term-96fe21606cfb7a10.rmeta --extern atty=/opt/rustwide/target/debug/deps/libatty-ec68b2f7e2462ded.rmeta --extern bitflags=/opt/rustwide/target/debug/deps/libbitflags-d3511f9afe014f87.rmeta --extern strsim=/opt/rustwide/target/debug/deps/libstrsim-e810c4e0441fffff.rmeta --extern textwrap=/opt/rustwide/target/debug/deps/libtextwrap-28458a6b40ac17db.rmeta --extern unicode_width=/opt/rustwide/target/debug/deps/libunicode_width-22b8c0ea0329cc1f.rmeta --extern vec_map=/opt/rustwide/target/debug/deps/libvec_map-4f0843aee0c96f0d.rmeta --cap-lints allow --cap-lints=warn` (exit status: 101)
[INFO] [stderr] error: could not compile `pin-project-internal` (lib) due to 1 previous error
[INFO] [stdout] error: linking with `cc` failed: exit status: 1
[INFO] [stdout]   |
[INFO] [stdout]   = note: LC_ALL="C" PATH="/opt/rustwide/rustup-home/toolchains/1.83.0-x86_64-unknown-linux-gnu/lib/rustlib/x86_64-unknown-linux-gnu/bin:/opt/rustwide/cargo-home/bin:/usr/local/sbin:/usr/local/bin:/usr/sbin:/usr/bin:/sbin:/bin" VSLANG="1033" "cc" "-Wl,--version-script=/tmp/rustcev6ETJ/list" "-Wl,--no-undefined-version" "-m64" "/tmp/rustcev6ETJ/symbols.o" "/opt/rustwide/target/debug/deps/clap_derive-c4c7f7e42b671747.clap_derive.dad5cd7af98851eb-cgu.00.rcgu.o" "/opt/rustwide/target/debug/deps/clap_derive-c4c7f7e42b671747.clap_derive.dad5cd7af98851eb-cgu.01.rcgu.o" "/opt/rustwide/target/debug/deps/clap_derive-c4c7f7e42b671747.clap_derive.dad5cd7af98851eb-cgu.02.rcgu.o" "/opt/rustwide/target/debug/deps/clap_derive-c4c7f7e42b671747.clap_derive.dad5cd7af98851eb-cgu.03.rcgu.o" "/opt/rustwide/target/debug/deps/clap_derive-c4c7f7e42b671747.clap_derive.dad5cd7af98851eb-cgu.04.rcgu.o" "/opt/rustwide/target/debug/deps/clap_derive-c4c7f7e42b671747.clap_derive.dad5cd7af98851eb-cgu.05.rcgu.o" "/opt/rustwide/target/debug/deps/clap_derive-c4c7f7e42b671747.clap_derive.dad5cd7af98851eb-cgu.06.rcgu.o" "/opt/rustwide/target/debug/deps/clap_derive-c4c7f7e42b671747.clap_derive.dad5cd7af98851eb-cgu.07.rcgu.o" "/opt/rustwide/target/debug/deps/clap_derive-c4c7f7e42b671747.clap_derive.dad5cd7af98851eb-cgu.08.rcgu.o" "/opt/rustwide/target/debug/deps/clap_derive-c4c7f7e42b671747.clap_derive.dad5cd7af98851eb-cgu.09.rcgu.o" "/opt/rustwide/target/debug/deps/clap_derive-c4c7f7e42b671747.clap_derive.dad5cd7af98851eb-cgu.10.rcgu.o" "/opt/rustwide/target/debug/deps/clap_derive-c4c7f7e42b671747.clap_derive.dad5cd7af98851eb-cgu.11.rcgu.o" "/opt/rustwide/target/debug/deps/clap_derive-c4c7f7e42b671747.clap_derive.dad5cd7af98851eb-cgu.12.rcgu.o" "/opt/rustwide/target/debug/deps/clap_derive-c4c7f7e42b671747.clap_derive.dad5cd7af98851eb-cgu.13.rcgu.o" "/opt/rustwide/target/debug/deps/clap_derive-c4c7f7e42b671747.clap_derive.dad5cd7af98851eb-cgu.14.rcgu.o" "/opt/rustwide/target/debug/deps/clap_derive-c4c7f7e42b671747.clap_derive.dad5cd7af98851eb-cgu.15.rcgu.o" "/opt/rustwide/target/debug/deps/clap_derive-c4c7f7e42b671747.dddg2vln0n379z6kzleiearjr.rcgu.rmeta" "/opt/rustwide/target/debug/deps/clap_derive-c4c7f7e42b671747.chzkz9p86bctba3dpipykohrh.rcgu.o" "-Wl,--as-needed" "-Wl,-Bstatic" "/opt/rustwide/target/debug/deps/libheck-07e87845ac1ca760.rlib" "/opt/rustwide/target/debug/deps/libproc_macro_error-aa5fc2d33530ff9a.rlib" "/opt/rustwide/target/debug/deps/libsyn-08716ac0814d29fd.rlib" "/opt/rustwide/target/debug/deps/libquote-1654efb6c424ee20.rlib" "/opt/rustwide/target/debug/deps/libproc_macro2-b298e6a07746db9b.rlib" "/opt/rustwide/target/debug/deps/libunicode_ident-8c53233dd0f97cd7.rlib" "/opt/rustwide/rustup-home/toolchains/1.83.0-x86_64-unknown-linux-gnu/lib/rustlib/x86_64-unknown-linux-gnu/lib/libproc_macro-a2fc9021817a412b.rlib" "/opt/rustwide/rustup-home/toolchains/1.83.0-x86_64-unknown-linux-gnu/lib/rustlib/x86_64-unknown-linux-gnu/lib/libstd-ca74a2d9c5166d9f.rlib" "/opt/rustwide/rustup-home/toolchains/1.83.0-x86_64-unknown-linux-gnu/lib/rustlib/x86_64-unknown-linux-gnu/lib/libpanic_unwind-e31ab23316ed5080.rlib" "/opt/rustwide/rustup-home/toolchains/1.83.0-x86_64-unknown-linux-gnu/lib/rustlib/x86_64-unknown-linux-gnu/lib/libobject-27dc4aa955912662.rlib" "/opt/rustwide/rustup-home/toolchains/1.83.0-x86_64-unknown-linux-gnu/lib/rustlib/x86_64-unknown-linux-gnu/lib/libmemchr-bd0d6cccce077b99.rlib" "/opt/rustwide/rustup-home/toolchains/1.83.0-x86_64-unknown-linux-gnu/lib/rustlib/x86_64-unknown-linux-gnu/lib/libaddr2line-8d001680935b5e3c.rlib" "/opt/rustwide/rustup-home/toolchains/1.83.0-x86_64-unknown-linux-gnu/lib/rustlib/x86_64-unknown-linux-gnu/lib/libgimli-ba8ce71964f984f4.rlib" "/opt/rustwide/rustup-home/toolchains/1.83.0-x86_64-unknown-linux-gnu/lib/rustlib/x86_64-unknown-linux-gnu/lib/librustc_demangle-99a73526abcec14b.rlib" "/opt/rustwide/rustup-home/toolchains/1.83.0-x86_64-unknown-linux-gnu/lib/rustlib/x86_64-unknown-linux-gnu/lib/libstd_detect-63ac0d22cff92579.rlib" "/opt/rustwide/rustup-home/toolchains/1.83.0-x86_64-unknown-linux-gnu/lib/rustlib/x86_64-unknown-linux-gnu/lib/libhashbrown-9057355c92c922d5.rlib" "/opt/rustwide/rustup-home/toolchains/1.83.0-x86_64-unknown-linux-gnu/lib/rustlib/x86_64-unknown-linux-gnu/lib/librustc_std_workspace_alloc-358be9bc1f6bab04.rlib" "/opt/rustwide/rustup-home/toolchains/1.83.0-x86_64-unknown-linux-gnu/lib/rustlib/x86_64-unknown-linux-gnu/lib/libminiz_oxide-aca15549d5bff974.rlib" "/opt/rustwide/rustup-home/toolchains/1.83.0-x86_64-unknown-linux-gnu/lib/rustlib/x86_64-unknown-linux-gnu/lib/libadler-8251d2cef7072448.rlib" "/opt/rustwide/rustup-home/toolchains/1.83.0-x86_64-unknown-linux-gnu/lib/rustlib/x86_64-unknown-linux-gnu/lib/libunwind-7d50b86011c66411.rlib" "/opt/rustwide/rustup-home/toolchains/1.83.0-x86_64-unknown-linux-gnu/lib/rustlib/x86_64-unknown-linux-gnu/lib/libcfg_if-51ea098fce5006bf.rlib" "/opt/rustwide/rustup-home/toolchains/1.83.0-x86_64-unknown-linux-gnu/lib/rustlib/x86_64-unknown-linux-gnu/lib/liblibc-5a14e0d0b712e731.rlib" "/opt/rustwide/rustup-home/toolchains/1.83.0-x86_64-unknown-linux-gnu/lib/rustlib/x86_64-unknown-linux-gnu/lib/liballoc-8b83dbf3a7b8f999.rlib" "/opt/rustwide/rustup-home/toolchains/1.83.0-x86_64-unknown-linux-gnu/lib/rustlib/x86_64-unknown-linux-gnu/lib/librustc_std_workspace_core-c6fd227bdc7b39ff.rlib" "/opt/rustwide/rustup-home/toolchains/1.83.0-x86_64-unknown-linux-gnu/lib/rustlib/x86_64-unknown-linux-gnu/lib/libcore-959d3389fa3da8a5.rlib" "/opt/rustwide/rustup-home/toolchains/1.83.0-x86_64-unknown-linux-gnu/lib/rustlib/x86_64-unknown-linux-gnu/lib/libcompiler_builtins-abe05db089cc2c62.rlib" "-Wl,-Bdynamic" "-lgcc_s" "-lutil" "-lrt" "-lpthread" "-lm" "-ldl" "-lc" "-Wl,--eh-frame-hdr" "-Wl,-z,noexecstack" "-L" "/opt/rustwide/rustup-home/toolchains/1.83.0-x86_64-unknown-linux-gnu/lib/rustlib/x86_64-unknown-linux-gnu/lib" "-o" "/opt/rustwide/target/debug/deps/libclap_derive-c4c7f7e42b671747.so" "-Wl,--gc-sections" "-shared" "-Wl,-z,relro,-z,now" "-nodefaultlibs"
[INFO] [stdout]   = note: /usr/bin/ld: final link failed: No space left on device
[INFO] [stdout]           collect2: error: ld returned 1 exit status
[INFO] [stdout]           
[INFO] [stdout] 
[INFO] [stdout] 
[INFO] [stderr] error: could not compile `clap_derive` (lib) due to 1 previous error
[INFO] [stdout] error: failed to build archive at `/opt/rustwide/target/debug/deps/libdarling_core-df1e2864cbe9d1be.rlib`: No space left on device (os error 28)
[INFO] [stdout] 
[INFO] [stdout] 
[INFO] [stderr] error: could not compile `darling_core` (lib) due to 1 previous error
[INFO] running `Command { std: "docker" "inspect" "f5dcba214a7b206279633d5be61b1eaa9b3c4d42e6563cd3209864e6ad1fbb38", kill_on_drop: false }`
[INFO] running `Command { std: "docker" "rm" "-f" "f5dcba214a7b206279633d5be61b1eaa9b3c4d42e6563cd3209864e6ad1fbb38", kill_on_drop: false }`
[INFO] [stdout] f5dcba214a7b206279633d5be61b1eaa9b3c4d42e6563cd3209864e6ad1fbb38
