[INFO] fetching crate jemalloc-ctl 0.5.4...
[INFO] building jemalloc-ctl-0.5.4 against 1.83.0 for beta-1.84.0-4-retry
[INFO] extracting crate jemalloc-ctl 0.5.4 into /workspace/builds/worker-7-tc1/source
[INFO] validating manifest of crates.io crate jemalloc-ctl 0.5.4 on toolchain 1.83.0
[INFO] running `Command { std: CARGO_HOME="/workspace/cargo-home" RUSTUP_HOME="/workspace/rustup-home" "/workspace/cargo-home/bin/cargo" "+1.83.0" "metadata" "--manifest-path" "Cargo.toml" "--no-deps", kill_on_drop: false }`
[INFO] started tweaking crates.io crate jemalloc-ctl 0.5.4
[INFO] finished tweaking crates.io crate jemalloc-ctl 0.5.4
[INFO] tweaked toml for crates.io crate jemalloc-ctl 0.5.4 written to /workspace/builds/worker-7-tc1/source/Cargo.toml
[INFO] running `Command { std: CARGO_HOME="/workspace/cargo-home" RUSTUP_HOME="/workspace/rustup-home" "/workspace/cargo-home/bin/cargo" "+1.83.0" "generate-lockfile" "--manifest-path" "Cargo.toml", kill_on_drop: false }`
[INFO] [stderr]     Updating crates.io index
[INFO] [stderr]      Locking 6 packages to latest compatible versions
[INFO] running `Command { std: CARGO_HOME="/workspace/cargo-home" RUSTUP_HOME="/workspace/rustup-home" "/workspace/cargo-home/bin/cargo" "+1.83.0" "fetch" "--manifest-path" "Cargo.toml", kill_on_drop: false }`
[INFO] running `Command { std: "docker" "create" "-v" "/var/lib/crater-agent-workspace/builds/worker-7-tc1/target:/opt/rustwide/target:rw,Z" "-v" "/var/lib/crater-agent-workspace/builds/worker-7-tc1/source:/opt/rustwide/workdir:ro,Z" "-v" "/var/lib/crater-agent-workspace/cargo-home:/opt/rustwide/cargo-home:ro,Z" "-v" "/var/lib/crater-agent-workspace/rustup-home:/opt/rustwide/rustup-home:ro,Z" "-e" "SOURCE_DIR=/opt/rustwide/workdir" "-e" "CARGO_TARGET_DIR=/opt/rustwide/target" "-e" "CARGO_HOME=/opt/rustwide/cargo-home" "-e" "RUSTUP_HOME=/opt/rustwide/rustup-home" "-w" "/opt/rustwide/workdir" "-m" "1610612736" "--user" "0:0" "--network" "none" "ghcr.io/rust-lang/crates-build-env/linux@sha256:f3a9d4ad9d972b27faf3965f35b62e55ba32bbce8f20bc8fe909558a86702fde" "/opt/rustwide/cargo-home/bin/cargo" "+1.83.0" "metadata" "--no-deps" "--format-version=1", kill_on_drop: false }`
[INFO] [stdout] 8adb3184afc00cd66f4402e245ddee40d5b344efa2fb4347ee1cd52f246e54c6
[INFO] running `Command { std: "docker" "start" "-a" "8adb3184afc00cd66f4402e245ddee40d5b344efa2fb4347ee1cd52f246e54c6", kill_on_drop: false }`
[INFO] running `Command { std: "docker" "inspect" "8adb3184afc00cd66f4402e245ddee40d5b344efa2fb4347ee1cd52f246e54c6", kill_on_drop: false }`
[INFO] running `Command { std: "docker" "rm" "-f" "8adb3184afc00cd66f4402e245ddee40d5b344efa2fb4347ee1cd52f246e54c6", kill_on_drop: false }`
[INFO] [stdout] 8adb3184afc00cd66f4402e245ddee40d5b344efa2fb4347ee1cd52f246e54c6
[INFO] running `Command { std: "docker" "create" "-v" "/var/lib/crater-agent-workspace/builds/worker-7-tc1/target:/opt/rustwide/target:rw,Z" "-v" "/var/lib/crater-agent-workspace/builds/worker-7-tc1/source:/opt/rustwide/workdir:ro,Z" "-v" "/var/lib/crater-agent-workspace/cargo-home:/opt/rustwide/cargo-home:ro,Z" "-v" "/var/lib/crater-agent-workspace/rustup-home:/opt/rustwide/rustup-home:ro,Z" "-e" "SOURCE_DIR=/opt/rustwide/workdir" "-e" "CARGO_TARGET_DIR=/opt/rustwide/target" "-e" "CARGO_INCREMENTAL=0" "-e" "RUST_BACKTRACE=full" "-e" "RUSTFLAGS=--cap-lints=warn" "-e" "RUSTDOCFLAGS=--cap-lints=warn" "-e" "CARGO_HOME=/opt/rustwide/cargo-home" "-e" "RUSTUP_HOME=/opt/rustwide/rustup-home" "-w" "/opt/rustwide/workdir" "-m" "1610612736" "--user" "0:0" "--network" "none" "ghcr.io/rust-lang/crates-build-env/linux@sha256:f3a9d4ad9d972b27faf3965f35b62e55ba32bbce8f20bc8fe909558a86702fde" "/opt/rustwide/cargo-home/bin/cargo" "+1.83.0" "build" "--frozen" "--message-format=json", kill_on_drop: false }`
[INFO] [stdout] e96360a879e13eb7bffec23181c9b8f3944ef21b4a9f428c4fb5f3d92abe5c24
[INFO] running `Command { std: "docker" "start" "-a" "e96360a879e13eb7bffec23181c9b8f3944ef21b4a9f428c4fb5f3d92abe5c24", kill_on_drop: false }`
[INFO] [stderr]    Compiling shlex v1.3.0
[INFO] [stderr]    Compiling libc v0.2.168
[INFO] [stderr]    Compiling paste v1.0.15
[INFO] [stderr]    Compiling cc v1.2.4
[INFO] [stderr]    Compiling jemalloc-sys v0.5.4+5.3.0-patched
[INFO] [stderr] error: failed to run custom build command for `jemalloc-sys v0.5.4+5.3.0-patched`
[INFO] [stderr] note: To improve backtraces for build dependencies, set the CARGO_PROFILE_DEV_BUILD_OVERRIDE_DEBUG=true environment variable to enable debug information generation.
[INFO] [stderr] 
[INFO] [stderr] Caused by:
[INFO] [stderr]   process didn't exit successfully: `/opt/rustwide/target/debug/build/jemalloc-sys-cf2c801a1f41701d/build-script-build` (exit status: 101)
[INFO] [stderr]   --- stdout
[INFO] [stderr]   TARGET=x86_64-unknown-linux-gnu
[INFO] [stderr]   HOST=x86_64-unknown-linux-gnu
[INFO] [stderr]   NUM_JOBS=8
[INFO] [stderr]   OUT_DIR="/opt/rustwide/target/debug/build/jemalloc-sys-a4b3759e353fb9c0/out"
[INFO] [stderr]   BUILD_DIR="/opt/rustwide/target/debug/build/jemalloc-sys-a4b3759e353fb9c0/out/build"
[INFO] [stderr]   SRC_DIR="/opt/rustwide/cargo-home/registry/src/index.crates.io-6f17d22bba15001f/jemalloc-sys-0.5.4+5.3.0-patched"
[INFO] [stderr]   cargo:rustc-cfg=prefixed
[INFO] [stderr]   cargo:rerun-if-env-changed=JEMALLOC_OVERRIDE
[INFO] [stderr]   OPT_LEVEL = Some(0)
[INFO] [stderr]   OUT_DIR = Some(/opt/rustwide/target/debug/build/jemalloc-sys-a4b3759e353fb9c0/out)
[INFO] [stderr]   TARGET = Some(x86_64-unknown-linux-gnu)
[INFO] [stderr]   HOST = Some(x86_64-unknown-linux-gnu)
[INFO] [stderr]   cargo:rerun-if-env-changed=CC_x86_64-unknown-linux-gnu
[INFO] [stderr]   CC_x86_64-unknown-linux-gnu = None
[INFO] [stderr]   cargo:rerun-if-env-changed=CC_x86_64_unknown_linux_gnu
[INFO] [stderr]   CC_x86_64_unknown_linux_gnu = None
[INFO] [stderr]   cargo:rerun-if-env-changed=HOST_CC
[INFO] [stderr]   HOST_CC = None
[INFO] [stderr]   cargo:rerun-if-env-changed=CC
[INFO] [stderr]   CC = None
[INFO] [stderr]   cargo:rerun-if-env-changed=CC_ENABLE_DEBUG_OUTPUT
[INFO] [stderr]   RUSTC_WRAPPER = None
[INFO] [stderr]   cargo:rerun-if-env-changed=CRATE_CC_NO_DEFAULTS
[INFO] [stderr]   CRATE_CC_NO_DEFAULTS = None
[INFO] [stderr]   DEBUG = Some(true)
[INFO] [stderr]   CARGO_CFG_TARGET_FEATURE = Some(fxsr,sse,sse2)
[INFO] [stderr]   cargo:rerun-if-env-changed=CFLAGS_x86_64-unknown-linux-gnu
[INFO] [stderr]   CFLAGS_x86_64-unknown-linux-gnu = None
[INFO] [stderr]   cargo:rerun-if-env-changed=CFLAGS_x86_64_unknown_linux_gnu
[INFO] [stderr]   CFLAGS_x86_64_unknown_linux_gnu = None
[INFO] [stderr]   cargo:rerun-if-env-changed=HOST_CFLAGS
[INFO] [stderr]   HOST_CFLAGS = None
[INFO] [stderr]   cargo:rerun-if-env-changed=CFLAGS
[INFO] [stderr]   CFLAGS = None
[INFO] [stderr]   CARGO_ENCODED_RUSTFLAGS = Some(--cap-lints=warn)
[INFO] [stderr]   CC="cc"
[INFO] [stderr]   CFLAGS="-O0 -ffunction-sections -fdata-sections -fPIC -gdwarf-4 -fno-omit-frame-pointer -m64 -Wall"
[INFO] [stderr]   JEMALLOC_REPO_DIR="jemalloc"
[INFO] [stderr]   cargo:rerun-if-env-changed=JEMALLOC_SYS_WITH_MALLOC_CONF
[INFO] [stderr]   cargo:rerun-if-env-changed=JEMALLOC_SYS_WITH_LG_PAGE
[INFO] [stderr]   cargo:rerun-if-env-changed=JEMALLOC_SYS_WITH_LG_HUGEPAGE
[INFO] [stderr]   cargo:rerun-if-env-changed=JEMALLOC_SYS_WITH_LG_QUANTUM
[INFO] [stderr]   cargo:rerun-if-env-changed=JEMALLOC_SYS_WITH_LG_VADDR
[INFO] [stderr]   --with-jemalloc-prefix=_rjem_
[INFO] [stderr]   running: cd "/opt/rustwide/target/debug/build/jemalloc-sys-a4b3759e353fb9c0/out/build" && CC="cc" CFLAGS="-O0 -ffunction-sections -fdata-sections -fPIC -gdwarf-4 -fno-omit-frame-pointer -m64 -Wall" CPPFLAGS="-O0 -ffunction-sections -fdata-sections -fPIC -gdwarf-4 -fno-omit-frame-pointer -m64 -Wall" LDFLAGS="-O0 -ffunction-sections -fdata-sections -fPIC -gdwarf-4 -fno-omit-frame-pointer -m64 -Wall" "sh" "/opt/rustwide/target/debug/build/jemalloc-sys-a4b3759e353fb9c0/out/build/configure" "--disable-cxx" "--enable-doc=no" "--enable-shared=no" "--with-jemalloc-prefix=_rjem_" "--with-private-namespace=_rjem_" "--host=x86_64-unknown-linux-gnu" "--build=x86_64-unknown-linux-gnu" "--prefix=/opt/rustwide/target/debug/build/jemalloc-sys-a4b3759e353fb9c0/out"
[INFO] [stderr]   checking for xsltproc... false
[INFO] [stderr]   checking for x86_64-unknown-linux-gnu-gcc... cc
[INFO] [stderr]   checking whether the C compiler works... yes
[INFO] [stderr]   checking for C compiler default output file name... a.out
[INFO] [stderr]   checking for suffix of executables... 
[INFO] [stderr]   checking whether we are cross compiling... no
[INFO] [stderr]   checking for suffix of object files... o
[INFO] [stderr]   checking whether we are using the GNU C compiler... yes
[INFO] [stderr]   checking whether cc accepts -g... yes
[INFO] [stderr]   checking for cc option to accept ISO C89... none needed
[INFO] [stderr]   checking whether compiler is cray... no
[INFO] [stderr]   checking whether compiler supports -std=gnu11... yes
[INFO] [stderr]   checking whether compiler supports -Werror=unknown-warning-option... no
[INFO] [stderr]   checking whether compiler supports -Wall... yes
[INFO] [stderr]   checking whether compiler supports -Wextra... yes
[INFO] [stderr]   checking whether compiler supports -Wshorten-64-to-32... no
[INFO] [stderr]   checking whether compiler supports -Wsign-compare... yes
[INFO] [stderr]   checking whether compiler supports -Wundef... yes
[INFO] [stderr]   checking whether compiler supports -Wno-format-zero-length... yes
[INFO] [stderr]   checking whether compiler supports -Wpointer-arith... yes
[INFO] [stderr]   checking whether compiler supports -Wno-missing-braces... yes
[INFO] [stderr]   checking whether compiler supports -Wno-missing-field-initializers... yes
[INFO] [stderr]   checking whether compiler supports -Wno-missing-attributes... yes
[INFO] [stderr]   checking whether compiler supports -pipe... yes
[INFO] [stderr]   checking whether compiler supports -g3... yes
[INFO] [stderr]   checking how to run the C preprocessor... cc -E
[INFO] [stderr]   checking for grep that handles long lines and -e... /usr/bin/grep
[INFO] [stderr]   checking for egrep... /usr/bin/grep -E
[INFO] [stderr]   checking for ANSI C header files... yes
[INFO] [stderr]   checking for sys/types.h... yes
[INFO] [stderr]   checking for sys/stat.h... yes
[INFO] [stderr]   checking for stdlib.h... yes
[INFO] [stderr]   checking for string.h... yes
[INFO] [stderr]   checking for memory.h... yes
[INFO] [stderr]   checking for strings.h... yes
[INFO] [stderr]   checking for inttypes.h... yes
[INFO] [stderr]   checking for stdint.h... yes
[INFO] [stderr]   checking for unistd.h... yes
[INFO] [stderr]   checking whether byte ordering is bigendian... no
[INFO] [stderr]   checking size of void *... 8
[INFO] [stderr]   checking size of int... 4
[INFO] [stderr]   checking size of long... 8
[INFO] [stderr]   checking size of long long... 8
[INFO] [stderr]   checking size of intmax_t... 8
[INFO] [stderr]   checking build system type... x86_64-unknown-linux-gnu
[INFO] [stderr]   checking host system type... x86_64-unknown-linux-gnu
[INFO] [stderr]   checking whether pause instruction is compilable... yes
[INFO] [stderr]   checking number of significant virtual address bits... 48
[INFO] [stderr]   checking for x86_64-unknown-linux-gnu-ar... no
[INFO] [stderr]   checking for ar... ar
[INFO] [stderr]   checking for x86_64-unknown-linux-gnu-nm... no
[INFO] [stderr]   checking for nm... nm
[INFO] [stderr]   checking for gawk... no
[INFO] [stderr]   checking for mawk... mawk
[INFO] [stderr]   checking malloc.h usability... yes
[INFO] [stderr]   checking malloc.h presence... yes
[INFO] [stderr]   checking for malloc.h... yes
[INFO] [stderr]   checking whether malloc_usable_size definition can use const argument... no
[INFO] [stderr]   checking for library containing log... -lm
[INFO] [stderr]   checking whether __attribute__ syntax is compilable... yes
[INFO] [stderr]   checking whether compiler supports -fvisibility=hidden... yes
[INFO] [stderr]   checking whether compiler supports -fvisibility=hidden... no
[INFO] [stderr]   checking whether compiler supports -Werror... yes
[INFO] [stderr]   checking whether compiler supports -herror_on_warning... yes
[INFO] [stderr]   checking whether tls_model attribute is compilable... yes
[INFO] [stderr]   checking whether compiler supports -Werror... yes
[INFO] [stderr]   checking whether compiler supports -herror_on_warning... yes
[INFO] [stderr]   checking whether alloc_size attribute is compilable... yes
[INFO] [stderr]   checking whether compiler supports -Werror... yes
[INFO] [stderr]   checking whether compiler supports -herror_on_warning... yes
[INFO] [stderr]   checking whether format(gnu_printf, ...) attribute is compilable... yes
[INFO] [stderr]   checking whether compiler supports -Werror... yes
[INFO] [stderr]   checking whether compiler supports -herror_on_warning... yes
[INFO] [stderr]   checking whether format(printf, ...) attribute is compilable... yes
[INFO] [stderr]   checking whether compiler supports -Werror... yes
[INFO] [stderr]   checking whether compiler supports -herror_on_warning... yes
[INFO] [stderr]   checking whether format(printf, ...) attribute is compilable... yes
[INFO] [stderr]   checking whether compiler supports -Wimplicit-fallthrough... yes
[INFO] [stderr]   checking whether fallthrough attribute is compilable... yes
[INFO] [stderr]   checking whether compiler supports -Wimplicit-fallthrough... yes
[INFO] [stderr]   checking whether compiler supports -Wimplicit-fallthrough... no
[INFO] [stderr]   checking whether compiler supports -Werror... yes
[INFO] [stderr]   checking whether compiler supports -herror_on_warning... yes
[INFO] [stderr]   checking whether cold attribute is compilable... yes
[INFO] [stderr]   checking whether vm_make_tag is compilable... no
[INFO] [stderr]   checking for a BSD-compatible install... /usr/bin/install -c
[INFO] [stderr]   checking for x86_64-unknown-linux-gnu-ranlib... no
[INFO] [stderr]   checking for ranlib... ranlib
[INFO] [stderr]   checking for ld... /usr/bin/ld
[INFO] [stderr]   checking for autoconf... /usr/bin/autoconf
[INFO] [stderr]   checking for memalign... yes
[INFO] [stderr]   checking for valloc... yes
[INFO] [stderr]   checking for malloc_size... no
[INFO] [stderr]   checking whether compiler supports -O3... yes
[INFO] [stderr]   checking whether compiler supports -O3... no
[INFO] [stderr]   checking whether compiler supports -funroll-loops... yes
[INFO] [stderr]   checking configured backtracing method... N/A
[INFO] [stderr]   checking for sbrk... yes
[INFO] [stderr]   checking whether utrace(2) is compilable... no
[INFO] [stderr]   checking whether utrace(2) with label is compilable... no
[INFO] [stderr]   checking whether a program using __builtin_unreachable is compilable... yes
[INFO] [stderr]   checking whether a program using __builtin_ffsl is compilable... yes
[INFO] [stderr]   checking whether a program using __builtin_popcountl is compilable... yes
[INFO] [stderr]   checking LG_PAGE... 12
[INFO] [stderr]   checking pthread.h usability... yes
[INFO] [stderr]   checking pthread.h presence... yes
[INFO] [stderr]   checking for pthread.h... yes
[INFO] [stderr]   checking for pthread_create in -lpthread... yes
[INFO] [stderr]   checking dlfcn.h usability... yes
[INFO] [stderr]   checking dlfcn.h presence... yes
[INFO] [stderr]   checking for dlfcn.h... yes
[INFO] [stderr]   checking for dlsym... yes
[INFO] [stderr]   checking whether pthread_atfork(3) is compilable... yes
[INFO] [stderr]   checking whether pthread_setname_np(3) is compilable... yes
[INFO] [stderr]   checking whether pthread_getname_np(3) is compilable... yes
[INFO] [stderr]   checking whether pthread_get_name_np(3) is compilable... no
[INFO] [stderr]   checking for library containing clock_gettime... none required
[INFO] [stderr]   checking whether clock_gettime(CLOCK_MONOTONIC_COARSE, ...) is compilable... yes
[INFO] [stderr]   checking whether clock_gettime(CLOCK_MONOTONIC, ...) is compilable... yes
[INFO] [stderr]   checking whether mach_absolute_time() is compilable... no
[INFO] [stderr]   checking whether clock_gettime(CLOCK_REALTIME, ...) is compilable... yes
[INFO] [stderr]   checking whether compiler supports -Werror... yes
[INFO] [stderr]   checking whether syscall(2) is compilable... yes
[INFO] [stderr]   checking for secure_getenv... yes
[INFO] [stderr]   checking for sched_getcpu... yes
[INFO] [stderr]   checking for sched_setaffinity... yes
[INFO] [stderr]   checking for issetugid... no
[INFO] [stderr]   checking for _malloc_thread_cleanup... no
[INFO] [stderr]   checking for _pthread_mutex_init_calloc_cb... no
[INFO] [stderr]   checking for memcntl... no
[INFO] [stderr]   checking for TLS... yes
[INFO] [stderr]   checking whether C11 atomics is compilable... yes
[INFO] [stderr]   checking whether GCC __atomic atomics is compilable... yes
[INFO] [stderr]   checking whether GCC 8-bit __atomic atomics is compilable... yes
[INFO] [stderr]   checking whether GCC __sync atomics is compilable... yes
[INFO] [stderr]   checking whether GCC 8-bit __sync atomics is compilable... yes
[INFO] [stderr]   checking whether Darwin OSAtomic*() is compilable... no
[INFO] [stderr]   checking whether madvise(2) is compilable... yes
[INFO] [stderr]   checking whether madvise(..., MADV_FREE) is compilable... yes
[INFO] [stderr]   checking whether madvise(..., MADV_DONTNEED) is compilable... yes
[INFO] [stderr]   checking whether madvise(..., MADV_DO[NT]DUMP) is compilable... yes
[INFO] [stderr]   checking whether madvise(..., MADV_[NO]HUGEPAGE) is compilable... yes
[INFO] [stderr]   checking whether madvise(..., MADV_[NO]CORE) is compilable... no
[INFO] [stderr]   checking whether mprotect(2) is compilable... yes
[INFO] [stderr]   checking for __builtin_clz... yes
[INFO] [stderr]   checking whether Darwin os_unfair_lock_*() is compilable... no
[INFO] [stderr]   checking whether glibc malloc hook is compilable... no
[INFO] [stderr]   checking whether glibc memalign hook is compilable... no
[INFO] [stderr]   checking whether pthreads adaptive mutexes is compilable... yes
[INFO] [stderr]   checking whether compiler supports -D_GNU_SOURCE... yes
[INFO] [stderr]   checking whether compiler supports -Werror... yes
[INFO] [stderr]   checking whether compiler supports -herror_on_warning... yes
[INFO] [stderr]   checking whether strerror_r returns char with gnu source is compilable... yes
[INFO] [stderr]   checking for stdbool.h that conforms to C99... yes
[INFO] [stderr]   checking for _Bool... yes
[INFO] [stderr]   configure: creating ./config.status
[INFO] [stderr]   config.status: creating Makefile
[INFO] [stderr]   config.status: creating jemalloc.pc
[INFO] [stderr]   config.status: creating doc/html.xsl
[INFO] [stderr]   config.status: creating doc/manpages.xsl
[INFO] [stderr]   config.status: creating doc/jemalloc.xml
[INFO] [stderr]   config.status: creating include/jemalloc/jemalloc_macros.h
[INFO] [stderr]   config.status: creating include/jemalloc/jemalloc_protos.h
[INFO] [stderr]   config.status: creating include/jemalloc/jemalloc_typedefs.h
[INFO] [stderr]   config.status: creating include/jemalloc/internal/jemalloc_preamble.h
[INFO] [stderr]   config.status: creating test/test.sh
[INFO] [stderr]   config.status: creating test/include/test/jemalloc_test.h
[INFO] [stderr]   config.status: creating config.stamp
[INFO] [stderr]   config.status: creating bin/jemalloc-config
[INFO] [stderr]   config.status: creating bin/jemalloc.sh
[INFO] [stderr]   config.status: creating bin/jeprof
[INFO] [stderr]   config.status: creating include/jemalloc/jemalloc_defs.h
[INFO] [stderr]   config.status: creating include/jemalloc/internal/jemalloc_internal_defs.h
[INFO] [stderr]   config.status: creating test/include/test/jemalloc_test_defs.h
[INFO] [stderr]   config.status: executing include/jemalloc/internal/public_symbols.txt commands
[INFO] [stderr]   config.status: executing include/jemalloc/internal/private_symbols.awk commands
[INFO] [stderr]   config.status: executing include/jemalloc/internal/private_symbols_jet.awk commands
[INFO] [stderr]   config.status: executing include/jemalloc/internal/public_namespace.h commands
[INFO] [stderr]   config.status: executing include/jemalloc/internal/public_unnamespace.h commands
[INFO] [stderr]   config.status: executing include/jemalloc/jemalloc_protos_jet.h commands
[INFO] [stderr]   config.status: executing include/jemalloc/jemalloc_rename.h commands
[INFO] [stderr]   config.status: executing include/jemalloc/jemalloc_mangle.h commands
[INFO] [stderr]   config.status: executing include/jemalloc/jemalloc_mangle_jet.h commands
[INFO] [stderr]   config.status: executing include/jemalloc/jemalloc.h commands
[INFO] [stderr]   ===============================================================================
[INFO] [stderr]   jemalloc version   : 5.3.0-0-g54eaed1d8b56b1aa528be3bdd1877e59c56fa90c
[INFO] [stderr]   library revision   : 2
[INFO] [stderr] 
[INFO] [stderr]   CONFIG             : --disable-cxx --enable-doc=no --enable-shared=no --with-jemalloc-prefix=_rjem_ --with-private-namespace=_rjem_ --host=x86_64-unknown-linux-gnu --build=x86_64-unknown-linux-gnu --prefix=/opt/rustwide/target/debug/build/jemalloc-sys-a4b3759e353fb9c0/out build_alias=x86_64-unknown-linux-gnu host_alias=x86_64-unknown-linux-gnu CC=cc 'CFLAGS=-O0 -ffunction-sections -fdata-sections -fPIC -gdwarf-4 -fno-omit-frame-pointer -m64 -Wall' 'LDFLAGS=-O0 -ffunction-sections -fdata-sections -fPIC -gdwarf-4 -fno-omit-frame-pointer -m64 -Wall' 'CPPFLAGS=-O0 -ffunction-sections -fdata-sections -fPIC -gdwarf-4 -fno-omit-frame-pointer -m64 -Wall'
[INFO] [stderr]   CC                 : cc
[INFO] [stderr]   CONFIGURE_CFLAGS   : -std=gnu11 -Wall -Wextra -Wsign-compare -Wundef -Wno-format-zero-length -Wpointer-arith -Wno-missing-braces -Wno-missing-field-initializers -Wno-missing-attributes -pipe -g3 -fvisibility=hidden -Wimplicit-fallthrough -O3 -funroll-loops
[INFO] [stderr]   SPECIFIED_CFLAGS   : -O0 -ffunction-sections -fdata-sections -fPIC -gdwarf-4 -fno-omit-frame-pointer -m64 -Wall
[INFO] [stderr]   EXTRA_CFLAGS       : 
[INFO] [stderr]   CPPFLAGS           : -O0 -ffunction-sections -fdata-sections -fPIC -gdwarf-4 -fno-omit-frame-pointer -m64 -Wall -D_GNU_SOURCE -D_REENTRANT
[INFO] [stderr]   CXX                : 
[INFO] [stderr]   CONFIGURE_CXXFLAGS : 
[INFO] [stderr]   SPECIFIED_CXXFLAGS : 
[INFO] [stderr]   EXTRA_CXXFLAGS     : 
[INFO] [stderr]   LDFLAGS            : -O0 -ffunction-sections -fdata-sections -fPIC -gdwarf-4 -fno-omit-frame-pointer -m64 -Wall
[INFO] [stderr]   EXTRA_LDFLAGS      : 
[INFO] [stderr]   DSO_LDFLAGS        : -shared -Wl,-soname,$(@F)
[INFO] [stderr]   LIBS               : -lm  -pthread
[INFO] [stderr]   RPATH_EXTRA        : 
[INFO] [stderr] 
[INFO] [stderr]   XSLTPROC           : false
[INFO] [stderr]   XSLROOT            : 
[INFO] [stderr] 
[INFO] [stderr]   PREFIX             : /opt/rustwide/target/debug/build/jemalloc-sys-a4b3759e353fb9c0/out
[INFO] [stderr]   BINDIR             : /opt/rustwide/target/debug/build/jemalloc-sys-a4b3759e353fb9c0/out/bin
[INFO] [stderr]   DATADIR            : /opt/rustwide/target/debug/build/jemalloc-sys-a4b3759e353fb9c0/out/share
[INFO] [stderr]   INCLUDEDIR         : /opt/rustwide/target/debug/build/jemalloc-sys-a4b3759e353fb9c0/out/include
[INFO] [stderr]   LIBDIR             : /opt/rustwide/target/debug/build/jemalloc-sys-a4b3759e353fb9c0/out/lib
[INFO] [stderr]   MANDIR             : /opt/rustwide/target/debug/build/jemalloc-sys-a4b3759e353fb9c0/out/share/man
[INFO] [stderr] 
[INFO] [stderr]   srcroot            : 
[INFO] [stderr]   abs_srcroot        : /opt/rustwide/target/debug/build/jemalloc-sys-a4b3759e353fb9c0/out/build/
[INFO] [stderr]   objroot            : 
[INFO] [stderr]   abs_objroot        : /opt/rustwide/target/debug/build/jemalloc-sys-a4b3759e353fb9c0/out/build/
[INFO] [stderr] 
[INFO] [stderr]   JEMALLOC_PREFIX    : _rjem_
[INFO] [stderr]   JEMALLOC_PRIVATE_NAMESPACE
[INFO] [stderr]                      : _rjem_je_
[INFO] [stderr]   install_suffix     : 
[INFO] [stderr]   malloc_conf        : 
[INFO] [stderr]   documentation      : 0
[INFO] [stderr]   shared libs        : 0
[INFO] [stderr]   static libs        : 1
[INFO] [stderr]   autogen            : 0
[INFO] [stderr]   debug              : 0
[INFO] [stderr]   stats              : 1
[INFO] [stderr]   experimental_smallocx : 0
[INFO] [stderr]   prof               : 0
[INFO] [stderr]   prof-libunwind     : 0
[INFO] [stderr]   prof-libgcc        : 0
[INFO] [stderr]   prof-gcc           : 0
[INFO] [stderr]   fill               : 1
[INFO] [stderr]   utrace             : 0
[INFO] [stderr]   xmalloc            : 0
[INFO] [stderr]   log                : 0
[INFO] [stderr]   lazy_lock          : 0
[INFO] [stderr]   cache-oblivious    : 1
[INFO] [stderr]   cxx                : 0
[INFO] [stderr]   ===============================================================================
[INFO] [stderr]   running: cd "/opt/rustwide/target/debug/build/jemalloc-sys-a4b3759e353fb9c0/out/build" && "make" "-j" "8"
[INFO] [stderr]   cc -std=gnu11 -Wall -Wextra -Wsign-compare -Wundef -Wno-format-zero-length -Wpointer-arith -Wno-missing-braces -Wno-missing-field-initializers -Wno-missing-attributes -pipe -g3 -fvisibility=hidden -Wimplicit-fallthrough -O3 -funroll-loops -O0 -ffunction-sections -fdata-sections -fPIC -gdwarf-4 -fno-omit-frame-pointer -m64 -Wall -c -O0 -ffunction-sections -fdata-sections -fPIC -gdwarf-4 -fno-omit-frame-pointer -m64 -Wall -D_GNU_SOURCE -D_REENTRANT -Iinclude -Iinclude -DJEMALLOC_NO_PRIVATE_NAMESPACE -o src/jemalloc.sym.o src/jemalloc.c
[INFO] [stderr]   cc -std=gnu11 -Wall -Wextra -Wsign-compare -Wundef -Wno-format-zero-length -Wpointer-arith -Wno-missing-braces -Wno-missing-field-initializers -Wno-missing-attributes -pipe -g3 -fvisibility=hidden -Wimplicit-fallthrough -O3 -funroll-loops -O0 -ffunction-sections -fdata-sections -fPIC -gdwarf-4 -fno-omit-frame-pointer -m64 -Wall -c -O0 -ffunction-sections -fdata-sections -fPIC -gdwarf-4 -fno-omit-frame-pointer -m64 -Wall -D_GNU_SOURCE -D_REENTRANT -Iinclude -Iinclude -DJEMALLOC_NO_PRIVATE_NAMESPACE -o src/arena.sym.o src/arena.c
[INFO] [stderr]   cc -std=gnu11 -Wall -Wextra -Wsign-compare -Wundef -Wno-format-zero-length -Wpointer-arith -Wno-missing-braces -Wno-missing-field-initializers -Wno-missing-attributes -pipe -g3 -fvisibility=hidden -Wimplicit-fallthrough -O3 -funroll-loops -O0 -ffunction-sections -fdata-sections -fPIC -gdwarf-4 -fno-omit-frame-pointer -m64 -Wall -c -O0 -ffunction-sections -fdata-sections -fPIC -gdwarf-4 -fno-omit-frame-pointer -m64 -Wall -D_GNU_SOURCE -D_REENTRANT -Iinclude -Iinclude -DJEMALLOC_NO_PRIVATE_NAMESPACE -o src/background_thread.sym.o src/background_thread.c
[INFO] [stderr]   cc -std=gnu11 -Wall -Wextra -Wsign-compare -Wundef -Wno-format-zero-length -Wpointer-arith -Wno-missing-braces -Wno-missing-field-initializers -Wno-missing-attributes -pipe -g3 -fvisibility=hidden -Wimplicit-fallthrough -O3 -funroll-loops -O0 -ffunction-sections -fdata-sections -fPIC -gdwarf-4 -fno-omit-frame-pointer -m64 -Wall -c -O0 -ffunction-sections -fdata-sections -fPIC -gdwarf-4 -fno-omit-frame-pointer -m64 -Wall -D_GNU_SOURCE -D_REENTRANT -Iinclude -Iinclude -DJEMALLOC_NO_PRIVATE_NAMESPACE -o src/base.sym.o src/base.c
[INFO] [stderr]   cc -std=gnu11 -Wall -Wextra -Wsign-compare -Wundef -Wno-format-zero-length -Wpointer-arith -Wno-missing-braces -Wno-missing-field-initializers -Wno-missing-attributes -pipe -g3 -fvisibility=hidden -Wimplicit-fallthrough -O3 -funroll-loops -O0 -ffunction-sections -fdata-sections -fPIC -gdwarf-4 -fno-omit-frame-pointer -m64 -Wall -c -O0 -ffunction-sections -fdata-sections -fPIC -gdwarf-4 -fno-omit-frame-pointer -m64 -Wall -D_GNU_SOURCE -D_REENTRANT -Iinclude -Iinclude -DJEMALLOC_NO_PRIVATE_NAMESPACE -o src/bin.sym.o src/bin.c
[INFO] [stderr]   cc -std=gnu11 -Wall -Wextra -Wsign-compare -Wundef -Wno-format-zero-length -Wpointer-arith -Wno-missing-braces -Wno-missing-field-initializers -Wno-missing-attributes -pipe -g3 -fvisibility=hidden -Wimplicit-fallthrough -O3 -funroll-loops -O0 -ffunction-sections -fdata-sections -fPIC -gdwarf-4 -fno-omit-frame-pointer -m64 -Wall -c -O0 -ffunction-sections -fdata-sections -fPIC -gdwarf-4 -fno-omit-frame-pointer -m64 -Wall -D_GNU_SOURCE -D_REENTRANT -Iinclude -Iinclude -DJEMALLOC_NO_PRIVATE_NAMESPACE -o src/bin_info.sym.o src/bin_info.c
[INFO] [stderr]   cc -std=gnu11 -Wall -Wextra -Wsign-compare -Wundef -Wno-format-zero-length -Wpointer-arith -Wno-missing-braces -Wno-missing-field-initializers -Wno-missing-attributes -pipe -g3 -fvisibility=hidden -Wimplicit-fallthrough -O3 -funroll-loops -O0 -ffunction-sections -fdata-sections -fPIC -gdwarf-4 -fno-omit-frame-pointer -m64 -Wall -c -O0 -ffunction-sections -fdata-sections -fPIC -gdwarf-4 -fno-omit-frame-pointer -m64 -Wall -D_GNU_SOURCE -D_REENTRANT -Iinclude -Iinclude -DJEMALLOC_NO_PRIVATE_NAMESPACE -o src/bitmap.sym.o src/bitmap.c
[INFO] [stderr]   cc -std=gnu11 -Wall -Wextra -Wsign-compare -Wundef -Wno-format-zero-length -Wpointer-arith -Wno-missing-braces -Wno-missing-field-initializers -Wno-missing-attributes -pipe -g3 -fvisibility=hidden -Wimplicit-fallthrough -O3 -funroll-loops -O0 -ffunction-sections -fdata-sections -fPIC -gdwarf-4 -fno-omit-frame-pointer -m64 -Wall -c -O0 -ffunction-sections -fdata-sections -fPIC -gdwarf-4 -fno-omit-frame-pointer -m64 -Wall -D_GNU_SOURCE -D_REENTRANT -Iinclude -Iinclude -DJEMALLOC_NO_PRIVATE_NAMESPACE -o src/buf_writer.sym.o src/buf_writer.c
[INFO] [stderr]   cc -std=gnu11 -Wall -Wextra -Wsign-compare -Wundef -Wno-format-zero-length -Wpointer-arith -Wno-missing-braces -Wno-missing-field-initializers -Wno-missing-attributes -pipe -g3 -fvisibility=hidden -Wimplicit-fallthrough -O3 -funroll-loops -O0 -ffunction-sections -fdata-sections -fPIC -gdwarf-4 -fno-omit-frame-pointer -m64 -Wall -c -O0 -ffunction-sections -fdata-sections -fPIC -gdwarf-4 -fno-omit-frame-pointer -m64 -Wall -D_GNU_SOURCE -D_REENTRANT -Iinclude -Iinclude -DJEMALLOC_NO_PRIVATE_NAMESPACE -o src/cache_bin.sym.o src/cache_bin.c
[INFO] [stderr] 
[INFO] [stderr]   --- stderr
[INFO] [stderr]   {standard input}: Assembler messages:
[INFO] [stderr]   {standard input}: Fatal error: can't fill 1 byte in section .rodata.config_debug of src/bin.sym.o: 'No space left on device'
[INFO] [stderr]   as: BFD (GNU Binutils for Ubuntu) 2.38 assertion fail ../../bfd/elf.c:3120
[INFO] [stderr]   as: BFD (GNU Binutils for Ubuntu) 2.38 assertion fail ../../bfd/elf.c:3120
[INFO] [stderr]   as: BFD (GNU Binutils for Ubuntu) 2.38 assertion fail ../../bfd/elf.c:3120
[INFO] [stderr]   as: BFD (GNU Binutils for Ubuntu) 2.38 assertion fail ../../bfd/elf.c:3120
[INFO] [stderr]   as: BFD (GNU Binutils for Ubuntu) 2.38 assertion fail ../../bfd/elf.c:3120
[INFO] [stderr]   as: BFD (GNU Binutils for Ubuntu) 2.38 assertion fail ../../bfd/elf.c:3120
[INFO] [stderr]   as: BFD (GNU Binutils for Ubuntu) 2.38 assertion fail ../../bfd/elf.c:3120
[INFO] [stderr]   as: BFD (GNU Binutils for Ubuntu) 2.38 assertion fail ../../bfd/elf.c:3120
[INFO] [stderr]   as: BFD (GNU Binutils for Ubuntu) 2.38 assertion fail ../../bfd/elf.c:3120
[INFO] [stderr]   as: BFD (GNU Binutils for Ubuntu) 2.38 assertion fail ../../bfd/elf.c:3120
[INFO] [stderr]   as: BFD (GNU Binutils for Ubuntu) 2.38 assertion fail ../../bfd/elf.c:3120
[INFO] [stderr]   as: BFD (GNU Binutils for Ubuntu) 2.38 assertion fail ../../bfd/elf.c:3120
[INFO] [stderr]   as: BFD (GNU Binutils for Ubuntu) 2.38 assertion fail ../../bfd/elf.c:3120
[INFO] [stderr]   as: BFD (GNU Binutils for Ubuntu) 2.38 assertion fail ../../bfd/elf.c:3120
[INFO] [stderr]   as: BFD (GNU Binutils for Ubuntu) 2.38 assertion fail ../../bfd/elf.c:3120
[INFO] [stderr]   as: BFD (GNU Binutils for Ubuntu) 2.38 assertion fail ../../bfd/elf.c:3120
[INFO] [stderr]   as: BFD (GNU Binutils for Ubuntu) 2.38 assertion fail ../../bfd/elf.c:3120
[INFO] [stderr]   as: BFD (GNU Binutils for Ubuntu) 2.38 assertion fail ../../bfd/elf.c:3120
[INFO] [stderr]   as: BFD (GNU Binutils for Ubuntu) 2.38 assertion fail ../../bfd/elf.c:3120
[INFO] [stderr]   as: BFD (GNU Binutils for Ubuntu) 2.38 assertion fail ../../bfd/elf.c:3120
[INFO] [stderr]   as: BFD (GNU Binutils for Ubuntu) 2.38 assertion fail ../../bfd/elf.c:3120
[INFO] [stderr]   as: BFD (GNU Binutils for Ubuntu) 2.38 assertion fail ../../bfd/elf.c:3120
[INFO] [stderr]   as: BFD (GNU Binutils for Ubuntu) 2.38 assertion fail ../../bfd/elf.c:3120
[INFO] [stderr]   as: BFD (GNU Binutils for Ubuntu) 2.38 assertion fail ../../bfd/elf.c:3120
[INFO] [stderr]   as: BFD (GNU Binutils for Ubuntu) 2.38 assertion fail ../../bfd/elf.c:3120
[INFO] [stderr]   as: BFD (GNU Binutils for Ubuntu) 2.38 assertion fail ../../bfd/elf.c:3120
[INFO] [stderr]   as: BFD (GNU Binutils for Ubuntu) 2.38 assertion fail ../../bfd/elf.c:3120
[INFO] [stderr]   as: BFD (GNU Binutils for Ubuntu) 2.38 assertion fail ../../bfd/elf.c:3120
[INFO] [stderr]   as: BFD (GNU Binutils for Ubuntu) 2.38 assertion fail ../../bfd/elf.c:3120
[INFO] [stderr]   as: BFD (GNU Binutils for Ubuntu) 2.38 assertion fail ../../bfd/elf.c:3120
[INFO] [stderr]   as: BFD (GNU Binutils for Ubuntu) 2.38 assertion fail ../../bfd/elf.c:3120
[INFO] [stderr]   as: BFD (GNU Binutils for Ubuntu) 2.38 assertion fail ../../bfd/elf.c:3120
[INFO] [stderr]   as: BFD (GNU Binutils for Ubuntu) 2.38 assertion fail ../../bfd/elf.c:3120
[INFO] [stderr]   as: BFD (GNU Binutils for Ubuntu) 2.38 assertion fail ../../bfd/elf.c:3120
[INFO] [stderr]   as: BFD (GNU Binutils for Ubuntu) 2.38 assertion fail ../../bfd/elf.c:3120
[INFO] [stderr]   as: BFD (GNU Binutils for Ubuntu) 2.38 assertion fail ../../bfd/elf.c:3120
[INFO] [stderr]   as: BFD (GNU Binutils for Ubuntu) 2.38 assertion fail ../../bfd/elf.c:3120
[INFO] [stderr]   as: BFD (GNU Binutils for Ubuntu) 2.38 assertion fail ../../bfd/elf.c:3120
[INFO] [stderr]   as: BFD (GNU Binutils for Ubuntu) 2.38 assertion fail ../../bfd/elf.c:3120
[INFO] [stderr]   as: BFD (GNU Binutils for Ubuntu) 2.38 assertion fail ../../bfd/elf.c:3120
[INFO] [stderr]   as: BFD (GNU Binutils for Ubuntu) 2.38 assertion fail ../../bfd/elf.c:3120
[INFO] [stderr]   as: BFD (GNU Binutils for Ubuntu) 2.38 assertion fail ../../bfd/elf.c:3120
[INFO] [stderr]   as: BFD (GNU Binutils for Ubuntu) 2.38 assertion fail ../../bfd/elf.c:3120
[INFO] [stderr]   as: BFD (GNU Binutils for Ubuntu) 2.38 assertion fail ../../bfd/elf.c:3120
[INFO] [stderr]   as: BFD (GNU Binutils for Ubuntu) 2.38 assertion fail ../../bfd/elf.c:3120
[INFO] [stderr]   as: BFD (GNU Binutils for Ubuntu) 2.38 assertion fail ../../bfd/elf.c:3120
[INFO] [stderr]   as: BFD (GNU Binutils for Ubuntu) 2.38 assertion fail ../../bfd/elf.c:3120
[INFO] [stderr]   as: BFD (GNU Binutils for Ubuntu) 2.38 assertion fail ../../bfd/elf.c:3120
[INFO] [stderr]   as: BFD (GNU Binutils for Ubuntu) 2.38 assertion fail ../../bfd/elf.c:3120
[INFO] [stderr]   as: BFD (GNU Binutils for Ubuntu) 2.38 assertion fail ../../bfd/elf.c:3120
[INFO] [stderr]   as: BFD (GNU Binutils for Ubuntu) 2.38 assertion fail ../../bfd/elf.c:3120
[INFO] [stderr]   as: BFD (GNU Binutils for Ubuntu) 2.38 assertion fail ../../bfd/elf.c:3120
[INFO] [stderr]   as: BFD (GNU Binutils for Ubuntu) 2.38 assertion fail ../../bfd/elf.c:3120
[INFO] [stderr]   as: BFD (GNU Binutils for Ubuntu) 2.38 assertion fail ../../bfd/elf.c:3120
[INFO] [stderr]   as: BFD (GNU Binutils for Ubuntu) 2.38 assertion fail ../../bfd/elf.c:3120
[INFO] [stderr]   as: BFD (GNU Binutils for Ubuntu) 2.38 assertion fail ../../bfd/elf.c:3120
[INFO] [stderr]   as: BFD (GNU Binutils for Ubuntu) 2.38 assertion fail ../../bfd/elf.c:3120
[INFO] [stderr]   as: BFD (GNU Binutils for Ubuntu) 2.38 assertion fail ../../bfd/elf.c:3120
[INFO] [stderr]   as: BFD (GNU Binutils for Ubuntu) 2.38 assertion fail ../../bfd/elf.c:3120
[INFO] [stderr]   as: BFD (GNU Binutils for Ubuntu) 2.38 assertion fail ../../bfd/elf.c:3120
[INFO] [stderr]   as: BFD (GNU Binutils for Ubuntu) 2.38 assertion fail ../../bfd/elf.c:3120
[INFO] [stderr]   as: BFD (GNU Binutils for Ubuntu) 2.38 assertion fail ../../bfd/elf.c:3120
[INFO] [stderr]   as: BFD (GNU Binutils for Ubuntu) 2.38 assertion fail ../../bfd/elf.c:3120
[INFO] [stderr]   as: BFD (GNU Binutils for Ubuntu) 2.38 assertion fail ../../bfd/elf.c:3120
[INFO] [stderr]   as: BFD (GNU Binutils for Ubuntu) 2.38 assertion fail ../../bfd/elf.c:3120
[INFO] [stderr]   as: BFD (GNU Binutils for Ubuntu) 2.38 assertion fail ../../bfd/elf.c:3120
[INFO] [stderr]   as: BFD (GNU Binutils for Ubuntu) 2.38 assertion fail ../../bfd/elf.c:3120
[INFO] [stderr]   as: BFD (GNU Binutils for Ubuntu) 2.38 assertion fail ../../bfd/elf.c:3120
[INFO] [stderr]   as: BFD (GNU Binutils for Ubuntu) 2.38 assertion fail ../../bfd/elf.c:3120
[INFO] [stderr]   as: BFD (GNU Binutils for Ubuntu) 2.38 assertion fail ../../bfd/elf.c:3120
[INFO] [stderr]   as: BFD (GNU Binutils for Ubuntu) 2.38 assertion fail ../../bfd/elf.c:3120
[INFO] [stderr]   as: BFD (GNU Binutils for Ubuntu) 2.38 assertion fail ../../bfd/elf.c:3120
[INFO] [stderr]   as: BFD (GNU Binutils for Ubuntu) 2.38 assertion fail ../../bfd/elf.c:3120
[INFO] [stderr]   as: BFD (GNU Binutils for Ubuntu) 2.38 assertion fail ../../bfd/elf.c:3120
[INFO] [stderr]   as: BFD (GNU Binutils for Ubuntu) 2.38 assertion fail ../../bfd/elf.c:3120
[INFO] [stderr]   as: BFD (GNU Binutils for Ubuntu) 2.38 assertion fail ../../bfd/elf.c:3120
[INFO] [stderr]   as: BFD (GNU Binutils for Ubuntu) 2.38 assertion fail ../../bfd/elf.c:3120
[INFO] [stderr]   as: BFD (GNU Binutils for Ubuntu) 2.38 assertion fail ../../bfd/elf.c:3120
[INFO] [stderr]   as: BFD (GNU Binutils for Ubuntu) 2.38 assertion fail ../../bfd/elf.c:3120
[INFO] [stderr]   as: BFD (GNU Binutils for Ubuntu) 2.38 assertion fail ../../bfd/elf.c:3120
[INFO] [stderr]   as: BFD (GNU Binutils for Ubuntu) 2.38 assertion fail ../../bfd/elf.c:3120
[INFO] [stderr]   as: BFD (GNU Binutils for Ubuntu) 2.38 assertion fail ../../bfd/elf.c:3120
[INFO] [stderr]   as: BFD (GNU Binutils for Ubuntu) 2.38 assertion fail ../../bfd/elf.c:3120
[INFO] [stderr]   as: BFD (GNU Binutils for Ubuntu) 2.38 assertion fail ../../bfd/elf.c:3120
[INFO] [stderr]   as: BFD (GNU Binutils for Ubuntu) 2.38 assertion fail ../../bfd/elf.c:3120
[INFO] [stderr]   as: BFD (GNU Binutils for Ubuntu) 2.38 assertion fail ../../bfd/elf.c:3120
[INFO] [stderr]   as: BFD (GNU Binutils for Ubuntu) 2.38 assertion fail ../../bfd/elf.c:3120
[INFO] [stderr]   as: BFD (GNU Binutils for Ubuntu) 2.38 assertion fail ../../bfd/elf.c:3120
[INFO] [stderr]   as: BFD (GNU Binutils for Ubuntu) 2.38 assertion fail ../../bfd/elf.c:3120
[INFO] [stderr]   as: BFD (GNU Binutils for Ubuntu) 2.38 assertion fail ../../bfd/elf.c:3120
[INFO] [stderr]   as: BFD (GNU Binutils for Ubuntu) 2.38 assertion fail ../../bfd/elf.c:3120
[INFO] [stderr]   as: BFD (GNU Binutils for Ubuntu) 2.38 assertion fail ../../bfd/elf.c:3120
[INFO] [stderr]   as: BFD (GNU Binutils for Ubuntu) 2.38 assertion fail ../../bfd/elf.c:3120
[INFO] [stderr]   as: BFD (GNU Binutils for Ubuntu) 2.38 assertion fail ../../bfd/elf.c:3120
[INFO] [stderr]   as: BFD (GNU Binutils for Ubuntu) 2.38 assertion fail ../../bfd/elf.c:3120
[INFO] [stderr]   as: BFD (GNU Binutils for Ubuntu) 2.38 assertion fail ../../bfd/elf.c:3120
[INFO] [stderr]   as: BFD (GNU Binutils for Ubuntu) 2.38 assertion fail ../../bfd/elf.c:3120
[INFO] [stderr]   as: BFD (GNU Binutils for Ubuntu) 2.38 assertion fail ../../bfd/elf.c:3120
[INFO] [stderr]   as: BFD (GNU Binutils for Ubuntu) 2.38 assertion fail ../../bfd/elf.c:3120
[INFO] [stderr]   as: BFD (GNU Binutils for Ubuntu) 2.38 assertion fail ../../bfd/elf.c:3120
[INFO] [stderr]   as: BFD (GNU Binutils for Ubuntu) 2.38 assertion fail ../../bfd/elf.c:3120
[INFO] [stderr]   as: BFD (GNU Binutils for Ubuntu) 2.38 assertion fail ../../bfd/elf.c:3120
[INFO] [stderr]   as: BFD (GNU Binutils for Ubuntu) 2.38 assertion fail ../../bfd/elf.c:3120
[INFO] [stderr]   as: BFD (GNU Binutils for Ubuntu) 2.38 assertion fail ../../bfd/elf.c:3120
[INFO] [stderr]   as: BFD (GNU Binutils for Ubuntu) 2.38 assertion fail ../../bfd/elf.c:3120
[INFO] [stderr]   as: BFD (GNU Binutils for Ubuntu) 2.38 assertion fail ../../bfd/elf.c:3120
[INFO] [stderr]   as: BFD (GNU Binutils for Ubuntu) 2.38 assertion fail ../../bfd/elf.c:3120
[INFO] [stderr]   as: BFD (GNU Binutils for Ubuntu) 2.38 assertion fail ../../bfd/elf.c:3120
[INFO] [stderr]   as: BFD (GNU Binutils for Ubuntu) 2.38 assertion fail ../../bfd/elf.c:3120
[INFO] [stderr]   as: BFD (GNU Binutils for Ubuntu) 2.38 assertion fail ../../bfd/elf.c:3120
[INFO] [stderr]   as: BFD (GNU Binutils for Ubuntu) 2.38 assertion fail ../../bfd/elf.c:3120
[INFO] [stderr]   as: BFD (GNU Binutils for Ubuntu) 2.38 assertion fail ../../bfd/elf.c:3120
[INFO] [stderr]   as: BFD (GNU Binutils for Ubuntu) 2.38 assertion fail ../../bfd/elf.c:3120
[INFO] [stderr]   as: BFD (GNU Binutils for Ubuntu) 2.38 assertion fail ../../bfd/elf.c:3120
[INFO] [stderr]   as: BFD (GNU Binutils for Ubuntu) 2.38 assertion fail ../../bfd/elf.c:3120
[INFO] [stderr]   as: BFD (GNU Binutils for Ubuntu) 2.38 assertion fail ../../bfd/elf.c:3120
[INFO] [stderr]   as: BFD (GNU Binutils for Ubuntu) 2.38 assertion fail ../../bfd/elf.c:3120
[INFO] [stderr]   as: BFD (GNU Binutils for Ubuntu) 2.38 assertion fail ../../bfd/elf.c:3120
[INFO] [stderr]   as: BFD (GNU Binutils for Ubuntu) 2.38 assertion fail ../../bfd/elf.c:3120
[INFO] [stderr]   as: BFD (GNU Binutils for Ubuntu) 2.38 assertion fail ../../bfd/elf.c:3120
[INFO] [stderr]   as: BFD (GNU Binutils for Ubuntu) 2.38 assertion fail ../../bfd/elf.c:3120
[INFO] [stderr]   as: BFD (GNU Binutils for Ubuntu) 2.38 assertion fail ../../bfd/elf.c:3120
[INFO] [stderr]   as: BFD (GNU Binutils for Ubuntu) 2.38 assertion fail ../../bfd/elf.c:3120
[INFO] [stderr]   as: BFD (GNU Binutils for Ubuntu) 2.38 assertion fail ../../bfd/elf.c:3120
[INFO] [stderr]   as: BFD (GNU Binutils for Ubuntu) 2.38 assertion fail ../../bfd/elf.c:3120
[INFO] [stderr]   as: BFD (GNU Binutils for Ubuntu) 2.38 assertion fail ../../bfd/elf.c:3120
[INFO] [stderr]   as: BFD (GNU Binutils for Ubuntu) 2.38 assertion fail ../../bfd/elf.c:3120
[INFO] [stderr]   as: BFD (GNU Binutils for Ubuntu) 2.38 assertion fail ../../bfd/elf.c:3120
[INFO] [stderr]   as: BFD (GNU Binutils for Ubuntu) 2.38 assertion fail ../../bfd/elf.c:3120
[INFO] [stderr]   as: BFD (GNU Binutils for Ubuntu) 2.38 assertion fail ../../bfd/elf.c:3120
[INFO] [stderr]   as: BFD (GNU Binutils for Ubuntu) 2.38 assertion fail ../../bfd/elf.c:3120
[INFO] [stderr]   as: BFD (GNU Binutils for Ubuntu) 2.38 assertion fail ../../bfd/elf.c:3120
[INFO] [stderr]   as: BFD (GNU Binutils for Ubuntu) 2.38 assertion fail ../../bfd/elf.c:3120
[INFO] [stderr]   as: BFD (GNU Binutils for Ubuntu) 2.38 assertion fail ../../bfd/elf.c:3120
[INFO] [stderr]   as: BFD (GNU Binutils for Ubuntu) 2.38 assertion fail ../../bfd/elf.c:3120
[INFO] [stderr]   as: BFD (GNU Binutils for Ubuntu) 2.38 assertion fail ../../bfd/elf.c:3120
[INFO] [stderr]   as: BFD (GNU Binutils for Ubuntu) 2.38 assertion fail ../../bfd/elf.c:3120
[INFO] [stderr]   as: BFD (GNU Binutils for Ubuntu) 2.38 assertion fail ../../bfd/elf.c:3120
[INFO] [stderr]   as: BFD (GNU Binutils for Ubuntu) 2.38 assertion fail ../../bfd/elf.c:3120
[INFO] [stderr]   as: BFD (GNU Binutils for Ubuntu) 2.38 assertion fail ../../bfd/elf.c:3120
[INFO] [stderr]   as: BFD (GNU Binutils for Ubuntu) 2.38 assertion fail ../../bfd/elf.c:3120
[INFO] [stderr]   as: BFD (GNU Binutils for Ubuntu) 2.38 assertion fail ../../bfd/elf.c:3120
[INFO] [stderr]   as: BFD (GNU Binutils for Ubuntu) 2.38 assertion fail ../../bfd/elf.c:3120
[INFO] [stderr]   as: BFD (GNU Binutils for Ubuntu) 2.38 assertion fail ../../bfd/elf.c:3120
[INFO] [stderr]   as: BFD (GNU Binutils for Ubuntu) 2.38 assertion fail ../../bfd/elf.c:3120
[INFO] [stderr]   as: BFD (GNU Binutils for Ubuntu) 2.38 assertion fail ../../bfd/elf.c:3120
[INFO] [stderr]   as: BFD (GNU Binutils for Ubuntu) 2.38 assertion fail ../../bfd/elf.c:3120
[INFO] [stderr]   as: BFD (GNU Binutils for Ubuntu) 2.38 assertion fail ../../bfd/elf.c:3120
[INFO] [stderr]   as: BFD (GNU Binutils for Ubuntu) 2.38 assertion fail ../../bfd/elf.c:3120
[INFO] [stderr]   as: BFD (GNU Binutils for Ubuntu) 2.38 assertion fail ../../bfd/elf.c:3120
[INFO] [stderr]   as: BFD (GNU Binutils for Ubuntu) 2.38 assertion fail ../../bfd/elf.c:3120
[INFO] [stderr]   as: BFD (GNU Binutils for Ubuntu) 2.38 assertion fail ../../bfd/elf.c:3120
[INFO] [stderr]   as: BFD (GNU Binutils for Ubuntu) 2.38 assertion fail ../../bfd/elf.c:3120
[INFO] [stderr]   as: BFD (GNU Binutils for Ubuntu) 2.38 assertion fail ../../bfd/elf.c:3120
[INFO] [stderr]   as: BFD (GNU Binutils for Ubuntu) 2.38 assertion fail ../../bfd/elf.c:3120
[INFO] [stderr]   as: BFD (GNU Binutils for Ubuntu) 2.38 assertion fail ../../bfd/elf.c:3120
[INFO] [stderr]   as: BFD (GNU Binutils for Ubuntu) 2.38 assertion fail ../../bfd/elf.c:3120
[INFO] [stderr]   as: BFD (GNU Binutils for Ubuntu) 2.38 assertion fail ../../bfd/elf.c:3120
[INFO] [stderr]   as: BFD (GNU Binutils for Ubuntu) 2.38 assertion fail ../../bfd/elf.c:3120
[INFO] [stderr]   as: BFD (GNU Binutils for Ubuntu) 2.38 assertion fail ../../bfd/elf.c:3120
[INFO] [stderr]   as: BFD (GNU Binutils for Ubuntu) 2.38 assertion fail ../../bfd/elf.c:3120
[INFO] [stderr]   as: BFD (GNU Binutils for Ubuntu) 2.38 assertion fail ../../bfd/elf.c:3120
[INFO] [stderr]   as: BFD (GNU Binutils for Ubuntu) 2.38 assertion fail ../../bfd/elf.c:3120
[INFO] [stderr]   as: BFD (GNU Binutils for Ubuntu) 2.38 assertion fail ../../bfd/elf.c:3120
[INFO] [stderr]   as: BFD (GNU Binutils for Ubuntu) 2.38 assertion fail ../../bfd/elf.c:3120
[INFO] [stderr]   as: BFD (GNU Binutils for Ubuntu) 2.38 assertion fail ../../bfd/elf.c:3120
[INFO] [stderr]   as: BFD (GNU Binutils for Ubuntu) 2.38 assertion fail ../../bfd/elf.c:3120
[INFO] [stderr]   as: BFD (GNU Binutils for Ubuntu) 2.38 assertion fail ../../bfd/elf.c:3120
[INFO] [stderr]   as: BFD (GNU Binutils for Ubuntu) 2.38 assertion fail ../../bfd/elf.c:3120
[INFO] [stderr]   as: BFD (GNU Binutils for Ubuntu) 2.38 assertion fail ../../bfd/elf.c:3120
[INFO] [stderr]   as: BFD (GNU Binutils for Ubuntu) 2.38 assertion fail ../../bfd/elf.c:3120
[INFO] [stderr]   as: BFD (GNU Binutils for Ubuntu) 2.38 assertion fail ../../bfd/elf.c:3120
[INFO] [stderr]   as: BFD (GNU Binutils for Ubuntu) 2.38 assertion fail ../../bfd/elf.c:3120
[INFO] [stderr]   as: BFD (GNU Binutils for Ubuntu) 2.38 assertion fail ../../bfd/elf.c:3120
[INFO] [stderr]   as: BFD (GNU Binutils for Ubuntu) 2.38 assertion fail ../../bfd/elf.c:3120
[INFO] [stderr]   as: BFD (GNU Binutils for Ubuntu) 2.38 assertion fail ../../bfd/elf.c:3120
[INFO] [stderr]   as: BFD (GNU Binutils for Ubuntu) 2.38 assertion fail ../../bfd/elf.c:3120
[INFO] [stderr]   as: BFD (GNU Binutils for Ubuntu) 2.38 assertion fail ../../bfd/elf.c:3120
[INFO] [stderr]   as: BFD (GNU Binutils for Ubuntu) 2.38 assertion fail ../../bfd/elf.c:3120
[INFO] [stderr]   as: BFD (GNU Binutils for Ubuntu) 2.38 assertion fail ../../bfd/elf.c:3120
[INFO] [stderr]   as: BFD (GNU Binutils for Ubuntu) 2.38 assertion fail ../../bfd/elf.c:3120
[INFO] [stderr]   as: BFD (GNU Binutils for Ubuntu) 2.38 assertion fail ../../bfd/elf.c:3120
[INFO] [stderr]   as: BFD (GNU Binutils for Ubuntu) 2.38 assertion fail ../../bfd/elf.c:3120
[INFO] [stderr]   as: BFD (GNU Binutils for Ubuntu) 2.38 assertion fail ../../bfd/elf.c:3120
[INFO] [stderr]   as: BFD (GNU Binutils for Ubuntu) 2.38 assertion fail ../../bfd/elf.c:3120
[INFO] [stderr]   as: BFD (GNU Binutils for Ubuntu) 2.38 assertion fail ../../bfd/elf.c:3120
[INFO] [stderr]   as: BFD (GNU Binutils for Ubuntu) 2.38 assertion fail ../../bfd/elf.c:3120
[INFO] [stderr]   as: BFD (GNU Binutils for Ubuntu) 2.38 assertion fail ../../bfd/elf.c:3120
[INFO] [stderr]   as: BFD (GNU Binutils for Ubuntu) 2.38 assertion fail ../../bfd/elf.c:3120
[INFO] [stderr]   as: BFD (GNU Binutils for Ubuntu) 2.38 assertion fail ../../bfd/elf.c:3120
[INFO] [stderr]   as: BFD (GNU Binutils for Ubuntu) 2.38 assertion fail ../../bfd/elf.c:3120
[INFO] [stderr]   as: BFD (GNU Binutils for Ubuntu) 2.38 assertion fail ../../bfd/elf.c:3120
[INFO] [stderr]   as: BFD (GNU Binutils for Ubuntu) 2.38 assertion fail ../../bfd/elf.c:3120
[INFO] [stderr]   as: BFD (GNU Binutils for Ubuntu) 2.38 assertion fail ../../bfd/elf.c:3120
[INFO] [stderr]   as: BFD (GNU Binutils for Ubuntu) 2.38 assertion fail ../../bfd/elf.c:3120
[INFO] [stderr]   as: BFD (GNU Binutils for Ubuntu) 2.38 assertion fail ../../bfd/elf.c:3120
[INFO] [stderr]   as: BFD (GNU Binutils for Ubuntu) 2.38 assertion fail ../../bfd/elf.c:3120
[INFO] [stderr]   as: BFD (GNU Binutils for Ubuntu) 2.38 assertion fail ../../bfd/elf.c:3120
[INFO] [stderr]   as: BFD (GNU Binutils for Ubuntu) 2.38 assertion fail ../../bfd/elf.c:3120
[INFO] [stderr]   as: BFD (GNU Binutils for Ubuntu) 2.38 assertion fail ../../bfd/elf.c:3120
[INFO] [stderr]   as: BFD (GNU Binutils for Ubuntu) 2.38 assertion fail ../../bfd/elf.c:3120
[INFO] [stderr]   as: BFD (GNU Binutils for Ubuntu) 2.38 assertion fail ../../bfd/elf.c:3120
[INFO] [stderr]   as: BFD (GNU Binutils for Ubuntu) 2.38 assertion fail ../../bfd/elf.c:3120
[INFO] [stderr]   as: BFD (GNU Binutils for Ubuntu) 2.38 assertion fail ../../bfd/elf.c:3120
[INFO] [stderr]   as: BFD (GNU Binutils for Ubuntu) 2.38 assertion fail ../../bfd/elf.c:3120
[INFO] [stderr]   as: BFD (GNU Binutils for Ubuntu) 2.38 assertion fail ../../bfd/elf.c:3120
[INFO] [stderr]   as: BFD (GNU Binutils for Ubuntu) 2.38 assertion fail ../../bfd/elf.c:3120
[INFO] [stderr]   as: BFD (GNU Binutils for Ubuntu) 2.38 assertion fail ../../bfd/elf.c:3120
[INFO] [stderr]   as: BFD (GNU Binutils for Ubuntu) 2.38 assertion fail ../../bfd/elf.c:3120
[INFO] [stderr]   as: BFD (GNU Binutils for Ubuntu) 2.38 assertion fail ../../bfd/elf.c:3120
[INFO] [stderr]   as: BFD (GNU Binutils for Ubuntu) 2.38 assertion fail ../../bfd/elf.c:3120
[INFO] [stderr]   as: BFD (GNU Binutils for Ubuntu) 2.38 assertion fail ../../bfd/elf.c:3120
[INFO] [stderr]   as: BFD (GNU Binutils for Ubuntu) 2.38 assertion fail ../../bfd/elf.c:3120
[INFO] [stderr]   as: BFD (GNU Binutils for Ubuntu) 2.38 assertion fail ../../bfd/elf.c:3120
[INFO] [stderr]   as: BFD (GNU Binutils for Ubuntu) 2.38 assertion fail ../../bfd/elf.c:3120
[INFO] [stderr]   as: BFD (GNU Binutils for Ubuntu) 2.38 assertion fail ../../bfd/elf.c:3120
[INFO] [stderr]   as: BFD (GNU Binutils for Ubuntu) 2.38 assertion fail ../../bfd/elf.c:3120
[INFO] [stderr]   as: BFD (GNU Binutils for Ubuntu) 2.38 assertion fail ../../bfd/elf.c:3120
[INFO] [stderr]   as: BFD (GNU Binutils for Ubuntu) 2.38 assertion fail ../../bfd/elf.c:3120
[INFO] [stderr]   as: BFD (GNU Binutils for Ubuntu) 2.38 assertion fail ../../bfd/elf.c:3120
[INFO] [stderr]   as: BFD (GNU Binutils for Ubuntu) 2.38 assertion fail ../../bfd/elf.c:3120
[INFO] [stderr]   as: BFD (GNU Binutils for Ubuntu) 2.38 assertion fail ../../bfd/elf.c:3120
[INFO] [stderr]   as: BFD (GNU Binutils for Ubuntu) 2.38 assertion fail ../../bfd/elf.c:3120
[INFO] [stderr]   as: BFD (GNU Binutils for Ubuntu) 2.38 assertion fail ../../bfd/elf.c:3120
[INFO] [stderr]   as: BFD (GNU Binutils for Ubuntu) 2.38 assertion fail ../../bfd/elf.c:3120
[INFO] [stderr]   as: BFD (GNU Binutils for Ubuntu) 2.38 assertion fail ../../bfd/elf.c:3120
[INFO] [stderr]   as: BFD (GNU Binutils for Ubuntu) 2.38 assertion fail ../../bfd/elf.c:3120
[INFO] [stderr]   as: BFD (GNU Binutils for Ubuntu) 2.38 assertion fail ../../bfd/elf.c:3120
[INFO] [stderr]   as: BFD (GNU Binutils for Ubuntu) 2.38 assertion fail ../../bfd/elf.c:3120
[INFO] [stderr]   as: BFD (GNU Binutils for Ubuntu) 2.38 assertion fail ../../bfd/elf.c:3120
[INFO] [stderr]   as: BFD (GNU Binutils for Ubuntu) 2.38 assertion fail ../../bfd/elf.c:3120
[INFO] [stderr]   as: BFD (GNU Binutils for Ubuntu) 2.38 assertion fail ../../bfd/elf.c:3120
[INFO] [stderr]   as: BFD (GNU Binutils for Ubuntu) 2.38 assertion fail ../../bfd/elf.c:3120
[INFO] [stderr]   as: BFD (GNU Binutils for Ubuntu) 2.38 assertion fail ../../bfd/elf.c:3120
[INFO] [stderr]   as: BFD (GNU Binutils for Ubuntu) 2.38 assertion fail ../../bfd/elf.c:3120
[INFO] [stderr]   {standard input}: Fatal error: src/bin.sym.o: No space left on device
[INFO] [stderr]   make: *** [Makefile:478: src/bin.sym.o] Error 1
[INFO] [stderr]   make: *** Waiting for unfinished jobs....
[INFO] [stderr]   {standard input}: Assembler messages:
[INFO] [stderr]   {standard input}: Fatal error: can't fill 1 byte in section .rodata.config_debug of src/bitmap.sym.o: 'No space left on device'
[INFO] [stderr]   as: BFD (GNU Binutils for Ubuntu) 2.38 assertion fail ../../bfd/elf.c:3120
[INFO] [stderr]   as: BFD (GNU Binutils for Ubuntu) 2.38 assertion fail ../../bfd/elf.c:3120
[INFO] [stderr]   as: BFD (GNU Binutils for Ubuntu) 2.38 assertion fail ../../bfd/elf.c:3120
[INFO] [stderr]   as: BFD (GNU Binutils for Ubuntu) 2.38 assertion fail ../../bfd/elf.c:3120
[INFO] [stderr]   as: BFD (GNU Binutils for Ubuntu) 2.38 assertion fail ../../bfd/elf.c:3120
[INFO] [stderr]   as: BFD (GNU Binutils for Ubuntu) 2.38 assertion fail ../../bfd/elf.c:3120
[INFO] [stderr]   as: BFD (GNU Binutils for Ubuntu) 2.38 assertion fail ../../bfd/elf.c:3120
[INFO] [stderr]   as: BFD (GNU Binutils for Ubuntu) 2.38 assertion fail ../../bfd/elf.c:3120
[INFO] [stderr]   as: BFD (GNU Binutils for Ubuntu) 2.38 assertion fail ../../bfd/elf.c:3120
[INFO] [stderr]   as: BFD (GNU Binutils for Ubuntu) 2.38 assertion fail ../../bfd/elf.c:3120
[INFO] [stderr]   as: BFD (GNU Binutils for Ubuntu) 2.38 assertion fail ../../bfd/elf.c:3120
[INFO] [stderr]   as: BFD (GNU Binutils for Ubuntu) 2.38 assertion fail ../../bfd/elf.c:3120
[INFO] [stderr]   as: BFD (GNU Binutils for Ubuntu) 2.38 assertion fail ../../bfd/elf.c:3120
[INFO] [stderr]   as: BFD (GNU Binutils for Ubuntu) 2.38 assertion fail ../../bfd/elf.c:3120
[INFO] [stderr]   as: BFD (GNU Binutils for Ubuntu) 2.38 assertion fail ../../bfd/elf.c:3120
[INFO] [stderr]   as: BFD (GNU Binutils for Ubuntu) 2.38 assertion fail ../../bfd/elf.c:3120
[INFO] [stderr]   as: BFD (GNU Binutils for Ubuntu) 2.38 assertion fail ../../bfd/elf.c:3120
[INFO] [stderr]   as: BFD (GNU Binutils for Ubuntu) 2.38 assertion fail ../../bfd/elf.c:3120
[INFO] [stderr]   as: BFD (GNU Binutils for Ubuntu) 2.38 assertion fail ../../bfd/elf.c:3120
[INFO] [stderr]   as: BFD (GNU Binutils for Ubuntu) 2.38 assertion fail ../../bfd/elf.c:3120
[INFO] [stderr]   as: BFD (GNU Binutils for Ubuntu) 2.38 assertion fail ../../bfd/elf.c:3120
[INFO] [stderr]   as: BFD (GNU Binutils for Ubuntu) 2.38 assertion fail ../../bfd/elf.c:3120
[INFO] [stderr]   as: BFD (GNU Binutils for Ubuntu) 2.38 assertion fail ../../bfd/elf.c:3120
[INFO] [stderr]   as: BFD (GNU Binutils for Ubuntu) 2.38 assertion fail ../../bfd/elf.c:3120
[INFO] [stderr]   as: BFD (GNU Binutils for Ubuntu) 2.38 assertion fail ../../bfd/elf.c:3120
[INFO] [stderr]   as: BFD (GNU Binutils for Ubuntu) 2.38 assertion fail ../../bfd/elf.c:3120
[INFO] [stderr]   as: BFD (GNU Binutils for Ubuntu) 2.38 assertion fail ../../bfd/elf.c:3120
[INFO] [stderr]   as: BFD (GNU Binutils for Ubuntu) 2.38 assertion fail ../../bfd/elf.c:3120
[INFO] [stderr]   as: BFD (GNU Binutils for Ubuntu) 2.38 assertion fail ../../bfd/elf.c:3120
[INFO] [stderr]   as: BFD (GNU Binutils for Ubuntu) 2.38 assertion fail ../../bfd/elf.c:3120
[INFO] [stderr]   as: BFD (GNU Binutils for Ubuntu) 2.38 assertion fail ../../bfd/elf.c:3120
[INFO] [stderr]   as: BFD (GNU Binutils for Ubuntu) 2.38 assertion fail ../../bfd/elf.c:3120
[INFO] [stderr]   as: BFD (GNU Binutils for Ubuntu) 2.38 assertion fail ../../bfd/elf.c:3120
[INFO] [stderr]   as: BFD (GNU Binutils for Ubuntu) 2.38 assertion fail ../../bfd/elf.c:3120
[INFO] [stderr]   as: BFD (GNU Binutils for Ubuntu) 2.38 assertion fail ../../bfd/elf.c:3120
[INFO] [stderr]   as: BFD (GNU Binutils for Ubuntu) 2.38 assertion fail ../../bfd/elf.c:3120
[INFO] [stderr]   as: BFD (GNU Binutils for Ubuntu) 2.38 assertion fail ../../bfd/elf.c:3120
[INFO] [stderr]   as: BFD (GNU Binutils for Ubuntu) 2.38 assertion fail ../../bfd/elf.c:3120
[INFO] [stderr]   as: BFD (GNU Binutils for Ubuntu) 2.38 assertion fail ../../bfd/elf.c:3120
[INFO] [stderr]   as: BFD (GNU Binutils for Ubuntu) 2.38 assertion fail ../../bfd/elf.c:3120
[INFO] [stderr]   as: BFD (GNU Binutils for Ubuntu) 2.38 assertion fail ../../bfd/elf.c:3120
[INFO] [stderr]   as: BFD (GNU Binutils for Ubuntu) 2.38 assertion fail ../../bfd/elf.c:3120
[INFO] [stderr]   as: BFD (GNU Binutils for Ubuntu) 2.38 assertion fail ../../bfd/elf.c:3120
[INFO] [stderr]   as: BFD (GNU Binutils for Ubuntu) 2.38 assertion fail ../../bfd/elf.c:3120
[INFO] [stderr]   as: BFD (GNU Binutils for Ubuntu) 2.38 assertion fail ../../bfd/elf.c:3120
[INFO] [stderr]   as: BFD (GNU Binutils for Ubuntu) 2.38 assertion fail ../../bfd/elf.c:3120
[INFO] [stderr]   as: BFD (GNU Binutils for Ubuntu) 2.38 assertion fail ../../bfd/elf.c:3120
[INFO] [stderr]   as: BFD (GNU Binutils for Ubuntu) 2.38 assertion fail ../../bfd/elf.c:3120
[INFO] [stderr]   as: BFD (GNU Binutils for Ubuntu) 2.38 assertion fail ../../bfd/elf.c:3120
[INFO] [stderr]   as: BFD (GNU Binutils for Ubuntu) 2.38 assertion fail ../../bfd/elf.c:3120
[INFO] [stderr]   as: BFD (GNU Binutils for Ubuntu) 2.38 assertion fail ../../bfd/elf.c:3120
[INFO] [stderr]   as: BFD (GNU Binutils for Ubuntu) 2.38 assertion fail ../../bfd/elf.c:3120
[INFO] [stderr]   as: BFD (GNU Binutils for Ubuntu) 2.38 assertion fail ../../bfd/elf.c:3120
[INFO] [stderr]   as: BFD (GNU Binutils for Ubuntu) 2.38 assertion fail ../../bfd/elf.c:3120
[INFO] [stderr]   as: BFD (GNU Binutils for Ubuntu) 2.38 assertion fail ../../bfd/elf.c:3120
[INFO] [stderr]   as: BFD (GNU Binutils for Ubuntu) 2.38 assertion fail ../../bfd/elf.c:3120
[INFO] [stderr]   as: BFD (GNU Binutils for Ubuntu) 2.38 assertion fail ../../bfd/elf.c:3120
[INFO] [stderr]   as: BFD (GNU Binutils for Ubuntu) 2.38 assertion fail ../../bfd/elf.c:3120
[INFO] [stderr]   as: BFD (GNU Binutils for Ubuntu) 2.38 assertion fail ../../bfd/elf.c:3120
[INFO] [stderr]   as: BFD (GNU Binutils for Ubuntu) 2.38 assertion fail ../../bfd/elf.c:3120
[INFO] [stderr]   as: BFD (GNU Binutils for Ubuntu) 2.38 assertion fail ../../bfd/elf.c:3120
[INFO] [stderr]   as: BFD (GNU Binutils for Ubuntu) 2.38 assertion fail ../../bfd/elf.c:3120
[INFO] [stderr]   as: BFD (GNU Binutils for Ubuntu) 2.38 assertion fail ../../bfd/elf.c:3120
[INFO] [stderr]   as: BFD (GNU Binutils for Ubuntu) 2.38 assertion fail ../../bfd/elf.c:3120
[INFO] [stderr]   as: BFD (GNU Binutils for Ubuntu) 2.38 assertion fail ../../bfd/elf.c:3120
[INFO] [stderr]   as: BFD (GNU Binutils for Ubuntu) 2.38 assertion fail ../../bfd/elf.c:3120
[INFO] [stderr]   as: BFD (GNU Binutils for Ubuntu) 2.38 assertion fail ../../bfd/elf.c:3120
[INFO] [stderr]   as: BFD (GNU Binutils for Ubuntu) 2.38 assertion fail ../../bfd/elf.c:3120
[INFO] [stderr]   as: BFD (GNU Binutils for Ubuntu) 2.38 assertion fail ../../bfd/elf.c:3120
[INFO] [stderr]   as: BFD (GNU Binutils for Ubuntu) 2.38 assertion fail ../../bfd/elf.c:3120
[INFO] [stderr]   as: BFD (GNU Binutils for Ubuntu) 2.38 assertion fail ../../bfd/elf.c:3120
[INFO] [stderr]   as: BFD (GNU Binutils for Ubuntu) 2.38 assertion fail ../../bfd/elf.c:3120
[INFO] [stderr]   as: BFD (GNU Binutils for Ubuntu) 2.38 assertion fail ../../bfd/elf.c:3120
[INFO] [stderr]   as: BFD (GNU Binutils for Ubuntu) 2.38 assertion fail ../../bfd/elf.c:3120
[INFO] [stderr]   as: BFD (GNU Binutils for Ubuntu) 2.38 assertion fail ../../bfd/elf.c:3120
[INFO] [stderr]   as: BFD (GNU Binutils for Ubuntu) 2.38 assertion fail ../../bfd/elf.c:3120
[INFO] [stderr]   as: BFD (GNU Binutils for Ubuntu) 2.38 assertion fail ../../bfd/elf.c:3120
[INFO] [stderr]   as: BFD (GNU Binutils for Ubuntu) 2.38 assertion fail ../../bfd/elf.c:3120
[INFO] [stderr]   as: BFD (GNU Binutils for Ubuntu) 2.38 assertion fail ../../bfd/elf.c:3120
[INFO] [stderr]   as: BFD (GNU Binutils for Ubuntu) 2.38 assertion fail ../../bfd/elf.c:3120
[INFO] [stderr]   as: BFD (GNU Binutils for Ubuntu) 2.38 assertion fail ../../bfd/elf.c:3120
[INFO] [stderr]   as: BFD (GNU Binutils for Ubuntu) 2.38 assertion fail ../../bfd/elf.c:3120
[INFO] [stderr]   as: BFD (GNU Binutils for Ubuntu) 2.38 assertion fail ../../bfd/elf.c:3120
[INFO] [stderr]   as: BFD (GNU Binutils for Ubuntu) 2.38 assertion fail ../../bfd/elf.c:3120
[INFO] [stderr]   as: BFD (GNU Binutils for Ubuntu) 2.38 assertion fail ../../bfd/elf.c:3120
[INFO] [stderr]   as: BFD (GNU Binutils for Ubuntu) 2.38 assertion fail ../../bfd/elf.c:3120
[INFO] [stderr]   as: BFD (GNU Binutils for Ubuntu) 2.38 assertion fail ../../bfd/elf.c:3120
[INFO] [stderr]   as: BFD (GNU Binutils for Ubuntu) 2.38 assertion fail ../../bfd/elf.c:3120
[INFO] [stderr]   as: BFD (GNU Binutils for Ubuntu) 2.38 assertion fail ../../bfd/elf.c:3120
[INFO] [stderr]   as: BFD (GNU Binutils for Ubuntu) 2.38 assertion fail ../../bfd/elf.c:3120
[INFO] [stderr]   as: BFD (GNU Binutils for Ubuntu) 2.38 assertion fail ../../bfd/elf.c:3120
[INFO] [stderr]   as: BFD (GNU Binutils for Ubuntu) 2.38 assertion fail ../../bfd/elf.c:3120
[INFO] [stderr]   as: BFD (GNU Binutils for Ubuntu) 2.38 assertion fail ../../bfd/elf.c:3120
[INFO] [stderr]   as: BFD (GNU Binutils for Ubuntu) 2.38 assertion fail ../../bfd/elf.c:3120
[INFO] [stderr]   as: BFD (GNU Binutils for Ubuntu) 2.38 assertion fail ../../bfd/elf.c:3120
[INFO] [stderr]   as: BFD (GNU Binutils for Ubuntu) 2.38 assertion fail ../../bfd/elf.c:3120
[INFO] [stderr]   as: BFD (GNU Binutils for Ubuntu) 2.38 assertion fail ../../bfd/elf.c:3120
[INFO] [stderr]   as: BFD (GNU Binutils for Ubuntu) 2.38 assertion fail ../../bfd/elf.c:3120
[INFO] [stderr]   as: BFD (GNU Binutils for Ubuntu) 2.38 assertion fail ../../bfd/elf.c:3120
[INFO] [stderr]   as: BFD (GNU Binutils for Ubuntu) 2.38 assertion fail ../../bfd/elf.c:3120
[INFO] [stderr]   as: BFD (GNU Binutils for Ubuntu) 2.38 assertion fail ../../bfd/elf.c:3120
[INFO] [stderr]   as: BFD (GNU Binutils for Ubuntu) 2.38 assertion fail ../../bfd/elf.c:3120
[INFO] [stderr]   as: BFD (GNU Binutils for Ubuntu) 2.38 assertion fail ../../bfd/elf.c:3120
[INFO] [stderr]   as: BFD (GNU Binutils for Ubuntu) 2.38 assertion fail ../../bfd/elf.c:3120
[INFO] [stderr]   as: BFD (GNU Binutils for Ubuntu) 2.38 assertion fail ../../bfd/elf.c:3120
[INFO] [stderr]   as: BFD (GNU Binutils for Ubuntu) 2.38 assertion fail ../../bfd/elf.c:3120
[INFO] [stderr]   as: BFD (GNU Binutils for Ubuntu) 2.38 assertion fail ../../bfd/elf.c:3120
[INFO] [stderr]   as: BFD (GNU Binutils for Ubuntu) 2.38 assertion fail ../../bfd/elf.c:3120
[INFO] [stderr]   as: BFD (GNU Binutils for Ubuntu) 2.38 assertion fail ../../bfd/elf.c:3120
[INFO] [stderr]   as: BFD (GNU Binutils for Ubuntu) 2.38 assertion fail ../../bfd/elf.c:3120
[INFO] [stderr]   as: BFD (GNU Binutils for Ubuntu) 2.38 assertion fail ../../bfd/elf.c:3120
[INFO] [stderr]   as: BFD (GNU Binutils for Ubuntu) 2.38 assertion fail ../../bfd/elf.c:3120
[INFO] [stderr]   as: BFD (GNU Binutils for Ubuntu) 2.38 assertion fail ../../bfd/elf.c:3120
[INFO] [stderr]   as: BFD (GNU Binutils for Ubuntu) 2.38 assertion fail ../../bfd/elf.c:3120
[INFO] [stderr]   as: BFD (GNU Binutils for Ubuntu) 2.38 assertion fail ../../bfd/elf.c:3120
[INFO] [stderr]   as: BFD (GNU Binutils for Ubuntu) 2.38 assertion fail ../../bfd/elf.c:3120
[INFO] [stderr]   as: BFD (GNU Binutils for Ubuntu) 2.38 assertion fail ../../bfd/elf.c:3120
[INFO] [stderr]   as: BFD (GNU Binutils for Ubuntu) 2.38 assertion fail ../../bfd/elf.c:3120
[INFO] [stderr]   as: BFD (GNU Binutils for Ubuntu) 2.38 assertion fail ../../bfd/elf.c:3120
[INFO] [stderr]   as: BFD (GNU Binutils for Ubuntu) 2.38 assertion fail ../../bfd/elf.c:3120
[INFO] [stderr]   as: BFD (GNU Binutils for Ubuntu) 2.38 assertion fail ../../bfd/elf.c:3120
[INFO] [stderr]   as: BFD (GNU Binutils for Ubuntu) 2.38 assertion fail ../../bfd/elf.c:3120
[INFO] [stderr]   as: BFD (GNU Binutils for Ubuntu) 2.38 assertion fail ../../bfd/elf.c:3120
[INFO] [stderr]   as: BFD (GNU Binutils for Ubuntu) 2.38 assertion fail ../../bfd/elf.c:3120
[INFO] [stderr]   as: BFD (GNU Binutils for Ubuntu) 2.38 assertion fail ../../bfd/elf.c:3120
[INFO] [stderr]   as: BFD (GNU Binutils for Ubuntu) 2.38 assertion fail ../../bfd/elf.c:3120
[INFO] [stderr]   as: BFD (GNU Binutils for Ubuntu) 2.38 assertion fail ../../bfd/elf.c:3120
[INFO] [stderr]   as: BFD (GNU Binutils for Ubuntu) 2.38 assertion fail ../../bfd/elf.c:3120
[INFO] [stderr]   as: BFD (GNU Binutils for Ubuntu) 2.38 assertion fail ../../bfd/elf.c:3120
[INFO] [stderr]   as: BFD (GNU Binutils for Ubuntu) 2.38 assertion fail ../../bfd/elf.c:3120
[INFO] [stderr]   as: BFD (GNU Binutils for Ubuntu) 2.38 assertion fail ../../bfd/elf.c:3120
[INFO] [stderr]   as: BFD (GNU Binutils for Ubuntu) 2.38 assertion fail ../../bfd/elf.c:3120
[INFO] [stderr]   as: BFD (GNU Binutils for Ubuntu) 2.38 assertion fail ../../bfd/elf.c:3120
[INFO] [stderr]   as: BFD (GNU Binutils for Ubuntu) 2.38 assertion fail ../../bfd/elf.c:3120
[INFO] [stderr]   as: BFD (GNU Binutils for Ubuntu) 2.38 assertion fail ../../bfd/elf.c:3120
[INFO] [stderr]   as: BFD (GNU Binutils for Ubuntu) 2.38 assertion fail ../../bfd/elf.c:3120
[INFO] [stderr]   as: BFD (GNU Binutils for Ubuntu) 2.38 assertion fail ../../bfd/elf.c:3120
[INFO] [stderr]   as: BFD (GNU Binutils for Ubuntu) 2.38 assertion fail ../../bfd/elf.c:3120
[INFO] [stderr]   as: BFD (GNU Binutils for Ubuntu) 2.38 assertion fail ../../bfd/elf.c:3120
[INFO] [stderr]   as: BFD (GNU Binutils for Ubuntu) 2.38 assertion fail ../../bfd/elf.c:3120
[INFO] [stderr]   as: BFD (GNU Binutils for Ubuntu) 2.38 assertion fail ../../bfd/elf.c:3120
[INFO] [stderr]   as: BFD (GNU Binutils for Ubuntu) 2.38 assertion fail ../../bfd/elf.c:3120
[INFO] [stderr]   as: BFD (GNU Binutils for Ubuntu) 2.38 assertion fail ../../bfd/elf.c:3120
[INFO] [stderr]   as: BFD (GNU Binutils for Ubuntu) 2.38 assertion fail ../../bfd/elf.c:3120
[INFO] [stderr]   as: BFD (GNU Binutils for Ubuntu) 2.38 assertion fail ../../bfd/elf.c:3120
[INFO] [stderr]   as: BFD (GNU Binutils for Ubuntu) 2.38 assertion fail ../../bfd/elf.c:3120
[INFO] [stderr]   as: BFD (GNU Binutils for Ubuntu) 2.38 assertion fail ../../bfd/elf.c:3120
[INFO] [stderr]   as: BFD (GNU Binutils for Ubuntu) 2.38 assertion fail ../../bfd/elf.c:3120
[INFO] [stderr]   as: BFD (GNU Binutils for Ubuntu) 2.38 assertion fail ../../bfd/elf.c:3120
[INFO] [stderr]   as: BFD (GNU Binutils for Ubuntu) 2.38 assertion fail ../../bfd/elf.c:3120
[INFO] [stderr]   as: BFD (GNU Binutils for Ubuntu) 2.38 assertion fail ../../bfd/elf.c:3120
[INFO] [stderr]   as: BFD (GNU Binutils for Ubuntu) 2.38 assertion fail ../../bfd/elf.c:3120
[INFO] [stderr]   as: BFD (GNU Binutils for Ubuntu) 2.38 assertion fail ../../bfd/elf.c:3120
[INFO] [stderr]   as: BFD (GNU Binutils for Ubuntu) 2.38 assertion fail ../../bfd/elf.c:3120
[INFO] [stderr]   as: BFD (GNU Binutils for Ubuntu) 2.38 assertion fail ../../bfd/elf.c:3120
[INFO] [stderr]   as: BFD (GNU Binutils for Ubuntu) 2.38 assertion fail ../../bfd/elf.c:3120
[INFO] [stderr]   as: BFD (GNU Binutils for Ubuntu) 2.38 assertion fail ../../bfd/elf.c:3120
[INFO] [stderr]   as: BFD (GNU Binutils for Ubuntu) 2.38 assertion fail ../../bfd/elf.c:3120
[INFO] [stderr]   as: BFD (GNU Binutils for Ubuntu) 2.38 assertion fail ../../bfd/elf.c:3120
[INFO] [stderr]   as: BFD (GNU Binutils for Ubuntu) 2.38 assertion fail ../../bfd/elf.c:3120
[INFO] [stderr]   as: BFD (GNU Binutils for Ubuntu) 2.38 assertion fail ../../bfd/elf.c:3120
[INFO] [stderr]   as: BFD (GNU Binutils for Ubuntu) 2.38 assertion fail ../../bfd/elf.c:3120
[INFO] [stderr]   as: BFD (GNU Binutils for Ubuntu) 2.38 assertion fail ../../bfd/elf.c:3120
[INFO] [stderr]   as: BFD (GNU Binutils for Ubuntu) 2.38 assertion fail ../../bfd/elf.c:3120
[INFO] [stderr]   as: BFD (GNU Binutils for Ubuntu) 2.38 assertion fail ../../bfd/elf.c:3120
[INFO] [stderr]   as: BFD (GNU Binutils for Ubuntu) 2.38 assertion fail ../../bfd/elf.c:3120
[INFO] [stderr]   as: BFD (GNU Binutils for Ubuntu) 2.38 assertion fail ../../bfd/elf.c:3120
[INFO] [stderr]   as: BFD (GNU Binutils for Ubuntu) 2.38 assertion fail ../../bfd/elf.c:3120
[INFO] [stderr]   as: BFD (GNU Binutils for Ubuntu) 2.38 assertion fail ../../bfd/elf.c:3120
[INFO] [stderr]   as: BFD (GNU Binutils for Ubuntu) 2.38 assertion fail ../../bfd/elf.c:3120
[INFO] [stderr]   as: BFD (GNU Binutils for Ubuntu) 2.38 assertion fail ../../bfd/elf.c:3120
[INFO] [stderr]   as: BFD (GNU Binutils for Ubuntu) 2.38 assertion fail ../../bfd/elf.c:3120
[INFO] [stderr]   as: BFD (GNU Binutils for Ubuntu) 2.38 assertion fail ../../bfd/elf.c:3120
[INFO] [stderr]   as: BFD (GNU Binutils for Ubuntu) 2.38 assertion fail ../../bfd/elf.c:3120
[INFO] [stderr]   as: BFD (GNU Binutils for Ubuntu) 2.38 assertion fail ../../bfd/elf.c:3120
[INFO] [stderr]   as: BFD (GNU Binutils for Ubuntu) 2.38 assertion fail ../../bfd/elf.c:3120
[INFO] [stderr]   as: BFD (GNU Binutils for Ubuntu) 2.38 assertion fail ../../bfd/elf.c:3120
[INFO] [stderr]   as: BFD (GNU Binutils for Ubuntu) 2.38 assertion fail ../../bfd/elf.c:3120
[INFO] [stderr]   as: BFD (GNU Binutils for Ubuntu) 2.38 assertion fail ../../bfd/elf.c:3120
[INFO] [stderr]   as: BFD (GNU Binutils for Ubuntu) 2.38 assertion fail ../../bfd/elf.c:3120
[INFO] [stderr]   as: BFD (GNU Binutils for Ubuntu) 2.38 assertion fail ../../bfd/elf.c:3120
[INFO] [stderr]   as: BFD (GNU Binutils for Ubuntu) 2.38 assertion fail ../../bfd/elf.c:3120
[INFO] [stderr]   as: BFD (GNU Binutils for Ubuntu) 2.38 assertion fail ../../bfd/elf.c:3120
[INFO] [stderr]   as: BFD (GNU Binutils for Ubuntu) 2.38 assertion fail ../../bfd/elf.c:3120
[INFO] [stderr]   as: BFD (GNU Binutils for Ubuntu) 2.38 assertion fail ../../bfd/elf.c:3120
[INFO] [stderr]   as: BFD (GNU Binutils for Ubuntu) 2.38 assertion fail ../../bfd/elf.c:3120
[INFO] [stderr]   as: BFD (GNU Binutils for Ubuntu) 2.38 assertion fail ../../bfd/elf.c:3120
[INFO] [stderr]   as: BFD (GNU Binutils for Ubuntu) 2.38 assertion fail ../../bfd/elf.c:3120
[INFO] [stderr]   as: BFD (GNU Binutils for Ubuntu) 2.38 assertion fail ../../bfd/elf.c:3120
[INFO] [stderr]   as: BFD (GNU Binutils for Ubuntu) 2.38 assertion fail ../../bfd/elf.c:3120
[INFO] [stderr]   as: BFD (GNU Binutils for Ubuntu) 2.38 assertion fail ../../bfd/elf.c:3120
[INFO] [stderr]   as: BFD (GNU Binutils for Ubuntu) 2.38 assertion fail ../../bfd/elf.c:3120
[INFO] [stderr]   as: BFD (GNU Binutils for Ubuntu) 2.38 assertion fail ../../bfd/elf.c:3120
[INFO] [stderr]   as: BFD (GNU Binutils for Ubuntu) 2.38 assertion fail ../../bfd/elf.c:3120
[INFO] [stderr]   as: BFD (GNU Binutils for Ubuntu) 2.38 assertion fail ../../bfd/elf.c:3120
[INFO] [stderr]   as: BFD (GNU Binutils for Ubuntu) 2.38 assertion fail ../../bfd/elf.c:3120
[INFO] [stderr]   as: BFD (GNU Binutils for Ubuntu) 2.38 assertion fail ../../bfd/elf.c:3120
[INFO] [stderr]   as: BFD (GNU Binutils for Ubuntu) 2.38 assertion fail ../../bfd/elf.c:3120
[INFO] [stderr]   as: BFD (GNU Binutils for Ubuntu) 2.38 assertion fail ../../bfd/elf.c:3120
[INFO] [stderr]   as: BFD (GNU Binutils for Ubuntu) 2.38 assertion fail ../../bfd/elf.c:3120
[INFO] [stderr]   as: BFD (GNU Binutils for Ubuntu) 2.38 assertion fail ../../bfd/elf.c:3120
[INFO] [stderr]   as: BFD (GNU Binutils for Ubuntu) 2.38 assertion fail ../../bfd/elf.c:3120
[INFO] [stderr]   as: BFD (GNU Binutils for Ubuntu) 2.38 assertion fail ../../bfd/elf.c:3120
[INFO] [stderr]   as: BFD (GNU Binutils for Ubuntu) 2.38 assertion fail ../../bfd/elf.c:3120
[INFO] [stderr]   as: BFD (GNU Binutils for Ubuntu) 2.38 assertion fail ../../bfd/elf.c:3120
[INFO] [stderr]   as: BFD (GNU Binutils for Ubuntu) 2.38 assertion fail ../../bfd/elf.c:3120
[INFO] [stderr]   as: BFD (GNU Binutils for Ubuntu) 2.38 assertion fail ../../bfd/elf.c:3120
[INFO] [stderr]   as: BFD (GNU Binutils for Ubuntu) 2.38 assertion fail ../../bfd/elf.c:3120
[INFO] [stderr]   as: BFD (GNU Binutils for Ubuntu) 2.38 assertion fail ../../bfd/elf.c:3120
[INFO] [stderr]   as: BFD (GNU Binutils for Ubuntu) 2.38 assertion fail ../../bfd/elf.c:3120
[INFO] [stderr]   as: BFD (GNU Binutils for Ubuntu) 2.38 assertion fail ../../bfd/elf.c:3120
[INFO] [stderr]   as: BFD (GNU Binutils for Ubuntu) 2.38 assertion fail ../../bfd/elf.c:3120
[INFO] [stderr]   as: BFD (GNU Binutils for Ubuntu) 2.38 assertion fail ../../bfd/elf.c:3120
[INFO] [stderr]   as: BFD (GNU Binutils for Ubuntu) 2.38 assertion fail ../../bfd/elf.c:3120
[INFO] [stderr]   as: BFD (GNU Binutils for Ubuntu) 2.38 assertion fail ../../bfd/elf.c:3120
[INFO] [stderr]   as: BFD (GNU Binutils for Ubuntu) 2.38 assertion fail ../../bfd/elf.c:3120
[INFO] [stderr]   as: BFD (GNU Binutils for Ubuntu) 2.38 assertion fail ../../bfd/elf.c:3120
[INFO] [stderr]   as: BFD (GNU Binutils for Ubuntu) 2.38 assertion fail ../../bfd/elf.c:3120
[INFO] [stderr]   as: BFD (GNU Binutils for Ubuntu) 2.38 assertion fail ../../bfd/elf.c:3120
[INFO] [stderr]   as: BFD (GNU Binutils for Ubuntu) 2.38 assertion fail ../../bfd/elf.c:3120
[INFO] [stderr]   as: BFD (GNU Binutils for Ubuntu) 2.38 assertion fail ../../bfd/elf.c:3120
[INFO] [stderr]   as: BFD (GNU Binutils for Ubuntu) 2.38 assertion fail ../../bfd/elf.c:3120
[INFO] [stderr]   as: BFD (GNU Binutils for Ubuntu) 2.38 assertion fail ../../bfd/elf.c:3120
[INFO] [stderr]   as: BFD (GNU Binutils for Ubuntu) 2.38 assertion fail ../../bfd/elf.c:3120
[INFO] [stderr]   as: BFD (GNU Binutils for Ubuntu) 2.38 assertion fail ../../bfd/elf.c:3120
[INFO] [stderr]   as: BFD (GNU Binutils for Ubuntu) 2.38 assertion fail ../../bfd/elf.c:3120
[INFO] [stderr]   as: BFD (GNU Binutils for Ubuntu) 2.38 assertion fail ../../bfd/elf.c:3120
[INFO] [stderr]   as: BFD (GNU Binutils for Ubuntu) 2.38 assertion fail ../../bfd/elf.c:3120
[INFO] [stderr]   {standard input}: Fatal error: src/bitmap.sym.o: No space left on device
[INFO] [stderr]   make: *** [Makefile:478: src/bitmap.sym.o] Error 1
[INFO] [stderr]   thread 'main' panicked at /opt/rustwide/cargo-home/registry/src/index.crates.io-6f17d22bba15001f/jemalloc-sys-0.5.4+5.3.0-patched/build.rs:351:9:
[INFO] [stderr]   command did not execute successfully: cd "/opt/rustwide/target/debug/build/jemalloc-sys-a4b3759e353fb9c0/out/build" && "make" "-j" "8"
[INFO] [stderr]   expected success, got: exit status: 2
[INFO] [stderr]   stack backtrace:
[INFO] [stderr]      0:     0x5bcbbf32594a - std::backtrace_rs::backtrace::libunwind::trace::h5a5b8284f2d0c266
[INFO] [stderr]                                  at /rustc/90b35a6239c3d8bdabc530a6a0816f7ff89a0aaf/library/std/src/../../backtrace/src/backtrace/libunwind.rs:116:5
[INFO] [stderr]      1:     0x5bcbbf32594a - std::backtrace_rs::backtrace::trace_unsynchronized::h76d4f1c9b0b875e3
[INFO] [stderr]                                  at /rustc/90b35a6239c3d8bdabc530a6a0816f7ff89a0aaf/library/std/src/../../backtrace/src/backtrace/mod.rs:66:5
[INFO] [stderr]      2:     0x5bcbbf32594a - std::sys::backtrace::_print_fmt::hc4546b8364a537c6
[INFO] [stderr]                                  at /rustc/90b35a6239c3d8bdabc530a6a0816f7ff89a0aaf/library/std/src/sys/backtrace.rs:66:9
[INFO] [stderr]      3:     0x5bcbbf32594a - <std::sys::backtrace::BacktraceLock::print::DisplayBacktrace as core::fmt::Display>::fmt::h5b6bd5631a6d1f6b
[INFO] [stderr]                                  at /rustc/90b35a6239c3d8bdabc530a6a0816f7ff89a0aaf/library/std/src/sys/backtrace.rs:39:26
[INFO] [stderr]      4:     0x5bcbbf347de3 - core::fmt::rt::Argument::fmt::h270f6602a2b96f62
[INFO] [stderr]                                  at /rustc/90b35a6239c3d8bdabc530a6a0816f7ff89a0aaf/library/core/src/fmt/rt.rs:177:76
[INFO] [stderr]      5:     0x5bcbbf347de3 - core::fmt::write::h7550c97b06c86515
[INFO] [stderr]                                  at /rustc/90b35a6239c3d8bdabc530a6a0816f7ff89a0aaf/library/core/src/fmt/mod.rs:1186:21
[INFO] [stderr]      6:     0x5bcbbf322ac3 - std::io::Write::write_fmt::h7b09c64fe0be9c84
[INFO] [stderr]                                  at /rustc/90b35a6239c3d8bdabc530a6a0816f7ff89a0aaf/library/std/src/io/mod.rs:1839:15
[INFO] [stderr]      7:     0x5bcbbf325792 - std::sys::backtrace::BacktraceLock::print::h2395ccd2c84ba3aa
[INFO] [stderr]                                  at /rustc/90b35a6239c3d8bdabc530a6a0816f7ff89a0aaf/library/std/src/sys/backtrace.rs:42:9
[INFO] [stderr]      8:     0x5bcbbf32695c - std::panicking::default_hook::{{closure}}::he19d4c7230e07961
[INFO] [stderr]                                  at /rustc/90b35a6239c3d8bdabc530a6a0816f7ff89a0aaf/library/std/src/panicking.rs:268:22
[INFO] [stderr]      9:     0x5bcbbf3267a2 - std::panicking::default_hook::hf614597d3c67bbdb
[INFO] [stderr]                                  at /rustc/90b35a6239c3d8bdabc530a6a0816f7ff89a0aaf/library/std/src/panicking.rs:295:9
[INFO] [stderr]     10:     0x5bcbbf326f37 - std::panicking::rust_panic_with_hook::h8942133a8b252070
[INFO] [stderr]                                  at /rustc/90b35a6239c3d8bdabc530a6a0816f7ff89a0aaf/library/std/src/panicking.rs:801:13
[INFO] [stderr]     11:     0x5bcbbf326dca - std::panicking::begin_panic_handler::{{closure}}::hb5f5963570096b29
[INFO] [stderr]                                  at /rustc/90b35a6239c3d8bdabc530a6a0816f7ff89a0aaf/library/std/src/panicking.rs:674:13
[INFO] [stderr]     12:     0x5bcbbf325e29 - std::sys::backtrace::__rust_end_short_backtrace::h6208cedc1922feda
[INFO] [stderr]                                  at /rustc/90b35a6239c3d8bdabc530a6a0816f7ff89a0aaf/library/std/src/sys/backtrace.rs:170:18
[INFO] [stderr]     13:     0x5bcbbf326a5c - rust_begin_unwind
[INFO] [stderr]                                  at /rustc/90b35a6239c3d8bdabc530a6a0816f7ff89a0aaf/library/std/src/panicking.rs:665:5
[INFO] [stderr]     14:     0x5bcbbf29f5d0 - core::panicking::panic_fmt::h0c3082644d1bf418
[INFO] [stderr]                                  at /rustc/90b35a6239c3d8bdabc530a6a0816f7ff89a0aaf/library/core/src/panicking.rs:74:14
[INFO] [stderr]     15:     0x5bcbbf2a6738 - build_script_build::execute::ha01a912532e1b2a0
[INFO] [stderr]     16:     0x5bcbbf2a6226 - build_script_build::run::h75e1a44a68df1d4e
[INFO] [stderr]     17:     0x5bcbbf2a55a4 - build_script_build::main::hb95c72f3f2a0c84d
[INFO] [stderr]     18:     0x5bcbbf2a7923 - core::ops::function::FnOnce::call_once::h2a94e6a20c5383af
[INFO] [stderr]     19:     0x5bcbbf2a70d6 - std::sys::backtrace::__rust_begin_short_backtrace::hf2ea7efea86df0aa
[INFO] [stderr]     20:     0x5bcbbf2a7059 - std::rt::lang_start::{{closure}}::h7b474362563cb260
[INFO] [stderr]     21:     0x5bcbbf31f06e - core::ops::function::impls::<impl core::ops::function::FnOnce<A> for &F>::call_once::hfdb85f4ee94732d3
[INFO] [stderr]                                  at /rustc/90b35a6239c3d8bdabc530a6a0816f7ff89a0aaf/library/core/src/ops/function.rs:284:13
[INFO] [stderr]     22:     0x5bcbbf31f06e - std::panicking::try::do_call::h6e577310f330cbef
[INFO] [stderr]                                  at /rustc/90b35a6239c3d8bdabc530a6a0816f7ff89a0aaf/library/std/src/panicking.rs:557:40
[INFO] [stderr]     23:     0x5bcbbf31f06e - std::panicking::try::ha588d438267d2645
[INFO] [stderr]                                  at /rustc/90b35a6239c3d8bdabc530a6a0816f7ff89a0aaf/library/std/src/panicking.rs:520:19
[INFO] [stderr]     24:     0x5bcbbf31f06e - std::panic::catch_unwind::h429fda1e025f26d9
[INFO] [stderr]                                  at /rustc/90b35a6239c3d8bdabc530a6a0816f7ff89a0aaf/library/std/src/panic.rs:358:14
[INFO] [stderr]     25:     0x5bcbbf31f06e - std::rt::lang_start_internal::{{closure}}::h7b731265e841c4bf
[INFO] [stderr]                                  at /rustc/90b35a6239c3d8bdabc530a6a0816f7ff89a0aaf/library/std/src/rt.rs:174:48
[INFO] [stderr]     26:     0x5bcbbf31f06e - std::panicking::try::do_call::hc0f6a675b7ae5a36
[INFO] [stderr]                                  at /rustc/90b35a6239c3d8bdabc530a6a0816f7ff89a0aaf/library/std/src/panicking.rs:557:40
[INFO] [stderr]     27:     0x5bcbbf31f06e - std::panicking::try::h4c93b7ff0671f1ff
[INFO] [stderr]                                  at /rustc/90b35a6239c3d8bdabc530a6a0816f7ff89a0aaf/library/std/src/panicking.rs:520:19
[INFO] [stderr]     28:     0x5bcbbf31f06e - std::panic::catch_unwind::hcc1e154961d16ce6
[INFO] [stderr]                                  at /rustc/90b35a6239c3d8bdabc530a6a0816f7ff89a0aaf/library/std/src/panic.rs:358:14
[INFO] [stderr]     29:     0x5bcbbf31f06e - std::rt::lang_start_internal::h1c66660c99c8424c
[INFO] [stderr]                                  at /rustc/90b35a6239c3d8bdabc530a6a0816f7ff89a0aaf/library/std/src/rt.rs:174:20
[INFO] [stderr]     30:     0x5bcbbf2a7037 - std::rt::lang_start::h184c7084591a68ca
[INFO] [stderr]     31:     0x5bcbbf2a6c85 - main
[INFO] [stderr]     32:     0x77c9817f2d90 - <unknown>
[INFO] [stderr]     33:     0x77c9817f2e40 - __libc_start_main
[INFO] [stderr]     34:     0x5bcbbf29fde5 - _start
[INFO] [stderr]     35:                0x0 - <unknown>
[INFO] running `Command { std: "docker" "inspect" "e96360a879e13eb7bffec23181c9b8f3944ef21b4a9f428c4fb5f3d92abe5c24", kill_on_drop: false }`
[INFO] running `Command { std: "docker" "rm" "-f" "e96360a879e13eb7bffec23181c9b8f3944ef21b4a9f428c4fb5f3d92abe5c24", kill_on_drop: false }`
[INFO] [stdout] e96360a879e13eb7bffec23181c9b8f3944ef21b4a9f428c4fb5f3d92abe5c24
