[INFO] fetching crate fast-graph 0.1.9...
[INFO] testing fast-graph-0.1.9 against beta-2024-12-08 for beta-1.84.0-4-retry
[INFO] extracting crate fast-graph 0.1.9 into /workspace/builds/worker-4-tc2/source
[INFO] validating manifest of crates.io crate fast-graph 0.1.9 on toolchain beta-2024-12-08
[INFO] running `Command { std: CARGO_HOME="/workspace/cargo-home" RUSTUP_HOME="/workspace/rustup-home" "/workspace/cargo-home/bin/cargo" "+beta-2024-12-08" "metadata" "--manifest-path" "Cargo.toml" "--no-deps", kill_on_drop: false }`
[INFO] started tweaking crates.io crate fast-graph 0.1.9
[INFO] finished tweaking crates.io crate fast-graph 0.1.9
[INFO] tweaked toml for crates.io crate fast-graph 0.1.9 written to /workspace/builds/worker-4-tc2/source/Cargo.toml
[INFO] running `Command { std: CARGO_HOME="/workspace/cargo-home" RUSTUP_HOME="/workspace/rustup-home" "/workspace/cargo-home/bin/cargo" "+beta-2024-12-08" "generate-lockfile" "--manifest-path" "Cargo.toml", kill_on_drop: false }`
[INFO] [stderr]     Updating crates.io index
[INFO] [stderr]     Blocking waiting for file lock on package cache
[INFO] [stderr]      Locking 391 packages to latest compatible versions
[INFO] [stderr]       Adding hashbrown v0.14.5 (available: v0.15.2)
[INFO] [stderr]       Adding specta v2.0.0-rc.7 (available: v2.0.0-rc.20)
[INFO] [stderr]       Adding specta-macros v2.0.0-rc.7 (available: v2.0.0-rc.17)
[INFO] [stderr]       Adding tauri-specta v2.0.0-rc.4 (available: v2.0.0-rc.20)
[INFO] [stderr]       Adding tauri-specta-macros v2.0.0-rc.4 (available: v2.0.0-rc.16)
[INFO] [stderr]       Adding thiserror v1.0.69 (available: v2.0.7)
[INFO] running `Command { std: CARGO_HOME="/workspace/cargo-home" RUSTUP_HOME="/workspace/rustup-home" "/workspace/cargo-home/bin/cargo" "+beta-2024-12-08" "fetch" "--manifest-path" "Cargo.toml", kill_on_drop: false }`
[INFO] [stderr]     Blocking waiting for file lock on package cache
[INFO] [stderr]     Blocking waiting for file lock on package cache
[INFO] running `Command { std: "docker" "create" "-v" "/var/lib/crater-agent-workspace/builds/worker-4-tc2/target:/opt/rustwide/target:rw,Z" "-v" "/var/lib/crater-agent-workspace/builds/worker-4-tc2/source:/opt/rustwide/workdir:ro,Z" "-v" "/var/lib/crater-agent-workspace/cargo-home:/opt/rustwide/cargo-home:ro,Z" "-v" "/var/lib/crater-agent-workspace/rustup-home:/opt/rustwide/rustup-home:ro,Z" "-e" "SOURCE_DIR=/opt/rustwide/workdir" "-e" "CARGO_TARGET_DIR=/opt/rustwide/target" "-e" "CARGO_HOME=/opt/rustwide/cargo-home" "-e" "RUSTUP_HOME=/opt/rustwide/rustup-home" "-w" "/opt/rustwide/workdir" "-m" "1610612736" "--user" "0:0" "--network" "none" "ghcr.io/rust-lang/crates-build-env/linux@sha256:f3a9d4ad9d972b27faf3965f35b62e55ba32bbce8f20bc8fe909558a86702fde" "/opt/rustwide/cargo-home/bin/cargo" "+beta-2024-12-08" "metadata" "--no-deps" "--format-version=1", kill_on_drop: false }`
[INFO] [stdout] 0050bda17866cf7972df62742b1a185e2f7b6e19319fcdbfec276acda8a57b69
[INFO] running `Command { std: "docker" "start" "-a" "0050bda17866cf7972df62742b1a185e2f7b6e19319fcdbfec276acda8a57b69", kill_on_drop: false }`
[INFO] running `Command { std: "docker" "inspect" "0050bda17866cf7972df62742b1a185e2f7b6e19319fcdbfec276acda8a57b69", kill_on_drop: false }`
[INFO] running `Command { std: "docker" "rm" "-f" "0050bda17866cf7972df62742b1a185e2f7b6e19319fcdbfec276acda8a57b69", kill_on_drop: false }`
[INFO] [stdout] 0050bda17866cf7972df62742b1a185e2f7b6e19319fcdbfec276acda8a57b69
[INFO] running `Command { std: "docker" "create" "-v" "/var/lib/crater-agent-workspace/builds/worker-4-tc2/target:/opt/rustwide/target:rw,Z" "-v" "/var/lib/crater-agent-workspace/builds/worker-4-tc2/source:/opt/rustwide/workdir:ro,Z" "-v" "/var/lib/crater-agent-workspace/cargo-home:/opt/rustwide/cargo-home:ro,Z" "-v" "/var/lib/crater-agent-workspace/rustup-home:/opt/rustwide/rustup-home:ro,Z" "-e" "SOURCE_DIR=/opt/rustwide/workdir" "-e" "CARGO_TARGET_DIR=/opt/rustwide/target" "-e" "CARGO_INCREMENTAL=0" "-e" "RUST_BACKTRACE=full" "-e" "RUSTFLAGS=--cap-lints=warn" "-e" "RUSTDOCFLAGS=--cap-lints=warn" "-e" "CARGO_HOME=/opt/rustwide/cargo-home" "-e" "RUSTUP_HOME=/opt/rustwide/rustup-home" "-w" "/opt/rustwide/workdir" "-m" "1610612736" "--user" "0:0" "--network" "none" "ghcr.io/rust-lang/crates-build-env/linux@sha256:f3a9d4ad9d972b27faf3965f35b62e55ba32bbce8f20bc8fe909558a86702fde" "/opt/rustwide/cargo-home/bin/cargo" "+beta-2024-12-08" "build" "--frozen" "--message-format=json", kill_on_drop: false }`
[INFO] [stdout] 36d9c7632453cece0a8bc537b1208b190647d98c078be26a5367f7385e0f9691
[INFO] running `Command { std: "docker" "start" "-a" "36d9c7632453cece0a8bc537b1208b190647d98c078be26a5367f7385e0f9691", kill_on_drop: false }`
[INFO] [stderr]    Compiling version_check v0.9.5
[INFO] [stderr]    Compiling proc-macro2 v1.0.92
[INFO] [stderr]    Compiling unicode-ident v1.0.14
[INFO] [stderr]    Compiling serde v1.0.216
[INFO] [stderr]    Compiling cfg-if v1.0.0
[INFO] [stderr]    Compiling zerocopy v0.7.35
[INFO] [stderr]    Compiling once_cell v1.20.2
[INFO] [stderr]    Compiling thiserror v1.0.69
[INFO] [stderr]    Compiling allocator-api2 v0.2.21
[INFO] [stderr]    Compiling ahash v0.8.11
[INFO] [stderr]    Compiling slotmap v1.0.7
[INFO] [stderr]    Compiling quote v1.0.37
[INFO] [stderr]    Compiling syn v2.0.90
[INFO] [stderr]    Compiling hashbrown v0.14.5
[INFO] [stderr]    Compiling thiserror-impl v1.0.69
[INFO] [stderr]    Compiling fast-graph v0.1.9 (/opt/rustwide/workdir)
[INFO] [stdout] warning: unused import: `hashbrown::HashSet`
[INFO] [stdout]   --> src/categories.rs:37:5
[INFO] [stdout]    |
[INFO] [stdout] 37 | use hashbrown::HashSet;
[INFO] [stdout]    |     ^^^^^^^^^^^^^^^^^^
[INFO] [stdout]    |
[INFO] [stdout]    = note: `#[warn(unused_imports)]` on by default
[INFO] [stdout] 
[INFO] [stdout] 
[INFO] [stdout] warning: unused import: `thiserror::Error`
[INFO] [stdout]   --> src/categories.rs:44:5
[INFO] [stdout]    |
[INFO] [stdout] 44 | use thiserror::Error;
[INFO] [stdout]    |     ^^^^^^^^^^^^^^^^
[INFO] [stdout] 
[INFO] [stdout] 
[INFO] [stdout] warning: unused imports: `Edge` and `Graph`
[INFO] [stdout]  --> src/algorithms/dfs.rs:7:13
[INFO] [stdout]   |
[INFO] [stdout] 7 | use crate::{Edge, Graph, GraphInterface, NodeID};
[INFO] [stdout]   |             ^^^^  ^^^^^
[INFO] [stdout] 
[INFO] [stdout] 
[INFO] [stdout] warning: unused variable: `e`
[INFO] [stdout]   --> src/categories.rs:74:49
[INFO] [stdout]    |
[INFO] [stdout] 74 |             self.remove_edge(*edge_id).or_else(|e| Ok(()))?;
[INFO] [stdout]    |                                                 ^ help: if this is intentional, prefix it with an underscore: `_e`
[INFO] [stdout]    |
[INFO] [stdout]    = note: `#[warn(unused_variables)]` on by default
[INFO] [stdout] 
[INFO] [stdout] 
[INFO] [stdout] warning: unused variable: `category_name`
[INFO] [stdout]    --> src/categories.rs:218:46
[INFO] [stdout]     |
[INFO] [stdout] 218 |     fn insert_category_id_by_name(&mut self, category_name: &str, category_id: NodeID) {
[INFO] [stdout]     |                                              ^^^^^^^^^^^^^ help: if this is intentional, prefix it with an underscore: `_category_name`
[INFO] [stdout] 
[INFO] [stdout] 
[INFO] [stdout] warning: unused variable: `category_id`
[INFO] [stdout]    --> src/categories.rs:218:67
[INFO] [stdout]     |
[INFO] [stdout] 218 |     fn insert_category_id_by_name(&mut self, category_name: &str, category_id: NodeID) {
[INFO] [stdout]     |                                                                   ^^^^^^^^^^^ help: if this is intentional, prefix it with an underscore: `_category_id`
[INFO] [stdout] 
[INFO] [stdout] 
[INFO] [stderr]     Finished `dev` profile [unoptimized + debuginfo] target(s) in 8.11s
[INFO] running `Command { std: "docker" "inspect" "36d9c7632453cece0a8bc537b1208b190647d98c078be26a5367f7385e0f9691", kill_on_drop: false }`
[INFO] running `Command { std: "docker" "rm" "-f" "36d9c7632453cece0a8bc537b1208b190647d98c078be26a5367f7385e0f9691", kill_on_drop: false }`
[INFO] [stdout] 36d9c7632453cece0a8bc537b1208b190647d98c078be26a5367f7385e0f9691
[INFO] running `Command { std: "docker" "create" "-v" "/var/lib/crater-agent-workspace/builds/worker-4-tc2/target:/opt/rustwide/target:rw,Z" "-v" "/var/lib/crater-agent-workspace/builds/worker-4-tc2/source:/opt/rustwide/workdir:ro,Z" "-v" "/var/lib/crater-agent-workspace/cargo-home:/opt/rustwide/cargo-home:ro,Z" "-v" "/var/lib/crater-agent-workspace/rustup-home:/opt/rustwide/rustup-home:ro,Z" "-e" "SOURCE_DIR=/opt/rustwide/workdir" "-e" "CARGO_TARGET_DIR=/opt/rustwide/target" "-e" "CARGO_INCREMENTAL=0" "-e" "RUST_BACKTRACE=full" "-e" "RUSTFLAGS=--cap-lints=warn" "-e" "RUSTDOCFLAGS=--cap-lints=warn" "-e" "CARGO_HOME=/opt/rustwide/cargo-home" "-e" "RUSTUP_HOME=/opt/rustwide/rustup-home" "-w" "/opt/rustwide/workdir" "-m" "1610612736" "--user" "0:0" "--network" "none" "ghcr.io/rust-lang/crates-build-env/linux@sha256:f3a9d4ad9d972b27faf3965f35b62e55ba32bbce8f20bc8fe909558a86702fde" "/opt/rustwide/cargo-home/bin/cargo" "+beta-2024-12-08" "test" "--frozen" "--no-run" "--message-format=json", kill_on_drop: false }`
[INFO] [stdout] 241f91cbc37f51b6f45d5d15934e97dba26c9073bb65a17485246c234d02c161
[INFO] running `Command { std: "docker" "start" "-a" "241f91cbc37f51b6f45d5d15934e97dba26c9073bb65a17485246c234d02c161", kill_on_drop: false }`
[INFO] [stdout] warning: unused import: `hashbrown::HashSet`
[INFO] [stdout]   --> src/categories.rs:37:5
[INFO] [stdout]    |
[INFO] [stdout] 37 | use hashbrown::HashSet;
[INFO] [stdout]    |     ^^^^^^^^^^^^^^^^^^
[INFO] [stdout]    |
[INFO] [stdout]    = note: `#[warn(unused_imports)]` on by default
[INFO] [stdout] 
[INFO] [stdout] 
[INFO] [stdout] warning: unused import: `thiserror::Error`
[INFO] [stdout]   --> src/categories.rs:44:5
[INFO] [stdout]    |
[INFO] [stdout] 44 | use thiserror::Error;
[INFO] [stdout]    |     ^^^^^^^^^^^^^^^^
[INFO] [stdout] 
[INFO] [stdout] 
[INFO] [stdout] warning: unused imports: `Edge` and `Graph`
[INFO] [stdout]  --> src/algorithms/dfs.rs:7:13
[INFO] [stdout]   |
[INFO] [stdout] 7 | use crate::{Edge, Graph, GraphInterface, NodeID};
[INFO] [stdout]   |             ^^^^  ^^^^^
[INFO] [stdout] 
[INFO] [stdout] 
[INFO] [stdout] warning: unused variable: `e`
[INFO] [stdout]   --> src/categories.rs:74:49
[INFO] [stdout]    |
[INFO] [stdout] 74 |             self.remove_edge(*edge_id).or_else(|e| Ok(()))?;
[INFO] [stdout]    |                                                 ^ help: if this is intentional, prefix it with an underscore: `_e`
[INFO] [stdout]    |
[INFO] [stdout]    = note: `#[warn(unused_variables)]` on by default
[INFO] [stdout] 
[INFO] [stdout] 
[INFO] [stderr]    Compiling fast-graph v0.1.9 (/opt/rustwide/workdir)
[INFO] [stdout] warning: unused variable: `category_name`
[INFO] [stdout]    --> src/categories.rs:218:46
[INFO] [stdout]     |
[INFO] [stdout] 218 |     fn insert_category_id_by_name(&mut self, category_name: &str, category_id: NodeID) {
[INFO] [stdout]     |                                              ^^^^^^^^^^^^^ help: if this is intentional, prefix it with an underscore: `_category_name`
[INFO] [stdout] 
[INFO] [stdout] 
[INFO] [stdout] warning: unused variable: `category_id`
[INFO] [stdout]    --> src/categories.rs:218:67
[INFO] [stdout]     |
[INFO] [stdout] 218 |     fn insert_category_id_by_name(&mut self, category_name: &str, category_id: NodeID) {
[INFO] [stdout]     |                                                                   ^^^^^^^^^^^ help: if this is intentional, prefix it with an underscore: `_category_id`
[INFO] [stdout] 
[INFO] [stdout] 
[INFO] [stdout] warning: unused import: `hashbrown::HashSet`
[INFO] [stdout]   --> src/categories.rs:37:5
[INFO] [stdout]    |
[INFO] [stdout] 37 | use hashbrown::HashSet;
[INFO] [stdout]    |     ^^^^^^^^^^^^^^^^^^
[INFO] [stdout]    |
[INFO] [stdout]    = note: `#[warn(unused_imports)]` on by default
[INFO] [stdout] 
[INFO] [stdout] 
[INFO] [stdout] warning: unused import: `thiserror::Error`
[INFO] [stdout]   --> src/categories.rs:44:5
[INFO] [stdout]    |
[INFO] [stdout] 44 | use thiserror::Error;
[INFO] [stdout]    |     ^^^^^^^^^^^^^^^^
[INFO] [stdout] 
[INFO] [stdout] 
[INFO] [stdout] warning: unused import: `Edge`
[INFO] [stdout]  --> src/algorithms/dfs.rs:7:13
[INFO] [stdout]   |
[INFO] [stdout] 7 | use crate::{Edge, Graph, GraphInterface, NodeID};
[INFO] [stdout]   |             ^^^^
[INFO] [stdout] 
[INFO] [stdout] 
[INFO] [stdout] warning: unused import: `slotmap::KeyData`
[INFO] [stdout]  --> src/./tests.rs:4:5
[INFO] [stdout]   |
[INFO] [stdout] 4 | use slotmap::KeyData;
[INFO] [stdout]   |     ^^^^^^^^^^^^^^^^
[INFO] [stdout] 
[INFO] [stdout] 
[INFO] [stdout] warning: unused variable: `e`
[INFO] [stdout]   --> src/categories.rs:74:49
[INFO] [stdout]    |
[INFO] [stdout] 74 |             self.remove_edge(*edge_id).or_else(|e| Ok(()))?;
[INFO] [stdout]    |                                                 ^ help: if this is intentional, prefix it with an underscore: `_e`
[INFO] [stdout]    |
[INFO] [stdout]    = note: `#[warn(unused_variables)]` on by default
[INFO] [stdout] 
[INFO] [stdout] 
[INFO] [stdout] warning: unused variable: `category_name`
[INFO] [stdout]    --> src/categories.rs:218:46
[INFO] [stdout]     |
[INFO] [stdout] 218 |     fn insert_category_id_by_name(&mut self, category_name: &str, category_id: NodeID) {
[INFO] [stdout]     |                                              ^^^^^^^^^^^^^ help: if this is intentional, prefix it with an underscore: `_category_name`
[INFO] [stdout] 
[INFO] [stdout] 
[INFO] [stdout] warning: unused variable: `category_id`
[INFO] [stdout]    --> src/categories.rs:218:67
[INFO] [stdout]     |
[INFO] [stdout] 218 |     fn insert_category_id_by_name(&mut self, category_name: &str, category_id: NodeID) {
[INFO] [stdout]     |                                                                   ^^^^^^^^^^^ help: if this is intentional, prefix it with an underscore: `_category_id`
[INFO] [stdout] 
[INFO] [stdout] 
[INFO] [stdout] warning: unused variable: `category2`
[INFO] [stdout]    --> src/./tests.rs:129:9
[INFO] [stdout]     |
[INFO] [stdout] 129 |     let category2 = graph.add_to_category("Category 2", vec![node3]);
[INFO] [stdout]     |         ^^^^^^^^^ help: if this is intentional, prefix it with an underscore: `_category2`
[INFO] [stdout] 
[INFO] [stdout] 
[INFO] [stdout] warning: fields `category` and `nodes` are never read
[INFO] [stdout]   --> src/./tests.rs:18:9
[INFO] [stdout]    |
[INFO] [stdout] 17 |     struct CategoryNode {
[INFO] [stdout]    |            ------------ fields in this struct
[INFO] [stdout] 18 |         category: &'static str,
[INFO] [stdout]    |         ^^^^^^^^
[INFO] [stdout] 19 |         nodes: Vec<NodeID>,
[INFO] [stdout]    |         ^^^^^
[INFO] [stdout]    |
[INFO] [stdout]    = note: `CategoryNode` has derived impls for the traits `Debug` and `Clone`, but these are intentionally ignored during dead code analysis
[INFO] [stdout]    = note: `#[warn(dead_code)]` on by default
[INFO] [stdout] 
[INFO] [stdout] 
[INFO] [stdout] warning: field `0` is never read
[INFO] [stdout]   --> src/./tests.rs:26:16
[INFO] [stdout]    |
[INFO] [stdout] 26 |         String(String),
[INFO] [stdout]    |         ------ ^^^^^^
[INFO] [stdout]    |         |
[INFO] [stdout]    |         field in this variant
[INFO] [stdout]    |
[INFO] [stdout]    = note: `NodeData` has derived impls for the traits `Debug` and `Clone`, but these are intentionally ignored during dead code analysis
[INFO] [stdout] help: consider changing the field to be of unit type to suppress this warning while preserving the field numbering, or remove the field
[INFO] [stdout]    |
[INFO] [stdout] 26 |         String(()),
[INFO] [stdout]    |                ~~
[INFO] [stdout] 
[INFO] [stdout] 
[INFO] [stdout] warning: field `0` is never read
[INFO] [stdout]   --> src/./tests.rs:29:15
[INFO] [stdout]    |
[INFO] [stdout] 29 |         Int64(i64),
[INFO] [stdout]    |         ----- ^^^
[INFO] [stdout]    |         |
[INFO] [stdout]    |         field in this variant
[INFO] [stdout]    |
[INFO] [stdout]    = note: `NodeData` has derived impls for the traits `Debug` and `Clone`, but these are intentionally ignored during dead code analysis
[INFO] [stdout] help: consider changing the field to be of unit type to suppress this warning while preserving the field numbering, or remove the field
[INFO] [stdout]    |
[INFO] [stdout] 29 |         Int64(()),
[INFO] [stdout]    |               ~~
[INFO] [stdout] 
[INFO] [stdout] 
[INFO] [stdout] warning: variants `HashMap` and `Int` are never constructed
[INFO] [stdout]   --> src/./tests.rs:27:9
[INFO] [stdout]    |
[INFO] [stdout] 24 |     enum NodeData {
[INFO] [stdout]    |          -------- variants in this enum
[INFO] [stdout] ...
[INFO] [stdout] 27 |         HashMap(HashMap<String, String>),
[INFO] [stdout]    |         ^^^^^^^
[INFO] [stdout] 28 |         Int(i32),
[INFO] [stdout]    |         ^^^
[INFO] [stdout]    |
[INFO] [stdout]    = note: `NodeData` has derived impls for the traits `Debug` and `Clone`, but these are intentionally ignored during dead code analysis
[INFO] [stdout] 
[INFO] [stdout] 
[INFO] [stdout] warning: field `0` is never read
[INFO] [stdout]   --> src/./tests.rs:34:21
[INFO] [stdout]    |
[INFO] [stdout] 34 |     struct EdgeData(&'static str);
[INFO] [stdout]    |            -------- ^^^^^^^^^^^^
[INFO] [stdout]    |            |
[INFO] [stdout]    |            field in this struct
[INFO] [stdout]    |
[INFO] [stdout]    = help: consider removing this field
[INFO] [stdout]    = note: `EdgeData` has derived impls for the traits `Debug` and `Clone`, but these are intentionally ignored during dead code analysis
[INFO] [stdout] 
[INFO] [stdout] 
[INFO] [stdout] warning: field `0` is never read
[INFO] [stdout]   --> src/./tests.rs:75:16
[INFO] [stdout]    |
[INFO] [stdout] 75 |         String(String),
[INFO] [stdout]    |         ------ ^^^^^^
[INFO] [stdout]    |         |
[INFO] [stdout]    |         field in this variant
[INFO] [stdout]    |
[INFO] [stdout]    = note: `NodeData` has derived impls for the traits `Debug` and `Clone`, but these are intentionally ignored during dead code analysis
[INFO] [stdout] help: consider changing the field to be of unit type to suppress this warning while preserving the field numbering, or remove the field
[INFO] [stdout]    |
[INFO] [stdout] 75 |         String(()),
[INFO] [stdout]    |                ~~
[INFO] [stdout] 
[INFO] [stdout] 
[INFO] [stderr]     Finished `test` profile [unoptimized + debuginfo] target(s) in 1.44s
[INFO] running `Command { std: "docker" "inspect" "241f91cbc37f51b6f45d5d15934e97dba26c9073bb65a17485246c234d02c161", kill_on_drop: false }`
[INFO] running `Command { std: "docker" "rm" "-f" "241f91cbc37f51b6f45d5d15934e97dba26c9073bb65a17485246c234d02c161", kill_on_drop: false }`
[INFO] [stdout] 241f91cbc37f51b6f45d5d15934e97dba26c9073bb65a17485246c234d02c161
[INFO] running `Command { std: "docker" "create" "-v" "/var/lib/crater-agent-workspace/builds/worker-4-tc2/target:/opt/rustwide/target:rw,Z" "-v" "/var/lib/crater-agent-workspace/builds/worker-4-tc2/source:/opt/rustwide/workdir:ro,Z" "-v" "/var/lib/crater-agent-workspace/cargo-home:/opt/rustwide/cargo-home:ro,Z" "-v" "/var/lib/crater-agent-workspace/rustup-home:/opt/rustwide/rustup-home:ro,Z" "-e" "SOURCE_DIR=/opt/rustwide/workdir" "-e" "CARGO_TARGET_DIR=/opt/rustwide/target" "-e" "CARGO_INCREMENTAL=0" "-e" "RUST_BACKTRACE=full" "-e" "RUSTFLAGS=--cap-lints=warn" "-e" "RUSTDOCFLAGS=--cap-lints=warn" "-e" "CARGO_HOME=/opt/rustwide/cargo-home" "-e" "RUSTUP_HOME=/opt/rustwide/rustup-home" "-w" "/opt/rustwide/workdir" "-m" "1610612736" "--user" "0:0" "--network" "none" "ghcr.io/rust-lang/crates-build-env/linux@sha256:f3a9d4ad9d972b27faf3965f35b62e55ba32bbce8f20bc8fe909558a86702fde" "/opt/rustwide/cargo-home/bin/cargo" "+beta-2024-12-08" "test" "--frozen", kill_on_drop: false }`
[INFO] [stdout] efbed120f222e74c2671f94cec2c7f3becc5322d0fe7bbf0cc03f11c918a2742
[INFO] running `Command { std: "docker" "start" "-a" "efbed120f222e74c2671f94cec2c7f3becc5322d0fe7bbf0cc03f11c918a2742", kill_on_drop: false }`
[INFO] [stderr] warning: unused import: `hashbrown::HashSet`
[INFO] [stderr]   --> src/categories.rs:37:5
[INFO] [stderr]    |
[INFO] [stderr] 37 | use hashbrown::HashSet;
[INFO] [stderr]    |     ^^^^^^^^^^^^^^^^^^
[INFO] [stderr]    |
[INFO] [stderr]    = note: `#[warn(unused_imports)]` on by default
[INFO] [stderr] 
[INFO] [stderr] warning: unused import: `thiserror::Error`
[INFO] [stderr]   --> src/categories.rs:44:5
[INFO] [stderr]    |
[INFO] [stderr] 44 | use thiserror::Error;
[INFO] [stderr]    |     ^^^^^^^^^^^^^^^^
[INFO] [stderr] 
[INFO] [stderr] warning: unused imports: `Edge` and `Graph`
[INFO] [stderr]  --> src/algorithms/dfs.rs:7:13
[INFO] [stderr]   |
[INFO] [stderr] 7 | use crate::{Edge, Graph, GraphInterface, NodeID};
[INFO] [stderr]   |             ^^^^  ^^^^^
[INFO] [stderr] 
[INFO] [stderr] warning: unused variable: `e`
[INFO] [stderr]   --> src/categories.rs:74:49
[INFO] [stderr]    |
[INFO] [stderr] 74 |             self.remove_edge(*edge_id).or_else(|e| Ok(()))?;
[INFO] [stderr]    |                                                 ^ help: if this is intentional, prefix it with an underscore: `_e`
[INFO] [stderr]    |
[INFO] [stderr]    = note: `#[warn(unused_variables)]` on by default
[INFO] [stderr] 
[INFO] [stderr] warning: unused variable: `category_name`
[INFO] [stderr]    --> src/categories.rs:218:46
[INFO] [stderr]     |
[INFO] [stderr] 218 |     fn insert_category_id_by_name(&mut self, category_name: &str, category_id: NodeID) {
[INFO] [stderr]     |                                              ^^^^^^^^^^^^^ help: if this is intentional, prefix it with an underscore: `_category_name`
[INFO] [stderr] 
[INFO] [stderr] warning: unused variable: `category_id`
[INFO] [stderr]    --> src/categories.rs:218:67
[INFO] [stderr]     |
[INFO] [stderr] 218 |     fn insert_category_id_by_name(&mut self, category_name: &str, category_id: NodeID) {
[INFO] [stderr]     |                                                                   ^^^^^^^^^^^ help: if this is intentional, prefix it with an underscore: `_category_id`
[INFO] [stderr] 
[INFO] [stderr] warning: unused import: `Edge`
[INFO] [stderr]  --> src/algorithms/dfs.rs:7:13
[INFO] [stderr]   |
[INFO] [stderr] 7 | use crate::{Edge, Graph, GraphInterface, NodeID};
[INFO] [stderr]   |             ^^^^
[INFO] [stderr] 
[INFO] [stderr] warning: unused import: `slotmap::KeyData`
[INFO] [stderr]  --> src/./tests.rs:4:5
[INFO] [stderr]   |
[INFO] [stderr] 4 | use slotmap::KeyData;
[INFO] [stderr]   |     ^^^^^^^^^^^^^^^^
[INFO] [stderr] 
[INFO] [stderr] warning: unused variable: `category2`
[INFO] [stderr]    --> src/./tests.rs:129:9
[INFO] [stderr]     |
[INFO] [stderr] 129 |     let category2 = graph.add_to_category("Category 2", vec![node3]);
[INFO] [stderr]     |         ^^^^^^^^^ help: if this is intentional, prefix it with an underscore: `_category2`
[INFO] [stderr] 
[INFO] [stderr] warning: fields `category` and `nodes` are never read
[INFO] [stderr]   --> src/./tests.rs:18:9
[INFO] [stderr]    |
[INFO] [stderr] 17 |     struct CategoryNode {
[INFO] [stderr]    |            ------------ fields in this struct
[INFO] [stderr] 18 |         category: &'static str,
[INFO] [stderr]    |         ^^^^^^^^
[INFO] [stderr] 19 |         nodes: Vec<NodeID>,
[INFO] [stderr]    |         ^^^^^
[INFO] [stderr]    |
[INFO] [stderr]    = note: `CategoryNode` has derived impls for the traits `Debug` and `Clone`, but these are intentionally ignored during dead code analysis
[INFO] [stderr]    = note: `#[warn(dead_code)]` on by default
[INFO] [stderr] 
[INFO] [stderr] warning: field `0` is never read
[INFO] [stderr]   --> src/./tests.rs:26:16
[INFO] [stderr]    |
[INFO] [stderr] 26 |         String(String),
[INFO] [stderr]    |         ------ ^^^^^^
[INFO] [stderr]    |         |
[INFO] [stderr]    |         field in this variant
[INFO] [stderr]    |
[INFO] [stderr]    = note: `NodeData` has derived impls for the traits `Debug` and `Clone`, but these are intentionally ignored during dead code analysis
[INFO] [stderr] help: consider changing the field to be of unit type to suppress this warning while preserving the field numbering, or remove the field
[INFO] [stderr]    |
[INFO] [stderr] 26 |         String(()),
[INFO] [stderr]    |                ~~
[INFO] [stderr] 
[INFO] [stderr] warning: field `0` is never read
[INFO] [stderr]   --> src/./tests.rs:29:15
[INFO] [stderr]    |
[INFO] [stderr] 29 |         Int64(i64),
[INFO] [stderr]    |         ----- ^^^
[INFO] [stderr]    |         |
[INFO] [stderr]    |         field in this variant
[INFO] [stderr]    |
[INFO] [stderr]    = note: `NodeData` has derived impls for the traits `Debug` and `Clone`, but these are intentionally ignored during dead code analysis
[INFO] [stderr] help: consider changing the field to be of unit type to suppress this warning while preserving the field numbering, or remove the field
[INFO] [stderr]    |
[INFO] [stderr] 29 |         Int64(()),
[INFO] [stderr]    |               ~~
[INFO] [stderr] 
[INFO] [stderr] warning: variants `HashMap` and `Int` are never constructed
[INFO] [stderr]   --> src/./tests.rs:27:9
[INFO] [stderr]    |
[INFO] [stderr] 24 |     enum NodeData {
[INFO] [stderr]    |          -------- variants in this enum
[INFO] [stderr] ...
[INFO] [stderr] 27 |         HashMap(HashMap<String, String>),
[INFO] [stderr]    |         ^^^^^^^
[INFO] [stderr] 28 |         Int(i32),
[INFO] [stderr]    |         ^^^
[INFO] [stderr]    |
[INFO] [stderr]    = note: `NodeData` has derived impls for the traits `Debug` and `Clone`, but these are intentionally ignored during dead code analysis
[INFO] [stderr] 
[INFO] [stderr] warning: field `0` is never read
[INFO] [stderr]   --> src/./tests.rs:34:21
[INFO] [stderr]    |
[INFO] [stderr] 34 |     struct EdgeData(&'static str);
[INFO] [stderr]    |            -------- ^^^^^^^^^^^^
[INFO] [stderr]    |            |
[INFO] [stderr]    |            field in this struct
[INFO] [stderr]    |
[INFO] [stderr]    = help: consider removing this field
[INFO] [stderr]    = note: `EdgeData` has derived impls for the traits `Debug` and `Clone`, but these are intentionally ignored during dead code analysis
[INFO] [stderr] 
[INFO] [stderr] warning: field `0` is never read
[INFO] [stderr]   --> src/./tests.rs:75:16
[INFO] [stderr]    |
[INFO] [stderr] 75 |         String(String),
[INFO] [stderr]    |         ------ ^^^^^^
[INFO] [stderr]    |         |
[INFO] [stderr]    |         field in this variant
[INFO] [stderr]    |
[INFO] [stderr]    = note: `NodeData` has derived impls for the traits `Debug` and `Clone`, but these are intentionally ignored during dead code analysis
[INFO] [stderr] help: consider changing the field to be of unit type to suppress this warning while preserving the field numbering, or remove the field
[INFO] [stderr]    |
[INFO] [stderr] 75 |         String(()),
[INFO] [stderr]    |                ~~
[INFO] [stderr] 
[INFO] [stderr] warning: `fast-graph` (lib) generated 6 warnings (run `cargo fix --lib -p fast-graph` to apply 3 suggestions)
[INFO] [stderr] warning: `fast-graph` (lib test) generated 14 warnings (5 duplicates) (run `cargo fix --lib -p fast-graph --tests` to apply 2 suggestions)
[INFO] [stderr]     Finished `test` profile [unoptimized + debuginfo] target(s) in 0.15s
[INFO] [stderr]      Running unittests src/lib.rs (/opt/rustwide/target/debug/deps/fast_graph-b0a63fbe43eb0be9)
[INFO] [stdout] 
[INFO] [stdout] running 5 tests
[INFO] [stdout] test algorithms::dfs::tests::test_dfs_iter ... ok
[INFO] [stdout] test algorithms::dfs::tests::test_dfs_connected_components ... ok
[INFO] [stdout] test tests::test_graph_basics ... ok
[INFO] [stdout] test tests::test_graph_categories ... ok
[INFO] [stdout] test tests::test_graph_syntax_sugar ... ok
[INFO] [stdout] 
[INFO] [stdout] test result: ok. 5 passed; 0 failed; 0 ignored; 0 measured; 0 filtered out; finished in 0.00s
[INFO] [stdout] 
[INFO] [stderr]    Doc-tests fast_graph
[INFO] [stdout] 
[INFO] [stdout] running 4 tests
[INFO] [stdout] test src/categories.rs - categories (line 9) ... FAILED
[INFO] [stdout] test src/lib.rs - (line 47) ... FAILED
[INFO] [stdout] test src/lib.rs - (line 79) ... FAILED
[INFO] [stdout] test src/lib.rs - Graph (line 178) ... FAILED
[INFO] [stdout] 
[INFO] [stdout] failures:
[INFO] [stdout] 
[INFO] [stdout] ---- src/categories.rs - categories (line 9) stdout ----
[INFO] [stdout] rustc-LLVM ERROR: IO failure on output stream: No space left on device
[INFO] [stdout] Couldn't compile the test.
[INFO] [stdout] ---- src/lib.rs - (line 47) stdout ----
[INFO] [stdout] error: linking with `cc` failed: exit status: 1
[INFO] [stdout]   |
[INFO] [stdout]   = note: LC_ALL="C" PATH="/opt/rustwide/rustup-home/toolchains/beta-2024-12-08-x86_64-unknown-linux-gnu/lib/rustlib/x86_64-unknown-linux-gnu/bin:/opt/rustwide/cargo-home/bin:/usr/local/sbin:/usr/local/bin:/usr/sbin:/usr/bin:/sbin:/bin" VSLANG="1033" "cc" "-m64" "/tmp/rustcE6SxpN/symbols.o" "/tmp/rustdoctestpXpa0a/rust_out.rust_out.9242fac72db2cd11-cgu.0.rcgu.o" "/tmp/rustdoctestpXpa0a/rust_out.2hl2tb9xdtge7mguxzn2q1kvi.rcgu.o" "-Wl,--as-needed" "-Wl,-Bstatic" "/opt/rustwide/target/debug/deps/libfast_graph-626a9ec31b2031df.rlib" "/opt/rustwide/target/debug/deps/libhashbrown-7ae5ff4567433687.rlib" "/opt/rustwide/target/debug/deps/libahash-e11b04768cc7e998.rlib" "/opt/rustwide/target/debug/deps/libonce_cell-e8dd356c4f9e5246.rlib" "/opt/rustwide/target/debug/deps/libcfg_if-a3e7e701fcd1f47b.rlib" "/opt/rustwide/target/debug/deps/libzerocopy-7d07cba449ed1a54.rlib" "/opt/rustwide/target/debug/deps/libserde-0fd87c9e2f473807.rlib" "/opt/rustwide/target/debug/deps/liballocator_api2-9346df930c30ea4a.rlib" "/opt/rustwide/target/debug/deps/libthiserror-40aa8b9d4b5e848a.rlib" "/opt/rustwide/target/debug/deps/libslotmap-75ce03a2f4545633.rlib" "/opt/rustwide/rustup-home/toolchains/beta-2024-12-08-x86_64-unknown-linux-gnu/lib/rustlib/x86_64-unknown-linux-gnu/lib/libstd-02dc84f49135b6b8.rlib" "/opt/rustwide/rustup-home/toolchains/beta-2024-12-08-x86_64-unknown-linux-gnu/lib/rustlib/x86_64-unknown-linux-gnu/lib/libpanic_unwind-a8f45b397fae3f81.rlib" "/opt/rustwide/rustup-home/toolchains/beta-2024-12-08-x86_64-unknown-linux-gnu/lib/rustlib/x86_64-unknown-linux-gnu/lib/libobject-089607133c180609.rlib" "/opt/rustwide/rustup-home/toolchains/beta-2024-12-08-x86_64-unknown-linux-gnu/lib/rustlib/x86_64-unknown-linux-gnu/lib/libmemchr-fc89f091bcd86cbb.rlib" "/opt/rustwide/rustup-home/toolchains/beta-2024-12-08-x86_64-unknown-linux-gnu/lib/rustlib/x86_64-unknown-linux-gnu/lib/libaddr2line-5a60949f01c7340c.rlib" "/opt/rustwide/rustup-home/toolchains/beta-2024-12-08-x86_64-unknown-linux-gnu/lib/rustlib/x86_64-unknown-linux-gnu/lib/libgimli-d29e6a55ca253c8c.rlib" "/opt/rustwide/rustup-home/toolchains/beta-2024-12-08-x86_64-unknown-linux-gnu/lib/rustlib/x86_64-unknown-linux-gnu/lib/librustc_demangle-273c078d5f65de7a.rlib" "/opt/rustwide/rustup-home/toolchains/beta-2024-12-08-x86_64-unknown-linux-gnu/lib/rustlib/x86_64-unknown-linux-gnu/lib/libstd_detect-413c950ffbdd4454.rlib" "/opt/rustwide/rustup-home/toolchains/beta-2024-12-08-x86_64-unknown-linux-gnu/lib/rustlib/x86_64-unknown-linux-gnu/lib/libhashbrown-1853c0976a1d88a6.rlib" "/opt/rustwide/rustup-home/toolchains/beta-2024-12-08-x86_64-unknown-linux-gnu/lib/rustlib/x86_64-unknown-linux-gnu/lib/librustc_std_workspace_alloc-ccb3384ddacb0f9e.rlib" "/opt/rustwide/rustup-home/toolchains/beta-2024-12-08-x86_64-unknown-linux-gnu/lib/rustlib/x86_64-unknown-linux-gnu/lib/libminiz_oxide-0b901dfb0ca849e0.rlib" "/opt/rustwide/rustup-home/toolchains/beta-2024-12-08-x86_64-unknown-linux-gnu/lib/rustlib/x86_64-unknown-linux-gnu/lib/libadler-eebeb8d7c64543ad.rlib" "/opt/rustwide/rustup-home/toolchains/beta-2024-12-08-x86_64-unknown-linux-gnu/lib/rustlib/x86_64-unknown-linux-gnu/lib/libunwind-4723ef81d6079867.rlib" "/opt/rustwide/rustup-home/toolchains/beta-2024-12-08-x86_64-unknown-linux-gnu/lib/rustlib/x86_64-unknown-linux-gnu/lib/libcfg_if-54442f8b422f5a54.rlib" "/opt/rustwide/rustup-home/toolchains/beta-2024-12-08-x86_64-unknown-linux-gnu/lib/rustlib/x86_64-unknown-linux-gnu/lib/liblibc-e0bbe034b5282553.rlib" "/opt/rustwide/rustup-home/toolchains/beta-2024-12-08-x86_64-unknown-linux-gnu/lib/rustlib/x86_64-unknown-linux-gnu/lib/liballoc-d0febb68c1c37b90.rlib" "/opt/rustwide/rustup-home/toolchains/beta-2024-12-08-x86_64-unknown-linux-gnu/lib/rustlib/x86_64-unknown-linux-gnu/lib/librustc_std_workspace_core-4cf833632aafa84c.rlib" "/opt/rustwide/rustup-home/toolchains/beta-2024-12-08-x86_64-unknown-linux-gnu/lib/rustlib/x86_64-unknown-linux-gnu/lib/libcore-65c2c6d2d6ae570b.rlib" "/opt/rustwide/rustup-home/toolchains/beta-2024-12-08-x86_64-unknown-linux-gnu/lib/rustlib/x86_64-unknown-linux-gnu/lib/libcompiler_builtins-97929cee0dcfe424.rlib" "-Wl,-Bdynamic" "-lgcc_s" "-lutil" "-lrt" "-lpthread" "-lm" "-ldl" "-lc" "-Wl,--eh-frame-hdr" "-Wl,-z,noexecstack" "-L" "/opt/rustwide/rustup-home/toolchains/beta-2024-12-08-x86_64-unknown-linux-gnu/lib/rustlib/x86_64-unknown-linux-gnu/lib" "-o" "/tmp/rustdoctestpXpa0a/rust_out" "-Wl,--gc-sections" "-pie" "-Wl,-z,relro,-z,now" "-nodefaultlibs"
[INFO] [stdout]   = note: /usr/bin/ld: final link failed: No space left on device
[INFO] [stdout]           collect2: error: ld returned 1 exit status
[INFO] [stdout]           
[INFO] [stdout] 
[INFO] [stdout] error: aborting due to 1 previous error
[INFO] [stdout] 
[INFO] [stdout] Couldn't compile the test.
[INFO] [stdout] ---- src/lib.rs - (line 79) stdout ----
[INFO] [stdout] rustc-LLVM ERROR: IO failure on output stream: No space left on device
[INFO] [stdout] Couldn't compile the test.
[INFO] [stdout] ---- src/lib.rs - Graph (line 178) stdout ----
[INFO] [stdout] error: linking with `cc` failed: exit status: 1
[INFO] [stdout]   |
[INFO] [stdout]   = note: LC_ALL="C" PATH="/opt/rustwide/rustup-home/toolchains/beta-2024-12-08-x86_64-unknown-linux-gnu/lib/rustlib/x86_64-unknown-linux-gnu/bin:/opt/rustwide/cargo-home/bin:/usr/local/sbin:/usr/local/bin:/usr/sbin:/usr/bin:/sbin:/bin" VSLANG="1033" "cc" "-m64" "/tmp/rustcWdMXtu/symbols.o" "/tmp/rustdoctestwTQ9pM/rust_out.rust_out.9242fac72db2cd11-cgu.0.rcgu.o" "/tmp/rustdoctestwTQ9pM/rust_out.2hl2tb9xdtge7mguxzn2q1kvi.rcgu.o" "-Wl,--as-needed" "-Wl,-Bstatic" "/opt/rustwide/target/debug/deps/libfast_graph-626a9ec31b2031df.rlib" "/opt/rustwide/target/debug/deps/libhashbrown-7ae5ff4567433687.rlib" "/opt/rustwide/target/debug/deps/libahash-e11b04768cc7e998.rlib" "/opt/rustwide/target/debug/deps/libonce_cell-e8dd356c4f9e5246.rlib" "/opt/rustwide/target/debug/deps/libcfg_if-a3e7e701fcd1f47b.rlib" "/opt/rustwide/target/debug/deps/libzerocopy-7d07cba449ed1a54.rlib" "/opt/rustwide/target/debug/deps/libserde-0fd87c9e2f473807.rlib" "/opt/rustwide/target/debug/deps/liballocator_api2-9346df930c30ea4a.rlib" "/opt/rustwide/target/debug/deps/libthiserror-40aa8b9d4b5e848a.rlib" "/opt/rustwide/target/debug/deps/libslotmap-75ce03a2f4545633.rlib" "/opt/rustwide/rustup-home/toolchains/beta-2024-12-08-x86_64-unknown-linux-gnu/lib/rustlib/x86_64-unknown-linux-gnu/lib/libstd-02dc84f49135b6b8.rlib" "/opt/rustwide/rustup-home/toolchains/beta-2024-12-08-x86_64-unknown-linux-gnu/lib/rustlib/x86_64-unknown-linux-gnu/lib/libpanic_unwind-a8f45b397fae3f81.rlib" "/opt/rustwide/rustup-home/toolchains/beta-2024-12-08-x86_64-unknown-linux-gnu/lib/rustlib/x86_64-unknown-linux-gnu/lib/libobject-089607133c180609.rlib" "/opt/rustwide/rustup-home/toolchains/beta-2024-12-08-x86_64-unknown-linux-gnu/lib/rustlib/x86_64-unknown-linux-gnu/lib/libmemchr-fc89f091bcd86cbb.rlib" "/opt/rustwide/rustup-home/toolchains/beta-2024-12-08-x86_64-unknown-linux-gnu/lib/rustlib/x86_64-unknown-linux-gnu/lib/libaddr2line-5a60949f01c7340c.rlib" "/opt/rustwide/rustup-home/toolchains/beta-2024-12-08-x86_64-unknown-linux-gnu/lib/rustlib/x86_64-unknown-linux-gnu/lib/libgimli-d29e6a55ca253c8c.rlib" "/opt/rustwide/rustup-home/toolchains/beta-2024-12-08-x86_64-unknown-linux-gnu/lib/rustlib/x86_64-unknown-linux-gnu/lib/librustc_demangle-273c078d5f65de7a.rlib" "/opt/rustwide/rustup-home/toolchains/beta-2024-12-08-x86_64-unknown-linux-gnu/lib/rustlib/x86_64-unknown-linux-gnu/lib/libstd_detect-413c950ffbdd4454.rlib" "/opt/rustwide/rustup-home/toolchains/beta-2024-12-08-x86_64-unknown-linux-gnu/lib/rustlib/x86_64-unknown-linux-gnu/lib/libhashbrown-1853c0976a1d88a6.rlib" "/opt/rustwide/rustup-home/toolchains/beta-2024-12-08-x86_64-unknown-linux-gnu/lib/rustlib/x86_64-unknown-linux-gnu/lib/librustc_std_workspace_alloc-ccb3384ddacb0f9e.rlib" "/opt/rustwide/rustup-home/toolchains/beta-2024-12-08-x86_64-unknown-linux-gnu/lib/rustlib/x86_64-unknown-linux-gnu/lib/libminiz_oxide-0b901dfb0ca849e0.rlib" "/opt/rustwide/rustup-home/toolchains/beta-2024-12-08-x86_64-unknown-linux-gnu/lib/rustlib/x86_64-unknown-linux-gnu/lib/libadler-eebeb8d7c64543ad.rlib" "/opt/rustwide/rustup-home/toolchains/beta-2024-12-08-x86_64-unknown-linux-gnu/lib/rustlib/x86_64-unknown-linux-gnu/lib/libunwind-4723ef81d6079867.rlib" "/opt/rustwide/rustup-home/toolchains/beta-2024-12-08-x86_64-unknown-linux-gnu/lib/rustlib/x86_64-unknown-linux-gnu/lib/libcfg_if-54442f8b422f5a54.rlib" "/opt/rustwide/rustup-home/toolchains/beta-2024-12-08-x86_64-unknown-linux-gnu/lib/rustlib/x86_64-unknown-linux-gnu/lib/liblibc-e0bbe034b5282553.rlib" "/opt/rustwide/rustup-home/toolchains/beta-2024-12-08-x86_64-unknown-linux-gnu/lib/rustlib/x86_64-unknown-linux-gnu/lib/liballoc-d0febb68c1c37b90.rlib" "/opt/rustwide/rustup-home/toolchains/beta-2024-12-08-x86_64-unknown-linux-gnu/lib/rustlib/x86_64-unknown-linux-gnu/lib/librustc_std_workspace_core-4cf833632aafa84c.rlib" "/opt/rustwide/rustup-home/toolchains/beta-2024-12-08-x86_64-unknown-linux-gnu/lib/rustlib/x86_64-unknown-linux-gnu/lib/libcore-65c2c6d2d6ae570b.rlib" "/opt/rustwide/rustup-home/toolchains/beta-2024-12-08-x86_64-unknown-linux-gnu/lib/rustlib/x86_64-unknown-linux-gnu/lib/libcompiler_builtins-97929cee0dcfe424.rlib" "-Wl,-Bdynamic" "-lgcc_s" "-lutil" "-lrt" "-lpthread" "-lm" "-ldl" "-lc" "-Wl,--eh-frame-hdr" "-Wl,-z,noexecstack" "-L" "/opt/rustwide/rustup-home/toolchains/beta-2024-12-08-x86_64-unknown-linux-gnu/lib/rustlib/x86_64-unknown-linux-gnu/lib" "-o" "/tmp/rustdoctestwTQ9pM/rust_out" "-Wl,--gc-sections" "-pie" "-Wl,-z,relro,-z,now" "-nodefaultlibs"
[INFO] [stdout]   = note: /usr/bin/ld: final link failed: No space left on device
[INFO] [stdout]           collect2: error: ld returned 1 exit status
[INFO] [stdout]           
[INFO] [stdout] 
[INFO] [stdout] error: aborting due to 1 previous error
[INFO] [stdout] 
[INFO] [stdout] Couldn't compile the test.
[INFO] [stdout] 
[INFO] [stdout] failures:
[INFO] [stdout]     src/categories.rs - categories (line 9)
[INFO] [stdout]     src/lib.rs - (line 47)
[INFO] [stdout]     src/lib.rs - (line 79)
[INFO] [stdout]     src/lib.rs - Graph (line 178)
[INFO] [stdout] 
[INFO] [stdout] test result: FAILED. 0 passed; 4 failed; 0 ignored; 0 measured; 0 filtered out; finished in 0.33s
[INFO] [stdout] 
[INFO] [stderr] error: doctest failed, to rerun pass `--doc`
[INFO] running `Command { std: "docker" "inspect" "efbed120f222e74c2671f94cec2c7f3becc5322d0fe7bbf0cc03f11c918a2742", kill_on_drop: false }`
[INFO] running `Command { std: "docker" "rm" "-f" "efbed120f222e74c2671f94cec2c7f3becc5322d0fe7bbf0cc03f11c918a2742", kill_on_drop: false }`
[INFO] [stdout] efbed120f222e74c2671f94cec2c7f3becc5322d0fe7bbf0cc03f11c918a2742
