[INFO] fetching crate faest 0.1.0...
[INFO] testing faest-0.1.0 against beta-2024-12-08 for beta-1.84.0-4-retry
[INFO] extracting crate faest 0.1.0 into /workspace/builds/worker-0-tc2/source
[INFO] validating manifest of crates.io crate faest 0.1.0 on toolchain beta-2024-12-08
[INFO] running `Command { std: CARGO_HOME="/workspace/cargo-home" RUSTUP_HOME="/workspace/rustup-home" "/workspace/cargo-home/bin/cargo" "+beta-2024-12-08" "metadata" "--manifest-path" "Cargo.toml" "--no-deps", kill_on_drop: false }`
[INFO] started tweaking crates.io crate faest 0.1.0
[INFO] removed 0 missing examples
[INFO] removed 0 missing tests
[INFO] finished tweaking crates.io crate faest 0.1.0
[INFO] tweaked toml for crates.io crate faest 0.1.0 written to /workspace/builds/worker-0-tc2/source/Cargo.toml
[INFO] crate crates.io crate faest 0.1.0 already has a lockfile, it will not be regenerated
[INFO] running `Command { std: CARGO_HOME="/workspace/cargo-home" RUSTUP_HOME="/workspace/rustup-home" "/workspace/cargo-home/bin/cargo" "+beta-2024-12-08" "fetch" "--manifest-path" "Cargo.toml", kill_on_drop: false }`
[INFO] [stderr]     Blocking waiting for file lock on package cache
[INFO] [stderr]     Blocking waiting for file lock on package cache
[INFO] running `Command { std: "docker" "create" "-v" "/var/lib/crater-agent-workspace/builds/worker-0-tc2/target:/opt/rustwide/target:rw,Z" "-v" "/var/lib/crater-agent-workspace/builds/worker-0-tc2/source:/opt/rustwide/workdir:ro,Z" "-v" "/var/lib/crater-agent-workspace/cargo-home:/opt/rustwide/cargo-home:ro,Z" "-v" "/var/lib/crater-agent-workspace/rustup-home:/opt/rustwide/rustup-home:ro,Z" "-e" "SOURCE_DIR=/opt/rustwide/workdir" "-e" "CARGO_TARGET_DIR=/opt/rustwide/target" "-e" "CARGO_HOME=/opt/rustwide/cargo-home" "-e" "RUSTUP_HOME=/opt/rustwide/rustup-home" "-w" "/opt/rustwide/workdir" "-m" "1610612736" "--user" "0:0" "--network" "none" "ghcr.io/rust-lang/crates-build-env/linux@sha256:f3a9d4ad9d972b27faf3965f35b62e55ba32bbce8f20bc8fe909558a86702fde" "/opt/rustwide/cargo-home/bin/cargo" "+beta-2024-12-08" "metadata" "--no-deps" "--format-version=1", kill_on_drop: false }`
[INFO] [stdout] 430ac93808346e112d966a21db67cb87f82ae44b52514e763fbfa80821036347
[INFO] running `Command { std: "docker" "start" "-a" "430ac93808346e112d966a21db67cb87f82ae44b52514e763fbfa80821036347", kill_on_drop: false }`
[INFO] running `Command { std: "docker" "inspect" "430ac93808346e112d966a21db67cb87f82ae44b52514e763fbfa80821036347", kill_on_drop: false }`
[INFO] running `Command { std: "docker" "rm" "-f" "430ac93808346e112d966a21db67cb87f82ae44b52514e763fbfa80821036347", kill_on_drop: false }`
[INFO] [stdout] 430ac93808346e112d966a21db67cb87f82ae44b52514e763fbfa80821036347
[INFO] running `Command { std: "docker" "create" "-v" "/var/lib/crater-agent-workspace/builds/worker-0-tc2/target:/opt/rustwide/target:rw,Z" "-v" "/var/lib/crater-agent-workspace/builds/worker-0-tc2/source:/opt/rustwide/workdir:ro,Z" "-v" "/var/lib/crater-agent-workspace/cargo-home:/opt/rustwide/cargo-home:ro,Z" "-v" "/var/lib/crater-agent-workspace/rustup-home:/opt/rustwide/rustup-home:ro,Z" "-e" "SOURCE_DIR=/opt/rustwide/workdir" "-e" "CARGO_TARGET_DIR=/opt/rustwide/target" "-e" "CARGO_INCREMENTAL=0" "-e" "RUST_BACKTRACE=full" "-e" "RUSTFLAGS=--cap-lints=warn" "-e" "RUSTDOCFLAGS=--cap-lints=warn" "-e" "CARGO_HOME=/opt/rustwide/cargo-home" "-e" "RUSTUP_HOME=/opt/rustwide/rustup-home" "-w" "/opt/rustwide/workdir" "-m" "1610612736" "--user" "0:0" "--network" "none" "ghcr.io/rust-lang/crates-build-env/linux@sha256:f3a9d4ad9d972b27faf3965f35b62e55ba32bbce8f20bc8fe909558a86702fde" "/opt/rustwide/cargo-home/bin/cargo" "+beta-2024-12-08" "build" "--frozen" "--message-format=json", kill_on_drop: false }`
[INFO] [stdout] c1e8fd2216275e87765323f9f9b6b704bf597dbc4d2dad9ae1f5061a811dbc4e
[INFO] running `Command { std: "docker" "start" "-a" "c1e8fd2216275e87765323f9f9b6b704bf597dbc4d2dad9ae1f5061a811dbc4e", kill_on_drop: false }`
[INFO] [stderr]    Compiling typenum v1.17.0
[INFO] [stderr]    Compiling version_check v0.9.5
[INFO] [stderr]    Compiling proc-macro2 v1.0.92
[INFO] [stderr]    Compiling unicode-ident v1.0.14
[INFO] [stderr]    Compiling paste v1.0.15
[INFO] [stderr]    Compiling keccak v0.1.5
[INFO] [stderr]    Compiling cpufeatures v0.2.16
[INFO] [stderr]    Compiling cfg-if v1.0.0
[INFO] [stderr]    Compiling rand_core v0.6.4
[INFO] [stderr]    Compiling either v1.13.0
[INFO] [stderr]    Compiling signature v2.2.0
[INFO] [stderr]    Compiling itertools v0.13.0
[INFO] [stderr]    Compiling generic-array v0.14.7
[INFO] [stderr]    Compiling quote v1.0.37
[INFO] [stderr]    Compiling syn v2.0.90
[INFO] [stderr]    Compiling generic-array v1.1.1
[INFO] [stderr]    Compiling crypto-common v0.1.6
[INFO] [stderr]    Compiling inout v0.1.3
[INFO] [stderr]    Compiling block-buffer v0.10.4
[INFO] [stderr]    Compiling digest v0.10.7
[INFO] [stderr]    Compiling sha3 v0.10.8
[INFO] [stderr]    Compiling zeroize_derive v1.4.2
[INFO] [stderr]    Compiling zeroize v1.8.1
[INFO] [stderr]    Compiling cipher v0.4.4
[INFO] [stderr]    Compiling aes v0.8.4
[INFO] [stderr]    Compiling ctr v0.9.2
[INFO] [stderr]    Compiling faest v0.1.0 (/opt/rustwide/workdir)
[INFO] [stderr]     Finished `dev` profile [unoptimized + debuginfo] target(s) in 39.76s
[INFO] running `Command { std: "docker" "inspect" "c1e8fd2216275e87765323f9f9b6b704bf597dbc4d2dad9ae1f5061a811dbc4e", kill_on_drop: false }`
[INFO] running `Command { std: "docker" "rm" "-f" "c1e8fd2216275e87765323f9f9b6b704bf597dbc4d2dad9ae1f5061a811dbc4e", kill_on_drop: false }`
[INFO] [stdout] c1e8fd2216275e87765323f9f9b6b704bf597dbc4d2dad9ae1f5061a811dbc4e
[INFO] running `Command { std: "docker" "create" "-v" "/var/lib/crater-agent-workspace/builds/worker-0-tc2/target:/opt/rustwide/target:rw,Z" "-v" "/var/lib/crater-agent-workspace/builds/worker-0-tc2/source:/opt/rustwide/workdir:ro,Z" "-v" "/var/lib/crater-agent-workspace/cargo-home:/opt/rustwide/cargo-home:ro,Z" "-v" "/var/lib/crater-agent-workspace/rustup-home:/opt/rustwide/rustup-home:ro,Z" "-e" "SOURCE_DIR=/opt/rustwide/workdir" "-e" "CARGO_TARGET_DIR=/opt/rustwide/target" "-e" "CARGO_INCREMENTAL=0" "-e" "RUST_BACKTRACE=full" "-e" "RUSTFLAGS=--cap-lints=warn" "-e" "RUSTDOCFLAGS=--cap-lints=warn" "-e" "CARGO_HOME=/opt/rustwide/cargo-home" "-e" "RUSTUP_HOME=/opt/rustwide/rustup-home" "-w" "/opt/rustwide/workdir" "-m" "1610612736" "--user" "0:0" "--network" "none" "ghcr.io/rust-lang/crates-build-env/linux@sha256:f3a9d4ad9d972b27faf3965f35b62e55ba32bbce8f20bc8fe909558a86702fde" "/opt/rustwide/cargo-home/bin/cargo" "+beta-2024-12-08" "test" "--frozen" "--no-run" "--message-format=json", kill_on_drop: false }`
[INFO] [stdout] 48d95f5d83080f0934fbfd82e5cd105347f753b3787ea0713010cf83bfb1d706
[INFO] running `Command { std: "docker" "start" "-a" "48d95f5d83080f0934fbfd82e5cd105347f753b3787ea0713010cf83bfb1d706", kill_on_drop: false }`
[INFO] [stderr]    Compiling libc v0.2.168
[INFO] [stderr]    Compiling crossbeam-utils v0.8.20
[INFO] [stderr]    Compiling either v1.13.0
[INFO] [stderr]    Compiling serde v1.0.216
[INFO] [stderr]    Compiling autocfg v1.4.0
[INFO] [stderr]    Compiling serde_json v1.0.133
[INFO] [stderr]    Compiling byteorder v1.5.0
[INFO] [stderr]    Compiling rayon-core v1.12.1
[INFO] [stderr]    Compiling ryu v1.0.18
[INFO] [stderr]    Compiling regex-syntax v0.8.5
[INFO] [stderr]    Compiling half v2.4.1
[INFO] [stderr]    Compiling ciborium-io v0.2.2
[INFO] [stderr]    Compiling anstyle v1.0.10
[INFO] [stderr]    Compiling syn v2.0.90
[INFO] [stderr]    Compiling itoa v1.0.14
[INFO] [stderr]    Compiling clap_lex v0.7.4
[INFO] [stderr]    Compiling plotters-backend v0.3.7
[INFO] [stderr]    Compiling memchr v2.7.4
[INFO] [stderr]    Compiling itertools v0.10.5
[INFO] [stderr]    Compiling clap_builder v4.5.23
[INFO] [stderr]    Compiling ciborium-ll v0.2.2
[INFO] [stderr]    Compiling cast v0.3.0
[INFO] [stderr]    Compiling same-file v1.0.6
[INFO] [stderr]    Compiling walkdir v2.5.0
[INFO] [stderr]    Compiling plotters-svg v0.3.7
[INFO] [stderr]    Compiling itertools v0.13.0
[INFO] [stderr]    Compiling once_cell v1.20.2
[INFO] [stderr]    Compiling oorandom v11.1.4
[INFO] [stderr]    Compiling anes v0.1.6
[INFO] [stderr]    Compiling hex v0.4.3
[INFO] [stderr]    Compiling crossbeam-epoch v0.9.18
[INFO] [stderr]    Compiling crossbeam-deque v0.8.5
[INFO] [stderr]    Compiling num-traits v0.2.19
[INFO] [stderr]    Compiling regex-automata v0.4.9
[INFO] [stderr]    Compiling criterion-plot v0.5.0
[INFO] [stderr]    Compiling rayon v1.10.0
[INFO] [stderr]    Compiling getrandom v0.2.15
[INFO] [stderr]    Compiling is-terminal v0.4.13
[INFO] [stderr]    Compiling rand_core v0.6.4
[INFO] [stderr]    Compiling plotters v0.3.7
[INFO] [stderr]    Compiling signature v2.2.0
[INFO] [stderr]    Compiling clap v4.5.23
[INFO] [stderr]    Compiling regex v1.11.1
[INFO] [stderr]    Compiling zeroize_derive v1.4.2
[INFO] [stderr]    Compiling serde_derive v1.0.216
[INFO] [stderr]    Compiling zerocopy-derive v0.7.35
[INFO] [stderr]    Compiling generic-tests v0.1.3
[INFO] [stderr]    Compiling zeroize v1.8.1
[INFO] [stderr]    Compiling cipher v0.4.4
[INFO] [stderr]    Compiling zerocopy v0.7.35
[INFO] [stderr]    Compiling ctr v0.9.2
[INFO] [stderr]    Compiling aes v0.8.4
[INFO] [stderr]    Compiling nist-pqc-seeded-rng v0.2.0
[INFO] [stderr]    Compiling faest v0.1.0 (/opt/rustwide/workdir)
[INFO] [stderr]    Compiling ppv-lite86 v0.2.20
[INFO] [stderr]    Compiling rand_chacha v0.3.1
[INFO] [stderr]    Compiling rand v0.8.5
[INFO] [stderr]    Compiling ciborium v0.2.2
[INFO] [stderr]    Compiling tinytemplate v1.2.1
[INFO] [stderr]    Compiling criterion v0.5.1
[INFO] [stderr]     Finished `test` profile [unoptimized + debuginfo] target(s) in 1m 57s
[INFO] running `Command { std: "docker" "inspect" "48d95f5d83080f0934fbfd82e5cd105347f753b3787ea0713010cf83bfb1d706", kill_on_drop: false }`
[INFO] running `Command { std: "docker" "rm" "-f" "48d95f5d83080f0934fbfd82e5cd105347f753b3787ea0713010cf83bfb1d706", kill_on_drop: false }`
[INFO] [stdout] 48d95f5d83080f0934fbfd82e5cd105347f753b3787ea0713010cf83bfb1d706
[INFO] running `Command { std: "docker" "create" "-v" "/var/lib/crater-agent-workspace/builds/worker-0-tc2/target:/opt/rustwide/target:rw,Z" "-v" "/var/lib/crater-agent-workspace/builds/worker-0-tc2/source:/opt/rustwide/workdir:ro,Z" "-v" "/var/lib/crater-agent-workspace/cargo-home:/opt/rustwide/cargo-home:ro,Z" "-v" "/var/lib/crater-agent-workspace/rustup-home:/opt/rustwide/rustup-home:ro,Z" "-e" "SOURCE_DIR=/opt/rustwide/workdir" "-e" "CARGO_TARGET_DIR=/opt/rustwide/target" "-e" "CARGO_INCREMENTAL=0" "-e" "RUST_BACKTRACE=full" "-e" "RUSTFLAGS=--cap-lints=warn" "-e" "RUSTDOCFLAGS=--cap-lints=warn" "-e" "CARGO_HOME=/opt/rustwide/cargo-home" "-e" "RUSTUP_HOME=/opt/rustwide/rustup-home" "-w" "/opt/rustwide/workdir" "-m" "1610612736" "--user" "0:0" "--network" "none" "ghcr.io/rust-lang/crates-build-env/linux@sha256:f3a9d4ad9d972b27faf3965f35b62e55ba32bbce8f20bc8fe909558a86702fde" "/opt/rustwide/cargo-home/bin/cargo" "+beta-2024-12-08" "test" "--frozen", kill_on_drop: false }`
[INFO] [stdout] f965b23f89ef1eac0fd6e77f9180f1312592d9e043d040e5ffcaf738271eb44a
[INFO] running `Command { std: "docker" "start" "-a" "f965b23f89ef1eac0fd6e77f9180f1312592d9e043d040e5ffcaf738271eb44a", kill_on_drop: false }`
[INFO] [stderr]     Finished `test` profile [unoptimized + debuginfo] target(s) in 0.10s
[INFO] [stderr]      Running unittests src/lib.rs (/opt/rustwide/target/debug/deps/faest-cab28e1eec616c23)
[INFO] [stdout] 
[INFO] [stdout] running 152 tests
[INFO] [stdout] test aes::test::aes_extended_witness_test ... ok
[INFO] [stdout] test em::test::em_prove_test ... ok
[INFO] [stdout] test em::test::em_extended_witness_test ... ok
[INFO] [stdout] test em::test::em_verify_test ... ok
[INFO] [stdout] test fields::large_fields::test::field_ops::gf128::add ... ok
[INFO] [stdout] test fields::large_fields::test::field_ops::gf128::byte_combine_constants ... ok
[INFO] [stdout] test aes::test::aes_prove_test ... ok
[INFO] [stdout] test fields::large_fields::test::field_ops::gf128::byte_combine_slice ... ok
[INFO] [stdout] test fields::large_fields::test::field_ops::gf128::byte_conversions ... ok
[INFO] [stdout] test fields::large_fields::test::field_ops::gf128::square ... ok
[INFO] [stdout] test fields::large_fields::test::field_ops::gf128::sum_poly ... ok
[INFO] [stdout] test fields::large_fields::test::field_ops::gf128::mul_bit ... ok
[INFO] [stdout] test fields::large_fields::test::field_ops::gf192::add ... ok
[INFO] [stdout] test fields::large_fields::test::field_ops::gf128::mul_64 ... ok
[INFO] [stdout] test aes::test::aes_verify_test ... ok
[INFO] [stdout] test fields::large_fields::test::field_ops::gf192::byte_combine_slice ... ok
[INFO] [stdout] test fields::large_fields::test::field_ops::gf192::byte_combine_constants ... ok
[INFO] [stdout] test fields::large_fields::test::field_ops::gf192::mul_bit ... ok
[INFO] [stdout] test fields::large_fields::test::field_ops::gf192::byte_conversions ... ok
[INFO] [stdout] test fields::large_fields::test::field_ops::gf192::mul_64 ... ok
[INFO] [stdout] test fields::large_fields::test::field_ops::gf192::square ... ok
[INFO] [stdout] test fields::large_fields::test::field_ops::gf192::sum_poly ... ok
[INFO] [stdout] test fields::large_fields::test::field_ops::gf256::byte_combine_constants ... ok
[INFO] [stdout] test fields::large_fields::test::field_ops::gf256::byte_combine_slice ... ok
[INFO] [stdout] test fields::large_fields::test::field_ops::gf256::add ... ok
[INFO] [stdout] test fields::large_fields::test::field_ops::gf256::mul_64 ... ok
[INFO] [stdout] test fields::large_fields::test::field_ops::gf256::square ... ok
[INFO] [stdout] test fields::large_fields::test::field_ops::gf256::mul_bit ... ok
[INFO] [stdout] test fields::large_fields::test::field_ops::gf256::sum_poly ... ok
[INFO] [stdout] test fields::large_fields::test::gf128_mul ... ok
[INFO] [stdout] test fields::large_fields::test::gf128_byte_combine_bits ... ok
[INFO] [stdout] test fields::large_fields::test::gf192_byte_combine ... ok
[INFO] [stdout] test fields::large_fields::test::gf192_mul ... ok
[INFO] [stdout] test fields::large_fields::test::gf192_byte_combine_bits ... ok
[INFO] [stdout] test fields::large_fields::test::field_ops::gf256::byte_conversions ... ok
[INFO] [stdout] test fields::large_fields::test::gf128_byte_combine ... ok
[INFO] [stdout] test fields::large_fields::test::gf256_test_byte_combine_bits ... ok
[INFO] [stdout] test fields::large_fields::test::gf256_byte_combine ... ok
[INFO] [stdout] test parameter::test::faest_parameters::faest_128f::tau_config ... ok
[INFO] [stdout] test parameter::test::chaldec ... ok
[INFO] [stdout] test fields::small_fields::test::gf64_test_mul ... ok
[INFO] [stdout] test parameter::test::faest_parameters::faest_128s::tau_config ... ok
[INFO] [stdout] test parameter::test::faest_parameters::faest_192f::tau_config ... ok
[INFO] [stdout] test parameter::test::faest_parameters::faest_192s::tau_config ... ok
[INFO] [stdout] test parameter::test::faest_parameters::faest_em_128f::tau_config ... ok
[INFO] [stdout] test parameter::test::faest_parameters::faest_256f::tau_config ... ok
[INFO] [stdout] test parameter::test::faest_parameters::faest_256s::tau_config ... ok
[INFO] [stdout] test parameter::test::faest_parameters::faest_em_128s::tau_config ... ok
[INFO] [stdout] test parameter::test::faest_parameters::faest_em_192f::tau_config ... ok
[INFO] [stdout] test fields::large_fields::test::gf256_mul ... ok
[INFO] [stdout] test parameter::test::faest_parameters::faest_em_192s::tau_config ... ok
[INFO] [stdout] test parameter::test::faest_parameters::faest_em_256f::tau_config ... ok
[INFO] [stdout] test parameter::test::owf_parameters::owf_128::pk_sk_size ... ok
[INFO] [stdout] test parameter::test::owf_parameters::owf_128::lambda ... ok
[INFO] [stdout] test parameter::test::owf_parameters::owf_128::owf_parameters ... ok
[INFO] [stdout] test parameter::test::faest_parameters::faest_em_256s::tau_config ... ok
[INFO] [stdout] test parameter::test::owf_parameters::owf_192::lambda ... ok
[INFO] [stdout] test parameter::test::owf_parameters::owf_192::pk_sk_size ... ok
[INFO] [stdout] test parameter::test::owf_parameters::owf_256::lambda ... ok
[INFO] [stdout] test parameter::test::owf_parameters::owf_192::owf_parameters ... ok
[INFO] [stdout] test parameter::test::owf_parameters::owf_256::pk_sk_size ... ok
[INFO] [stdout] test parameter::test::owf_parameters::owf_em_128::lambda ... ok
[INFO] [stdout] test parameter::test::owf_parameters::owf_em_128::owf_parameters ... ok
[INFO] [stdout] test parameter::test::owf_parameters::owf_em_192::lambda ... ok
[INFO] [stdout] test parameter::test::owf_parameters::owf_em_192::owf_parameters ... ok
[INFO] [stdout] test parameter::test::owf_parameters::owf_256::owf_parameters ... ok
[INFO] [stdout] test parameter::test::owf_parameters::owf_em_256::lambda ... ok
[INFO] [stdout] test parameter::test::owf_parameters::owf_em_192::pk_sk_size ... ok
[INFO] [stdout] test parameter::test::owf_parameters::owf_em_256::pk_sk_size ... ok
[INFO] [stdout] test parameter::test::owf_parameters::owf_em_256::owf_parameters ... ok
[INFO] [stdout] test prg::test::test_prg128 ... ok
[INFO] [stdout] test random_oracles::test::test_h0_128 ... ok
[INFO] [stdout] test random_oracles::test::test_h0_256 ... ok
[INFO] [stdout] test prg::test::test_prg256 ... ok
[INFO] [stdout] test random_oracles::test::test_h1_256 ... ok
[INFO] [stdout] test rijndael_32::test::rijndael_test ... ok
[INFO] [stdout] test random_oracles::test::test_h1_128 ... ok
[INFO] [stdout] test rijndael_32::test::test_rijndael256 ... ok
[INFO] [stdout] test parameter::test::owf_parameters::owf_em_128::pk_sk_size ... ok
[INFO] [stdout] test rijndael_32::test::test_rijndael192 ... ok
[INFO] [stdout] test prg::test::test_prg192 ... ok
[INFO] [stdout] test tests::faest_128f::sign_and_verify ... ok
[INFO] [stdout] test tests::faest_128f::serialize_signature ... ok
[INFO] [stdout] test faest::test::faest_em_128f::sign_and_verify ... ok
[INFO] [stdout] test tests::faest_128f::serialize_keys ... ok
[INFO] [stdout] test tests::faest_128f::randomized_sign_and_verify ... ok
[INFO] [stdout] test faest::test::faest_128f::sign_and_verify ... ok
[INFO] [stdout] test faest::test::faest_em_192f::sign_and_verify ... ok
[INFO] [stdout] test tests::faest_192f::randomized_sign_and_verify ... ok
[INFO] [stdout] test faest::test::faest_128s::sign_and_verify has been running for over 60 seconds
[INFO] [stdout] test faest::test::faest_192f::sign_and_verify has been running for over 60 seconds
[INFO] [stdout] test faest::test::faest_192s::sign_and_verify has been running for over 60 seconds
[INFO] [stdout] test faest::test::faest_256f::sign_and_verify has been running for over 60 seconds
[INFO] [stdout] test faest::test::faest_256s::sign_and_verify has been running for over 60 seconds
[INFO] [stdout] test faest::test::faest_em_128s::sign_and_verify has been running for over 60 seconds
[INFO] [stdout] test faest::test::faest_em_192s::sign_and_verify has been running for over 60 seconds
[INFO] [stdout] test faest::test::faest_em_256f::sign_and_verify has been running for over 60 seconds
[INFO] [stdout] test faest::test::faest_em_256s::sign_and_verify has been running for over 60 seconds
[INFO] [stdout] test faest::test::faest_192f::sign_and_verify ... ok
[INFO] [stdout] test tests::faest_192f::serialize_keys ... ok
[INFO] [stdout] test tests::faest_128s::serialize_signature ... ok
[INFO] [stdout] test tests::faest_128s::randomized_sign_and_verify has been running for over 60 seconds
[INFO] [stdout] test tests::faest_128s::serialize_keys has been running for over 60 seconds
[INFO] [stdout] test tests::faest_192f::serialize_signature ... ok
[INFO] [stdout] test tests::faest_128s::sign_and_verify has been running for over 60 seconds
[INFO] [stdout] test tests::faest_192f::sign_and_verify ... ok
[INFO] [stdout] test tests::faest_128s::serialize_keys ... ok
[INFO] [stdout] test faest::test::faest_em_256f::sign_and_verify ... ok
[INFO] [stdout] test faest::test::faest_256f::sign_and_verify ... ok
[INFO] [stdout] test tests::faest_128s::randomized_sign_and_verify ... ok
[INFO] [stdout] test faest::test::faest_em_128s::sign_and_verify ... ok
[INFO] [stdout] test tests::faest_192s::randomized_sign_and_verify has been running for over 60 seconds
[INFO] [stdout] test tests::faest_128s::sign_and_verify ... ok
[INFO] [stdout] test tests::faest_192s::serialize_keys has been running for over 60 seconds
[INFO] [stdout] test tests::faest_192s::serialize_signature has been running for over 60 seconds
[INFO] [stdout] test tests::faest_192s::sign_and_verify has been running for over 60 seconds
[INFO] [stdout] test tests::faest_256f::serialize_signature ... ok
[INFO] [stdout] test faest::test::faest_128s::sign_and_verify ... ok
[INFO] [stdout] test tests::faest_em_128f::randomized_sign_and_verify ... ok
[INFO] [stdout] test tests::faest_256f::randomized_sign_and_verify has been running for over 60 seconds
[INFO] [stdout] test tests::faest_256f::randomized_sign_and_verify ... ok
[INFO] [stdout] test tests::faest_256f::serialize_keys has been running for over 60 seconds
[INFO] [stdout] test tests::faest_em_128f::serialize_keys ... ok
[INFO] [stdout] test tests::faest_em_128f::serialize_signature ... ok
[INFO] [stdout] test tests::faest_256f::sign_and_verify has been running for over 60 seconds
[INFO] [stdout] test tests::faest_256s::randomized_sign_and_verify has been running for over 60 seconds
[INFO] [stdout] test tests::faest_256f::serialize_keys ... ok
[INFO] [stdout] test tests::faest_256s::serialize_keys has been running for over 60 seconds
[INFO] [stdout] test tests::faest_em_128f::sign_and_verify ... ok
[INFO] [stdout] test tests::faest_256f::sign_and_verify ... ok
[INFO] [stdout] test tests::faest_256s::serialize_signature has been running for over 60 seconds
[INFO] [stdout] test tests::faest_256s::sign_and_verify has been running for over 60 seconds
[INFO] [stdout] test tests::faest_em_128s::serialize_signature ... ok
[INFO] [stdout] test tests::faest_192s::serialize_signature ... ok
[INFO] [stdout] test tests::faest_em_128s::randomized_sign_and_verify has been running for over 60 seconds
[INFO] [stdout] test tests::faest_em_128s::serialize_keys has been running for over 60 seconds
[INFO] [stdout] test tests::faest_em_128s::sign_and_verify has been running for over 60 seconds
[INFO] [stdout] test tests::faest_em_128s::randomized_sign_and_verify ... ok
[INFO] [stdout] test tests::faest_em_192f::serialize_keys ... ok
[INFO] [stdout] test tests::faest_em_192f::randomized_sign_and_verify ... ok
[INFO] [stdout] test tests::faest_em_128s::serialize_keys ... ok
[INFO] [stdout] test tests::faest_em_128s::sign_and_verify ... ok
[INFO] [stdout] test tests::faest_em_192f::serialize_signature ... ok
[INFO] [stdout] test tests::faest_em_192f::sign_and_verify ... ok
[INFO] [stdout] test faest::test::faest_em_192s::sign_and_verify ... ok
[INFO] [stdout] test tests::faest_256s::serialize_signature ... ok
[INFO] [stdout] test tests::faest_em_192s::randomized_sign_and_verify has been running for over 60 seconds
[INFO] [stdout] test tests::faest_em_192s::serialize_keys has been running for over 60 seconds
[INFO] [stdout] test tests::faest_em_192s::serialize_signature has been running for over 60 seconds
[INFO] [stdout] test tests::faest_em_192s::sign_and_verify has been running for over 60 seconds
[INFO] [stdout] test tests::faest_em_256f::randomized_sign_and_verify has been running for over 60 seconds
[INFO] [stdout] test tests::faest_em_256f::serialize_signature ... ok
[INFO] [stdout] test tests::faest_em_256f::randomized_sign_and_verify ... ok
[INFO] [stdout] test tests::faest_192s::sign_and_verify ... ok
[INFO] [stdout] test tests::faest_192s::serialize_keys ... ok
[INFO] [stdout] test tests::faest_em_256f::serialize_keys has been running for over 60 seconds
[INFO] [stdout] test tests::faest_192s::randomized_sign_and_verify ... ok
[INFO] [stdout] test tests::faest_em_256f::serialize_keys ... ok
[INFO] [stdout] test universal_hashing::test::test_volehash_128 ... ok
[INFO] [stdout] test universal_hashing::test::test_volehash_192 ... ok
[INFO] [stdout] test universal_hashing::test::test_volehash_256 ... ok
[INFO] [stdout] test universal_hashing::test::test_zkhash_128 ... ok
[INFO] [stdout] test universal_hashing::test::test_zkhash_192 ... ok
[INFO] [stdout] test universal_hashing::test::test_zkhash_256 ... ok
[INFO] [stdout] test vc::test::commit_test ... ok
[INFO] [stdout] test vc::test::open_test ... ok
[INFO] [stdout] test vc::test::reconstruct_test ... ok
[INFO] [stdout] test vole::test::volecommit_test ... ok
[INFO] [stdout] test vole::test::volereconstruct_test ... ok
[INFO] [stdout] test tests::faest_em_192s::serialize_signature ... ok
[INFO] [stdout] test tests::faest_em_256f::sign_and_verify has been running for over 60 seconds
[INFO] [stdout] test tests::faest_em_256f::sign_and_verify ... ok
[INFO] [stdout] test tests::faest_em_256s::randomized_sign_and_verify has been running for over 60 seconds
[INFO] [stdout] test tests::faest_em_256s::serialize_keys has been running for over 60 seconds
[INFO] [stdout] test tests::faest_em_256s::serialize_signature has been running for over 60 seconds
[INFO] [stdout] test tests::faest_em_256s::sign_and_verify has been running for over 60 seconds
[INFO] [stdout] test faest::test::faest_192s::sign_and_verify ... ok
[INFO] [stdout] test tests::faest_em_192s::randomized_sign_and_verify ... ok
[INFO] [stdout] test tests::faest_em_192s::sign_and_verify ... ok
[INFO] [stdout] test tests::faest_256s::serialize_keys ... ok
[INFO] [stdout] test tests::faest_256s::randomized_sign_and_verify ... ok
[INFO] [stdout] test tests::faest_em_192s::serialize_keys ... ok
[INFO] [stdout] test tests::faest_em_256s::serialize_signature ... ok
[INFO] [stdout] test tests::faest_256s::sign_and_verify ... ok
[INFO] [stdout] test faest::test::faest_256s::sign_and_verify ... ok
[INFO] [stdout] test faest::test::faest_em_256s::sign_and_verify ... ok
[INFO] [stdout] test tests::faest_em_256s::serialize_keys ... ok
[INFO] [stdout] test tests::faest_em_256s::randomized_sign_and_verify ... ok
[INFO] [stdout] test tests::faest_em_256s::sign_and_verify ... ok
[INFO] [stdout] 
[INFO] [stdout] test result: ok. 152 passed; 0 failed; 0 ignored; 0 measured; 0 filtered out; finished in 549.05s
[INFO] [stdout] 
[INFO] [stderr]      Running tests/nist.rs (/opt/rustwide/target/debug/deps/nist-e2c799d3c4c34dd2)
[INFO] [stdout] 
[INFO] [stdout] running 12 tests
[INFO] [stdout] test faest_128f ... ok
[INFO] [stdout] test faest_em_128f ... ok
[INFO] [stdout] test faest_em_192f ... ok
[INFO] [stdout] test faest_192f ... ok
[INFO] [stdout] test faest_em_256f ... ok
[INFO] [stdout] test faest_256f ... ok
[INFO] [stdout] test faest_em_128s ... ok
[INFO] [stdout] test faest_128s ... ok
[INFO] [stdout] test faest_em_192s ... ok
[INFO] [stdout] test faest_192s ... ok
[INFO] [stdout] test faest_256s has been running for over 60 seconds
[INFO] [stdout] test faest_em_256s has been running for over 60 seconds
[INFO] [stdout] test faest_em_256s ... ok
[INFO] [stdout] test faest_256s ... ok
[INFO] [stdout] 
[INFO] [stdout] test result: ok. 12 passed; 0 failed; 0 ignored; 0 measured; 0 filtered out; finished in 65.94s
[INFO] [stdout] 
[INFO] [stderr]    Doc-tests faest
[INFO] [stdout] 
[INFO] [stdout] running 15 tests
[INFO] [stdout] test src/lib.rs - (line 36) ... FAILED
[INFO] [stdout] test src/lib.rs - (line 49) ... FAILED
[INFO] [stdout] test src/lib.rs - FAESTEM128fSigningKey (line 435) ... ok
[INFO] [stdout] test src/lib.rs - (line 65) ... ok
[INFO] [stdout] test src/lib.rs - FAEST128fSigningKey (line 429) ... ok
[INFO] [stdout] test src/lib.rs - FAESTEM192fSigningKey (line 437) ... ok
[INFO] [stdout] test src/lib.rs - FAEST256fSigningKey (line 433) ... ok
[INFO] [stdout] test src/lib.rs - FAEST192fSigningKey (line 431) ... ok
[INFO] [stdout] test src/lib.rs - FAESTEM256fSigningKey (line 439) ... ok
[INFO] [stdout] test src/lib.rs - FAEST128sSigningKey (line 430) ... ok
[INFO] [stdout] test src/lib.rs - FAESTEM128sSigningKey (line 436) ... ok
[INFO] [stdout] test src/lib.rs - FAEST192sSigningKey (line 432) has been running for over 60 seconds
[INFO] [stdout] test src/lib.rs - FAEST256sSigningKey (line 434) has been running for over 60 seconds
[INFO] [stdout] test src/lib.rs - FAESTEM192sSigningKey (line 438) has been running for over 60 seconds
[INFO] [stdout] test src/lib.rs - FAESTEM256sSigningKey (line 440) has been running for over 60 seconds
[INFO] [stdout] test src/lib.rs - FAESTEM192sSigningKey (line 438) ... ok
[INFO] [stdout] test src/lib.rs - FAEST192sSigningKey (line 432) ... ok
[INFO] [stdout] test src/lib.rs - FAESTEM256sSigningKey (line 440) ... ok
[INFO] [stdout] test src/lib.rs - FAEST256sSigningKey (line 434) ... ok
[INFO] [stdout] 
[INFO] [stdout] failures:
[INFO] [stdout] 
[INFO] [stdout] ---- src/lib.rs - (line 36) stdout ----
[INFO] [stdout] error: expected `;`, found keyword `use`
[INFO] [stdout]  --> src/lib.rs:38:53
[INFO] [stdout]   |
[INFO] [stdout] 5 | use faest::{FAEST128fSigningKey, FAEST128fSignature}
[INFO] [stdout]   |                                                     ^ help: add `;` here
[INFO] [stdout] 6 | use faest::{signature::{Signer, Verifier, Keypair}, KeypairGenerator};
[INFO] [stdout]   | --- unexpected token
[INFO] [stdout] 
[INFO] [stdout] error: aborting due to 1 previous error
[INFO] [stdout] 
[INFO] [stdout] Couldn't compile the test.
[INFO] [stdout] ---- src/lib.rs - (line 49) stdout ----
[INFO] [stdout] error: expected `;`, found keyword `use`
[INFO] [stdout]  --> src/lib.rs:51:53
[INFO] [stdout]   |
[INFO] [stdout] 5 | use faest::{FAEST128fSigningKey, FAEST128fSignature}
[INFO] [stdout]   |                                                     ^ help: add `;` here
[INFO] [stdout] 6 | use faest::{signature::{Signer, Verifier, Keypair}, KeypairGenerator};
[INFO] [stdout]   | --- unexpected token
[INFO] [stdout] 
[INFO] [stdout] error: aborting due to 1 previous error
[INFO] [stdout] 
[INFO] [stdout] Couldn't compile the test.
[INFO] [stdout] 
[INFO] [stdout] failures:
[INFO] [stdout]     src/lib.rs - (line 36)
[INFO] [stdout]     src/lib.rs - (line 49)
[INFO] [stdout] 
[INFO] [stdout] test result: FAILED. 13 passed; 2 failed; 0 ignored; 0 measured; 0 filtered out; finished in 91.43s
[INFO] [stdout] 
[INFO] [stderr] error: doctest failed, to rerun pass `--doc`
[INFO] running `Command { std: "docker" "inspect" "f965b23f89ef1eac0fd6e77f9180f1312592d9e043d040e5ffcaf738271eb44a", kill_on_drop: false }`
[INFO] running `Command { std: "docker" "rm" "-f" "f965b23f89ef1eac0fd6e77f9180f1312592d9e043d040e5ffcaf738271eb44a", kill_on_drop: false }`
[INFO] [stdout] f965b23f89ef1eac0fd6e77f9180f1312592d9e043d040e5ffcaf738271eb44a
