[INFO] fetching crate eq3-max-cube_rs 0.2.5...
[INFO] testing eq3-max-cube_rs-0.2.5 against beta-2024-12-08 for beta-1.84.0-4-retry
[INFO] extracting crate eq3-max-cube_rs 0.2.5 into /workspace/builds/worker-5-tc2/source
[INFO] validating manifest of crates.io crate eq3-max-cube_rs 0.2.5 on toolchain beta-2024-12-08
[INFO] running `Command { std: CARGO_HOME="/workspace/cargo-home" RUSTUP_HOME="/workspace/rustup-home" "/workspace/cargo-home/bin/cargo" "+beta-2024-12-08" "metadata" "--manifest-path" "Cargo.toml" "--no-deps", kill_on_drop: false }`
[INFO] started tweaking crates.io crate eq3-max-cube_rs 0.2.5
[INFO] finished tweaking crates.io crate eq3-max-cube_rs 0.2.5
[INFO] tweaked toml for crates.io crate eq3-max-cube_rs 0.2.5 written to /workspace/builds/worker-5-tc2/source/Cargo.toml
[INFO] running `Command { std: CARGO_HOME="/workspace/cargo-home" RUSTUP_HOME="/workspace/rustup-home" "/workspace/cargo-home/bin/cargo" "+beta-2024-12-08" "generate-lockfile" "--manifest-path" "Cargo.toml", kill_on_drop: false }`
[INFO] [stderr]     Updating crates.io index
[INFO] [stderr]     Blocking waiting for file lock on package cache
[INFO] [stderr]      Locking 69 packages to latest compatible versions
[INFO] [stderr]       Adding base64 v0.21.7 (available: v0.22.1)
[INFO] running `Command { std: CARGO_HOME="/workspace/cargo-home" RUSTUP_HOME="/workspace/rustup-home" "/workspace/cargo-home/bin/cargo" "+beta-2024-12-08" "fetch" "--manifest-path" "Cargo.toml", kill_on_drop: false }`
[INFO] [stderr]     Blocking waiting for file lock on package cache
[INFO] [stderr]     Blocking waiting for file lock on package cache
[INFO] running `Command { std: "docker" "create" "-v" "/var/lib/crater-agent-workspace/builds/worker-5-tc2/target:/opt/rustwide/target:rw,Z" "-v" "/var/lib/crater-agent-workspace/builds/worker-5-tc2/source:/opt/rustwide/workdir:ro,Z" "-v" "/var/lib/crater-agent-workspace/cargo-home:/opt/rustwide/cargo-home:ro,Z" "-v" "/var/lib/crater-agent-workspace/rustup-home:/opt/rustwide/rustup-home:ro,Z" "-e" "SOURCE_DIR=/opt/rustwide/workdir" "-e" "CARGO_TARGET_DIR=/opt/rustwide/target" "-e" "CARGO_HOME=/opt/rustwide/cargo-home" "-e" "RUSTUP_HOME=/opt/rustwide/rustup-home" "-w" "/opt/rustwide/workdir" "-m" "1610612736" "--user" "0:0" "--network" "none" "ghcr.io/rust-lang/crates-build-env/linux@sha256:f3a9d4ad9d972b27faf3965f35b62e55ba32bbce8f20bc8fe909558a86702fde" "/opt/rustwide/cargo-home/bin/cargo" "+beta-2024-12-08" "metadata" "--no-deps" "--format-version=1", kill_on_drop: false }`
[INFO] [stdout] 00ccac3c6a8f7c24492993c7e1b0edf2a7b749cf55e3239f1ff3d0bc2cf9403b
[INFO] running `Command { std: "docker" "start" "-a" "00ccac3c6a8f7c24492993c7e1b0edf2a7b749cf55e3239f1ff3d0bc2cf9403b", kill_on_drop: false }`
[INFO] running `Command { std: "docker" "inspect" "00ccac3c6a8f7c24492993c7e1b0edf2a7b749cf55e3239f1ff3d0bc2cf9403b", kill_on_drop: false }`
[INFO] running `Command { std: "docker" "rm" "-f" "00ccac3c6a8f7c24492993c7e1b0edf2a7b749cf55e3239f1ff3d0bc2cf9403b", kill_on_drop: false }`
[INFO] [stdout] 00ccac3c6a8f7c24492993c7e1b0edf2a7b749cf55e3239f1ff3d0bc2cf9403b
[INFO] running `Command { std: "docker" "create" "-v" "/var/lib/crater-agent-workspace/builds/worker-5-tc2/target:/opt/rustwide/target:rw,Z" "-v" "/var/lib/crater-agent-workspace/builds/worker-5-tc2/source:/opt/rustwide/workdir:ro,Z" "-v" "/var/lib/crater-agent-workspace/cargo-home:/opt/rustwide/cargo-home:ro,Z" "-v" "/var/lib/crater-agent-workspace/rustup-home:/opt/rustwide/rustup-home:ro,Z" "-e" "SOURCE_DIR=/opt/rustwide/workdir" "-e" "CARGO_TARGET_DIR=/opt/rustwide/target" "-e" "CARGO_INCREMENTAL=0" "-e" "RUST_BACKTRACE=full" "-e" "RUSTFLAGS=--cap-lints=warn" "-e" "RUSTDOCFLAGS=--cap-lints=warn" "-e" "CARGO_HOME=/opt/rustwide/cargo-home" "-e" "RUSTUP_HOME=/opt/rustwide/rustup-home" "-w" "/opt/rustwide/workdir" "-m" "1610612736" "--user" "0:0" "--network" "none" "ghcr.io/rust-lang/crates-build-env/linux@sha256:f3a9d4ad9d972b27faf3965f35b62e55ba32bbce8f20bc8fe909558a86702fde" "/opt/rustwide/cargo-home/bin/cargo" "+beta-2024-12-08" "build" "--frozen" "--message-format=json", kill_on_drop: false }`
[INFO] [stdout] c73a902fa9c96c6730a2ee02b83f4de7e149c00792240355df750a45d4dbd4a7
[INFO] running `Command { std: "docker" "start" "-a" "c73a902fa9c96c6730a2ee02b83f4de7e149c00792240355df750a45d4dbd4a7", kill_on_drop: false }`
[INFO] [stderr]    Compiling crossbeam-utils v0.8.20
[INFO] [stderr]    Compiling pin-project-lite v0.2.15
[INFO] [stderr]    Compiling parking v2.2.1
[INFO] [stderr]    Compiling futures-core v0.3.31
[INFO] [stderr]    Compiling futures-io v0.3.31
[INFO] [stderr]    Compiling fastrand v2.3.0
[INFO] [stderr]    Compiling autocfg v1.4.0
[INFO] [stderr]    Compiling proc-macro2 v1.0.92
[INFO] [stderr]    Compiling rustix v0.38.42
[INFO] [stderr]    Compiling unicode-ident v1.0.14
[INFO] [stderr]    Compiling tracing-core v0.1.33
[INFO] [stderr]    Compiling bitflags v2.6.0
[INFO] [stderr]    Compiling linux-raw-sys v0.4.14
[INFO] [stderr]    Compiling async-task v4.7.1
[INFO] [stderr]    Compiling cfg-if v1.0.0
[INFO] [stderr]    Compiling atomic-waker v1.1.2
[INFO] [stderr]    Compiling value-bag v1.10.0
[INFO] [stderr]    Compiling once_cell v1.20.2
[INFO] [stderr]    Compiling event-listener v2.5.3
[INFO] [stderr]    Compiling serde v1.0.216
[INFO] [stderr]    Compiling anyhow v1.0.94
[INFO] [stderr]    Compiling futures-lite v2.5.0
[INFO] [stderr]    Compiling piper v0.2.4
[INFO] [stderr]    Compiling memchr v2.7.4
[INFO] [stderr]    Compiling pin-utils v0.1.0
[INFO] [stderr]    Compiling base64 v0.21.7
[INFO] [stderr]    Compiling log v0.4.22
[INFO] [stderr]    Compiling slab v0.4.9
[INFO] [stderr]    Compiling tracing v0.1.41
[INFO] [stderr]    Compiling kv-log-macro v1.0.7
[INFO] [stderr]    Compiling concurrent-queue v2.5.0
[INFO] [stderr]    Compiling quote v1.0.37
[INFO] [stderr]    Compiling event-listener v5.3.1
[INFO] [stderr]    Compiling async-executor v1.13.1
[INFO] [stderr]    Compiling async-channel v1.9.0
[INFO] [stderr]    Compiling syn v2.0.90
[INFO] [stderr]    Compiling event-listener-strategy v0.5.3
[INFO] [stderr]    Compiling async-channel v2.3.1
[INFO] [stderr]    Compiling async-lock v3.4.0
[INFO] [stderr]    Compiling blocking v1.6.1
[INFO] [stderr]    Compiling serde_derive v1.0.216
[INFO] [stderr]    Compiling polling v3.7.4
[INFO] [stderr]    Compiling async-io v2.4.0
[INFO] [stderr]    Compiling async-global-executor v2.4.1
[INFO] [stderr]    Compiling async-std v1.13.0
[INFO] [stderr]    Compiling eq3-max-cube_rs v0.2.5 (/opt/rustwide/workdir)
[INFO] [stderr]     Finished `dev` profile [unoptimized + debuginfo] target(s) in 16.15s
[INFO] running `Command { std: "docker" "inspect" "c73a902fa9c96c6730a2ee02b83f4de7e149c00792240355df750a45d4dbd4a7", kill_on_drop: false }`
[INFO] running `Command { std: "docker" "rm" "-f" "c73a902fa9c96c6730a2ee02b83f4de7e149c00792240355df750a45d4dbd4a7", kill_on_drop: false }`
[INFO] [stdout] c73a902fa9c96c6730a2ee02b83f4de7e149c00792240355df750a45d4dbd4a7
[INFO] running `Command { std: "docker" "create" "-v" "/var/lib/crater-agent-workspace/builds/worker-5-tc2/target:/opt/rustwide/target:rw,Z" "-v" "/var/lib/crater-agent-workspace/builds/worker-5-tc2/source:/opt/rustwide/workdir:ro,Z" "-v" "/var/lib/crater-agent-workspace/cargo-home:/opt/rustwide/cargo-home:ro,Z" "-v" "/var/lib/crater-agent-workspace/rustup-home:/opt/rustwide/rustup-home:ro,Z" "-e" "SOURCE_DIR=/opt/rustwide/workdir" "-e" "CARGO_TARGET_DIR=/opt/rustwide/target" "-e" "CARGO_INCREMENTAL=0" "-e" "RUST_BACKTRACE=full" "-e" "RUSTFLAGS=--cap-lints=warn" "-e" "RUSTDOCFLAGS=--cap-lints=warn" "-e" "CARGO_HOME=/opt/rustwide/cargo-home" "-e" "RUSTUP_HOME=/opt/rustwide/rustup-home" "-w" "/opt/rustwide/workdir" "-m" "1610612736" "--user" "0:0" "--network" "none" "ghcr.io/rust-lang/crates-build-env/linux@sha256:f3a9d4ad9d972b27faf3965f35b62e55ba32bbce8f20bc8fe909558a86702fde" "/opt/rustwide/cargo-home/bin/cargo" "+beta-2024-12-08" "test" "--frozen" "--no-run" "--message-format=json", kill_on_drop: false }`
[INFO] [stdout] cd2ecccd51e87149517cfad8217c69f56f5df5e3b3f2d202d316dc984cffed27
[INFO] running `Command { std: "docker" "start" "-a" "cd2ecccd51e87149517cfad8217c69f56f5df5e3b3f2d202d316dc984cffed27", kill_on_drop: false }`
[INFO] [stderr]    Compiling eq3-max-cube_rs v0.2.5 (/opt/rustwide/workdir)
[INFO] [stderr]     Finished `test` profile [unoptimized + debuginfo] target(s) in 1.26s
[INFO] running `Command { std: "docker" "inspect" "cd2ecccd51e87149517cfad8217c69f56f5df5e3b3f2d202d316dc984cffed27", kill_on_drop: false }`
[INFO] running `Command { std: "docker" "rm" "-f" "cd2ecccd51e87149517cfad8217c69f56f5df5e3b3f2d202d316dc984cffed27", kill_on_drop: false }`
[INFO] [stdout] cd2ecccd51e87149517cfad8217c69f56f5df5e3b3f2d202d316dc984cffed27
[INFO] running `Command { std: "docker" "create" "-v" "/var/lib/crater-agent-workspace/builds/worker-5-tc2/target:/opt/rustwide/target:rw,Z" "-v" "/var/lib/crater-agent-workspace/builds/worker-5-tc2/source:/opt/rustwide/workdir:ro,Z" "-v" "/var/lib/crater-agent-workspace/cargo-home:/opt/rustwide/cargo-home:ro,Z" "-v" "/var/lib/crater-agent-workspace/rustup-home:/opt/rustwide/rustup-home:ro,Z" "-e" "SOURCE_DIR=/opt/rustwide/workdir" "-e" "CARGO_TARGET_DIR=/opt/rustwide/target" "-e" "CARGO_INCREMENTAL=0" "-e" "RUST_BACKTRACE=full" "-e" "RUSTFLAGS=--cap-lints=warn" "-e" "RUSTDOCFLAGS=--cap-lints=warn" "-e" "CARGO_HOME=/opt/rustwide/cargo-home" "-e" "RUSTUP_HOME=/opt/rustwide/rustup-home" "-w" "/opt/rustwide/workdir" "-m" "1610612736" "--user" "0:0" "--network" "none" "ghcr.io/rust-lang/crates-build-env/linux@sha256:f3a9d4ad9d972b27faf3965f35b62e55ba32bbce8f20bc8fe909558a86702fde" "/opt/rustwide/cargo-home/bin/cargo" "+beta-2024-12-08" "test" "--frozen", kill_on_drop: false }`
[INFO] [stdout] 10999036706c76671473ecea5c107bfa48c8878bec08fd192e916cb953747bdf
[INFO] running `Command { std: "docker" "start" "-a" "10999036706c76671473ecea5c107bfa48c8878bec08fd192e916cb953747bdf", kill_on_drop: false }`
[INFO] [stderr]     Finished `test` profile [unoptimized + debuginfo] target(s) in 0.06s
[INFO] [stderr]      Running unittests src/lib.rs (/opt/rustwide/target/debug/deps/eq3_max_cube_rs-b6634bf290b56fe8)
[INFO] [stdout] 
[INFO] [stdout] running 4 tests
[INFO] [stdout] test messages::test::test_message_m_1 ... ok
[INFO] [stdout] test messages::test::test_message_m_0 ... ok
[INFO] [stdout] test messages::test::test_set_temperature ... ok
[INFO] [stdout] test messages::test::test_message_l_1 ... ok
[INFO] [stdout] 
[INFO] [stdout] test result: ok. 4 passed; 0 failed; 0 ignored; 0 measured; 0 filtered out; finished in 0.00s
[INFO] [stdout] 
[INFO] [stderr]    Doc-tests eq3_max_cube_rs
[INFO] [stdout] 
[INFO] [stdout] running 2 tests
[INFO] [stdout] test src/lib.rs - MaxCube::set_temperature (line 84) ... FAILED
[INFO] [stdout] test src/lib.rs - MaxCube::new (line 38) ... FAILED
[INFO] [stdout] 
[INFO] [stdout] failures:
[INFO] [stdout] 
[INFO] [stdout] ---- src/lib.rs - MaxCube::set_temperature (line 84) stdout ----
[INFO] [stdout] error[E0433]: failed to resolve: use of undeclared type `MaxCube`
[INFO] [stdout]  --> src/lib.rs:85:16
[INFO] [stdout]   |
[INFO] [stdout] 3 | let mut cube = MaxCube::new(&SocketAddr::from(([172, 22, 51, 191], 62910))).await.unwrap();
[INFO] [stdout]   |                ^^^^^^^ use of undeclared type `MaxCube`
[INFO] [stdout]   |
[INFO] [stdout] help: consider importing this struct
[INFO] [stdout]   |
[INFO] [stdout] 2 + use eq3_max_cube_rs::MaxCube;
[INFO] [stdout]   |
[INFO] [stdout] 
[INFO] [stdout] error[E0433]: failed to resolve: use of undeclared type `SocketAddr`
[INFO] [stdout]  --> src/lib.rs:85:30
[INFO] [stdout]   |
[INFO] [stdout] 3 | let mut cube = MaxCube::new(&SocketAddr::from(([172, 22, 51, 191], 62910))).await.unwrap();
[INFO] [stdout]   |                              ^^^^^^^^^^ use of undeclared type `SocketAddr`
[INFO] [stdout]   |
[INFO] [stdout] help: consider importing one of these items
[INFO] [stdout]   |
[INFO] [stdout] 2 + use std::net::SocketAddr;
[INFO] [stdout]   |
[INFO] [stdout] 2 + use std::os::unix::net::SocketAddr;
[INFO] [stdout]   |
[INFO] [stdout] 2 + use core::net::SocketAddr;
[INFO] [stdout]   |
[INFO] [stdout] 2 + use async_std::net::SocketAddr;
[INFO] [stdout]   |
[INFO] [stdout]     and 1 other candidate
[INFO] [stdout] 
[INFO] [stdout] error[E0728]: `await` is only allowed inside `async` functions and blocks
[INFO] [stdout]  --> src/lib.rs:85:77
[INFO] [stdout]   |
[INFO] [stdout] 2 | fn main() { #[allow(non_snake_case)] fn _doctest_main_src_lib_rs_84_0() {
[INFO] [stdout]   |                                      ---------------------------------- this is not `async`
[INFO] [stdout] 3 | let mut cube = MaxCube::new(&SocketAddr::from(([172, 22, 51, 191], 62910))).await.unwrap();
[INFO] [stdout]   |                                                                             ^^^^^ only allowed inside `async` functions and blocks
[INFO] [stdout] 
[INFO] [stdout] error[E0728]: `await` is only allowed inside `async` functions and blocks
[INFO] [stdout]  --> src/lib.rs:86:37
[INFO] [stdout]   |
[INFO] [stdout] 2 | fn main() { #[allow(non_snake_case)] fn _doctest_main_src_lib_rs_84_0() {
[INFO] [stdout]   |                                      ---------------------------------- this is not `async`
[INFO] [stdout] 3 | let mut cube = MaxCube::new(&SocketAddr::from(([172, 22, 51, 191], 62910))).await.unwrap();
[INFO] [stdout] 4 | cube.set_temperature(1763839, 21.0).await.unwrap();
[INFO] [stdout]   |                                     ^^^^^ only allowed inside `async` functions and blocks
[INFO] [stdout] 
[INFO] [stdout] error: aborting due to 4 previous errors
[INFO] [stdout] 
[INFO] [stdout] Some errors have detailed explanations: E0433, E0728.
[INFO] [stdout] For more information about an error, try `rustc --explain E0433`.
[INFO] [stdout] Couldn't compile the test.
[INFO] [stdout] ---- src/lib.rs - MaxCube::new (line 38) stdout ----
[INFO] [stdout] error[E0433]: failed to resolve: use of undeclared type `MaxCube`
[INFO] [stdout]  --> src/lib.rs:41:12
[INFO] [stdout]   |
[INFO] [stdout] 5 | let cube = MaxCube::new(&SocketAddr::from(([172, 22, 51, 191], 62910))).await.unwrap();
[INFO] [stdout]   |            ^^^^^^^ use of undeclared type `MaxCube`
[INFO] [stdout]   |
[INFO] [stdout] help: consider importing this struct
[INFO] [stdout]   |
[INFO] [stdout] 2 + use eq3_max_cube_rs::MaxCube;
[INFO] [stdout]   |
[INFO] [stdout] 
[INFO] [stdout] error[E0728]: `await` is only allowed inside `async` functions and blocks
[INFO] [stdout]  --> src/lib.rs:41:73
[INFO] [stdout]   |
[INFO] [stdout] 2 | fn main() { #[allow(non_snake_case)] fn _doctest_main_src_lib_rs_38_0() {
[INFO] [stdout]   |                                      ---------------------------------- this is not `async`
[INFO] [stdout] ...
[INFO] [stdout] 5 | let cube = MaxCube::new(&SocketAddr::from(([172, 22, 51, 191], 62910))).await.unwrap();
[INFO] [stdout]   |                                                                         ^^^^^ only allowed inside `async` functions and blocks
[INFO] [stdout] 
[INFO] [stdout] error: aborting due to 2 previous errors
[INFO] [stdout] 
[INFO] [stdout] Some errors have detailed explanations: E0433, E0728.
[INFO] [stdout] For more information about an error, try `rustc --explain E0433`.
[INFO] [stdout] Couldn't compile the test.
[INFO] [stdout] 
[INFO] [stdout] failures:
[INFO] [stdout]     src/lib.rs - MaxCube::new (line 38)
[INFO] [stdout]     src/lib.rs - MaxCube::set_temperature (line 84)
[INFO] [stdout] 
[INFO] [stdout] test result: FAILED. 0 passed; 2 failed; 0 ignored; 0 measured; 0 filtered out; finished in 0.06s
[INFO] [stdout] 
[INFO] [stderr] error: doctest failed, to rerun pass `--doc`
[INFO] running `Command { std: "docker" "inspect" "10999036706c76671473ecea5c107bfa48c8878bec08fd192e916cb953747bdf", kill_on_drop: false }`
[INFO] running `Command { std: "docker" "rm" "-f" "10999036706c76671473ecea5c107bfa48c8878bec08fd192e916cb953747bdf", kill_on_drop: false }`
[INFO] [stdout] 10999036706c76671473ecea5c107bfa48c8878bec08fd192e916cb953747bdf
