[INFO] fetching crate easy-qjs 0.1.4...
[INFO] testing easy-qjs-0.1.4 against beta-2024-12-08 for beta-1.84.0-4-retry
[INFO] extracting crate easy-qjs 0.1.4 into /workspace/builds/worker-1-tc2/source
[INFO] validating manifest of crates.io crate easy-qjs 0.1.4 on toolchain beta-2024-12-08
[INFO] running `Command { std: CARGO_HOME="/workspace/cargo-home" RUSTUP_HOME="/workspace/rustup-home" "/workspace/cargo-home/bin/cargo" "+beta-2024-12-08" "metadata" "--manifest-path" "Cargo.toml" "--no-deps", kill_on_drop: false }`
[INFO] started tweaking crates.io crate easy-qjs 0.1.4
[INFO] finished tweaking crates.io crate easy-qjs 0.1.4
[INFO] tweaked toml for crates.io crate easy-qjs 0.1.4 written to /workspace/builds/worker-1-tc2/source/Cargo.toml
[INFO] running `Command { std: CARGO_HOME="/workspace/cargo-home" RUSTUP_HOME="/workspace/rustup-home" "/workspace/cargo-home/bin/cargo" "+beta-2024-12-08" "generate-lockfile" "--manifest-path" "Cargo.toml", kill_on_drop: false }`
[INFO] [stderr]     Updating crates.io index
[INFO] [stderr]      Locking 226 packages to latest compatible versions
[INFO] [stderr]       Adding flume v0.10.14 (available: v0.11.1)
[INFO] [stderr]       Adding itertools v0.10.5 (available: v0.13.0)
[INFO] [stderr]       Adding reqwest v0.11.27 (available: v0.12.9)
[INFO] [stderr]       Adding rquickjs v0.1.7 (available: v0.8.1)
[INFO] [stderr]       Adding snafu v0.7.5 (available: v0.8.5)
[INFO] running `Command { std: CARGO_HOME="/workspace/cargo-home" RUSTUP_HOME="/workspace/rustup-home" "/workspace/cargo-home/bin/cargo" "+beta-2024-12-08" "fetch" "--manifest-path" "Cargo.toml", kill_on_drop: false }`
[INFO] running `Command { std: "docker" "create" "-v" "/var/lib/crater-agent-workspace/builds/worker-1-tc2/target:/opt/rustwide/target:rw,Z" "-v" "/var/lib/crater-agent-workspace/builds/worker-1-tc2/source:/opt/rustwide/workdir:ro,Z" "-v" "/var/lib/crater-agent-workspace/cargo-home:/opt/rustwide/cargo-home:ro,Z" "-v" "/var/lib/crater-agent-workspace/rustup-home:/opt/rustwide/rustup-home:ro,Z" "-e" "SOURCE_DIR=/opt/rustwide/workdir" "-e" "CARGO_TARGET_DIR=/opt/rustwide/target" "-e" "CARGO_HOME=/opt/rustwide/cargo-home" "-e" "RUSTUP_HOME=/opt/rustwide/rustup-home" "-w" "/opt/rustwide/workdir" "-m" "1610612736" "--user" "0:0" "--network" "none" "ghcr.io/rust-lang/crates-build-env/linux@sha256:f3a9d4ad9d972b27faf3965f35b62e55ba32bbce8f20bc8fe909558a86702fde" "/opt/rustwide/cargo-home/bin/cargo" "+beta-2024-12-08" "metadata" "--no-deps" "--format-version=1", kill_on_drop: false }`
[INFO] [stdout] 6f1239fdcdeb58ce29413ca50e1d4bbf3bb6f378a49690602caa267e0c207363
[INFO] running `Command { std: "docker" "start" "-a" "6f1239fdcdeb58ce29413ca50e1d4bbf3bb6f378a49690602caa267e0c207363", kill_on_drop: false }`
[INFO] running `Command { std: "docker" "inspect" "6f1239fdcdeb58ce29413ca50e1d4bbf3bb6f378a49690602caa267e0c207363", kill_on_drop: false }`
[INFO] running `Command { std: "docker" "rm" "-f" "6f1239fdcdeb58ce29413ca50e1d4bbf3bb6f378a49690602caa267e0c207363", kill_on_drop: false }`
[INFO] [stdout] 6f1239fdcdeb58ce29413ca50e1d4bbf3bb6f378a49690602caa267e0c207363
[INFO] running `Command { std: "docker" "create" "-v" "/var/lib/crater-agent-workspace/builds/worker-1-tc2/target:/opt/rustwide/target:rw,Z" "-v" "/var/lib/crater-agent-workspace/builds/worker-1-tc2/source:/opt/rustwide/workdir:ro,Z" "-v" "/var/lib/crater-agent-workspace/cargo-home:/opt/rustwide/cargo-home:ro,Z" "-v" "/var/lib/crater-agent-workspace/rustup-home:/opt/rustwide/rustup-home:ro,Z" "-e" "SOURCE_DIR=/opt/rustwide/workdir" "-e" "CARGO_TARGET_DIR=/opt/rustwide/target" "-e" "CARGO_INCREMENTAL=0" "-e" "RUST_BACKTRACE=full" "-e" "RUSTFLAGS=--cap-lints=warn" "-e" "RUSTDOCFLAGS=--cap-lints=warn" "-e" "CARGO_HOME=/opt/rustwide/cargo-home" "-e" "RUSTUP_HOME=/opt/rustwide/rustup-home" "-w" "/opt/rustwide/workdir" "-m" "1610612736" "--user" "0:0" "--network" "none" "ghcr.io/rust-lang/crates-build-env/linux@sha256:f3a9d4ad9d972b27faf3965f35b62e55ba32bbce8f20bc8fe909558a86702fde" "/opt/rustwide/cargo-home/bin/cargo" "+beta-2024-12-08" "build" "--frozen" "--message-format=json", kill_on_drop: false }`
[INFO] [stdout] 08ad76d049b27c6b3805aa805782a51b55c002d0158675b997b89df2387bab19
[INFO] running `Command { std: "docker" "start" "-a" "08ad76d049b27c6b3805aa805782a51b55c002d0158675b997b89df2387bab19", kill_on_drop: false }`
[INFO] [stderr]    Compiling getrandom v0.2.15
[INFO] [stderr]    Compiling fnv v1.0.7
[INFO] [stderr]    Compiling syn v1.0.109
[INFO] [stderr]    Compiling tokio v1.42.0
[INFO] [stderr]    Compiling futures-sink v0.3.31
[INFO] [stderr]    Compiling proc-macro2 v0.4.30
[INFO] [stderr]    Compiling spin v0.9.8
[INFO] [stderr]    Compiling byteorder v1.5.0
[INFO] [stderr]    Compiling unicode-xid v0.1.0
[INFO] [stderr]    Compiling siphasher v0.3.11
[INFO] [stderr]    Compiling syn v0.15.44
[INFO] [stderr]    Compiling proc-macro-error-attr v1.0.4
[INFO] [stderr]    Compiling rquickjs-sys v0.1.7
[INFO] [stderr]    Compiling indexmap v1.9.3
[INFO] [stderr]    Compiling smallvec v1.13.2
[INFO] [stderr]    Compiling http v0.2.12
[INFO] [stderr]    Compiling strsim v0.10.0
[INFO] [stderr]    Compiling ident_case v1.0.1
[INFO] [stderr]    Compiling serde v1.0.216
[INFO] [stderr]    Compiling httparse v1.9.5
[INFO] [stderr]    Compiling ring v0.17.8
[INFO] [stderr]    Compiling rand_core v0.6.4
[INFO] [stderr]    Compiling zerocopy v0.7.35
[INFO] [stderr]    Compiling alloc-no-stdlib v2.0.4
[INFO] [stderr]    Compiling futures-task v0.3.31
[INFO] [stderr]    Compiling rustls v0.21.12
[INFO] [stderr]    Compiling icu_normalizer v1.5.0
[INFO] [stderr]    Compiling futures-util v0.3.31
[INFO] [stderr]    Compiling alloc-stdlib v0.2.2
[INFO] [stderr]    Compiling tracing v0.1.41
[INFO] [stderr]    Compiling proc-macro-error v1.0.4
[INFO] [stderr]    Compiling pin-project-internal v1.1.7
[INFO] [stderr]    Compiling winnow v0.5.40
[INFO] [stderr]    Compiling adler2 v2.0.0
[INFO] [stderr]    Compiling try-lock v0.2.5
[INFO] [stderr]    Compiling relative-path v1.9.3
[INFO] [stderr]    Compiling toml_datetime v0.6.8
[INFO] [stderr]    Compiling hashbrown v0.12.3
[INFO] [stderr]    Compiling unicase v2.8.0
[INFO] [stderr]    Compiling ppv-lite86 v0.2.20
[INFO] [stderr]    Compiling idna_adapter v1.2.0
[INFO] [stderr]    Compiling want v0.3.1
[INFO] [stderr]    Compiling mime_guess v2.0.5
[INFO] [stderr]    Compiling form_urlencoded v1.2.1
[INFO] [stderr]    Compiling quote v0.6.13
[INFO] [stderr]    Compiling rand_chacha v0.3.1
[INFO] [stderr]    Compiling miniz_oxide v0.8.0
[INFO] [stderr]    Compiling brotli-decompressor v4.0.1
[INFO] [stderr]    Compiling sct v0.7.1
[INFO] [stderr]    Compiling rustls-webpki v0.101.7
[INFO] [stderr]    Compiling rand v0.8.5
[INFO] [stderr]    Compiling http-body v0.4.6
[INFO] [stderr]    Compiling nanorand v0.7.0
[INFO] [stderr]    Compiling phf_shared v0.10.0
[INFO] [stderr]    Compiling futures-channel v0.3.31
[INFO] [stderr]    Compiling crc32fast v1.4.2
[INFO] [stderr]    Compiling fastrand v1.9.0
[INFO] [stderr]    Compiling either v1.13.0
[INFO] [stderr]    Compiling waker-fn v1.2.0
[INFO] [stderr]    Compiling serde_json v1.0.133
[INFO] [stderr]    Compiling lazy_static v1.5.0
[INFO] [stderr]    Compiling httpdate v1.0.3
[INFO] [stderr]    Compiling doc-comment v0.3.3
[INFO] [stderr]    Compiling pin-project v1.1.7
[INFO] [stderr]    Compiling tower-service v0.3.3
[INFO] [stderr]    Compiling futures-lite v1.13.0
[INFO] [stderr]    Compiling flume v0.10.14
[INFO] [stderr]    Compiling phf_generator v0.10.0
[INFO] [stderr]    Compiling flate2 v1.0.35
[INFO] [stderr]    Compiling fxhash v0.2.1
[INFO] [stderr]    Compiling chrono v0.4.39
[INFO] [stderr]    Compiling phf v0.10.1
[INFO] [stderr]    Compiling brotli v7.0.0
[INFO] [stderr]    Compiling idna v1.0.3
[INFO] [stderr]    Compiling async-task v4.7.1
[INFO] [stderr]    Compiling mime v0.3.17
[INFO] [stderr]    Compiling base64 v0.21.7
[INFO] [stderr]    Compiling toml_edit v0.19.15
[INFO] [stderr]    Compiling url v2.5.4
[INFO] [stderr]    Compiling dlopen_derive v0.1.4
[INFO] [stderr]    Compiling rustls-pemfile v1.0.4
[INFO] [stderr]    Compiling encoding_rs v0.8.35
[INFO] [stderr]    Compiling sync_wrapper v0.1.2
[INFO] [stderr]    Compiling ipnet v2.10.1
[INFO] [stderr]    Compiling webpki-roots v0.25.4
[INFO] [stderr]    Compiling darling_core v0.14.4
[INFO] [stderr]    Compiling itertools v0.10.5
[INFO] [stderr]    Compiling dlopen v0.1.8
[INFO] [stderr]    Compiling atty v0.2.14
[INFO] [stderr]    Compiling proc-macro-crate v1.3.1
[INFO] [stderr]    Compiling snafu-derive v0.7.5
[INFO] [stderr]    Compiling tokio-util v0.7.13
[INFO] [stderr]    Compiling darling_macro v0.14.4
[INFO] [stderr]    Compiling serde_urlencoded v0.7.1
[INFO] [stderr]    Compiling tokio-rustls v0.24.1
[INFO] [stderr]    Compiling h2 v0.3.26
[INFO] [stderr]    Compiling async-compression v0.4.18
[INFO] [stderr]    Compiling darling v0.14.4
[INFO] [stderr]    Compiling snafu v0.7.5
[INFO] [stderr]    Compiling hyper v0.14.31
[INFO] [stderr]    Compiling rquickjs-core v0.1.7
[INFO] [stderr]    Compiling hyper-rustls v0.24.2
[INFO] [stderr]    Compiling reqwest v0.11.27
[INFO] [stderr]    Compiling rquickjs-macro v0.1.7
[INFO] [stderr]    Compiling rquickjs v0.1.7
[INFO] [stderr]    Compiling easy-qjs v0.1.4 (/opt/rustwide/workdir)
[INFO] [stdout] warning: lint `private_in_public` has been removed: replaced with another group of lints, see RFC <https://rust-lang.github.io/rfcs/2145-type-privacy.html> for more information
[INFO] [stdout]   --> src/lib.rs:37:26
[INFO] [stdout]    |
[INFO] [stdout] 37 | #![deny(unreachable_pub, private_in_public)]
[INFO] [stdout]    |                          ^^^^^^^^^^^^^^^^^
[INFO] [stdout]    |
[INFO] [stdout]    = note: `#[warn(renamed_and_removed_lints)]` on by default
[INFO] [stdout] 
[INFO] [stdout] 
[INFO] [stdout] warning: non-local `impl` definition, `impl` blocks should be written at the same level as their item
[INFO] [stdout]  --> src/builtins/console.rs:1:1
[INFO] [stdout]   |
[INFO] [stdout] 1 |   #[js::bind(object, public)]
[INFO] [stdout]   |   ^--------------------------
[INFO] [stdout]   |   |
[INFO] [stdout]   |   `ClassDef` is not local
[INFO] [stdout]   |   move the `impl` block outside of this associated function `init`
[INFO] [stdout] ...
[INFO] [stdout] 4 |   pub(crate) mod con {
[INFO] [stdout]   |  ________________-
[INFO] [stdout] 5 | |     use crate::JsonValue;
[INFO] [stdout] 6 | |     use tracing::{error, info, warn};
[INFO] [stdout] ... |
[INFO] [stdout] 9 | |     pub struct Console;
[INFO] [stdout]   | |______________________- `Console` is not local
[INFO] [stdout]   |
[INFO] [stdout]   = note: the attribute macro `js::bind` defines the non-local `impl`, and may need to be changed
[INFO] [stdout]   = note: the attribute macro `js::bind` may come from an old version of the `rquickjs_macro` crate, try updating your dependency with `cargo update -p rquickjs_macro`
[INFO] [stdout]   = note: an `impl` is never scoped, even when it is nested inside an item, as it may impact type checking outside of that item, which can be the case if neither the trait or the self type are at the same nesting level as the `impl`
[INFO] [stdout]   = note: `#[warn(non_local_definitions)]` on by default
[INFO] [stdout]   = note: this warning originates in the attribute macro `js::bind` (in Nightly builds, run with -Z macro-backtrace for more info)
[INFO] [stdout] 
[INFO] [stdout] 
[INFO] [stdout] warning: non-local `impl` definition, `impl` blocks should be written at the same level as their item
[INFO] [stdout]  --> src/builtins/console.rs:1:1
[INFO] [stdout]   |
[INFO] [stdout] 1 |   #[js::bind(object, public)]
[INFO] [stdout]   |   ^--------------------------
[INFO] [stdout]   |   |
[INFO] [stdout]   |   `IntoJs` is not local
[INFO] [stdout]   |   move the `impl` block outside of this associated function `init`
[INFO] [stdout] ...
[INFO] [stdout] 4 |   pub(crate) mod con {
[INFO] [stdout]   |  ________________-
[INFO] [stdout] 5 | |     use crate::JsonValue;
[INFO] [stdout] 6 | |     use tracing::{error, info, warn};
[INFO] [stdout] ... |
[INFO] [stdout] 9 | |     pub struct Console;
[INFO] [stdout]   | |______________________- `Console` is not local
[INFO] [stdout]   |
[INFO] [stdout]   = note: the attribute macro `js::bind` defines the non-local `impl`, and may need to be changed
[INFO] [stdout]   = note: the attribute macro `js::bind` may come from an old version of the `rquickjs_macro` crate, try updating your dependency with `cargo update -p rquickjs_macro`
[INFO] [stdout]   = note: an `impl` is never scoped, even when it is nested inside an item, as it may impact type checking outside of that item, which can be the case if neither the trait or the self type are at the same nesting level as the `impl`
[INFO] [stdout]   = note: this warning originates in the attribute macro `js::bind` (in Nightly builds, run with -Z macro-backtrace for more info)
[INFO] [stdout] 
[INFO] [stdout] 
[INFO] [stdout] warning: non-local `impl` definition, `impl` blocks should be written at the same level as their item
[INFO] [stdout]  --> src/builtins/console.rs:1:1
[INFO] [stdout]   |
[INFO] [stdout] 1 |   #[js::bind(object, public)]
[INFO] [stdout]   |   -^^^^^^^^^^^^^^^^^^^^^^^^^^
[INFO] [stdout]   |   |
[INFO] [stdout]   |   `FromJs` is not local
[INFO] [stdout]   |   move the `impl` block outside of this associated function `init`
[INFO] [stdout] ...
[INFO] [stdout] 4 |   pub(crate) mod con {
[INFO] [stdout]   |  ________________-
[INFO] [stdout] 5 | |     use crate::JsonValue;
[INFO] [stdout] 6 | |     use tracing::{error, info, warn};
[INFO] [stdout] ... |
[INFO] [stdout] 9 | |     pub struct Console;
[INFO] [stdout]   | |______________________- `Console` is not local
[INFO] [stdout]   |
[INFO] [stdout]   = note: the attribute macro `js::bind` defines the non-local `impl`, and may need to be changed
[INFO] [stdout]   = note: the attribute macro `js::bind` may come from an old version of the `rquickjs_macro` crate, try updating your dependency with `cargo update -p rquickjs_macro`
[INFO] [stdout]   = note: an `impl` is never scoped, even when it is nested inside an item, as it may impact type checking outside of that item, which can be the case if neither the trait or the self type are at the same nesting level as the `impl`
[INFO] [stdout]   = note: this warning originates in the attribute macro `js::bind` (in Nightly builds, run with -Z macro-backtrace for more info)
[INFO] [stdout] 
[INFO] [stdout] 
[INFO] [stderr]     Finished `dev` profile [unoptimized + debuginfo] target(s) in 47.90s
[INFO] running `Command { std: "docker" "inspect" "08ad76d049b27c6b3805aa805782a51b55c002d0158675b997b89df2387bab19", kill_on_drop: false }`
[INFO] running `Command { std: "docker" "rm" "-f" "08ad76d049b27c6b3805aa805782a51b55c002d0158675b997b89df2387bab19", kill_on_drop: false }`
[INFO] [stdout] 08ad76d049b27c6b3805aa805782a51b55c002d0158675b997b89df2387bab19
[INFO] running `Command { std: "docker" "create" "-v" "/var/lib/crater-agent-workspace/builds/worker-1-tc2/target:/opt/rustwide/target:rw,Z" "-v" "/var/lib/crater-agent-workspace/builds/worker-1-tc2/source:/opt/rustwide/workdir:ro,Z" "-v" "/var/lib/crater-agent-workspace/cargo-home:/opt/rustwide/cargo-home:ro,Z" "-v" "/var/lib/crater-agent-workspace/rustup-home:/opt/rustwide/rustup-home:ro,Z" "-e" "SOURCE_DIR=/opt/rustwide/workdir" "-e" "CARGO_TARGET_DIR=/opt/rustwide/target" "-e" "CARGO_INCREMENTAL=0" "-e" "RUST_BACKTRACE=full" "-e" "RUSTFLAGS=--cap-lints=warn" "-e" "RUSTDOCFLAGS=--cap-lints=warn" "-e" "CARGO_HOME=/opt/rustwide/cargo-home" "-e" "RUSTUP_HOME=/opt/rustwide/rustup-home" "-w" "/opt/rustwide/workdir" "-m" "1610612736" "--user" "0:0" "--network" "none" "ghcr.io/rust-lang/crates-build-env/linux@sha256:f3a9d4ad9d972b27faf3965f35b62e55ba32bbce8f20bc8fe909558a86702fde" "/opt/rustwide/cargo-home/bin/cargo" "+beta-2024-12-08" "test" "--frozen" "--no-run" "--message-format=json", kill_on_drop: false }`
[INFO] [stdout] ee21192bda94a5798a48f8bc1936032d5a39683c863e10c222e93967e014c999
[INFO] running `Command { std: "docker" "start" "-a" "ee21192bda94a5798a48f8bc1936032d5a39683c863e10c222e93967e014c999", kill_on_drop: false }`
[INFO] [stderr]    Compiling tracing-core v0.1.33
[INFO] [stderr]    Compiling log v0.4.22
[INFO] [stderr]    Compiling overload v0.1.1
[INFO] [stderr]    Compiling sharded-slab v0.1.7
[INFO] [stderr]    Compiling thread_local v1.1.8
[INFO] [stderr]    Compiling nu-ansi-term v0.46.0
[INFO] [stderr]    Compiling rustls v0.21.12
[INFO] [stderr]    Compiling tracing v0.1.41
[INFO] [stderr]    Compiling tracing-log v0.2.0
[INFO] [stderr]    Compiling h2 v0.3.26
[INFO] [stderr]    Compiling tracing-subscriber v0.3.19
[INFO] [stderr]    Compiling tokio-rustls v0.24.1
[INFO] [stderr]    Compiling hyper v0.14.31
[INFO] [stderr]    Compiling hyper-rustls v0.24.2
[INFO] [stderr]    Compiling reqwest v0.11.27
[INFO] [stderr]    Compiling easy-qjs v0.1.4 (/opt/rustwide/workdir)
[INFO] [stdout] warning: lint `private_in_public` has been removed: replaced with another group of lints, see RFC <https://rust-lang.github.io/rfcs/2145-type-privacy.html> for more information
[INFO] [stdout]   --> src/lib.rs:37:26
[INFO] [stdout]    |
[INFO] [stdout] 37 | #![deny(unreachable_pub, private_in_public)]
[INFO] [stdout]    |                          ^^^^^^^^^^^^^^^^^
[INFO] [stdout]    |
[INFO] [stdout]    = note: `#[warn(renamed_and_removed_lints)]` on by default
[INFO] [stdout] 
[INFO] [stdout] 
[INFO] [stdout] warning: non-local `impl` definition, `impl` blocks should be written at the same level as their item
[INFO] [stdout]  --> src/builtins/console.rs:1:1
[INFO] [stdout]   |
[INFO] [stdout] 1 |   #[js::bind(object, public)]
[INFO] [stdout]   |   ^--------------------------
[INFO] [stdout]   |   |
[INFO] [stdout]   |   `ClassDef` is not local
[INFO] [stdout]   |   move the `impl` block outside of this associated function `init`
[INFO] [stdout] ...
[INFO] [stdout] 4 |   pub(crate) mod con {
[INFO] [stdout]   |  ________________-
[INFO] [stdout] 5 | |     use crate::JsonValue;
[INFO] [stdout] 6 | |     use tracing::{error, info, warn};
[INFO] [stdout] ... |
[INFO] [stdout] 9 | |     pub struct Console;
[INFO] [stdout]   | |______________________- `Console` is not local
[INFO] [stdout]   |
[INFO] [stdout]   = note: the attribute macro `js::bind` defines the non-local `impl`, and may need to be changed
[INFO] [stdout]   = note: the attribute macro `js::bind` may come from an old version of the `rquickjs_macro` crate, try updating your dependency with `cargo update -p rquickjs_macro`
[INFO] [stdout]   = note: an `impl` is never scoped, even when it is nested inside an item, as it may impact type checking outside of that item, which can be the case if neither the trait or the self type are at the same nesting level as the `impl`
[INFO] [stdout]   = note: `#[warn(non_local_definitions)]` on by default
[INFO] [stdout]   = note: this warning originates in the attribute macro `js::bind` (in Nightly builds, run with -Z macro-backtrace for more info)
[INFO] [stdout] 
[INFO] [stdout] 
[INFO] [stdout] warning: non-local `impl` definition, `impl` blocks should be written at the same level as their item
[INFO] [stdout]  --> src/builtins/console.rs:1:1
[INFO] [stdout]   |
[INFO] [stdout] 1 |   #[js::bind(object, public)]
[INFO] [stdout]   |   ^--------------------------
[INFO] [stdout]   |   |
[INFO] [stdout]   |   `IntoJs` is not local
[INFO] [stdout]   |   move the `impl` block outside of this associated function `init`
[INFO] [stdout] ...
[INFO] [stdout] 4 |   pub(crate) mod con {
[INFO] [stdout]   |  ________________-
[INFO] [stdout] 5 | |     use crate::JsonValue;
[INFO] [stdout] 6 | |     use tracing::{error, info, warn};
[INFO] [stdout] ... |
[INFO] [stdout] 9 | |     pub struct Console;
[INFO] [stdout]   | |______________________- `Console` is not local
[INFO] [stdout]   |
[INFO] [stdout]   = note: the attribute macro `js::bind` defines the non-local `impl`, and may need to be changed
[INFO] [stdout]   = note: the attribute macro `js::bind` may come from an old version of the `rquickjs_macro` crate, try updating your dependency with `cargo update -p rquickjs_macro`
[INFO] [stdout]   = note: an `impl` is never scoped, even when it is nested inside an item, as it may impact type checking outside of that item, which can be the case if neither the trait or the self type are at the same nesting level as the `impl`
[INFO] [stdout]   = note: this warning originates in the attribute macro `js::bind` (in Nightly builds, run with -Z macro-backtrace for more info)
[INFO] [stdout] 
[INFO] [stdout] 
[INFO] [stdout] warning: non-local `impl` definition, `impl` blocks should be written at the same level as their item
[INFO] [stdout]  --> src/builtins/console.rs:1:1
[INFO] [stdout]   |
[INFO] [stdout] 1 |   #[js::bind(object, public)]
[INFO] [stdout]   |   -^^^^^^^^^^^^^^^^^^^^^^^^^^
[INFO] [stdout]   |   |
[INFO] [stdout]   |   `FromJs` is not local
[INFO] [stdout]   |   move the `impl` block outside of this associated function `init`
[INFO] [stdout] ...
[INFO] [stdout] 4 |   pub(crate) mod con {
[INFO] [stdout]   |  ________________-
[INFO] [stdout] 5 | |     use crate::JsonValue;
[INFO] [stdout] 6 | |     use tracing::{error, info, warn};
[INFO] [stdout] ... |
[INFO] [stdout] 9 | |     pub struct Console;
[INFO] [stdout]   | |______________________- `Console` is not local
[INFO] [stdout]   |
[INFO] [stdout]   = note: the attribute macro `js::bind` defines the non-local `impl`, and may need to be changed
[INFO] [stdout]   = note: the attribute macro `js::bind` may come from an old version of the `rquickjs_macro` crate, try updating your dependency with `cargo update -p rquickjs_macro`
[INFO] [stdout]   = note: an `impl` is never scoped, even when it is nested inside an item, as it may impact type checking outside of that item, which can be the case if neither the trait or the self type are at the same nesting level as the `impl`
[INFO] [stdout]   = note: this warning originates in the attribute macro `js::bind` (in Nightly builds, run with -Z macro-backtrace for more info)
[INFO] [stdout] 
[INFO] [stdout] 
[INFO] [stdout] warning: lint `private_in_public` has been removed: replaced with another group of lints, see RFC <https://rust-lang.github.io/rfcs/2145-type-privacy.html> for more information
[INFO] [stdout]   --> src/lib.rs:37:26
[INFO] [stdout]    |
[INFO] [stdout] 37 | #![deny(unreachable_pub, private_in_public)]
[INFO] [stdout]    |                          ^^^^^^^^^^^^^^^^^
[INFO] [stdout]    |
[INFO] [stdout]    = note: `#[warn(renamed_and_removed_lints)]` on by default
[INFO] [stdout] 
[INFO] [stdout] 
[INFO] [stdout] warning: non-local `impl` definition, `impl` blocks should be written at the same level as their item
[INFO] [stdout]  --> src/builtins/console.rs:1:1
[INFO] [stdout]   |
[INFO] [stdout] 1 |   #[js::bind(object, public)]
[INFO] [stdout]   |   ^--------------------------
[INFO] [stdout]   |   |
[INFO] [stdout]   |   `ClassDef` is not local
[INFO] [stdout]   |   move the `impl` block outside of this associated function `init`
[INFO] [stdout] ...
[INFO] [stdout] 4 |   pub(crate) mod con {
[INFO] [stdout]   |  ________________-
[INFO] [stdout] 5 | |     use crate::JsonValue;
[INFO] [stdout] 6 | |     use tracing::{error, info, warn};
[INFO] [stdout] ... |
[INFO] [stdout] 9 | |     pub struct Console;
[INFO] [stdout]   | |______________________- `Console` is not local
[INFO] [stdout]   |
[INFO] [stdout]   = note: the attribute macro `js::bind` defines the non-local `impl`, and may need to be changed
[INFO] [stdout]   = note: the attribute macro `js::bind` may come from an old version of the `rquickjs_macro` crate, try updating your dependency with `cargo update -p rquickjs_macro`
[INFO] [stdout]   = note: an `impl` is never scoped, even when it is nested inside an item, as it may impact type checking outside of that item, which can be the case if neither the trait or the self type are at the same nesting level as the `impl`
[INFO] [stdout]   = note: `#[warn(non_local_definitions)]` on by default
[INFO] [stdout]   = note: this warning originates in the attribute macro `js::bind` (in Nightly builds, run with -Z macro-backtrace for more info)
[INFO] [stdout] 
[INFO] [stdout] 
[INFO] [stdout] warning: non-local `impl` definition, `impl` blocks should be written at the same level as their item
[INFO] [stdout]  --> src/builtins/console.rs:1:1
[INFO] [stdout]   |
[INFO] [stdout] 1 |   #[js::bind(object, public)]
[INFO] [stdout]   |   ^--------------------------
[INFO] [stdout]   |   |
[INFO] [stdout]   |   `IntoJs` is not local
[INFO] [stdout]   |   move the `impl` block outside of this associated function `init`
[INFO] [stdout] ...
[INFO] [stdout] 4 |   pub(crate) mod con {
[INFO] [stdout]   |  ________________-
[INFO] [stdout] 5 | |     use crate::JsonValue;
[INFO] [stdout] 6 | |     use tracing::{error, info, warn};
[INFO] [stdout] ... |
[INFO] [stdout] 9 | |     pub struct Console;
[INFO] [stdout]   | |______________________- `Console` is not local
[INFO] [stdout]   |
[INFO] [stdout]   = note: the attribute macro `js::bind` defines the non-local `impl`, and may need to be changed
[INFO] [stdout]   = note: the attribute macro `js::bind` may come from an old version of the `rquickjs_macro` crate, try updating your dependency with `cargo update -p rquickjs_macro`
[INFO] [stdout]   = note: an `impl` is never scoped, even when it is nested inside an item, as it may impact type checking outside of that item, which can be the case if neither the trait or the self type are at the same nesting level as the `impl`
[INFO] [stdout]   = note: this warning originates in the attribute macro `js::bind` (in Nightly builds, run with -Z macro-backtrace for more info)
[INFO] [stdout] 
[INFO] [stdout] 
[INFO] [stdout] warning: non-local `impl` definition, `impl` blocks should be written at the same level as their item
[INFO] [stdout]  --> src/builtins/console.rs:1:1
[INFO] [stdout]   |
[INFO] [stdout] 1 |   #[js::bind(object, public)]
[INFO] [stdout]   |   -^^^^^^^^^^^^^^^^^^^^^^^^^^
[INFO] [stdout]   |   |
[INFO] [stdout]   |   `FromJs` is not local
[INFO] [stdout]   |   move the `impl` block outside of this associated function `init`
[INFO] [stdout] ...
[INFO] [stdout] 4 |   pub(crate) mod con {
[INFO] [stdout]   |  ________________-
[INFO] [stdout] 5 | |     use crate::JsonValue;
[INFO] [stdout] 6 | |     use tracing::{error, info, warn};
[INFO] [stdout] ... |
[INFO] [stdout] 9 | |     pub struct Console;
[INFO] [stdout]   | |______________________- `Console` is not local
[INFO] [stdout]   |
[INFO] [stdout]   = note: the attribute macro `js::bind` defines the non-local `impl`, and may need to be changed
[INFO] [stdout]   = note: the attribute macro `js::bind` may come from an old version of the `rquickjs_macro` crate, try updating your dependency with `cargo update -p rquickjs_macro`
[INFO] [stdout]   = note: an `impl` is never scoped, even when it is nested inside an item, as it may impact type checking outside of that item, which can be the case if neither the trait or the self type are at the same nesting level as the `impl`
[INFO] [stdout]   = note: this warning originates in the attribute macro `js::bind` (in Nightly builds, run with -Z macro-backtrace for more info)
[INFO] [stdout] 
[INFO] [stdout] 
[INFO] [stderr]     Finished `test` profile [unoptimized + debuginfo] target(s) in 19.25s
[INFO] running `Command { std: "docker" "inspect" "ee21192bda94a5798a48f8bc1936032d5a39683c863e10c222e93967e014c999", kill_on_drop: false }`
[INFO] running `Command { std: "docker" "rm" "-f" "ee21192bda94a5798a48f8bc1936032d5a39683c863e10c222e93967e014c999", kill_on_drop: false }`
[INFO] [stdout] ee21192bda94a5798a48f8bc1936032d5a39683c863e10c222e93967e014c999
[INFO] running `Command { std: "docker" "create" "-v" "/var/lib/crater-agent-workspace/builds/worker-1-tc2/target:/opt/rustwide/target:rw,Z" "-v" "/var/lib/crater-agent-workspace/builds/worker-1-tc2/source:/opt/rustwide/workdir:ro,Z" "-v" "/var/lib/crater-agent-workspace/cargo-home:/opt/rustwide/cargo-home:ro,Z" "-v" "/var/lib/crater-agent-workspace/rustup-home:/opt/rustwide/rustup-home:ro,Z" "-e" "SOURCE_DIR=/opt/rustwide/workdir" "-e" "CARGO_TARGET_DIR=/opt/rustwide/target" "-e" "CARGO_INCREMENTAL=0" "-e" "RUST_BACKTRACE=full" "-e" "RUSTFLAGS=--cap-lints=warn" "-e" "RUSTDOCFLAGS=--cap-lints=warn" "-e" "CARGO_HOME=/opt/rustwide/cargo-home" "-e" "RUSTUP_HOME=/opt/rustwide/rustup-home" "-w" "/opt/rustwide/workdir" "-m" "1610612736" "--user" "0:0" "--network" "none" "ghcr.io/rust-lang/crates-build-env/linux@sha256:f3a9d4ad9d972b27faf3965f35b62e55ba32bbce8f20bc8fe909558a86702fde" "/opt/rustwide/cargo-home/bin/cargo" "+beta-2024-12-08" "test" "--frozen", kill_on_drop: false }`
[INFO] [stdout] d58a743e454265030d3fe0c07e894a4e6389c80d76df3838b99c081e59e218c8
[INFO] running `Command { std: "docker" "start" "-a" "d58a743e454265030d3fe0c07e894a4e6389c80d76df3838b99c081e59e218c8", kill_on_drop: false }`
[INFO] [stderr] warning: lint `private_in_public` has been removed: replaced with another group of lints, see RFC <https://rust-lang.github.io/rfcs/2145-type-privacy.html> for more information
[INFO] [stderr]   --> src/lib.rs:37:26
[INFO] [stderr]    |
[INFO] [stderr] 37 | #![deny(unreachable_pub, private_in_public)]
[INFO] [stderr]    |                          ^^^^^^^^^^^^^^^^^
[INFO] [stderr]    |
[INFO] [stderr]    = note: `#[warn(renamed_and_removed_lints)]` on by default
[INFO] [stderr] 
[INFO] [stderr] warning: non-local `impl` definition, `impl` blocks should be written at the same level as their item
[INFO] [stderr]  --> src/builtins/console.rs:1:1
[INFO] [stderr]   |
[INFO] [stderr] 1 |   #[js::bind(object, public)]
[INFO] [stderr]   |   ^--------------------------
[INFO] [stderr]   |   |
[INFO] [stderr]   |   `ClassDef` is not local
[INFO] [stderr]   |   move the `impl` block outside of this associated function `init`
[INFO] [stderr] ...
[INFO] [stderr] 4 |   pub(crate) mod con {
[INFO] [stderr]   |  ________________-
[INFO] [stderr] 5 | |     use crate::JsonValue;
[INFO] [stderr] 6 | |     use tracing::{error, info, warn};
[INFO] [stderr] ... |
[INFO] [stderr] 9 | |     pub struct Console;
[INFO] [stderr]   | |______________________- `Console` is not local
[INFO] [stderr]   |
[INFO] [stderr]   = note: the attribute macro `js::bind` defines the non-local `impl`, and may need to be changed
[INFO] [stderr]   = note: the attribute macro `js::bind` may come from an old version of the `rquickjs_macro` crate, try updating your dependency with `cargo update -p rquickjs_macro`
[INFO] [stderr]   = note: an `impl` is never scoped, even when it is nested inside an item, as it may impact type checking outside of that item, which can be the case if neither the trait or the self type are at the same nesting level as the `impl`
[INFO] [stderr]   = note: `#[warn(non_local_definitions)]` on by default
[INFO] [stderr]   = note: this warning originates in the attribute macro `js::bind` (in Nightly builds, run with -Z macro-backtrace for more info)
[INFO] [stderr] 
[INFO] [stderr] warning: non-local `impl` definition, `impl` blocks should be written at the same level as their item
[INFO] [stderr]  --> src/builtins/console.rs:1:1
[INFO] [stderr]   |
[INFO] [stderr] 1 |   #[js::bind(object, public)]
[INFO] [stderr]   |   ^--------------------------
[INFO] [stderr]   |   |
[INFO] [stderr]   |   `IntoJs` is not local
[INFO] [stderr]   |   move the `impl` block outside of this associated function `init`
[INFO] [stderr] ...
[INFO] [stderr] 4 |   pub(crate) mod con {
[INFO] [stderr]   |  ________________-
[INFO] [stderr] 5 | |     use crate::JsonValue;
[INFO] [stderr] 6 | |     use tracing::{error, info, warn};
[INFO] [stderr] ... |
[INFO] [stderr] 9 | |     pub struct Console;
[INFO] [stderr]   | |______________________- `Console` is not local
[INFO] [stderr]   |
[INFO] [stderr]   = note: the attribute macro `js::bind` defines the non-local `impl`, and may need to be changed
[INFO] [stderr]   = note: the attribute macro `js::bind` may come from an old version of the `rquickjs_macro` crate, try updating your dependency with `cargo update -p rquickjs_macro`
[INFO] [stderr]   = note: an `impl` is never scoped, even when it is nested inside an item, as it may impact type checking outside of that item, which can be the case if neither the trait or the self type are at the same nesting level as the `impl`
[INFO] [stderr]   = note: this warning originates in the attribute macro `js::bind` (in Nightly builds, run with -Z macro-backtrace for more info)
[INFO] [stderr] 
[INFO] [stderr] warning: non-local `impl` definition, `impl` blocks should be written at the same level as their item
[INFO] [stderr]  --> src/builtins/console.rs:1:1
[INFO] [stderr]   |
[INFO] [stderr] 1 |   #[js::bind(object, public)]
[INFO] [stderr]   |   -^^^^^^^^^^^^^^^^^^^^^^^^^^
[INFO] [stderr]   |   |
[INFO] [stderr]   |   `FromJs` is not local
[INFO] [stderr]   |   move the `impl` block outside of this associated function `init`
[INFO] [stderr] ...
[INFO] [stderr] 4 |   pub(crate) mod con {
[INFO] [stderr]   |  ________________-
[INFO] [stderr] 5 | |     use crate::JsonValue;
[INFO] [stderr] 6 | |     use tracing::{error, info, warn};
[INFO] [stderr] ... |
[INFO] [stderr] 9 | |     pub struct Console;
[INFO] [stderr]   | |______________________- `Console` is not local
[INFO] [stderr]   |
[INFO] [stderr]   = note: the attribute macro `js::bind` defines the non-local `impl`, and may need to be changed
[INFO] [stderr]   = note: the attribute macro `js::bind` may come from an old version of the `rquickjs_macro` crate, try updating your dependency with `cargo update -p rquickjs_macro`
[INFO] [stderr]   = note: an `impl` is never scoped, even when it is nested inside an item, as it may impact type checking outside of that item, which can be the case if neither the trait or the self type are at the same nesting level as the `impl`
[INFO] [stderr]   = note: this warning originates in the attribute macro `js::bind` (in Nightly builds, run with -Z macro-backtrace for more info)
[INFO] [stderr] 
[INFO] [stderr] warning: `easy-qjs` (lib) generated 4 warnings
[INFO] [stderr] warning: `easy-qjs` (lib test) generated 4 warnings (4 duplicates)
[INFO] [stderr]     Finished `test` profile [unoptimized + debuginfo] target(s) in 0.18s
[INFO] [stderr]      Running unittests src/lib.rs (/opt/rustwide/target/debug/deps/easy_qjs-0f80c4388feb059a)
[INFO] [stdout] 
[INFO] [stdout] running 3 tests
[INFO] [stdout] test value::tests::json_value_should_be_converted_to_js ... ok
[INFO] [stdout] test value::tests::js_object_might_be_converted_as_null ... ok
[INFO] [stdout] test engine::tests::fetch_should_work ... FAILED
[INFO] [stdout] 
[INFO] [stdout] failures:
[INFO] [stdout] 
[INFO] [stdout] ---- engine::tests::fetch_should_work stdout ----
[INFO] [stdout] thread 'engine::tests::fetch_should_work' panicked at src/engine.rs:198:14:
[INFO] [stdout] valid: JsExecute { source: Exception { message: "IO Error: error sending request for url (https://httpbin.org/get): error trying to connect: dns error: failed to lookup address information: Temporary failure in name resolution", file: "", line: -1, stack: "    at default (script)\n" } }
[INFO] [stdout] stack backtrace:
[INFO] [stdout]    0:     0x6018b5afbe5a - std::backtrace_rs::backtrace::libunwind::trace::h8810477743020387
[INFO] [stdout]                                at /rustc/202008a1b8de96d2e5b6bc02d379db03a877d34d/library/std/src/../../backtrace/src/backtrace/libunwind.rs:116:5
[INFO] [stdout]    1:     0x6018b5afbe5a - std::backtrace_rs::backtrace::trace_unsynchronized::h3aa55355dd6c54a6
[INFO] [stdout]                                at /rustc/202008a1b8de96d2e5b6bc02d379db03a877d34d/library/std/src/../../backtrace/src/backtrace/mod.rs:66:5
[INFO] [stdout]    2:     0x6018b5afbe5a - std::sys::backtrace::_print_fmt::h8588b0f62410823f
[INFO] [stdout]                                at /rustc/202008a1b8de96d2e5b6bc02d379db03a877d34d/library/std/src/sys/backtrace.rs:66:9
[INFO] [stdout]    3:     0x6018b5afbe5a - <std::sys::backtrace::BacktraceLock::print::DisplayBacktrace as core::fmt::Display>::fmt::h98c26ac25ffe89bb
[INFO] [stdout]                                at /rustc/202008a1b8de96d2e5b6bc02d379db03a877d34d/library/std/src/sys/backtrace.rs:39:26
[INFO] [stdout]    4:     0x6018b5b24843 - core::fmt::rt::Argument::fmt::hf95377f4aebd453b
[INFO] [stdout]                                at /rustc/202008a1b8de96d2e5b6bc02d379db03a877d34d/library/core/src/fmt/rt.rs:177:76
[INFO] [stdout]    5:     0x6018b5b24843 - core::fmt::write::h0dd5f6e2238c7982
[INFO] [stdout]                                at /rustc/202008a1b8de96d2e5b6bc02d379db03a877d34d/library/core/src/fmt/mod.rs:1189:21
[INFO] [stdout]    6:     0x6018b5af8473 - std::io::Write::write_fmt::h03bb0ca26e6faf8c
[INFO] [stdout]                                at /rustc/202008a1b8de96d2e5b6bc02d379db03a877d34d/library/std/src/io/mod.rs:1884:15
[INFO] [stdout]    7:     0x6018b5afbca2 - std::sys::backtrace::BacktraceLock::print::h5c19c1c038ee186d
[INFO] [stdout]                                at /rustc/202008a1b8de96d2e5b6bc02d379db03a877d34d/library/std/src/sys/backtrace.rs:42:9
[INFO] [stdout]    8:     0x6018b5afd2dd - std::panicking::default_hook::{{closure}}::h77172f079a1fcb13
[INFO] [stdout]                                at /rustc/202008a1b8de96d2e5b6bc02d379db03a877d34d/library/std/src/panicking.rs:268:22
[INFO] [stdout]    9:     0x6018b5afd0e7 - std::panicking::default_hook::he5f8e3b203ccddba
[INFO] [stdout]                                at /rustc/202008a1b8de96d2e5b6bc02d379db03a877d34d/library/std/src/panicking.rs:292:9
[INFO] [stdout]   10:     0x6018b58fdb17 - <alloc::boxed::Box<F,A> as core::ops::function::Fn<Args>>::call::h7a3c7b4a1ae77f2f
[INFO] [stdout]                                at /rustc/202008a1b8de96d2e5b6bc02d379db03a877d34d/library/alloc/src/boxed.rs:1986:9
[INFO] [stdout]   11:     0x6018b58fdb17 - test::test_main::{{closure}}::hf0d3b69ae9b353d1
[INFO] [stdout]                                at /rustc/202008a1b8de96d2e5b6bc02d379db03a877d34d/library/test/src/lib.rs:134:21
[INFO] [stdout]   12:     0x6018b5afd988 - <alloc::boxed::Box<F,A> as core::ops::function::Fn<Args>>::call::h6332e82e7b189abd
[INFO] [stdout]                                at /rustc/202008a1b8de96d2e5b6bc02d379db03a877d34d/library/alloc/src/boxed.rs:1986:9
[INFO] [stdout]   13:     0x6018b5afd988 - std::panicking::rust_panic_with_hook::h53863d4e9018df39
[INFO] [stdout]                                at /rustc/202008a1b8de96d2e5b6bc02d379db03a877d34d/library/std/src/panicking.rs:809:13
[INFO] [stdout]   14:     0x6018b5afd74a - std::panicking::begin_panic_handler::{{closure}}::h67280e6fa0757873
[INFO] [stdout]                                at /rustc/202008a1b8de96d2e5b6bc02d379db03a877d34d/library/std/src/panicking.rs:674:13
[INFO] [stdout]   15:     0x6018b5afc339 - std::sys::backtrace::__rust_end_short_backtrace::h1dac3f54d6fbbeb2
[INFO] [stdout]                                at /rustc/202008a1b8de96d2e5b6bc02d379db03a877d34d/library/std/src/sys/backtrace.rs:170:18
[INFO] [stdout]   16:     0x6018b5afd3dc - rust_begin_unwind
[INFO] [stdout]                                at /rustc/202008a1b8de96d2e5b6bc02d379db03a877d34d/library/std/src/panicking.rs:665:5
[INFO] [stdout]   17:     0x6018b5388530 - core::panicking::panic_fmt::h6792bd1b2bf01041
[INFO] [stdout]                                at /rustc/202008a1b8de96d2e5b6bc02d379db03a877d34d/library/core/src/panicking.rs:76:14
[INFO] [stdout]   18:     0x6018b5388a16 - core::result::unwrap_failed::h05e0602ed34287c5
[INFO] [stdout]                                at /rustc/202008a1b8de96d2e5b6bc02d379db03a877d34d/library/core/src/result.rs:1699:5
[INFO] [stdout]   19:     0x6018b53bbc7f - core::result::Result<T,E>::expect::h55da42e0a6eb9f27
[INFO] [stdout]                                at /rustc/202008a1b8de96d2e5b6bc02d379db03a877d34d/library/core/src/result.rs:1061:23
[INFO] [stdout]   20:     0x6018b53afb68 - easy_qjs::engine::tests::fetch_should_work::{{closure}}::hdd674b9e40c6f551
[INFO] [stdout]                                at /opt/rustwide/workdir/src/engine.rs:192:19
[INFO] [stdout]   21:     0x6018b53a32c2 - <core::pin::Pin<P> as core::future::future::Future>::poll::h1609cb0e34e8495d
[INFO] [stdout]                                at /rustc/202008a1b8de96d2e5b6bc02d379db03a877d34d/library/core/src/future/future.rs:124:9
[INFO] [stdout]   22:     0x6018b53a294f - tokio::runtime::park::CachedParkThread::block_on::{{closure}}::h7ad304547ee50c15
[INFO] [stdout]                                at /opt/rustwide/cargo-home/registry/src/index.crates.io-6f17d22bba15001f/tokio-1.42.0/src/runtime/park.rs:281:63
[INFO] [stdout]   23:     0x6018b53a2780 - tokio::runtime::coop::with_budget::h09e4a1c1e96af38c
[INFO] [stdout]                                at /opt/rustwide/cargo-home/registry/src/index.crates.io-6f17d22bba15001f/tokio-1.42.0/src/runtime/coop.rs:107:5
[INFO] [stdout]   24:     0x6018b53a2780 - tokio::runtime::coop::budget::h4288930d456f13c3
[INFO] [stdout]                                at /opt/rustwide/cargo-home/registry/src/index.crates.io-6f17d22bba15001f/tokio-1.42.0/src/runtime/coop.rs:73:5
[INFO] [stdout]   25:     0x6018b53a2780 - tokio::runtime::park::CachedParkThread::block_on::h92eaabaae7d9bf0e
[INFO] [stdout]                                at /opt/rustwide/cargo-home/registry/src/index.crates.io-6f17d22bba15001f/tokio-1.42.0/src/runtime/park.rs:281:31
[INFO] [stdout]   26:     0x6018b53d2214 - tokio::runtime::context::blocking::BlockingRegionGuard::block_on::h5c8dd8df5d774d93
[INFO] [stdout]                                at /opt/rustwide/cargo-home/registry/src/index.crates.io-6f17d22bba15001f/tokio-1.42.0/src/runtime/context/blocking.rs:66:9
[INFO] [stdout]   27:     0x6018b53c6e78 - tokio::runtime::scheduler::multi_thread::MultiThread::block_on::{{closure}}::h96b9782236b88d86
[INFO] [stdout]                                at /opt/rustwide/cargo-home/registry/src/index.crates.io-6f17d22bba15001f/tokio-1.42.0/src/runtime/scheduler/multi_thread/mod.rs:87:13
[INFO] [stdout]   28:     0x6018b53b57bc - tokio::runtime::context::runtime::enter_runtime::h76e9ce26ddda7bcf
[INFO] [stdout]                                at /opt/rustwide/cargo-home/registry/src/index.crates.io-6f17d22bba15001f/tokio-1.42.0/src/runtime/context/runtime.rs:65:16
[INFO] [stdout]   29:     0x6018b53c6d34 - tokio::runtime::scheduler::multi_thread::MultiThread::block_on::h0f034e3ed565f334
[INFO] [stdout]                                at /opt/rustwide/cargo-home/registry/src/index.crates.io-6f17d22bba15001f/tokio-1.42.0/src/runtime/scheduler/multi_thread/mod.rs:86:9
[INFO] [stdout]   30:     0x6018b53ad491 - tokio::runtime::runtime::Runtime::block_on_inner::habe527c3e69a30ab
[INFO] [stdout]                                at /opt/rustwide/cargo-home/registry/src/index.crates.io-6f17d22bba15001f/tokio-1.42.0/src/runtime/runtime.rs:370:45
[INFO] [stdout]   31:     0x6018b53ad9d7 - tokio::runtime::runtime::Runtime::block_on::h8fd44ac330fbd767
[INFO] [stdout]                                at /opt/rustwide/cargo-home/registry/src/index.crates.io-6f17d22bba15001f/tokio-1.42.0/src/runtime/runtime.rs:342:13
[INFO] [stdout]   32:     0x6018b53af824 - easy_qjs::engine::tests::fetch_should_work::ha98822c6d67f347d
[INFO] [stdout]                                at /opt/rustwide/workdir/src/engine.rs:199:9
[INFO] [stdout]   33:     0x6018b53af6a7 - easy_qjs::engine::tests::fetch_should_work::{{closure}}::h53381e8555faea6d
[INFO] [stdout]                                at /opt/rustwide/workdir/src/engine.rs:190:33
[INFO] [stdout]   34:     0x6018b53b16b6 - core::ops::function::FnOnce::call_once::h32200fe41be6381b
[INFO] [stdout]                                at /rustc/202008a1b8de96d2e5b6bc02d379db03a877d34d/library/core/src/ops/function.rs:250:5
[INFO] [stdout]   35:     0x6018b590263b - core::ops::function::FnOnce::call_once::h871bf86719ec9aa4
[INFO] [stdout]                                at /rustc/202008a1b8de96d2e5b6bc02d379db03a877d34d/library/core/src/ops/function.rs:250:5
[INFO] [stdout]   36:     0x6018b590263b - test::__rust_begin_short_backtrace::h2167df1e2b7d76fd
[INFO] [stdout]                                at /rustc/202008a1b8de96d2e5b6bc02d379db03a877d34d/library/test/src/lib.rs:632:18
[INFO] [stdout]   37:     0x6018b5902028 - test::run_test_in_process::{{closure}}::h15d92f75a3adfb79
[INFO] [stdout]                                at /rustc/202008a1b8de96d2e5b6bc02d379db03a877d34d/library/test/src/lib.rs:655:60
[INFO] [stdout]   38:     0x6018b5902028 - <core::panic::unwind_safe::AssertUnwindSafe<F> as core::ops::function::FnOnce<()>>::call_once::hb6c8955835a8dbbb
[INFO] [stdout]                                at /rustc/202008a1b8de96d2e5b6bc02d379db03a877d34d/library/core/src/panic/unwind_safe.rs:272:9
[INFO] [stdout]   39:     0x6018b5902028 - std::panicking::try::do_call::hc79d0fc888a0bd30
[INFO] [stdout]                                at /rustc/202008a1b8de96d2e5b6bc02d379db03a877d34d/library/std/src/panicking.rs:557:40
[INFO] [stdout]   40:     0x6018b5902028 - std::panicking::try::hb8a7878e3a8589d6
[INFO] [stdout]                                at /rustc/202008a1b8de96d2e5b6bc02d379db03a877d34d/library/std/src/panicking.rs:520:19
[INFO] [stdout]   41:     0x6018b5902028 - std::panic::catch_unwind::hb8e4600ff0ff5cfa
[INFO] [stdout]                                at /rustc/202008a1b8de96d2e5b6bc02d379db03a877d34d/library/std/src/panic.rs:358:14
[INFO] [stdout]   42:     0x6018b5902028 - test::run_test_in_process::hc2900b0b18688dd6
[INFO] [stdout]                                at /rustc/202008a1b8de96d2e5b6bc02d379db03a877d34d/library/test/src/lib.rs:655:27
[INFO] [stdout]   43:     0x6018b5902028 - test::run_test::{{closure}}::hac2a9cb07be3d48d
[INFO] [stdout]                                at /rustc/202008a1b8de96d2e5b6bc02d379db03a877d34d/library/test/src/lib.rs:576:43
[INFO] [stdout]   44:     0x6018b58c5aca - test::run_test::{{closure}}::h4a5b729e66a38cd8
[INFO] [stdout]                                at /rustc/202008a1b8de96d2e5b6bc02d379db03a877d34d/library/test/src/lib.rs:606:41
[INFO] [stdout]   45:     0x6018b58c5aca - std::sys::backtrace::__rust_begin_short_backtrace::h0496fb742492f573
[INFO] [stdout]                                at /rustc/202008a1b8de96d2e5b6bc02d379db03a877d34d/library/std/src/sys/backtrace.rs:154:18
[INFO] [stdout]   46:     0x6018b58c9444 - std::thread::Builder::spawn_unchecked_::{{closure}}::{{closure}}::hbb6d257c550a54bd
[INFO] [stdout]                                at /rustc/202008a1b8de96d2e5b6bc02d379db03a877d34d/library/std/src/thread/mod.rs:561:17
[INFO] [stdout]   47:     0x6018b58c9444 - <core::panic::unwind_safe::AssertUnwindSafe<F> as core::ops::function::FnOnce<()>>::call_once::h46696fe4a6832328
[INFO] [stdout]                                at /rustc/202008a1b8de96d2e5b6bc02d379db03a877d34d/library/core/src/panic/unwind_safe.rs:272:9
[INFO] [stdout]   48:     0x6018b58c9444 - std::panicking::try::do_call::h2625a51b667bfb64
[INFO] [stdout]                                at /rustc/202008a1b8de96d2e5b6bc02d379db03a877d34d/library/std/src/panicking.rs:557:40
[INFO] [stdout]   49:     0x6018b58c9444 - std::panicking::try::hb956a59a1973aa4c
[INFO] [stdout]                                at /rustc/202008a1b8de96d2e5b6bc02d379db03a877d34d/library/std/src/panicking.rs:520:19
[INFO] [stdout]   50:     0x6018b58c9444 - std::panic::catch_unwind::h64f3b9d1067ef6a0
[INFO] [stdout]                                at /rustc/202008a1b8de96d2e5b6bc02d379db03a877d34d/library/std/src/panic.rs:358:14
[INFO] [stdout]   51:     0x6018b58c9444 - std::thread::Builder::spawn_unchecked_::{{closure}}::h42b2841295b6c0b2
[INFO] [stdout]                                at /rustc/202008a1b8de96d2e5b6bc02d379db03a877d34d/library/std/src/thread/mod.rs:559:30
[INFO] [stdout]   52:     0x6018b58c9444 - core::ops::function::FnOnce::call_once{{vtable.shim}}::h6127de71b8124639
[INFO] [stdout]                                at /rustc/202008a1b8de96d2e5b6bc02d379db03a877d34d/library/core/src/ops/function.rs:250:5
[INFO] [stdout]   53:     0x6018b5b01a2b - <alloc::boxed::Box<F,A> as core::ops::function::FnOnce<Args>>::call_once::h42f0ba71002a1b2c
[INFO] [stdout]                                at /rustc/202008a1b8de96d2e5b6bc02d379db03a877d34d/library/alloc/src/boxed.rs:1972:9
[INFO] [stdout]   54:     0x6018b5b01a2b - <alloc::boxed::Box<F,A> as core::ops::function::FnOnce<Args>>::call_once::had9e47d7a3dcecb8
[INFO] [stdout]                                at /rustc/202008a1b8de96d2e5b6bc02d379db03a877d34d/library/alloc/src/boxed.rs:1972:9
[INFO] [stdout]   55:     0x6018b5b01a2b - std::sys::pal::unix::thread::Thread::new::thread_start::h48cf765408f6f5f2
[INFO] [stdout]                                at /rustc/202008a1b8de96d2e5b6bc02d379db03a877d34d/library/std/src/sys/pal/unix/thread.rs:105:17
[INFO] [stdout]   56:     0x73d2c188cac3 - <unknown>
[INFO] [stdout]   57:     0x73d2c191da04 - clone
[INFO] [stdout]   58:                0x0 - <unknown>
[INFO] [stdout] 
[INFO] [stdout] 
[INFO] [stdout] failures:
[INFO] [stdout]     engine::tests::fetch_should_work
[INFO] [stdout] 
[INFO] [stdout] test result: FAILED. 2 passed; 1 failed; 0 ignored; 0 measured; 0 filtered out; finished in 0.05s
[INFO] [stdout] 
[INFO] [stderr] error: test failed, to rerun pass `--lib`
[INFO] running `Command { std: "docker" "inspect" "d58a743e454265030d3fe0c07e894a4e6389c80d76df3838b99c081e59e218c8", kill_on_drop: false }`
[INFO] running `Command { std: "docker" "rm" "-f" "d58a743e454265030d3fe0c07e894a4e6389c80d76df3838b99c081e59e218c8", kill_on_drop: false }`
[INFO] [stdout] d58a743e454265030d3fe0c07e894a4e6389c80d76df3838b99c081e59e218c8
