[INFO] fetching crate devclean 0.1.1...
[INFO] testing devclean-0.1.1 against 1.83.0 for beta-1.84.0-4-retry
[INFO] extracting crate devclean 0.1.1 into /workspace/builds/worker-1-tc1/source
[INFO] validating manifest of crates.io crate devclean 0.1.1 on toolchain 1.83.0
[INFO] running `Command { std: CARGO_HOME="/workspace/cargo-home" RUSTUP_HOME="/workspace/rustup-home" "/workspace/cargo-home/bin/cargo" "+1.83.0" "metadata" "--manifest-path" "Cargo.toml" "--no-deps", kill_on_drop: false }`
[INFO] started tweaking crates.io crate devclean 0.1.1
[INFO] finished tweaking crates.io crate devclean 0.1.1
[INFO] tweaked toml for crates.io crate devclean 0.1.1 written to /workspace/builds/worker-1-tc1/source/Cargo.toml
[INFO] crate crates.io crate devclean 0.1.1 already has a lockfile, it will not be regenerated
[INFO] running `Command { std: CARGO_HOME="/workspace/cargo-home" RUSTUP_HOME="/workspace/rustup-home" "/workspace/cargo-home/bin/cargo" "+1.83.0" "fetch" "--manifest-path" "Cargo.toml", kill_on_drop: false }`
[INFO] running `Command { std: "docker" "create" "-v" "/var/lib/crater-agent-workspace/builds/worker-1-tc1/target:/opt/rustwide/target:rw,Z" "-v" "/var/lib/crater-agent-workspace/builds/worker-1-tc1/source:/opt/rustwide/workdir:ro,Z" "-v" "/var/lib/crater-agent-workspace/cargo-home:/opt/rustwide/cargo-home:ro,Z" "-v" "/var/lib/crater-agent-workspace/rustup-home:/opt/rustwide/rustup-home:ro,Z" "-e" "SOURCE_DIR=/opt/rustwide/workdir" "-e" "CARGO_TARGET_DIR=/opt/rustwide/target" "-e" "CARGO_HOME=/opt/rustwide/cargo-home" "-e" "RUSTUP_HOME=/opt/rustwide/rustup-home" "-w" "/opt/rustwide/workdir" "-m" "1610612736" "--user" "0:0" "--network" "none" "ghcr.io/rust-lang/crates-build-env/linux@sha256:f3a9d4ad9d972b27faf3965f35b62e55ba32bbce8f20bc8fe909558a86702fde" "/opt/rustwide/cargo-home/bin/cargo" "+1.83.0" "metadata" "--no-deps" "--format-version=1", kill_on_drop: false }`
[INFO] [stdout] 81cdde6c0aed716653cdf1207ca5e0aeaae4b5a12f317172ed324afb8f2ec4b1
[INFO] running `Command { std: "docker" "start" "-a" "81cdde6c0aed716653cdf1207ca5e0aeaae4b5a12f317172ed324afb8f2ec4b1", kill_on_drop: false }`
[INFO] running `Command { std: "docker" "inspect" "81cdde6c0aed716653cdf1207ca5e0aeaae4b5a12f317172ed324afb8f2ec4b1", kill_on_drop: false }`
[INFO] running `Command { std: "docker" "rm" "-f" "81cdde6c0aed716653cdf1207ca5e0aeaae4b5a12f317172ed324afb8f2ec4b1", kill_on_drop: false }`
[INFO] [stdout] 81cdde6c0aed716653cdf1207ca5e0aeaae4b5a12f317172ed324afb8f2ec4b1
[INFO] running `Command { std: "docker" "create" "-v" "/var/lib/crater-agent-workspace/builds/worker-1-tc1/target:/opt/rustwide/target:rw,Z" "-v" "/var/lib/crater-agent-workspace/builds/worker-1-tc1/source:/opt/rustwide/workdir:ro,Z" "-v" "/var/lib/crater-agent-workspace/cargo-home:/opt/rustwide/cargo-home:ro,Z" "-v" "/var/lib/crater-agent-workspace/rustup-home:/opt/rustwide/rustup-home:ro,Z" "-e" "SOURCE_DIR=/opt/rustwide/workdir" "-e" "CARGO_TARGET_DIR=/opt/rustwide/target" "-e" "CARGO_INCREMENTAL=0" "-e" "RUST_BACKTRACE=full" "-e" "RUSTFLAGS=--cap-lints=warn" "-e" "RUSTDOCFLAGS=--cap-lints=warn" "-e" "CARGO_HOME=/opt/rustwide/cargo-home" "-e" "RUSTUP_HOME=/opt/rustwide/rustup-home" "-w" "/opt/rustwide/workdir" "-m" "1610612736" "--user" "0:0" "--network" "none" "ghcr.io/rust-lang/crates-build-env/linux@sha256:f3a9d4ad9d972b27faf3965f35b62e55ba32bbce8f20bc8fe909558a86702fde" "/opt/rustwide/cargo-home/bin/cargo" "+1.83.0" "build" "--frozen" "--message-format=json", kill_on_drop: false }`
[INFO] [stdout] 2c9370528b76c7fbf0ab88e8ecd66b319c1a036757bc74b8acbb58246faec1b4
[INFO] running `Command { std: "docker" "start" "-a" "2c9370528b76c7fbf0ab88e8ecd66b319c1a036757bc74b8acbb58246faec1b4", kill_on_drop: false }`
[INFO] [stderr]    Compiling libc v0.2.154
[INFO] [stderr]    Compiling once_cell v1.19.0
[INFO] [stderr]    Compiling pkg-config v0.3.30
[INFO] [stderr]    Compiling proc-macro2 v1.0.81
[INFO] [stderr]    Compiling unicode-ident v1.0.12
[INFO] [stderr]    Compiling vcpkg v0.2.15
[INFO] [stderr]    Compiling cfg-if v1.0.0
[INFO] [stderr]    Compiling lazy_static v1.4.0
[INFO] [stderr]    Compiling memchr v2.7.2
[INFO] [stderr]    Compiling crossbeam-utils v0.8.19
[INFO] [stderr]    Compiling tinyvec_macros v0.1.1
[INFO] [stderr]    Compiling tinyvec v1.6.0
[INFO] [stderr]    Compiling tracing-core v0.1.32
[INFO] [stderr]    Compiling thread_local v1.1.8
[INFO] [stderr]    Compiling sharded-slab v0.1.7
[INFO] [stderr]    Compiling pin-project-lite v0.2.14
[INFO] [stderr]    Compiling bitflags v2.5.0
[INFO] [stderr]    Compiling rustix v0.38.34
[INFO] [stderr]    Compiling unicode-width v0.1.12
[INFO] [stderr]    Compiling quote v1.0.36
[INFO] [stderr]    Compiling utf8parse v0.2.1
[INFO] [stderr]    Compiling jobserver v0.1.31
[INFO] [stderr]    Compiling serde v1.0.200
[INFO] [stderr]    Compiling anstyle-parse v0.2.4
[INFO] [stderr]    Compiling syn v2.0.60
[INFO] [stderr]    Compiling cc v1.0.96
[INFO] [stderr]    Compiling dirs-sys-next v0.1.2
[INFO] [stderr]    Compiling crossbeam-epoch v0.9.18
[INFO] [stderr]    Compiling tracing v0.1.40
[INFO] [stderr]    Compiling unicode-normalization v0.1.23
[INFO] [stderr]    Compiling thiserror v1.0.59
[INFO] [stderr]    Compiling is_terminal_polyfill v1.70.0
[INFO] [stderr]    Compiling tracing-subscriber v0.3.18
[INFO] [stderr]    Compiling rayon-core v1.12.1
[INFO] [stderr]    Compiling portable-atomic v1.6.0
[INFO] [stderr]    Compiling gimli v0.28.1
[INFO] [stderr]    Compiling adler v1.0.2
[INFO] [stderr]    Compiling colorchoice v1.0.1
[INFO] [stderr]    Compiling anstyle-query v1.0.3
[INFO] [stderr]    Compiling linux-raw-sys v0.4.13
[INFO] [stderr]    Compiling percent-encoding v2.3.1
[INFO] [stderr]    Compiling eyre v0.6.12
[INFO] [stderr]    Compiling unicode-bidi v0.3.15
[INFO] [stderr]    Compiling anstyle v1.0.7
[INFO] [stderr]    Compiling anstream v0.6.14
[INFO] [stderr]    Compiling form_urlencoded v1.2.1
[INFO] [stderr]    Compiling idna v0.5.0
[INFO] [stderr]    Compiling miniz_oxide v0.7.2
[INFO] [stderr]    Compiling libz-sys v1.1.16
[INFO] [stderr]    Compiling openssl-sys v0.9.102
[INFO] [stderr]    Compiling libssh2-sys v0.3.0
[INFO] [stderr]    Compiling backtrace v0.3.71
[INFO] [stderr]    Compiling libgit2-sys v0.16.2+1.7.2
[INFO] [stderr]    Compiling tracing-error v0.2.0
[INFO] [stderr]    Compiling crossbeam-deque v0.8.5
[INFO] [stderr]    Compiling dirs-next v2.0.0
[INFO] [stderr]    Compiling console v0.15.8
[INFO] [stderr]    Compiling csv-core v0.1.11
[INFO] [stderr]    Compiling object v0.32.2
[INFO] [stderr]    Compiling addr2line v0.21.0
[INFO] [stderr]    Compiling indenter v0.3.3
[INFO] [stderr]    Compiling strsim v0.11.1
[INFO] [stderr]    Compiling owo-colors v3.5.0
[INFO] [stderr]    Compiling fastrand v2.1.0
[INFO] [stderr]    Compiling heck v0.5.0
[INFO] [stderr]    Compiling rustc-demangle v0.1.23
[INFO] [stderr]    Compiling clap_lex v0.7.0
[INFO] [stderr]    Compiling itoa v1.0.11
[INFO] [stderr]    Compiling ryu v1.0.17
[INFO] [stderr]    Compiling tempfile v3.10.1
[INFO] [stderr]    Compiling color-spantrace v0.2.1
[INFO] [stderr]    Compiling clap_builder v4.5.2
[INFO] [stderr]    Compiling term v0.7.0
[INFO] [stderr]    Compiling url v2.5.0
[INFO] [stderr]    Compiling is-terminal v0.4.12
[INFO] [stderr]    Compiling shell-words v1.1.0
[INFO] [stderr]    Compiling zeroize v1.7.0
[INFO] [stderr]    Compiling either v1.11.0
[INFO] [stderr]    Compiling log v0.4.21
[INFO] [stderr]    Compiling openssl-probe v0.1.5
[INFO] [stderr]    Compiling encode_unicode v1.0.0
[INFO] [stderr]    Compiling same-file v1.0.6
[INFO] [stderr]    Compiling number_prefix v0.4.0
[INFO] [stderr]    Compiling serde_derive v1.0.200
[INFO] [stderr]    Compiling thiserror-impl v1.0.59
[INFO] [stderr]    Compiling clap_derive v4.5.4
[INFO] [stderr]    Compiling walkdir v2.5.0
[INFO] [stderr]    Compiling indicatif v0.17.8
[INFO] [stderr]    Compiling rayon v1.10.0
[INFO] [stderr]    Compiling colored v2.1.0
[INFO] [stderr]    Compiling dialoguer v0.11.0
[INFO] [stderr]    Compiling human_bytes v0.4.3
[INFO] [stderr]    Compiling humantime v2.1.0
[INFO] [stderr]    Compiling color-eyre v0.6.3
[INFO] [stderr]    Compiling fs_extra v1.3.0
[INFO] [stderr]    Compiling clap v4.5.4
[INFO] [stderr]    Compiling csv v1.3.0
[INFO] [stdout] error: failed to write to `/opt/rustwide/target/debug/deps/rmetaob2k74/lib.rmeta`: No space left on device (os error 28)
[INFO] [stdout] 
[INFO] [stdout] 
[INFO] [stderr] error: could not compile `csv` (lib) due to 1 previous error
[INFO] [stderr] warning: build failed, waiting for other jobs to finish...
[INFO] [stderr] The following warnings were emitted during compilation:
[INFO] [stderr] 
[INFO] [stderr] warning: libgit2-sys@0.16.2+1.7.2: failed to probe system libgit2: 
[INFO] [stderr] warning: libgit2-sys@0.16.2+1.7.2: /tmp/cc22VNTP.s: Assembler messages:
[INFO] [stderr] warning: libgit2-sys@0.16.2+1.7.2: /tmp/cc22VNTP.s: Fatal error: can't write 256 bytes to section .data.from_hex of /opt/rustwide/target/debug/build/libgit2-sys-0e76e8fc70895549/out/build/cccc76fb850512eb-openssl_legacy.o: 'No space left on device'
[INFO] [stderr] warning: libgit2-sys@0.16.2+1.7.2: /tmp/cc22VNTP.s: Fatal error: /opt/rustwide/target/debug/build/libgit2-sys-0e76e8fc70895549/out/build/cccc76fb850512eb-openssl_legacy.o: No space left on device
[INFO] [stderr] warning: libgit2-sys@0.16.2+1.7.2: ToolExecError: Command "cc" "-O0" "-ffunction-sections" "-fdata-sections" "-fPIC" "-gdwarf-4" "-fno-omit-frame-pointer" "-m64" "-I" "/opt/rustwide/target/debug/build/libgit2-sys-0e76e8fc70895549/out/include" "-I" "libgit2/src/libgit2" "-I" "libgit2/src/util" "-I" "libgit2/deps/http-parser" "-I" "libgit2/deps/xdiff" "-I" "libgit2/deps/pcre" "-I" "/opt/rustwide/target/debug/build/libssh2-sys-d716c41206ff5aa5/out/include" "-I" "/usr/include" "-I" "/usr/include" "-fvisibility=hidden" "-DGIT_REGEX_BUILTIN=1" "-DHAVE_STDINT_H=1" "-DHAVE_MEMMOVE=1" "-DNO_RECURSE=1" "-DNEWLINE=10" "-DPOSIX_MALLOC_THRESHOLD=10" "-DLINK_SIZE=2" "-DPARENS_NEST_LIMIT=250" "-DMATCH_LIMIT=10000000" "-DMATCH_LIMIT_RECURSION=MATCH_LIMIT" "-DMAX_NAME_SIZE=32" "-DMAX_NAME_COUNT=10000" "-DSHA1DC_NO_STANDARD_INCLUDES=1" "-DSHA1DC_CUSTOM_INCLUDE_SHA1_C=\"common.h\"" "-DSHA1DC_CUSTOM_INCLUDE_UBC_CHECK_C=\"common.h\"" "-o" "/opt/rustwide/target/debug/build/libgit2-sys-0e76e8fc70895549/out/build/cccc76fb850512eb-openssl_legacy.o" "-c" "libgit2/src/libgit2/streams/openssl_legacy.c" with args cc did not execute successfully (status code exit status: 1).cargo:warning=libgit2/src/libgit2/streams/registry.c:118:1: fatal error: error writing to /tmp/cc1jftOy.s: No space left on device
[INFO] [stderr] warning: libgit2-sys@0.16.2+1.7.2:   118 | }
[INFO] [stderr] warning: libgit2-sys@0.16.2+1.7.2:       | ^
[INFO] [stderr] warning: libgit2-sys@0.16.2+1.7.2: compilation terminated.
[INFO] [stderr] warning: libgit2-sys@0.16.2+1.7.2: ToolExecError: Command "cc" "-O0" "-ffunction-sections" "-fdata-sections" "-fPIC" "-gdwarf-4" "-fno-omit-frame-pointer" "-m64" "-I" "/opt/rustwide/target/debug/build/libgit2-sys-0e76e8fc70895549/out/include" "-I" "libgit2/src/libgit2" "-I" "libgit2/src/util" "-I" "libgit2/deps/http-parser" "-I" "libgit2/deps/xdiff" "-I" "libgit2/deps/pcre" "-I" "/opt/rustwide/target/debug/build/libssh2-sys-d716c41206ff5aa5/out/include" "-I" "/usr/include" "-I" "/usr/include" "-fvisibility=hidden" "-DGIT_REGEX_BUILTIN=1" "-DHAVE_STDINT_H=1" "-DHAVE_MEMMOVE=1" "-DNO_RECURSE=1" "-DNEWLINE=10" "-DPOSIX_MALLOC_THRESHOLD=10" "-DLINK_SIZE=2" "-DPARENS_NEST_LIMIT=250" "-DMATCH_LIMIT=10000000" "-DMATCH_LIMIT_RECURSION=MATCH_LIMIT" "-DMAX_NAME_SIZE=32" "-DMAX_NAME_COUNT=10000" "-DSHA1DC_NO_STANDARD_INCLUDES=1" "-DSHA1DC_CUSTOM_INCLUDE_SHA1_C=\"common.h\"" "-DSHA1DC_CUSTOM_INCLUDE_UBC_CHECK_C=\"common.h\"" "-o" "/opt/rustwide/target/debug/build/libgit2-sys-0e76e8fc70895549/out/build/cccc76fb850512eb-registry.o" "-c" "libgit2/src/libgit2/streams/registry.c" with args cc did not execute successfully (status code exit status: 1).cargo:warning=libgit2/deps/http-parser/http_parser.c:2182:1: fatal error: error writing to /tmp/ccIiusKt.s: No space left on device
[INFO] [stderr] warning: libgit2-sys@0.16.2+1.7.2:  2182 | }
[INFO] [stderr] warning: libgit2-sys@0.16.2+1.7.2:       | ^
[INFO] [stderr] warning: libgit2-sys@0.16.2+1.7.2: compilation terminated.
[INFO] [stderr] warning: libgit2-sys@0.16.2+1.7.2: ToolExecError: Command "cc" "-O0" "-ffunction-sections" "-fdata-sections" "-fPIC" "-gdwarf-4" "-fno-omit-frame-pointer" "-m64" "-I" "/opt/rustwide/target/debug/build/libgit2-sys-0e76e8fc70895549/out/include" "-I" "libgit2/src/libgit2" "-I" "libgit2/src/util" "-I" "libgit2/deps/http-parser" "-I" "libgit2/deps/xdiff" "-I" "libgit2/deps/pcre" "-I" "/opt/rustwide/target/debug/build/libssh2-sys-d716c41206ff5aa5/out/include" "-I" "/usr/include" "-I" "/usr/include" "-fvisibility=hidden" "-DGIT_REGEX_BUILTIN=1" "-DHAVE_STDINT_H=1" "-DHAVE_MEMMOVE=1" "-DNO_RECURSE=1" "-DNEWLINE=10" "-DPOSIX_MALLOC_THRESHOLD=10" "-DLINK_SIZE=2" "-DPARENS_NEST_LIMIT=250" "-DMATCH_LIMIT=10000000" "-DMATCH_LIMIT_RECURSION=MATCH_LIMIT" "-DMAX_NAME_SIZE=32" "-DMAX_NAME_COUNT=10000" "-DSHA1DC_NO_STANDARD_INCLUDES=1" "-DSHA1DC_CUSTOM_INCLUDE_SHA1_C=\"common.h\"" "-DSHA1DC_CUSTOM_INCLUDE_UBC_CHECK_C=\"common.h\"" "-o" "/opt/rustwide/target/debug/build/libgit2-sys-0e76e8fc70895549/out/build/c1c3a04dc106c9b0-http_parser.o" "-c" "libgit2/deps/http-parser/http_parser.c" with args cc did not execute successfully (status code exit status: 1).cargo:warning=libgit2/src/libgit2/streams/stransport.c:9: fatal error: error writing to /tmp/ccUVLy1C.s: No space left on device
[INFO] [stderr] warning: libgit2-sys@0.16.2+1.7.2:     9 | 
[INFO] [stderr] warning: libgit2-sys@0.16.2+1.7.2:       | 
[INFO] [stderr] warning: libgit2-sys@0.16.2+1.7.2: compilation terminated.
[INFO] [stderr] warning: libgit2-sys@0.16.2+1.7.2: ToolExecError: Command "cc" "-O0" "-ffunction-sections" "-fdata-sections" "-fPIC" "-gdwarf-4" "-fno-omit-frame-pointer" "-m64" "-I" "/opt/rustwide/target/debug/build/libgit2-sys-0e76e8fc70895549/out/include" "-I" "libgit2/src/libgit2" "-I" "libgit2/src/util" "-I" "libgit2/deps/http-parser" "-I" "libgit2/deps/xdiff" "-I" "libgit2/deps/pcre" "-I" "/opt/rustwide/target/debug/build/libssh2-sys-d716c41206ff5aa5/out/include" "-I" "/usr/include" "-I" "/usr/include" "-fvisibility=hidden" "-DGIT_REGEX_BUILTIN=1" "-DHAVE_STDINT_H=1" "-DHAVE_MEMMOVE=1" "-DNO_RECURSE=1" "-DNEWLINE=10" "-DPOSIX_MALLOC_THRESHOLD=10" "-DLINK_SIZE=2" "-DPARENS_NEST_LIMIT=250" "-DMATCH_LIMIT=10000000" "-DMATCH_LIMIT_RECURSION=MATCH_LIMIT" "-DMAX_NAME_SIZE=32" "-DMAX_NAME_COUNT=10000" "-DSHA1DC_NO_STANDARD_INCLUDES=1" "-DSHA1DC_CUSTOM_INCLUDE_SHA1_C=\"common.h\"" "-DSHA1DC_CUSTOM_INCLUDE_UBC_CHECK_C=\"common.h\"" "-o" "/opt/rustwide/target/debug/build/libgit2-sys-0e76e8fc70895549/out/build/cccc76fb850512eb-stransport.o" "-c" "libgit2/src/libgit2/streams/stransport.c" with args cc did not execute successfully (status code exit status: 1).cargo:warning=libgit2/src/libgit2/streams/socket.c:426:1: fatal error: error writing to /tmp/ccchP1GD.s: No space left on device
[INFO] [stderr] warning: libgit2-sys@0.16.2+1.7.2:   426 | }
[INFO] [stderr] warning: libgit2-sys@0.16.2+1.7.2:       | ^
[INFO] [stderr] warning: libgit2-sys@0.16.2+1.7.2: compilation terminated.
[INFO] [stderr] warning: libgit2-sys@0.16.2+1.7.2: ToolExecError: Command "cc" "-O0" "-ffunction-sections" "-fdata-sections" "-fPIC" "-gdwarf-4" "-fno-omit-frame-pointer" "-m64" "-I" "/opt/rustwide/target/debug/build/libgit2-sys-0e76e8fc70895549/out/include" "-I" "libgit2/src/libgit2" "-I" "libgit2/src/util" "-I" "libgit2/deps/http-parser" "-I" "libgit2/deps/xdiff" "-I" "libgit2/deps/pcre" "-I" "/opt/rustwide/target/debug/build/libssh2-sys-d716c41206ff5aa5/out/include" "-I" "/usr/include" "-I" "/usr/include" "-fvisibility=hidden" "-DGIT_REGEX_BUILTIN=1" "-DHAVE_STDINT_H=1" "-DHAVE_MEMMOVE=1" "-DNO_RECURSE=1" "-DNEWLINE=10" "-DPOSIX_MALLOC_THRESHOLD=10" "-DLINK_SIZE=2" "-DPARENS_NEST_LIMIT=250" "-DMATCH_LIMIT=10000000" "-DMATCH_LIMIT_RECURSION=MATCH_LIMIT" "-DMAX_NAME_SIZE=32" "-DMAX_NAME_COUNT=10000" "-DSHA1DC_NO_STANDARD_INCLUDES=1" "-DSHA1DC_CUSTOM_INCLUDE_SHA1_C=\"common.h\"" "-DSHA1DC_CUSTOM_INCLUDE_UBC_CHECK_C=\"common.h\"" "-o" "/opt/rustwide/target/debug/build/libgit2-sys-0e76e8fc70895549/out/build/cccc76fb850512eb-socket.o" "-c" "libgit2/src/libgit2/streams/socket.c" with args cc did not execute successfully (status code exit status: 1).cargo:warning=libgit2/deps/xdiff/xemit.c:330:1: fatal error: error writing to /tmp/ccSBzOSl.s: No space left on device
[INFO] [stderr] warning: libgit2-sys@0.16.2+1.7.2:   330 | }
[INFO] [stderr] warning: libgit2-sys@0.16.2+1.7.2:       | ^
[INFO] [stderr] warning: libgit2-sys@0.16.2+1.7.2: compilation terminated.
[INFO] [stderr] warning: libgit2-sys@0.16.2+1.7.2: ToolExecError: Command "cc" "-O0" "-ffunction-sections" "-fdata-sections" "-fPIC" "-gdwarf-4" "-fno-omit-frame-pointer" "-m64" "-I" "/opt/rustwide/target/debug/build/libgit2-sys-0e76e8fc70895549/out/include" "-I" "libgit2/src/libgit2" "-I" "libgit2/src/util" "-I" "libgit2/deps/http-parser" "-I" "libgit2/deps/xdiff" "-I" "libgit2/deps/pcre" "-I" "/opt/rustwide/target/debug/build/libssh2-sys-d716c41206ff5aa5/out/include" "-I" "/usr/include" "-I" "/usr/include" "-fvisibility=hidden" "-DGIT_REGEX_BUILTIN=1" "-DHAVE_STDINT_H=1" "-DHAVE_MEMMOVE=1" "-DNO_RECURSE=1" "-DNEWLINE=10" "-DPOSIX_MALLOC_THRESHOLD=10" "-DLINK_SIZE=2" "-DPARENS_NEST_LIMIT=250" "-DMATCH_LIMIT=10000000" "-DMATCH_LIMIT_RECURSION=MATCH_LIMIT" "-DMAX_NAME_SIZE=32" "-DMAX_NAME_COUNT=10000" "-DSHA1DC_NO_STANDARD_INCLUDES=1" "-DSHA1DC_CUSTOM_INCLUDE_SHA1_C=\"common.h\"" "-DSHA1DC_CUSTOM_INCLUDE_UBC_CHECK_C=\"common.h\"" "-o" "/opt/rustwide/target/debug/build/libgit2-sys-0e76e8fc70895549/out/build/da97a00384bf24ac-xemit.o" "-c" "libgit2/deps/xdiff/xemit.c" with args cc did not execute successfully (status code exit status: 1).cargo:warning=libgit2/src/libgit2/streams/openssl.c:721:1: fatal error: error writing to /tmp/ccgcxSfF.s: No space left on device
[INFO] [stderr] warning: libgit2-sys@0.16.2+1.7.2:   721 | }
[INFO] [stderr] warning: libgit2-sys@0.16.2+1.7.2:       | ^
[INFO] [stderr] warning: libgit2-sys@0.16.2+1.7.2: compilation terminated.
[INFO] [stderr] warning: libgit2-sys@0.16.2+1.7.2: libgit2/src/libgit2/streams/tls.c:80:1: fatal error: error writing to /tmp/ccJ0EmCv.s: No space left on device
[INFO] [stderr] warning: libgit2-sys@0.16.2+1.7.2:    80 | }
[INFO] [stderr] warning: libgit2-sys@0.16.2+1.7.2:       | ^
[INFO] [stderr] warning: libgit2-sys@0.16.2+1.7.2: compilation terminated.
[INFO] [stderr] warning: libgit2-sys@0.16.2+1.7.2: ToolExecError: Command "cc" "-O0" "-ffunction-sections" "-fdata-sections" "-fPIC" "-gdwarf-4" "-fno-omit-frame-pointer" "-m64" "-I" "/opt/rustwide/target/debug/build/libgit2-sys-0e76e8fc70895549/out/include" "-I" "libgit2/src/libgit2" "-I" "libgit2/src/util" "-I" "libgit2/deps/http-parser" "-I" "libgit2/deps/xdiff" "-I" "libgit2/deps/pcre" "-I" "/opt/rustwide/target/debug/build/libssh2-sys-d716c41206ff5aa5/out/include" "-I" "/usr/include" "-I" "/usr/include" "-fvisibility=hidden" "-DGIT_REGEX_BUILTIN=1" "-DHAVE_STDINT_H=1" "-DHAVE_MEMMOVE=1" "-DNO_RECURSE=1" "-DNEWLINE=10" "-DPOSIX_MALLOC_THRESHOLD=10" "-DLINK_SIZE=2" "-DPARENS_NEST_LIMIT=250" "-DMATCH_LIMIT=10000000" "-DMATCH_LIMIT_RECURSION=MATCH_LIMIT" "-DMAX_NAME_SIZE=32" "-DMAX_NAME_COUNT=10000" "-DSHA1DC_NO_STANDARD_INCLUDES=1" "-DSHA1DC_CUSTOM_INCLUDE_SHA1_C=\"common.h\"" "-DSHA1DC_CUSTOM_INCLUDE_UBC_CHECK_C=\"common.h\"" "-o" "/opt/rustwide/target/debug/build/libgit2-sys-0e76e8fc70895549/out/build/cccc76fb850512eb-tls.o" "-c" "libgit2/src/libgit2/streams/tls.c" with args cc did not execute successfully (status code exit status: 1).cargo:warning=libgit2/deps/xdiff/xdiffi.c:1089:1: fatal error: error writing to /tmp/ccBe2KCz.s: No space left on device
[INFO] [stderr] warning: libgit2-sys@0.16.2+1.7.2:  1089 | }
[INFO] [stderr] warning: libgit2-sys@0.16.2+1.7.2:       | ^
[INFO] [stderr] warning: libgit2-sys@0.16.2+1.7.2: compilation terminated.
[INFO] [stderr] warning: libgit2-sys@0.16.2+1.7.2: ToolExecError: Command "cc" "-O0" "-ffunction-sections" "-fdata-sections" "-fPIC" "-gdwarf-4" "-fno-omit-frame-pointer" "-m64" "-I" "/opt/rustwide/target/debug/build/libgit2-sys-0e76e8fc70895549/out/include" "-I" "libgit2/src/libgit2" "-I" "libgit2/src/util" "-I" "libgit2/deps/http-parser" "-I" "libgit2/deps/xdiff" "-I" "libgit2/deps/pcre" "-I" "/opt/rustwide/target/debug/build/libssh2-sys-d716c41206ff5aa5/out/include" "-I" "/usr/include" "-I" "/usr/include" "-fvisibility=hidden" "-DGIT_REGEX_BUILTIN=1" "-DHAVE_STDINT_H=1" "-DHAVE_MEMMOVE=1" "-DNO_RECURSE=1" "-DNEWLINE=10" "-DPOSIX_MALLOC_THRESHOLD=10" "-DLINK_SIZE=2" "-DPARENS_NEST_LIMIT=250" "-DMATCH_LIMIT=10000000" "-DMATCH_LIMIT_RECURSION=MATCH_LIMIT" "-DMAX_NAME_SIZE=32" "-DMAX_NAME_COUNT=10000" "-DSHA1DC_NO_STANDARD_INCLUDES=1" "-DSHA1DC_CUSTOM_INCLUDE_SHA1_C=\"common.h\"" "-DSHA1DC_CUSTOM_INCLUDE_UBC_CHECK_C=\"common.h\"" "-o" "/opt/rustwide/target/debug/build/libgit2-sys-0e76e8fc70895549/out/build/da97a00384bf24ac-xdiffi.o" "-c" "libgit2/deps/xdiff/xdiffi.c" with args cc did not execute successfully (status code exit status: 1).cargo:warning=libgit2/deps/xdiff/xhistogram.c:370:1: fatal error: error writing to /tmp/ccAfO1nA.s: No space left on device
[INFO] [stderr] warning: libgit2-sys@0.16.2+1.7.2:   370 | }
[INFO] [stderr] warning: libgit2-sys@0.16.2+1.7.2:       | ^
[INFO] [stderr] warning: libgit2-sys@0.16.2+1.7.2: compilation terminated.
[INFO] [stderr] warning: libgit2-sys@0.16.2+1.7.2: ToolExecError: Command "cc" "-O0" "-ffunction-sections" "-fdata-sections" "-fPIC" "-gdwarf-4" "-fno-omit-frame-pointer" "-m64" "-I" "/opt/rustwide/target/debug/build/libgit2-sys-0e76e8fc70895549/out/include" "-I" "libgit2/src/libgit2" "-I" "libgit2/src/util" "-I" "libgit2/deps/http-parser" "-I" "libgit2/deps/xdiff" "-I" "libgit2/deps/pcre" "-I" "/opt/rustwide/target/debug/build/libssh2-sys-d716c41206ff5aa5/out/include" "-I" "/usr/include" "-I" "/usr/include" "-fvisibility=hidden" "-DGIT_REGEX_BUILTIN=1" "-DHAVE_STDINT_H=1" "-DHAVE_MEMMOVE=1" "-DNO_RECURSE=1" "-DNEWLINE=10" "-DPOSIX_MALLOC_THRESHOLD=10" "-DLINK_SIZE=2" "-DPARENS_NEST_LIMIT=250" "-DMATCH_LIMIT=10000000" "-DMATCH_LIMIT_RECURSION=MATCH_LIMIT" "-DMAX_NAME_SIZE=32" "-DMAX_NAME_COUNT=10000" "-DSHA1DC_NO_STANDARD_INCLUDES=1" "-DSHA1DC_CUSTOM_INCLUDE_SHA1_C=\"common.h\"" "-DSHA1DC_CUSTOM_INCLUDE_UBC_CHECK_C=\"common.h\"" "-o" "/opt/rustwide/target/debug/build/libgit2-sys-0e76e8fc70895549/out/build/da97a00384bf24ac-xhistogram.o" "-c" "libgit2/deps/xdiff/xhistogram.c" with args cc did not execute successfully (status code exit status: 1).cargo:warning=libgit2/deps/xdiff/xmerge.c:739:1: fatal error: error writing to /tmp/ccC7Ln1u.s: No space left on device
[INFO] [stderr] warning: libgit2-sys@0.16.2+1.7.2:   739 | }
[INFO] [stderr] warning: libgit2-sys@0.16.2+1.7.2:       | ^
[INFO] [stderr] warning: libgit2-sys@0.16.2+1.7.2: compilation terminated.
[INFO] [stderr] warning: libgit2-sys@0.16.2+1.7.2: ToolExecError: Command "cc" "-O0" "-ffunction-sections" "-fdata-sections" "-fPIC" "-gdwarf-4" "-fno-omit-frame-pointer" "-m64" "-I" "/opt/rustwide/target/debug/build/libgit2-sys-0e76e8fc70895549/out/include" "-I" "libgit2/src/libgit2" "-I" "libgit2/src/util" "-I" "libgit2/deps/http-parser" "-I" "libgit2/deps/xdiff" "-I" "libgit2/deps/pcre" "-I" "/opt/rustwide/target/debug/build/libssh2-sys-d716c41206ff5aa5/out/include" "-I" "/usr/include" "-I" "/usr/include" "-fvisibility=hidden" "-DGIT_REGEX_BUILTIN=1" "-DHAVE_STDINT_H=1" "-DHAVE_MEMMOVE=1" "-DNO_RECURSE=1" "-DNEWLINE=10" "-DPOSIX_MALLOC_THRESHOLD=10" "-DLINK_SIZE=2" "-DPARENS_NEST_LIMIT=250" "-DMATCH_LIMIT=10000000" "-DMATCH_LIMIT_RECURSION=MATCH_LIMIT" "-DMAX_NAME_SIZE=32" "-DMAX_NAME_COUNT=10000" "-DSHA1DC_NO_STANDARD_INCLUDES=1" "-DSHA1DC_CUSTOM_INCLUDE_SHA1_C=\"common.h\"" "-DSHA1DC_CUSTOM_INCLUDE_UBC_CHECK_C=\"common.h\"" "-o" "/opt/rustwide/target/debug/build/libgit2-sys-0e76e8fc70895549/out/build/da97a00384bf24ac-xmerge.o" "-c" "libgit2/deps/xdiff/xmerge.c" with args cc did not execute successfully (status code exit status: 1).
[INFO] [stderr] warning: libgit2-sys@0.16.2+1.7.2: ToolExecError: Command "cc" "-O0" "-ffunction-sections" "-fdata-sections" "-fPIC" "-gdwarf-4" "-fno-omit-frame-pointer" "-m64" "-I" "/opt/rustwide/target/debug/build/libgit2-sys-0e76e8fc70895549/out/include" "-I" "libgit2/src/libgit2" "-I" "libgit2/src/util" "-I" "libgit2/deps/http-parser" "-I" "libgit2/deps/xdiff" "-I" "libgit2/deps/pcre" "-I" "/opt/rustwide/target/debug/build/libssh2-sys-d716c41206ff5aa5/out/include" "-I" "/usr/include" "-I" "/usr/include" "-fvisibility=hidden" "-DGIT_REGEX_BUILTIN=1" "-DHAVE_STDINT_H=1" "-DHAVE_MEMMOVE=1" "-DNO_RECURSE=1" "-DNEWLINE=10" "-DPOSIX_MALLOC_THRESHOLD=10" "-DLINK_SIZE=2" "-DPARENS_NEST_LIMIT=250" "-DMATCH_LIMIT=10000000" "-DMATCH_LIMIT_RECURSION=MATCH_LIMIT" "-DMAX_NAME_SIZE=32" "-DMAX_NAME_COUNT=10000" "-DSHA1DC_NO_STANDARD_INCLUDES=1" "-DSHA1DC_CUSTOM_INCLUDE_SHA1_C=\"common.h\"" "-DSHA1DC_CUSTOM_INCLUDE_UBC_CHECK_C=\"common.h\"" "-o" "/opt/rustwide/target/debug/build/libgit2-sys-0e76e8fc70895549/out/build/cccc76fb850512eb-openssl.o" "-c" "libgit2/src/libgit2/streams/openssl.c" with args cc did not execute successfully (status code exit status: 1).cargo:warning=libgit2/deps/xdiff/xutils.c:451:1: fatal error: error writing to /tmp/cc3ZF3iZ.s: No space left on device
[INFO] [stderr] warning: libgit2-sys@0.16.2+1.7.2:   451 | }
[INFO] [stderr] warning: libgit2-sys@0.16.2+1.7.2:       | ^
[INFO] [stderr] warning: libgit2-sys@0.16.2+1.7.2: compilation terminated.
[INFO] [stderr] warning: libgit2-sys@0.16.2+1.7.2: ToolExecError: Command "cc" "-O0" "-ffunction-sections" "-fdata-sections" "-fPIC" "-gdwarf-4" "-fno-omit-frame-pointer" "-m64" "-I" "/opt/rustwide/target/debug/build/libgit2-sys-0e76e8fc70895549/out/include" "-I" "libgit2/src/libgit2" "-I" "libgit2/src/util" "-I" "libgit2/deps/http-parser" "-I" "libgit2/deps/xdiff" "-I" "libgit2/deps/pcre" "-I" "/opt/rustwide/target/debug/build/libssh2-sys-d716c41206ff5aa5/out/include" "-I" "/usr/include" "-I" "/usr/include" "-fvisibility=hidden" "-DGIT_REGEX_BUILTIN=1" "-DHAVE_STDINT_H=1" "-DHAVE_MEMMOVE=1" "-DNO_RECURSE=1" "-DNEWLINE=10" "-DPOSIX_MALLOC_THRESHOLD=10" "-DLINK_SIZE=2" "-DPARENS_NEST_LIMIT=250" "-DMATCH_LIMIT=10000000" "-DMATCH_LIMIT_RECURSION=MATCH_LIMIT" "-DMAX_NAME_SIZE=32" "-DMAX_NAME_COUNT=10000" "-DSHA1DC_NO_STANDARD_INCLUDES=1" "-DSHA1DC_CUSTOM_INCLUDE_SHA1_C=\"common.h\"" "-DSHA1DC_CUSTOM_INCLUDE_UBC_CHECK_C=\"common.h\"" "-o" "/opt/rustwide/target/debug/build/libgit2-sys-0e76e8fc70895549/out/build/da97a00384bf24ac-xutils.o" "-c" "libgit2/deps/xdiff/xutils.c" with args cc did not execute successfully (status code exit status: 1).cargo:warning=libgit2/deps/pcre/pcre_chartables.c:196:3: fatal error: error writing to /tmp/ccjxjzom.s: No space left on device
[INFO] [stderr] warning: libgit2-sys@0.16.2+1.7.2:   196 |   0x00,0x00,0x00,0x00,0x00,0x00,0x00,0x00};/* 248-255 */
[INFO] [stderr] warning: libgit2-sys@0.16.2+1.7.2:       |   ^~~~
[INFO] [stderr] warning: libgit2-sys@0.16.2+1.7.2: compilation terminated.
[INFO] [stderr] warning: libgit2-sys@0.16.2+1.7.2: ToolExecError: Command "cc" "-O0" "-ffunction-sections" "-fdata-sections" "-fPIC" "-gdwarf-4" "-fno-omit-frame-pointer" "-m64" "-I" "/opt/rustwide/target/debug/build/libgit2-sys-0e76e8fc70895549/out/include" "-I" "libgit2/src/libgit2" "-I" "libgit2/src/util" "-I" "libgit2/deps/http-parser" "-I" "libgit2/deps/xdiff" "-I" "libgit2/deps/pcre" "-I" "/opt/rustwide/target/debug/build/libssh2-sys-d716c41206ff5aa5/out/include" "-I" "/usr/include" "-I" "/usr/include" "-fvisibility=hidden" "-DGIT_REGEX_BUILTIN=1" "-DHAVE_STDINT_H=1" "-DHAVE_MEMMOVE=1" "-DNO_RECURSE=1" "-DNEWLINE=10" "-DPOSIX_MALLOC_THRESHOLD=10" "-DLINK_SIZE=2" "-DPARENS_NEST_LIMIT=250" "-DMATCH_LIMIT=10000000" "-DMATCH_LIMIT_RECURSION=MATCH_LIMIT" "-DMAX_NAME_SIZE=32" "-DMAX_NAME_COUNT=10000" "-DSHA1DC_NO_STANDARD_INCLUDES=1" "-DSHA1DC_CUSTOM_INCLUDE_SHA1_C=\"common.h\"" "-DSHA1DC_CUSTOM_INCLUDE_UBC_CHECK_C=\"common.h\"" "-o" "/opt/rustwide/target/debug/build/libgit2-sys-0e76e8fc70895549/out/build/2222b295de79a116-pcre_chartables.o" "-c" "libgit2/deps/pcre/pcre_chartables.c" with args cc did not execute successfully (status code exit status: 1).cargo:warning=libgit2/deps/xdiff/xpatience.c:373:1: fatal error: error writing to /tmp/ccZfez1v.s: No space left on device
[INFO] [stderr] warning: libgit2-sys@0.16.2+1.7.2:   373 | }
[INFO] [stderr] warning: libgit2-sys@0.16.2+1.7.2:       | ^
[INFO] [stderr] warning: libgit2-sys@0.16.2+1.7.2: compilation terminated.
[INFO] [stderr] warning: libgit2-sys@0.16.2+1.7.2: ToolExecError: Command "cc" "-O0" "-ffunction-sections" "-fdata-sections" "-fPIC" "-gdwarf-4" "-fno-omit-frame-pointer" "-m64" "-I" "/opt/rustwide/target/debug/build/libgit2-sys-0e76e8fc70895549/out/include" "-I" "libgit2/src/libgit2" "-I" "libgit2/src/util" "-I" "libgit2/deps/http-parser" "-I" "libgit2/deps/xdiff" "-I" "libgit2/deps/pcre" "-I" "/opt/rustwide/target/debug/build/libssh2-sys-d716c41206ff5aa5/out/include" "-I" "/usr/include" "-I" "/usr/include" "-fvisibility=hidden" "-DGIT_REGEX_BUILTIN=1" "-DHAVE_STDINT_H=1" "-DHAVE_MEMMOVE=1" "-DNO_RECURSE=1" "-DNEWLINE=10" "-DPOSIX_MALLOC_THRESHOLD=10" "-DLINK_SIZE=2" "-DPARENS_NEST_LIMIT=250" "-DMATCH_LIMIT=10000000" "-DMATCH_LIMIT_RECURSION=MATCH_LIMIT" "-DMAX_NAME_SIZE=32" "-DMAX_NAME_COUNT=10000" "-DSHA1DC_NO_STANDARD_INCLUDES=1" "-DSHA1DC_CUSTOM_INCLUDE_SHA1_C=\"common.h\"" "-DSHA1DC_CUSTOM_INCLUDE_UBC_CHECK_C=\"common.h\"" "-o" "/opt/rustwide/target/debug/build/libgit2-sys-0e76e8fc70895549/out/build/da97a00384bf24ac-xpatience.o" "-c" "libgit2/deps/xdiff/xpatience.c" with args cc did not execute successfully (status code exit status: 1).cargo:warning=libgit2/deps/pcre/pcre_byte_order.c:317:1: fatal error: error writing to /tmp/cc7yBn0w.s: No space left on device
[INFO] [stderr] warning: libgit2-sys@0.16.2+1.7.2:   317 | }
[INFO] [stderr] warning: libgit2-sys@0.16.2+1.7.2:       | ^
[INFO] [stderr] warning: libgit2-sys@0.16.2+1.7.2: compilation terminated.
[INFO] [stderr] warning: libgit2-sys@0.16.2+1.7.2: ToolExecError: Command "cc" "-O0" "-ffunction-sections" "-fdata-sections" "-fPIC" "-gdwarf-4" "-fno-omit-frame-pointer" "-m64" "-I" "/opt/rustwide/target/debug/build/libgit2-sys-0e76e8fc70895549/out/include" "-I" "libgit2/src/libgit2" "-I" "libgit2/src/util" "-I" "libgit2/deps/http-parser" "-I" "libgit2/deps/xdiff" "-I" "libgit2/deps/pcre" "-I" "/opt/rustwide/target/debug/build/libssh2-sys-d716c41206ff5aa5/out/include" "-I" "/usr/include" "-I" "/usr/include" "-fvisibility=hidden" "-DGIT_REGEX_BUILTIN=1" "-DHAVE_STDINT_H=1" "-DHAVE_MEMMOVE=1" "-DNO_RECURSE=1" "-DNEWLINE=10" "-DPOSIX_MALLOC_THRESHOLD=10" "-DLINK_SIZE=2" "-DPARENS_NEST_LIMIT=250" "-DMATCH_LIMIT=10000000" "-DMATCH_LIMIT_RECURSION=MATCH_LIMIT" "-DMAX_NAME_SIZE=32" "-DMAX_NAME_COUNT=10000" "-DSHA1DC_NO_STANDARD_INCLUDES=1" "-DSHA1DC_CUSTOM_INCLUDE_SHA1_C=\"common.h\"" "-DSHA1DC_CUSTOM_INCLUDE_UBC_CHECK_C=\"common.h\"" "-o" "/opt/rustwide/target/debug/build/libgit2-sys-0e76e8fc70895549/out/build/2222b295de79a116-pcre_byte_order.o" "-c" "libgit2/deps/pcre/pcre_byte_order.c" with args cc did not execute successfully (status code exit status: 1).cargo:warning=/tmp/ccTr2ORd.s: Assembler messages:
[INFO] [stderr] warning: libgit2-sys@0.16.2+1.7.2: /tmp/ccTr2ORd.s: Fatal error: can't write 46 bytes to section .text.pcre_fullinfo of /opt/rustwide/target/debug/build/libgit2-sys-0e76e8fc70895549/out/build/2222b295de79a116-pcre_fullinfo.o: 'No space left on device'
[INFO] [stderr] warning: libgit2-sys@0.16.2+1.7.2: /tmp/ccTr2ORd.s: Fatal error: /opt/rustwide/target/debug/build/libgit2-sys-0e76e8fc70895549/out/build/2222b295de79a116-pcre_fullinfo.o: No space left on device
[INFO] [stderr] warning: libgit2-sys@0.16.2+1.7.2: ToolExecError: Command "cc" "-O0" "-ffunction-sections" "-fdata-sections" "-fPIC" "-gdwarf-4" "-fno-omit-frame-pointer" "-m64" "-I" "/opt/rustwide/target/debug/build/libgit2-sys-0e76e8fc70895549/out/include" "-I" "libgit2/src/libgit2" "-I" "libgit2/src/util" "-I" "libgit2/deps/http-parser" "-I" "libgit2/deps/xdiff" "-I" "libgit2/deps/pcre" "-I" "/opt/rustwide/target/debug/build/libssh2-sys-d716c41206ff5aa5/out/include" "-I" "/usr/include" "-I" "/usr/include" "-fvisibility=hidden" "-DGIT_REGEX_BUILTIN=1" "-DHAVE_STDINT_H=1" "-DHAVE_MEMMOVE=1" "-DNO_RECURSE=1" "-DNEWLINE=10" "-DPOSIX_MALLOC_THRESHOLD=10" "-DLINK_SIZE=2" "-DPARENS_NEST_LIMIT=250" "-DMATCH_LIMIT=10000000" "-DMATCH_LIMIT_RECURSION=MATCH_LIMIT" "-DMAX_NAME_SIZE=32" "-DMAX_NAME_COUNT=10000" "-DSHA1DC_NO_STANDARD_INCLUDES=1" "-DSHA1DC_CUSTOM_INCLUDE_SHA1_C=\"common.h\"" "-DSHA1DC_CUSTOM_INCLUDE_UBC_CHECK_C=\"common.h\"" "-o" "/opt/rustwide/target/debug/build/libgit2-sys-0e76e8fc70895549/out/build/2222b295de79a116-pcre_fullinfo.o" "-c" "libgit2/deps/pcre/pcre_fullinfo.c" with args cc did not execute successfully (status code exit status: 1).cargo:warning=libgit2/deps/pcre/pcre_get.c:667:1: fatal error: error writing to /tmp/cch41Rqh.s: No space left on device
[INFO] [stderr] warning: libgit2-sys@0.16.2+1.7.2:   667 | }
[INFO] [stderr] warning: libgit2-sys@0.16.2+1.7.2:       | ^
[INFO] [stderr] warning: libgit2-sys@0.16.2+1.7.2: compilation terminated.
[INFO] [stderr] warning: libgit2-sys@0.16.2+1.7.2: ToolExecError: Command "cc" "-O0" "-ffunction-sections" "-fdata-sections" "-fPIC" "-gdwarf-4" "-fno-omit-frame-pointer" "-m64" "-I" "/opt/rustwide/target/debug/build/libgit2-sys-0e76e8fc70895549/out/include" "-I" "libgit2/src/libgit2" "-I" "libgit2/src/util" "-I" "libgit2/deps/http-parser" "-I" "libgit2/deps/xdiff" "-I" "libgit2/deps/pcre" "-I" "/opt/rustwide/target/debug/build/libssh2-sys-d716c41206ff5aa5/out/include" "-I" "/usr/include" "-I" "/usr/include" "-fvisibility=hidden" "-DGIT_REGEX_BUILTIN=1" "-DHAVE_STDINT_H=1" "-DHAVE_MEMMOVE=1" "-DNO_RECURSE=1" "-DNEWLINE=10" "-DPOSIX_MALLOC_THRESHOLD=10" "-DLINK_SIZE=2" "-DPARENS_NEST_LIMIT=250" "-DMATCH_LIMIT=10000000" "-DMATCH_LIMIT_RECURSION=MATCH_LIMIT" "-DMAX_NAME_SIZE=32" "-DMAX_NAME_COUNT=10000" "-DSHA1DC_NO_STANDARD_INCLUDES=1" "-DSHA1DC_CUSTOM_INCLUDE_SHA1_C=\"common.h\"" "-DSHA1DC_CUSTOM_INCLUDE_UBC_CHECK_C=\"common.h\"" "-o" "/opt/rustwide/target/debug/build/libgit2-sys-0e76e8fc70895549/out/build/2222b295de79a116-pcre_get.o" "-c" "libgit2/deps/pcre/pcre_get.c" with args cc did not execute successfully (status code exit status: 1).cargo:warning=libgit2/deps/pcre/pcre_globals.c:83:1: fatal error: error writing to /tmp/ccDowEQY.s: No space left on device
[INFO] [stderr] warning: libgit2-sys@0.16.2+1.7.2:    83 | PCRE_EXP_DATA_DEFN int   (*PUBL(stack_guard))(void) = NULL;
[INFO] [stderr] warning: libgit2-sys@0.16.2+1.7.2:       | ^~~~~~~~~~~~~~~~~~
[INFO] [stderr] warning: libgit2-sys@0.16.2+1.7.2: compilation terminated.
[INFO] [stderr] warning: libgit2-sys@0.16.2+1.7.2: ToolExecError: Command "cc" "-O0" "-ffunction-sections" "-fdata-sections" "-fPIC" "-gdwarf-4" "-fno-omit-frame-pointer" "-m64" "-I" "/opt/rustwide/target/debug/build/libgit2-sys-0e76e8fc70895549/out/include" "-I" "libgit2/src/libgit2" "-I" "libgit2/src/util" "-I" "libgit2/deps/http-parser" "-I" "libgit2/deps/xdiff" "-I" "libgit2/deps/pcre" "-I" "/opt/rustwide/target/debug/build/libssh2-sys-d716c41206ff5aa5/out/include" "-I" "/usr/include" "-I" "/usr/include" "-fvisibility=hidden" "-DGIT_REGEX_BUILTIN=1" "-DHAVE_STDINT_H=1" "-DHAVE_MEMMOVE=1" "-DNO_RECURSE=1" "-DNEWLINE=10" "-DPOSIX_MALLOC_THRESHOLD=10" "-DLINK_SIZE=2" "-DPARENS_NEST_LIMIT=250" "-DMATCH_LIMIT=10000000" "-DMATCH_LIMIT_RECURSION=MATCH_LIMIT" "-DMAX_NAME_SIZE=32" "-DMAX_NAME_COUNT=10000" "-DSHA1DC_NO_STANDARD_INCLUDES=1" "-DSHA1DC_CUSTOM_INCLUDE_SHA1_C=\"common.h\"" "-DSHA1DC_CUSTOM_INCLUDE_UBC_CHECK_C=\"common.h\"" "-o" "/opt/rustwide/target/debug/build/libgit2-sys-0e76e8fc70895549/out/build/2222b295de79a116-pcre_globals.o" "-c" "libgit2/deps/pcre/pcre_globals.c" with args cc did not execute successfully (status code exit status: 1).cargo:warning=libgit2/deps/pcre/pcre_jit_compile.c:11909:1: fatal error: error writing to /tmp/ccyxyMUK.s: No space left on device
[INFO] [stderr] warning: libgit2-sys@0.16.2+1.7.2: 11909 | }
[INFO] [stderr] warning: libgit2-sys@0.16.2+1.7.2:       | ^
[INFO] [stderr] warning: libgit2-sys@0.16.2+1.7.2: compilation terminated.
[INFO] [stderr] warning: libgit2-sys@0.16.2+1.7.2: ToolExecError: Command "cc" "-O0" "-ffunction-sections" "-fdata-sections" "-fPIC" "-gdwarf-4" "-fno-omit-frame-pointer" "-m64" "-I" "/opt/rustwide/target/debug/build/libgit2-sys-0e76e8fc70895549/out/include" "-I" "libgit2/src/libgit2" "-I" "libgit2/src/util" "-I" "libgit2/deps/http-parser" "-I" "libgit2/deps/xdiff" "-I" "libgit2/deps/pcre" "-I" "/opt/rustwide/target/debug/build/libssh2-sys-d716c41206ff5aa5/out/include" "-I" "/usr/include" "-I" "/usr/include" "-fvisibility=hidden" "-DGIT_REGEX_BUILTIN=1" "-DHAVE_STDINT_H=1" "-DHAVE_MEMMOVE=1" "-DNO_RECURSE=1" "-DNEWLINE=10" "-DPOSIX_MALLOC_THRESHOLD=10" "-DLINK_SIZE=2" "-DPARENS_NEST_LIMIT=250" "-DMATCH_LIMIT=10000000" "-DMATCH_LIMIT_RECURSION=MATCH_LIMIT" "-DMAX_NAME_SIZE=32" "-DMAX_NAME_COUNT=10000" "-DSHA1DC_NO_STANDARD_INCLUDES=1" "-DSHA1DC_CUSTOM_INCLUDE_SHA1_C=\"common.h\"" "-DSHA1DC_CUSTOM_INCLUDE_UBC_CHECK_C=\"common.h\"" "-o" "/opt/rustwide/target/debug/build/libgit2-sys-0e76e8fc70895549/out/build/2222b295de79a116-pcre_jit_compile.o" "-c" "libgit2/deps/pcre/pcre_jit_compile.c" with args cc did not execute successfully (status code exit status: 1).cargo:warning=libgit2/deps/pcre/pcre_maketables.c:154:1: fatal error: error writing to /tmp/cccS3Qq3.s: No space left on device
[INFO] [stderr] warning: libgit2-sys@0.16.2+1.7.2:   154 | }
[INFO] [stderr] warning: libgit2-sys@0.16.2+1.7.2:       | ^
[INFO] [stderr] warning: libgit2-sys@0.16.2+1.7.2: compilation terminated.
[INFO] [stderr] warning: libgit2-sys@0.16.2+1.7.2: ToolExecError: Command "cc" "-O0" "-ffunction-sections" "-fdata-sections" "-fPIC" "-gdwarf-4" "-fno-omit-frame-pointer" "-m64" "-I" "/opt/rustwide/target/debug/build/libgit2-sys-0e76e8fc70895549/out/include" "-I" "libgit2/src/libgit2" "-I" "libgit2/src/util" "-I" "libgit2/deps/http-parser" "-I" "libgit2/deps/xdiff" "-I" "libgit2/deps/pcre" "-I" "/opt/rustwide/target/debug/build/libssh2-sys-d716c41206ff5aa5/out/include" "-I" "/usr/include" "-I" "/usr/include" "-fvisibility=hidden" "-DGIT_REGEX_BUILTIN=1" "-DHAVE_STDINT_H=1" "-DHAVE_MEMMOVE=1" "-DNO_RECURSE=1" "-DNEWLINE=10" "-DPOSIX_MALLOC_THRESHOLD=10" "-DLINK_SIZE=2" "-DPARENS_NEST_LIMIT=250" "-DMATCH_LIMIT=10000000" "-DMATCH_LIMIT_RECURSION=MATCH_LIMIT" "-DMAX_NAME_SIZE=32" "-DMAX_NAME_COUNT=10000" "-DSHA1DC_NO_STANDARD_INCLUDES=1" "-DSHA1DC_CUSTOM_INCLUDE_SHA1_C=\"common.h\"" "-DSHA1DC_CUSTOM_INCLUDE_UBC_CHECK_C=\"common.h\"" "-o" "/opt/rustwide/target/debug/build/libgit2-sys-0e76e8fc70895549/out/build/2222b295de79a116-pcre_maketables.o" "-c" "libgit2/deps/pcre/pcre_maketables.c" with args cc did not execute successfully (status code exit status: 1).cargo:warning=libgit2/deps/pcre/pcre_dfa_exec.c:3674:1: fatal error: error writing to /tmp/ccTr1Vdd.s: No space left on device
[INFO] [stderr] warning: libgit2-sys@0.16.2+1.7.2:  3674 | }
[INFO] [stderr] warning: libgit2-sys@0.16.2+1.7.2:       | ^
[INFO] [stderr] warning: libgit2-sys@0.16.2+1.7.2: compilation terminated.
[INFO] [stderr] warning: libgit2-sys@0.16.2+1.7.2: libgit2/deps/pcre/pcre_compile.c:9813:1: fatal error: error writing to /tmp/ccCue8W6.s: No space left on device
[INFO] [stderr] warning: libgit2-sys@0.16.2+1.7.2:  9813 | }
[INFO] [stderr] warning: libgit2-sys@0.16.2+1.7.2:       | ^
[INFO] [stderr] warning: libgit2-sys@0.16.2+1.7.2: compilation terminated.
[INFO] [stderr] warning: libgit2-sys@0.16.2+1.7.2: ToolExecError: Command "cc" "-O0" "-ffunction-sections" "-fdata-sections" "-fPIC" "-gdwarf-4" "-fno-omit-frame-pointer" "-m64" "-I" "/opt/rustwide/target/debug/build/libgit2-sys-0e76e8fc70895549/out/include" "-I" "libgit2/src/libgit2" "-I" "libgit2/src/util" "-I" "libgit2/deps/http-parser" "-I" "libgit2/deps/xdiff" "-I" "libgit2/deps/pcre" "-I" "/opt/rustwide/target/debug/build/libssh2-sys-d716c41206ff5aa5/out/include" "-I" "/usr/include" "-I" "/usr/include" "-fvisibility=hidden" "-DGIT_REGEX_BUILTIN=1" "-DHAVE_STDINT_H=1" "-DHAVE_MEMMOVE=1" "-DNO_RECURSE=1" "-DNEWLINE=10" "-DPOSIX_MALLOC_THRESHOLD=10" "-DLINK_SIZE=2" "-DPARENS_NEST_LIMIT=250" "-DMATCH_LIMIT=10000000" "-DMATCH_LIMIT_RECURSION=MATCH_LIMIT" "-DMAX_NAME_SIZE=32" "-DMAX_NAME_COUNT=10000" "-DSHA1DC_NO_STANDARD_INCLUDES=1" "-DSHA1DC_CUSTOM_INCLUDE_SHA1_C=\"common.h\"" "-DSHA1DC_CUSTOM_INCLUDE_UBC_CHECK_C=\"common.h\"" "-o" "/opt/rustwide/target/debug/build/libgit2-sys-0e76e8fc70895549/out/build/2222b295de79a116-pcre_compile.o" "-c" "libgit2/deps/pcre/pcre_compile.c" with args cc did not execute successfully (status code exit status: 1).
[INFO] [stderr] warning: libgit2-sys@0.16.2+1.7.2: ToolExecError: Command "cc" "-O0" "-ffunction-sections" "-fdata-sections" "-fPIC" "-gdwarf-4" "-fno-omit-frame-pointer" "-m64" "-I" "/opt/rustwide/target/debug/build/libgit2-sys-0e76e8fc70895549/out/include" "-I" "libgit2/src/libgit2" "-I" "libgit2/src/util" "-I" "libgit2/deps/http-parser" "-I" "libgit2/deps/xdiff" "-I" "libgit2/deps/pcre" "-I" "/opt/rustwide/target/debug/build/libssh2-sys-d716c41206ff5aa5/out/include" "-I" "/usr/include" "-I" "/usr/include" "-fvisibility=hidden" "-DGIT_REGEX_BUILTIN=1" "-DHAVE_STDINT_H=1" "-DHAVE_MEMMOVE=1" "-DNO_RECURSE=1" "-DNEWLINE=10" "-DPOSIX_MALLOC_THRESHOLD=10" "-DLINK_SIZE=2" "-DPARENS_NEST_LIMIT=250" "-DMATCH_LIMIT=10000000" "-DMATCH_LIMIT_RECURSION=MATCH_LIMIT" "-DMAX_NAME_SIZE=32" "-DMAX_NAME_COUNT=10000" "-DSHA1DC_NO_STANDARD_INCLUDES=1" "-DSHA1DC_CUSTOM_INCLUDE_SHA1_C=\"common.h\"" "-DSHA1DC_CUSTOM_INCLUDE_UBC_CHECK_C=\"common.h\"" "-o" "/opt/rustwide/target/debug/build/libgit2-sys-0e76e8fc70895549/out/build/2222b295de79a116-pcre_dfa_exec.o" "-c" "libgit2/deps/pcre/pcre_dfa_exec.c" with args cc did not execute successfully (status code exit status: 1).cargo:warning=/tmp/ccSGZ3S3.s: Assembler messages:
[INFO] [stderr] warning: libgit2-sys@0.16.2+1.7.2: /tmp/ccSGZ3S3.s: Fatal error: can't write 46 bytes to section .text._pcre_is_newline of /opt/rustwide/target/debug/build/libgit2-sys-0e76e8fc70895549/out/build/2222b295de79a116-pcre_newline.o: 'No space left on device'
[INFO] [stderr] warning: libgit2-sys@0.16.2+1.7.2: ToolExecError: Command "cc" "-O0" "-ffunction-sections" "-fdata-sections" "-fPIC" "-gdwarf-4" "-fno-omit-frame-pointer" "-m64" "-I" "/opt/rustwide/target/debug/build/libgit2-sys-0e76e8fc70895549/out/include" "-I" "libgit2/src/libgit2" "-I" "libgit2/src/util" "-I" "libgit2/deps/http-parser" "-I" "libgit2/deps/xdiff" "-I" "libgit2/deps/pcre" "-I" "/opt/rustwide/target/debug/build/libssh2-sys-d716c41206ff5aa5/out/include" "-I" "/usr/include" "-I" "/usr/include" "-fvisibility=hidden" "-DGIT_REGEX_BUILTIN=1" "-DHAVE_STDINT_H=1" "-DHAVE_MEMMOVE=1" "-DNO_RECURSE=1" "-DNEWLINE=10" "-DPOSIX_MALLOC_THRESHOLD=10" "-DLINK_SIZE=2" "-DPARENS_NEST_LIMIT=250" "-DMATCH_LIMIT=10000000" "-DMATCH_LIMIT_RECURSION=MATCH_LIMIT" "-DMAX_NAME_SIZE=32" "-DMAX_NAME_COUNT=10000" "-DSHA1DC_NO_STANDARD_INCLUDES=1" "-DSHA1DC_CUSTOM_INCLUDE_SHA1_C=\"common.h\"" "-DSHA1DC_CUSTOM_INCLUDE_UBC_CHECK_C=\"common.h\"" "-o" "/opt/rustwide/target/debug/build/libgit2-sys-0e76e8fc70895549/out/build/2222b295de79a116-pcre_newline.o" "-c" "libgit2/deps/pcre/pcre_newline.c" with args cc did not execute successfully (status code exit status: 1).cargo:warning=libgit2/deps/xdiff/xprepare.c:461:1: fatal error: error writing to /tmp/ccPObOgQ.s: No space left on device
[INFO] [stderr] warning: libgit2-sys@0.16.2+1.7.2:   461 | }
[INFO] [stderr] warning: libgit2-sys@0.16.2+1.7.2:       | ^
[INFO] [stderr] warning: libgit2-sys@0.16.2+1.7.2: compilation terminated.
[INFO] [stderr] warning: libgit2-sys@0.16.2+1.7.2: ToolExecError: Command "cc" "-O0" "-ffunction-sections" "-fdata-sections" "-fPIC" "-gdwarf-4" "-fno-omit-frame-pointer" "-m64" "-I" "/opt/rustwide/target/debug/build/libgit2-sys-0e76e8fc70895549/out/include" "-I" "libgit2/src/libgit2" "-I" "libgit2/src/util" "-I" "libgit2/deps/http-parser" "-I" "libgit2/deps/xdiff" "-I" "libgit2/deps/pcre" "-I" "/opt/rustwide/target/debug/build/libssh2-sys-d716c41206ff5aa5/out/include" "-I" "/usr/include" "-I" "/usr/include" "-fvisibility=hidden" "-DGIT_REGEX_BUILTIN=1" "-DHAVE_STDINT_H=1" "-DHAVE_MEMMOVE=1" "-DNO_RECURSE=1" "-DNEWLINE=10" "-DPOSIX_MALLOC_THRESHOLD=10" "-DLINK_SIZE=2" "-DPARENS_NEST_LIMIT=250" "-DMATCH_LIMIT=10000000" "-DMATCH_LIMIT_RECURSION=MATCH_LIMIT" "-DMAX_NAME_SIZE=32" "-DMAX_NAME_COUNT=10000" "-DSHA1DC_NO_STANDARD_INCLUDES=1" "-DSHA1DC_CUSTOM_INCLUDE_SHA1_C=\"common.h\"" "-DSHA1DC_CUSTOM_INCLUDE_UBC_CHECK_C=\"common.h\"" "-o" "/opt/rustwide/target/debug/build/libgit2-sys-0e76e8fc70895549/out/build/da97a00384bf24ac-xprepare.o" "-c" "libgit2/deps/xdiff/xprepare.c" with args cc did not execute successfully (status code exit status: 1).
[INFO] [stderr] warning: libgit2-sys@0.16.2+1.7.2: libgit2/src/util/hash/openssl.c: In function 'git_hash_sha256_init':
[INFO] [stderr] warning: libgit2-sys@0.16.2+1.7.2: libgit2/src/util/hash/openssl.c:163:9: warning: 'SHA256_Init' is deprecated: Since OpenSSL 3.0 [-Wdeprecated-declarations]
[INFO] [stderr] warning: libgit2-sys@0.16.2+1.7.2:   163 |         if (SHA256_Init(&ctx->c) != 1) {
[INFO] [stderr] warning: libgit2-sys@0.16.2+1.7.2:       |         ^~
[INFO] [stderr] warning: libgit2-sys@0.16.2+1.7.2: In file included from libgit2/src/util/hash/openssl.h:14,
[INFO] [stderr] warning: libgit2-sys@0.16.2+1.7.2:                  from libgit2/src/util/hash/openssl.c:8:
[INFO] [stderr] warning: libgit2-sys@0.16.2+1.7.2: /usr/include/openssl/sha.h:73:27: note: declared here
[INFO] [stderr] warning: libgit2-sys@0.16.2+1.7.2:    73 | OSSL_DEPRECATEDIN_3_0 int SHA256_Init(SHA256_CTX *c);
[INFO] [stderr] warning: libgit2-sys@0.16.2+1.7.2:       |                           ^~~~~~~~~~~
[INFO] [stderr] warning: libgit2-sys@0.16.2+1.7.2: libgit2/src/util/hash/openssl.c: In function 'git_hash_sha256_update':
[INFO] [stderr] warning: libgit2-sys@0.16.2+1.7.2: libgit2/src/util/hash/openssl.c:175:9: warning: 'SHA256_Update' is deprecated: Since OpenSSL 3.0 [-Wdeprecated-declarations]
[INFO] [stderr] warning: libgit2-sys@0.16.2+1.7.2:   175 |         if (SHA256_Update(&ctx->c, data, len) != 1) {
[INFO] [stderr] warning: libgit2-sys@0.16.2+1.7.2:       |         ^~
[INFO] [stderr] warning: libgit2-sys@0.16.2+1.7.2: In file included from libgit2/src/util/hash/openssl.h:14,
[INFO] [stderr] warning: libgit2-sys@0.16.2+1.7.2:                  from libgit2/src/util/hash/openssl.c:8:
[INFO] [stderr] warning: libgit2-sys@0.16.2+1.7.2: /usr/include/openssl/sha.h:74:27: note: declared here
[INFO] [stderr] warning: libgit2-sys@0.16.2+1.7.2:    74 | OSSL_DEPRECATEDIN_3_0 int SHA256_Update(SHA256_CTX *c,
[INFO] [stderr] warning: libgit2-sys@0.16.2+1.7.2:       |                           ^~~~~~~~~~~~~
[INFO] [stderr] warning: libgit2-sys@0.16.2+1.7.2: libgit2/src/util/hash/openssl.c: In function 'git_hash_sha256_final':
[INFO] [stderr] warning: libgit2-sys@0.16.2+1.7.2: libgit2/src/util/hash/openssl.c:187:9: warning: 'SHA256_Final' is deprecated: Since OpenSSL 3.0 [-Wdeprecated-declarations]
[INFO] [stderr] warning: libgit2-sys@0.16.2+1.7.2:   187 |         if (SHA256_Final(out, &ctx->c) != 1) {
[INFO] [stderr] warning: libgit2-sys@0.16.2+1.7.2:       |         ^~
[INFO] [stderr] warning: libgit2-sys@0.16.2+1.7.2: In file included from libgit2/src/util/hash/openssl.h:14,
[INFO] [stderr] warning: libgit2-sys@0.16.2+1.7.2:                  from libgit2/src/util/hash/openssl.c:8:
[INFO] [stderr] warning: libgit2-sys@0.16.2+1.7.2: /usr/include/openssl/sha.h:76:27: note: declared here
[INFO] [stderr] warning: libgit2-sys@0.16.2+1.7.2:    76 | OSSL_DEPRECATEDIN_3_0 int SHA256_Final(unsigned char *md, SHA256_CTX *c);
[INFO] [stderr] warning: libgit2-sys@0.16.2+1.7.2:       |                           ^~~~~~~~~~~~
[INFO] [stderr] 
[INFO] [stderr] error: failed to run custom build command for `libgit2-sys v0.16.2+1.7.2`
[INFO] [stderr] note: To improve backtraces for build dependencies, set the CARGO_PROFILE_DEV_BUILD_OVERRIDE_DEBUG=true environment variable to enable debug information generation.
[INFO] [stderr] 
[INFO] [stderr] Caused by:
[INFO] [stderr]   process didn't exit successfully: `/opt/rustwide/target/debug/build/libgit2-sys-1d89fab1597e7e2d/build-script-build` (exit status: 1)
[INFO] [stderr]   --- stdout
[INFO] [stderr]   cargo:rerun-if-env-changed=LIBGIT2_NO_VENDOR
[INFO] [stderr]   cargo:rerun-if-env-changed=LIBGIT2_NO_PKG_CONFIG
[INFO] [stderr]   cargo:rerun-if-env-changed=PKG_CONFIG_x86_64-unknown-linux-gnu
[INFO] [stderr]   cargo:rerun-if-env-changed=PKG_CONFIG_x86_64_unknown_linux_gnu
[INFO] [stderr]   cargo:rerun-if-env-changed=HOST_PKG_CONFIG
[INFO] [stderr]   cargo:rerun-if-env-changed=PKG_CONFIG
[INFO] [stderr]   cargo:rerun-if-env-changed=LIBGIT2_STATIC
[INFO] [stderr]   cargo:rerun-if-env-changed=LIBGIT2_DYNAMIC
[INFO] [stderr]   cargo:rerun-if-env-changed=PKG_CONFIG_ALL_STATIC
[INFO] [stderr]   cargo:rerun-if-env-changed=PKG_CONFIG_ALL_DYNAMIC
[INFO] [stderr]   cargo:rerun-if-env-changed=PKG_CONFIG_PATH_x86_64-unknown-linux-gnu
[INFO] [stderr]   cargo:rerun-if-env-changed=PKG_CONFIG_PATH_x86_64_unknown_linux_gnu
[INFO] [stderr]   cargo:rerun-if-env-changed=HOST_PKG_CONFIG_PATH
[INFO] [stderr]   cargo:rerun-if-env-changed=PKG_CONFIG_PATH
[INFO] [stderr]   cargo:rerun-if-env-changed=PKG_CONFIG_LIBDIR_x86_64-unknown-linux-gnu
[INFO] [stderr]   cargo:rerun-if-env-changed=PKG_CONFIG_LIBDIR_x86_64_unknown_linux_gnu
[INFO] [stderr]   cargo:rerun-if-env-changed=HOST_PKG_CONFIG_LIBDIR
[INFO] [stderr]   cargo:rerun-if-env-changed=PKG_CONFIG_LIBDIR
[INFO] [stderr]   cargo:rerun-if-env-changed=PKG_CONFIG_SYSROOT_DIR_x86_64-unknown-linux-gnu
[INFO] [stderr]   cargo:rerun-if-env-changed=PKG_CONFIG_SYSROOT_DIR_x86_64_unknown_linux_gnu
[INFO] [stderr]   cargo:rerun-if-env-changed=HOST_PKG_CONFIG_SYSROOT_DIR
[INFO] [stderr]   cargo:rerun-if-env-changed=PKG_CONFIG_SYSROOT_DIR
[INFO] [stderr]   cargo:warning=failed to probe system libgit2: 
[INFO] [stderr]   pkg-config exited with status code 1
[INFO] [stderr]   > PKG_CONFIG_ALLOW_SYSTEM_LIBS=1 PKG_CONFIG_ALLOW_SYSTEM_CFLAGS=1 pkg-config --libs --cflags libgit2 libgit2 >= 1.7.2 libgit2 < 1.8.0
[INFO] [stderr] 
[INFO] [stderr]   The system library `libgit2` required by crate `libgit2-sys` was not found.
[INFO] [stderr]   The file `libgit2.pc` needs to be installed and the PKG_CONFIG_PATH environment variable must contain its parent directory.
[INFO] [stderr]   The PKG_CONFIG_PATH environment variable is not set.
[INFO] [stderr] 
[INFO] [stderr]   HINT: if you have installed the library, try setting PKG_CONFIG_PATH to the directory containing `libgit2.pc`.
[INFO] [stderr] 
[INFO] [stderr]   cargo:rustc-cfg=libgit2_vendored
[INFO] [stderr]   libgit2/include/git2.h => /opt/rustwide/target/debug/build/libgit2-sys-0e76e8fc70895549/out/include/git2.h
[INFO] [stderr]   libgit2/include/git2/errors.h => /opt/rustwide/target/debug/build/libgit2-sys-0e76e8fc70895549/out/include/git2/errors.h
[INFO] [stderr]   libgit2/include/git2/refs.h => /opt/rustwide/target/debug/build/libgit2-sys-0e76e8fc70895549/out/include/git2/refs.h
[INFO] [stderr]   libgit2/include/git2/reflog.h => /opt/rustwide/target/debug/build/libgit2-sys-0e76e8fc70895549/out/include/git2/reflog.h
[INFO] [stderr]   libgit2/include/git2/signature.h => /opt/rustwide/target/debug/build/libgit2-sys-0e76e8fc70895549/out/include/git2/signature.h
[INFO] [stderr]   libgit2/include/git2/index.h => /opt/rustwide/target/debug/build/libgit2-sys-0e76e8fc70895549/out/include/git2/index.h
[INFO] [stderr]   libgit2/include/git2/object.h => /opt/rustwide/target/debug/build/libgit2-sys-0e76e8fc70895549/out/include/git2/object.h
[INFO] [stderr]   libgit2/include/git2/pack.h => /opt/rustwide/target/debug/build/libgit2-sys-0e76e8fc70895549/out/include/git2/pack.h
[INFO] [stderr]   libgit2/include/git2/revert.h => /opt/rustwide/target/debug/build/libgit2-sys-0e76e8fc70895549/out/include/git2/revert.h
[INFO] [stderr]   libgit2/include/git2/trace.h => /opt/rustwide/target/debug/build/libgit2-sys-0e76e8fc70895549/out/include/git2/trace.h
[INFO] [stderr]   libgit2/include/git2/apply.h => /opt/rustwide/target/debug/build/libgit2-sys-0e76e8fc70895549/out/include/git2/apply.h
[INFO] [stderr]   libgit2/include/git2/strarray.h => /opt/rustwide/target/debug/build/libgit2-sys-0e76e8fc70895549/out/include/git2/strarray.h
[INFO] [stderr]   libgit2/include/git2/revwalk.h => /opt/rustwide/target/debug/build/libgit2-sys-0e76e8fc70895549/out/include/git2/revwalk.h
[INFO] [stderr]   libgit2/include/git2/mailmap.h => /opt/rustwide/target/debug/build/libgit2-sys-0e76e8fc70895549/out/include/git2/mailmap.h
[INFO] [stderr]   libgit2/include/git2/remote.h => /opt/rustwide/target/debug/build/libgit2-sys-0e76e8fc70895549/out/include/git2/remote.h
[INFO] [stderr]   libgit2/include/git2/clone.h => /opt/rustwide/target/debug/build/libgit2-sys-0e76e8fc70895549/out/include/git2/clone.h
[INFO] [stderr]   libgit2/include/git2/branch.h => /opt/rustwide/target/debug/build/libgit2-sys-0e76e8fc70895549/out/include/git2/branch.h
[INFO] [stderr]   libgit2/include/git2/types.h => /opt/rustwide/target/debug/build/libgit2-sys-0e76e8fc70895549/out/include/git2/types.h
[INFO] [stderr]   libgit2/include/git2/transport.h => /opt/rustwide/target/debug/build/libgit2-sys-0e76e8fc70895549/out/include/git2/transport.h
[INFO] [stderr]   libgit2/include/git2/status.h => /opt/rustwide/target/debug/build/libgit2-sys-0e76e8fc70895549/out/include/git2/status.h
[INFO] [stderr]   libgit2/include/git2/tag.h => /opt/rustwide/target/debug/build/libgit2-sys-0e76e8fc70895549/out/include/git2/tag.h
[INFO] [stderr]   libgit2/include/git2/commit.h => /opt/rustwide/target/debug/build/libgit2-sys-0e76e8fc70895549/out/include/git2/commit.h
[INFO] [stderr]   libgit2/include/git2/indexer.h => /opt/rustwide/target/debug/build/libgit2-sys-0e76e8fc70895549/out/include/git2/indexer.h
[INFO] [stderr]   libgit2/include/git2/blob.h => /opt/rustwide/target/debug/build/libgit2-sys-0e76e8fc70895549/out/include/git2/blob.h
[INFO] [stderr]   libgit2/include/git2/proxy.h => /opt/rustwide/target/debug/build/libgit2-sys-0e76e8fc70895549/out/include/git2/proxy.h
[INFO] [stderr]   libgit2/include/git2/revparse.h => /opt/rustwide/target/debug/build/libgit2-sys-0e76e8fc70895549/out/include/git2/revparse.h
[INFO] [stderr]   libgit2/include/git2/message.h => /opt/rustwide/target/debug/build/libgit2-sys-0e76e8fc70895549/out/include/git2/message.h
[INFO] [stderr]   libgit2/include/git2/notes.h => /opt/rustwide/target/debug/build/libgit2-sys-0e76e8fc70895549/out/include/git2/notes.h
[INFO] [stderr]   libgit2/include/git2/buffer.h => /opt/rustwide/target/debug/build/libgit2-sys-0e76e8fc70895549/out/include/git2/buffer.h
[INFO] [stderr]   libgit2/include/git2/oidarray.h => /opt/rustwide/target/debug/build/libgit2-sys-0e76e8fc70895549/out/include/git2/oidarray.h
[INFO] [stderr]   libgit2/include/git2/odb_backend.h => /opt/rustwide/target/debug/build/libgit2-sys-0e76e8fc70895549/out/include/git2/odb_backend.h
[INFO] [stderr]   libgit2/include/git2/annotated_commit.h => /opt/rustwide/target/debug/build/libgit2-sys-0e76e8fc70895549/out/include/git2/annotated_commit.h
[INFO] [stderr]   libgit2/include/git2/describe.h => /opt/rustwide/target/debug/build/libgit2-sys-0e76e8fc70895549/out/include/git2/describe.h
[INFO] [stderr]   libgit2/include/git2/blame.h => /opt/rustwide/target/debug/build/libgit2-sys-0e76e8fc70895549/out/include/git2/blame.h
[INFO] [stderr]   libgit2/include/git2/stdint.h => /opt/rustwide/target/debug/build/libgit2-sys-0e76e8fc70895549/out/include/git2/stdint.h
[INFO] [stderr]   libgit2/include/git2/repository.h => /opt/rustwide/target/debug/build/libgit2-sys-0e76e8fc70895549/out/include/git2/repository.h
[INFO] [stderr]   libgit2/include/git2/email.h => /opt/rustwide/target/debug/build/libgit2-sys-0e76e8fc70895549/out/include/git2/email.h
[INFO] [stderr]   libgit2/include/git2/filter.h => /opt/rustwide/target/debug/build/libgit2-sys-0e76e8fc70895549/out/include/git2/filter.h
[INFO] [stderr]   libgit2/include/git2/common.h => /opt/rustwide/target/debug/build/libgit2-sys-0e76e8fc70895549/out/include/git2/common.h
[INFO] [stderr]   libgit2/include/git2/reset.h => /opt/rustwide/target/debug/build/libgit2-sys-0e76e8fc70895549/out/include/git2/reset.h
[INFO] [stderr]   libgit2/include/git2/net.h => /opt/rustwide/target/debug/build/libgit2-sys-0e76e8fc70895549/out/include/git2/net.h
[INFO] [stderr]   libgit2/include/git2/cherrypick.h => /opt/rustwide/target/debug/build/libgit2-sys-0e76e8fc70895549/out/include/git2/cherrypick.h
[INFO] [stderr]   libgit2/include/git2/deprecated.h => /opt/rustwide/target/debug/build/libgit2-sys-0e76e8fc70895549/out/include/git2/deprecated.h
[INFO] [stderr]   libgit2/include/git2/sys/refs.h => /opt/rustwide/target/debug/build/libgit2-sys-0e76e8fc70895549/out/include/git2/sys/refs.h
[INFO] [stderr]   libgit2/include/git2/sys/midx.h => /opt/rustwide/target/debug/build/libgit2-sys-0e76e8fc70895549/out/include/git2/sys/midx.h
[INFO] [stderr]   libgit2/include/git2/sys/reflog.h => /opt/rustwide/target/debug/build/libgit2-sys-0e76e8fc70895549/out/include/git2/sys/reflog.h
[INFO] [stderr]   libgit2/include/git2/sys/index.h => /opt/rustwide/target/debug/build/libgit2-sys-0e76e8fc70895549/out/include/git2/sys/index.h
[INFO] [stderr]   libgit2/include/git2/sys/mempack.h => /opt/rustwide/target/debug/build/libgit2-sys-0e76e8fc70895549/out/include/git2/sys/mempack.h
[INFO] [stderr]   libgit2/include/git2/sys/remote.h => /opt/rustwide/target/debug/build/libgit2-sys-0e76e8fc70895549/out/include/git2/sys/remote.h
[INFO] [stderr]   libgit2/include/git2/sys/transport.h => /opt/rustwide/target/debug/build/libgit2-sys-0e76e8fc70895549/out/include/git2/sys/transport.h
[INFO] [stderr]   libgit2/include/git2/sys/commit_graph.h => /opt/rustwide/target/debug/build/libgit2-sys-0e76e8fc70895549/out/include/git2/sys/commit_graph.h
[INFO] [stderr]   libgit2/include/git2/sys/openssl.h => /opt/rustwide/target/debug/build/libgit2-sys-0e76e8fc70895549/out/include/git2/sys/openssl.h
[INFO] [stderr]   libgit2/include/git2/sys/commit.h => /opt/rustwide/target/debug/build/libgit2-sys-0e76e8fc70895549/out/include/git2/sys/commit.h
[INFO] [stderr]   libgit2/include/git2/sys/hashsig.h => /opt/rustwide/target/debug/build/libgit2-sys-0e76e8fc70895549/out/include/git2/sys/hashsig.h
[INFO] [stderr]   libgit2/include/git2/sys/alloc.h => /opt/rustwide/target/debug/build/libgit2-sys-0e76e8fc70895549/out/include/git2/sys/alloc.h
[INFO] [stderr]   libgit2/include/git2/sys/odb_backend.h => /opt/rustwide/target/debug/build/libgit2-sys-0e76e8fc70895549/out/include/git2/sys/odb_backend.h
[INFO] [stderr]   libgit2/include/git2/sys/cred.h => /opt/rustwide/target/debug/build/libgit2-sys-0e76e8fc70895549/out/include/git2/sys/cred.h
[INFO] [stderr]   libgit2/include/git2/sys/repository.h => /opt/rustwide/target/debug/build/libgit2-sys-0e76e8fc70895549/out/include/git2/sys/repository.h
[INFO] [stderr]   libgit2/include/git2/sys/path.h => /opt/rustwide/target/debug/build/libgit2-sys-0e76e8fc70895549/out/include/git2/sys/path.h
[INFO] [stderr]   libgit2/include/git2/sys/email.h => /opt/rustwide/target/debug/build/libgit2-sys-0e76e8fc70895549/out/include/git2/sys/email.h
[INFO] [stderr]   libgit2/include/git2/sys/filter.h => /opt/rustwide/target/debug/build/libgit2-sys-0e76e8fc70895549/out/include/git2/sys/filter.h
[INFO] [stderr]   libgit2/include/git2/sys/merge.h => /opt/rustwide/target/debug/build/libgit2-sys-0e76e8fc70895549/out/include/git2/sys/merge.h
[INFO] [stderr]   libgit2/include/git2/sys/config.h => /opt/rustwide/target/debug/build/libgit2-sys-0e76e8fc70895549/out/include/git2/sys/config.h
[INFO] [stderr]   libgit2/include/git2/sys/stream.h => /opt/rustwide/target/debug/build/libgit2-sys-0e76e8fc70895549/out/include/git2/sys/stream.h
[INFO] [stderr]   libgit2/include/git2/sys/credential.h => /opt/rustwide/target/debug/build/libgit2-sys-0e76e8fc70895549/out/include/git2/sys/credential.h
[INFO] [stderr]   libgit2/include/git2/sys/diff.h => /opt/rustwide/target/debug/build/libgit2-sys-0e76e8fc70895549/out/include/git2/sys/diff.h
[INFO] [stderr]   libgit2/include/git2/sys/refdb_backend.h => /opt/rustwide/target/debug/build/libgit2-sys-0e76e8fc70895549/out/include/git2/sys/refdb_backend.h
[INFO] [stderr]   libgit2/include/git2/merge.h => /opt/rustwide/target/debug/build/libgit2-sys-0e76e8fc70895549/out/include/git2/merge.h
[INFO] [stderr]   libgit2/include/git2/config.h => /opt/rustwide/target/debug/build/libgit2-sys-0e76e8fc70895549/out/include/git2/config.h
[INFO] [stderr]   libgit2/include/git2/patch.h => /opt/rustwide/target/debug/build/libgit2-sys-0e76e8fc70895549/out/include/git2/patch.h
[INFO] [stderr]   libgit2/include/git2/pathspec.h => /opt/rustwide/target/debug/build/libgit2-sys-0e76e8fc70895549/out/include/git2/pathspec.h
[INFO] [stderr]   libgit2/include/git2/stash.h => /opt/rustwide/target/debug/build/libgit2-sys-0e76e8fc70895549/out/include/git2/stash.h
[INFO] [stderr]   libgit2/include/git2/credential.h => /opt/rustwide/target/debug/build/libgit2-sys-0e76e8fc70895549/out/include/git2/credential.h
[INFO] [stderr]   libgit2/include/git2/version.h => /opt/rustwide/target/debug/build/libgit2-sys-0e76e8fc70895549/out/include/git2/version.h
[INFO] [stderr]   libgit2/include/git2/experimental.h => /opt/rustwide/target/debug/build/libgit2-sys-0e76e8fc70895549/out/include/git2/experimental.h
[INFO] [stderr]   libgit2/include/git2/refspec.h => /opt/rustwide/target/debug/build/libgit2-sys-0e76e8fc70895549/out/include/git2/refspec.h
[INFO] [stderr]   libgit2/include/git2/diff.h => /opt/rustwide/target/debug/build/libgit2-sys-0e76e8fc70895549/out/include/git2/diff.h
[INFO] [stderr]   libgit2/include/git2/odb.h => /opt/rustwide/target/debug/build/libgit2-sys-0e76e8fc70895549/out/include/git2/odb.h
[INFO] [stderr]   libgit2/include/git2/worktree.h => /opt/rustwide/target/debug/build/libgit2-sys-0e76e8fc70895549/out/include/git2/worktree.h
[INFO] [stderr]   libgit2/include/git2/transaction.h => /opt/rustwide/target/debug/build/libgit2-sys-0e76e8fc70895549/out/include/git2/transaction.h
[INFO] [stderr]   libgit2/include/git2/attr.h => /opt/rustwide/target/debug/build/libgit2-sys-0e76e8fc70895549/out/include/git2/attr.h
[INFO] [stderr]   libgit2/include/git2/tree.h => /opt/rustwide/target/debug/build/libgit2-sys-0e76e8fc70895549/out/include/git2/tree.h
[INFO] [stderr]   libgit2/include/git2/global.h => /opt/rustwide/target/debug/build/libgit2-sys-0e76e8fc70895549/out/include/git2/global.h
[INFO] [stderr]   libgit2/include/git2/checkout.h => /opt/rustwide/target/debug/build/libgit2-sys-0e76e8fc70895549/out/include/git2/checkout.h
[INFO] [stderr]   libgit2/include/git2/submodule.h => /opt/rustwide/target/debug/build/libgit2-sys-0e76e8fc70895549/out/include/git2/submodule.h
[INFO] [stderr]   libgit2/include/git2/cred_helpers.h => /opt/rustwide/target/debug/build/libgit2-sys-0e76e8fc70895549/out/include/git2/cred_helpers.h
[INFO] [stderr]   libgit2/include/git2/ignore.h => /opt/rustwide/target/debug/build/libgit2-sys-0e76e8fc70895549/out/include/git2/ignore.h
[INFO] [stderr]   libgit2/include/git2/credential_helpers.h => /opt/rustwide/target/debug/build/libgit2-sys-0e76e8fc70895549/out/include/git2/credential_helpers.h
[INFO] [stderr]   libgit2/include/git2/refdb.h => /opt/rustwide/target/debug/build/libgit2-sys-0e76e8fc70895549/out/include/git2/refdb.h
[INFO] [stderr]   libgit2/include/git2/cert.h => /opt/rustwide/target/debug/build/libgit2-sys-0e76e8fc70895549/out/include/git2/cert.h
[INFO] [stderr]   libgit2/include/git2/rebase.h => /opt/rustwide/target/debug/build/libgit2-sys-0e76e8fc70895549/out/include/git2/rebase.h
[INFO] [stderr]   libgit2/include/git2/oid.h => /opt/rustwide/target/debug/build/libgit2-sys-0e76e8fc70895549/out/include/git2/oid.h
[INFO] [stderr]   libgit2/include/git2/graph.h => /opt/rustwide/target/debug/build/libgit2-sys-0e76e8fc70895549/out/include/git2/graph.h
[INFO] [stderr]   TARGET = Some("x86_64-unknown-linux-gnu")
[INFO] [stderr]   OPT_LEVEL = Some("0")
[INFO] [stderr]   HOST = Some("x86_64-unknown-linux-gnu")
[INFO] [stderr]   cargo:rerun-if-env-changed=CC_x86_64-unknown-linux-gnu
[INFO] [stderr]   CC_x86_64-unknown-linux-gnu = None
[INFO] [stderr]   cargo:rerun-if-env-changed=CC_x86_64_unknown_linux_gnu
[INFO] [stderr]   CC_x86_64_unknown_linux_gnu = None
[INFO] [stderr]   cargo:rerun-if-env-changed=HOST_CC
[INFO] [stderr]   HOST_CC = None
[INFO] [stderr]   cargo:rerun-if-env-changed=CC
[INFO] [stderr]   CC = None
[INFO] [stderr]   cargo:rerun-if-env-changed=CC_ENABLE_DEBUG_OUTPUT
[INFO] [stderr]   cargo:rerun-if-env-changed=CRATE_CC_NO_DEFAULTS
[INFO] [stderr]   CRATE_CC_NO_DEFAULTS = None
[INFO] [stderr]   DEBUG = Some("true")
[INFO] [stderr]   CARGO_CFG_TARGET_FEATURE = Some("fxsr,sse,sse2")
[INFO] [stderr]   cargo:rerun-if-env-changed=CFLAGS_x86_64-unknown-linux-gnu
[INFO] [stderr]   CFLAGS_x86_64-unknown-linux-gnu = None
[INFO] [stderr]   cargo:rerun-if-env-changed=CFLAGS_x86_64_unknown_linux_gnu
[INFO] [stderr]   CFLAGS_x86_64_unknown_linux_gnu = None
[INFO] [stderr]   cargo:rerun-if-env-changed=HOST_CFLAGS
[INFO] [stderr]   HOST_CFLAGS = None
[INFO] [stderr]   cargo:rerun-if-env-changed=CFLAGS
[INFO] [stderr]   CFLAGS = None
[INFO] [stderr]   exit status: 0
[INFO] [stderr]   exit status: 0
[INFO] [stderr]   exit status: 0
[INFO] [stderr]   exit status: 0
[INFO] [stderr]   exit status: 0
[INFO] [stderr]   exit status: 0
[INFO] [stderr]   exit status: 0
[INFO] [stderr]   exit status: 0
[INFO] [stderr]   exit status: 0
[INFO] [stderr]   exit status: 0
[INFO] [stderr]   exit status: 0
[INFO] [stderr]   exit status: 0
[INFO] [stderr]   exit status: 0
[INFO] [stderr]   exit status: 0
[INFO] [stderr]   exit status: 0
[INFO] [stderr]   exit status: 0
[INFO] [stderr]   exit status: 0
[INFO] [stderr]   exit status: 0
[INFO] [stderr]   exit status: 0
[INFO] [stderr]   exit status: 0
[INFO] [stderr]   exit status: 0
[INFO] [stderr]   exit status: 0
[INFO] [stderr]   exit status: 0
[INFO] [stderr]   exit status: 0
[INFO] [stderr]   exit status: 0
[INFO] [stderr]   exit status: 0
[INFO] [stderr]   exit status: 0
[INFO] [stderr]   exit status: 0
[INFO] [stderr]   exit status: 0
[INFO] [stderr]   exit status: 0
[INFO] [stderr]   exit status: 0
[INFO] [stderr]   exit status: 0
[INFO] [stderr]   exit status: 0
[INFO] [stderr]   exit status: 0
[INFO] [stderr]   exit status: 0
[INFO] [stderr]   exit status: 0
[INFO] [stderr]   exit status: 0
[INFO] [stderr]   exit status: 0
[INFO] [stderr]   exit status: 0
[INFO] [stderr]   exit status: 0
[INFO] [stderr]   exit status: 0
[INFO] [stderr]   exit status: 0
[INFO] [stderr]   exit status: 0
[INFO] [stderr]   exit status: 0
[INFO] [stderr]   exit status: 0
[INFO] [stderr]   exit status: 0
[INFO] [stderr]   exit status: 0
[INFO] [stderr]   exit status: 0
[INFO] [stderr]   exit status: 0
[INFO] [stderr]   exit status: 0
[INFO] [stderr]   exit status: 0
[INFO] [stderr]   exit status: 0
[INFO] [stderr]   exit status: 0
[INFO] [stderr]   exit status: 0
[INFO] [stderr]   exit status: 0
[INFO] [stderr]   exit status: 0
[INFO] [stderr]   exit status: 0
[INFO] [stderr]   exit status: 0
[INFO] [stderr]   exit status: 0
[INFO] [stderr]   exit status: 0
[INFO] [stderr]   exit status: 0
[INFO] [stderr]   exit status: 0
[INFO] [stderr]   exit status: 0
[INFO] [stderr]   exit status: 0
[INFO] [stderr]   exit status: 0
[INFO] [stderr]   exit status: 0
[INFO] [stderr]   exit status: 0
[INFO] [stderr]   exit status: 0
[INFO] [stderr]   exit status: 0
[INFO] [stderr]   exit status: 0
[INFO] [stderr]   exit status: 0
[INFO] [stderr]   exit status: 0
[INFO] [stderr]   exit status: 0
[INFO] [stderr]   exit status: 0
[INFO] [stderr]   exit status: 0
[INFO] [stderr]   exit status: 0
[INFO] [stderr]   exit status: 0
[INFO] [stderr]   exit status: 0
[INFO] [stderr]   exit status: 0
[INFO] [stderr]   exit status: 0
[INFO] [stderr]   exit status: 0
[INFO] [stderr]   exit status: 0
[INFO] [stderr]   exit status: 0
[INFO] [stderr]   exit status: 0
[INFO] [stderr]   exit status: 0
[INFO] [stderr]   exit status: 0
[INFO] [stderr]   exit status: 0
[INFO] [stderr]   exit status: 0
[INFO] [stderr]   exit status: 0
[INFO] [stderr]   exit status: 0
[INFO] [stderr]   exit status: 0
[INFO] [stderr]   exit status: 0
[INFO] [stderr]   exit status: 0
[INFO] [stderr]   exit status: 0
[INFO] [stderr]   exit status: 0
[INFO] [stderr]   exit status: 0
[INFO] [stderr]   exit status: 0
[INFO] [stderr]   exit status: 0
[INFO] [stderr]   exit status: 0
[INFO] [stderr]   exit status: 0
[INFO] [stderr]   exit status: 0
[INFO] [stderr]   exit status: 0
[INFO] [stderr]   exit status: 0
[INFO] [stderr]   exit status: 0
[INFO] [stderr]   exit status: 0
[INFO] [stderr]   exit status: 0
[INFO] [stderr]   exit status: 0
[INFO] [stderr]   exit status: 0
[INFO] [stderr]   exit status: 0
[INFO] [stderr]   exit status: 0
[INFO] [stderr]   exit status: 0
[INFO] [stderr]   exit status: 0
[INFO] [stderr]   exit status: 0
[INFO] [stderr]   exit status: 0
[INFO] [stderr]   exit status: 0
[INFO] [stderr]   exit status: 0
[INFO] [stderr]   exit status: 0
[INFO] [stderr]   exit status: 0
[INFO] [stderr]   exit status: 0
[INFO] [stderr]   exit status: 0
[INFO] [stderr]   exit status: 0
[INFO] [stderr]   exit status: 0
[INFO] [stderr]   exit status: 0
[INFO] [stderr]   exit status: 0
[INFO] [stderr]   exit status: 0
[INFO] [stderr]   exit status: 0
[INFO] [stderr]   exit status: 0
[INFO] [stderr]   exit status: 0
[INFO] [stderr]   exit status: 0
[INFO] [stderr]   exit status: 0
[INFO] [stderr]   exit status: 0
[INFO] [stderr]   exit status: 0
[INFO] [stderr]   exit status: 0
[INFO] [stderr]   exit status: 0
[INFO] [stderr]   exit status: 0
[INFO] [stderr]   exit status: 0
[INFO] [stderr]   exit status: 0
[INFO] [stderr]   exit status: 0
[INFO] [stderr]   exit status: 0
[INFO] [stderr]   exit status: 0
[INFO] [stderr]   exit status: 0
[INFO] [stderr]   exit status: 0
[INFO] [stderr]   exit status: 0
[INFO] [stderr]   exit status: 0
[INFO] [stderr]   cargo:warning=/tmp/cc22VNTP.s: Assembler messages:
[INFO] [stderr]   cargo:warning=/tmp/cc22VNTP.s: Fatal error: can't write 256 bytes to section .data.from_hex of /opt/rustwide/target/debug/build/libgit2-sys-0e76e8fc70895549/out/build/cccc76fb850512eb-openssl_legacy.o: 'No space left on device'
[INFO] [stderr]   cargo:warning=/tmp/cc22VNTP.s: Fatal error: /opt/rustwide/target/debug/build/libgit2-sys-0e76e8fc70895549/out/build/cccc76fb850512eb-openssl_legacy.o: No space left on device
[INFO] [stderr]   exit status: 0
[INFO] [stderr]   exit status: 0
[INFO] [stderr]   exit status: 0
[INFO] [stderr]   exit status: 0
[INFO] [stderr]   exit status: 0
[INFO] [stderr]   exit status: 1
[INFO] [stderr]   cargo:warning=ToolExecError: Command "cc" "-O0" "-ffunction-sections" "-fdata-sections" "-fPIC" "-gdwarf-4" "-fno-omit-frame-pointer" "-m64" "-I" "/opt/rustwide/target/debug/build/libgit2-sys-0e76e8fc70895549/out/include" "-I" "libgit2/src/libgit2" "-I" "libgit2/src/util" "-I" "libgit2/deps/http-parser" "-I" "libgit2/deps/xdiff" "-I" "libgit2/deps/pcre" "-I" "/opt/rustwide/target/debug/build/libssh2-sys-d716c41206ff5aa5/out/include" "-I" "/usr/include" "-I" "/usr/include" "-fvisibility=hidden" "-DGIT_REGEX_BUILTIN=1" "-DHAVE_STDINT_H=1" "-DHAVE_MEMMOVE=1" "-DNO_RECURSE=1" "-DNEWLINE=10" "-DPOSIX_MALLOC_THRESHOLD=10" "-DLINK_SIZE=2" "-DPARENS_NEST_LIMIT=250" "-DMATCH_LIMIT=10000000" "-DMATCH_LIMIT_RECURSION=MATCH_LIMIT" "-DMAX_NAME_SIZE=32" "-DMAX_NAME_COUNT=10000" "-DSHA1DC_NO_STANDARD_INCLUDES=1" "-DSHA1DC_CUSTOM_INCLUDE_SHA1_C=\"common.h\"" "-DSHA1DC_CUSTOM_INCLUDE_UBC_CHECK_C=\"common.h\"" "-o" "/opt/rustwide/target/debug/build/libgit2-sys-0e76e8fc70895549/out/build/cccc76fb850512eb-openssl_legacy.o" "-c" "libgit2/src/libgit2/streams/openssl_legacy.c" with args cc did not execute successfully (status code exit status: 1).cargo:warning=libgit2/src/libgit2/streams/registry.c:118:1: fatal error: error writing to /tmp/cc1jftOy.s: No space left on device
[INFO] [stderr]   cargo:warning=  118 | }
[INFO] [stderr]   cargo:warning=      | ^
[INFO] [stderr]   cargo:warning=compilation terminated.
[INFO] [stderr] 
[INFO] [stderr]   exit status: 1
[INFO] [stderr]   cargo:warning=ToolExecError: Command "cc" "-O0" "-ffunction-sections" "-fdata-sections" "-fPIC" "-gdwarf-4" "-fno-omit-frame-pointer" "-m64" "-I" "/opt/rustwide/target/debug/build/libgit2-sys-0e76e8fc70895549/out/include" "-I" "libgit2/src/libgit2" "-I" "libgit2/src/util" "-I" "libgit2/deps/http-parser" "-I" "libgit2/deps/xdiff" "-I" "libgit2/deps/pcre" "-I" "/opt/rustwide/target/debug/build/libssh2-sys-d716c41206ff5aa5/out/include" "-I" "/usr/include" "-I" "/usr/include" "-fvisibility=hidden" "-DGIT_REGEX_BUILTIN=1" "-DHAVE_STDINT_H=1" "-DHAVE_MEMMOVE=1" "-DNO_RECURSE=1" "-DNEWLINE=10" "-DPOSIX_MALLOC_THRESHOLD=10" "-DLINK_SIZE=2" "-DPARENS_NEST_LIMIT=250" "-DMATCH_LIMIT=10000000" "-DMATCH_LIMIT_RECURSION=MATCH_LIMIT" "-DMAX_NAME_SIZE=32" "-DMAX_NAME_COUNT=10000" "-DSHA1DC_NO_STANDARD_INCLUDES=1" "-DSHA1DC_CUSTOM_INCLUDE_SHA1_C=\"common.h\"" "-DSHA1DC_CUSTOM_INCLUDE_UBC_CHECK_C=\"common.h\"" "-o" "/opt/rustwide/target/debug/build/libgit2-sys-0e76e8fc70895549/out/build/cccc76fb850512eb-registry.o" "-c" "libgit2/src/libgit2/streams/registry.c" with args cc did not execute successfully (status code exit status: 1).cargo:warning=libgit2/deps/http-parser/http_parser.c:2182:1: fatal error: error writing to /tmp/ccIiusKt.s: No space left on device
[INFO] [stderr]   cargo:warning= 2182 | }
[INFO] [stderr]   cargo:warning=      | ^
[INFO] [stderr]   cargo:warning=compilation terminated.
[INFO] [stderr] 
[INFO] [stderr]   exit status: 1
[INFO] [stderr]   cargo:warning=ToolExecError: Command "cc" "-O0" "-ffunction-sections" "-fdata-sections" "-fPIC" "-gdwarf-4" "-fno-omit-frame-pointer" "-m64" "-I" "/opt/rustwide/target/debug/build/libgit2-sys-0e76e8fc70895549/out/include" "-I" "libgit2/src/libgit2" "-I" "libgit2/src/util" "-I" "libgit2/deps/http-parser" "-I" "libgit2/deps/xdiff" "-I" "libgit2/deps/pcre" "-I" "/opt/rustwide/target/debug/build/libssh2-sys-d716c41206ff5aa5/out/include" "-I" "/usr/include" "-I" "/usr/include" "-fvisibility=hidden" "-DGIT_REGEX_BUILTIN=1" "-DHAVE_STDINT_H=1" "-DHAVE_MEMMOVE=1" "-DNO_RECURSE=1" "-DNEWLINE=10" "-DPOSIX_MALLOC_THRESHOLD=10" "-DLINK_SIZE=2" "-DPARENS_NEST_LIMIT=250" "-DMATCH_LIMIT=10000000" "-DMATCH_LIMIT_RECURSION=MATCH_LIMIT" "-DMAX_NAME_SIZE=32" "-DMAX_NAME_COUNT=10000" "-DSHA1DC_NO_STANDARD_INCLUDES=1" "-DSHA1DC_CUSTOM_INCLUDE_SHA1_C=\"common.h\"" "-DSHA1DC_CUSTOM_INCLUDE_UBC_CHECK_C=\"common.h\"" "-o" "/opt/rustwide/target/debug/build/libgit2-sys-0e76e8fc70895549/out/build/c1c3a04dc106c9b0-http_parser.o" "-c" "libgit2/deps/http-parser/http_parser.c" with args cc did not execute successfully (status code exit status: 1).cargo:warning=libgit2/src/libgit2/streams/stransport.c:9: fatal error: error writing to /tmp/ccUVLy1C.s: No space left on device
[INFO] [stderr]   cargo:warning=    9 | 
[INFO] [stderr]   cargo:warning=      | 
[INFO] [stderr]   cargo:warning=compilation terminated.
[INFO] [stderr] 
[INFO] [stderr]   exit status: 1
[INFO] [stderr]   cargo:warning=ToolExecError: Command "cc" "-O0" "-ffunction-sections" "-fdata-sections" "-fPIC" "-gdwarf-4" "-fno-omit-frame-pointer" "-m64" "-I" "/opt/rustwide/target/debug/build/libgit2-sys-0e76e8fc70895549/out/include" "-I" "libgit2/src/libgit2" "-I" "libgit2/src/util" "-I" "libgit2/deps/http-parser" "-I" "libgit2/deps/xdiff" "-I" "libgit2/deps/pcre" "-I" "/opt/rustwide/target/debug/build/libssh2-sys-d716c41206ff5aa5/out/include" "-I" "/usr/include" "-I" "/usr/include" "-fvisibility=hidden" "-DGIT_REGEX_BUILTIN=1" "-DHAVE_STDINT_H=1" "-DHAVE_MEMMOVE=1" "-DNO_RECURSE=1" "-DNEWLINE=10" "-DPOSIX_MALLOC_THRESHOLD=10" "-DLINK_SIZE=2" "-DPARENS_NEST_LIMIT=250" "-DMATCH_LIMIT=10000000" "-DMATCH_LIMIT_RECURSION=MATCH_LIMIT" "-DMAX_NAME_SIZE=32" "-DMAX_NAME_COUNT=10000" "-DSHA1DC_NO_STANDARD_INCLUDES=1" "-DSHA1DC_CUSTOM_INCLUDE_SHA1_C=\"common.h\"" "-DSHA1DC_CUSTOM_INCLUDE_UBC_CHECK_C=\"common.h\"" "-o" "/opt/rustwide/target/debug/build/libgit2-sys-0e76e8fc70895549/out/build/cccc76fb850512eb-stransport.o" "-c" "libgit2/src/libgit2/streams/stransport.c" with args cc did not execute successfully (status code exit status: 1).cargo:warning=libgit2/src/libgit2/streams/socket.c:426:1: fatal error: error writing to /tmp/ccchP1GD.s: No space left on device
[INFO] [stderr]   cargo:warning=  426 | }
[INFO] [stderr]   cargo:warning=      | ^
[INFO] [stderr]   cargo:warning=compilation terminated.
[INFO] [stderr] 
[INFO] [stderr]   exit status: 1
[INFO] [stderr]   cargo:warning=ToolExecError: Command "cc" "-O0" "-ffunction-sections" "-fdata-sections" "-fPIC" "-gdwarf-4" "-fno-omit-frame-pointer" "-m64" "-I" "/opt/rustwide/target/debug/build/libgit2-sys-0e76e8fc70895549/out/include" "-I" "libgit2/src/libgit2" "-I" "libgit2/src/util" "-I" "libgit2/deps/http-parser" "-I" "libgit2/deps/xdiff" "-I" "libgit2/deps/pcre" "-I" "/opt/rustwide/target/debug/build/libssh2-sys-d716c41206ff5aa5/out/include" "-I" "/usr/include" "-I" "/usr/include" "-fvisibility=hidden" "-DGIT_REGEX_BUILTIN=1" "-DHAVE_STDINT_H=1" "-DHAVE_MEMMOVE=1" "-DNO_RECURSE=1" "-DNEWLINE=10" "-DPOSIX_MALLOC_THRESHOLD=10" "-DLINK_SIZE=2" "-DPARENS_NEST_LIMIT=250" "-DMATCH_LIMIT=10000000" "-DMATCH_LIMIT_RECURSION=MATCH_LIMIT" "-DMAX_NAME_SIZE=32" "-DMAX_NAME_COUNT=10000" "-DSHA1DC_NO_STANDARD_INCLUDES=1" "-DSHA1DC_CUSTOM_INCLUDE_SHA1_C=\"common.h\"" "-DSHA1DC_CUSTOM_INCLUDE_UBC_CHECK_C=\"common.h\"" "-o" "/opt/rustwide/target/debug/build/libgit2-sys-0e76e8fc70895549/out/build/cccc76fb850512eb-socket.o" "-c" "libgit2/src/libgit2/streams/socket.c" with args cc did not execute successfully (status code exit status: 1).cargo:warning=libgit2/deps/xdiff/xemit.c:330:1: fatal error: error writing to /tmp/ccSBzOSl.s: No space left on device
[INFO] [stderr]   cargo:warning=  330 | }
[INFO] [stderr]   cargo:warning=      | ^
[INFO] [stderr]   cargo:warning=compilation terminated.
[INFO] [stderr] 
[INFO] [stderr]   exit status: 1
[INFO] [stderr]   cargo:warning=ToolExecError: Command "cc" "-O0" "-ffunction-sections" "-fdata-sections" "-fPIC" "-gdwarf-4" "-fno-omit-frame-pointer" "-m64" "-I" "/opt/rustwide/target/debug/build/libgit2-sys-0e76e8fc70895549/out/include" "-I" "libgit2/src/libgit2" "-I" "libgit2/src/util" "-I" "libgit2/deps/http-parser" "-I" "libgit2/deps/xdiff" "-I" "libgit2/deps/pcre" "-I" "/opt/rustwide/target/debug/build/libssh2-sys-d716c41206ff5aa5/out/include" "-I" "/usr/include" "-I" "/usr/include" "-fvisibility=hidden" "-DGIT_REGEX_BUILTIN=1" "-DHAVE_STDINT_H=1" "-DHAVE_MEMMOVE=1" "-DNO_RECURSE=1" "-DNEWLINE=10" "-DPOSIX_MALLOC_THRESHOLD=10" "-DLINK_SIZE=2" "-DPARENS_NEST_LIMIT=250" "-DMATCH_LIMIT=10000000" "-DMATCH_LIMIT_RECURSION=MATCH_LIMIT" "-DMAX_NAME_SIZE=32" "-DMAX_NAME_COUNT=10000" "-DSHA1DC_NO_STANDARD_INCLUDES=1" "-DSHA1DC_CUSTOM_INCLUDE_SHA1_C=\"common.h\"" "-DSHA1DC_CUSTOM_INCLUDE_UBC_CHECK_C=\"common.h\"" "-o" "/opt/rustwide/target/debug/build/libgit2-sys-0e76e8fc70895549/out/build/da97a00384bf24ac-xemit.o" "-c" "libgit2/deps/xdiff/xemit.c" with args cc did not execute successfully (status code exit status: 1).cargo:warning=libgit2/src/libgit2/streams/openssl.c:721:1: fatal error: error writing to /tmp/ccgcxSfF.s: No space left on device
[INFO] [stderr]   cargo:warning=  721 | }
[INFO] [stderr]   cargo:warning=      | ^
[INFO] [stderr]   cargo:warning=compilation terminated.
[INFO] [stderr]   cargo:warning=libgit2/src/libgit2/streams/tls.c:80:1: fatal error: error writing to /tmp/ccJ0EmCv.s: No space left on device
[INFO] [stderr]   cargo:warning=   80 | }
[INFO] [stderr]   cargo:warning=      | ^
[INFO] [stderr]   cargo:warning=compilation terminated.
[INFO] [stderr] 
[INFO] [stderr]   exit status: 1
[INFO] [stderr]   cargo:warning=ToolExecError: Command "cc" "-O0" "-ffunction-sections" "-fdata-sections" "-fPIC" "-gdwarf-4" "-fno-omit-frame-pointer" "-m64" "-I" "/opt/rustwide/target/debug/build/libgit2-sys-0e76e8fc70895549/out/include" "-I" "libgit2/src/libgit2" "-I" "libgit2/src/util" "-I" "libgit2/deps/http-parser" "-I" "libgit2/deps/xdiff" "-I" "libgit2/deps/pcre" "-I" "/opt/rustwide/target/debug/build/libssh2-sys-d716c41206ff5aa5/out/include" "-I" "/usr/include" "-I" "/usr/include" "-fvisibility=hidden" "-DGIT_REGEX_BUILTIN=1" "-DHAVE_STDINT_H=1" "-DHAVE_MEMMOVE=1" "-DNO_RECURSE=1" "-DNEWLINE=10" "-DPOSIX_MALLOC_THRESHOLD=10" "-DLINK_SIZE=2" "-DPARENS_NEST_LIMIT=250" "-DMATCH_LIMIT=10000000" "-DMATCH_LIMIT_RECURSION=MATCH_LIMIT" "-DMAX_NAME_SIZE=32" "-DMAX_NAME_COUNT=10000" "-DSHA1DC_NO_STANDARD_INCLUDES=1" "-DSHA1DC_CUSTOM_INCLUDE_SHA1_C=\"common.h\"" "-DSHA1DC_CUSTOM_INCLUDE_UBC_CHECK_C=\"common.h\"" "-o" "/opt/rustwide/target/debug/build/libgit2-sys-0e76e8fc70895549/out/build/cccc76fb850512eb-tls.o" "-c" "libgit2/src/libgit2/streams/tls.c" with args cc did not execute successfully (status code exit status: 1).cargo:warning=libgit2/deps/xdiff/xdiffi.c:1089:1: fatal error: error writing to /tmp/ccBe2KCz.s: No space left on device
[INFO] [stderr]   cargo:warning= 1089 | }
[INFO] [stderr]   cargo:warning=      | ^
[INFO] [stderr]   cargo:warning=compilation terminated.
[INFO] [stderr] 
[INFO] [stderr]   exit status: 1
[INFO] [stderr]   cargo:warning=ToolExecError: Command "cc" "-O0" "-ffunction-sections" "-fdata-sections" "-fPIC" "-gdwarf-4" "-fno-omit-frame-pointer" "-m64" "-I" "/opt/rustwide/target/debug/build/libgit2-sys-0e76e8fc70895549/out/include" "-I" "libgit2/src/libgit2" "-I" "libgit2/src/util" "-I" "libgit2/deps/http-parser" "-I" "libgit2/deps/xdiff" "-I" "libgit2/deps/pcre" "-I" "/opt/rustwide/target/debug/build/libssh2-sys-d716c41206ff5aa5/out/include" "-I" "/usr/include" "-I" "/usr/include" "-fvisibility=hidden" "-DGIT_REGEX_BUILTIN=1" "-DHAVE_STDINT_H=1" "-DHAVE_MEMMOVE=1" "-DNO_RECURSE=1" "-DNEWLINE=10" "-DPOSIX_MALLOC_THRESHOLD=10" "-DLINK_SIZE=2" "-DPARENS_NEST_LIMIT=250" "-DMATCH_LIMIT=10000000" "-DMATCH_LIMIT_RECURSION=MATCH_LIMIT" "-DMAX_NAME_SIZE=32" "-DMAX_NAME_COUNT=10000" "-DSHA1DC_NO_STANDARD_INCLUDES=1" "-DSHA1DC_CUSTOM_INCLUDE_SHA1_C=\"common.h\"" "-DSHA1DC_CUSTOM_INCLUDE_UBC_CHECK_C=\"common.h\"" "-o" "/opt/rustwide/target/debug/build/libgit2-sys-0e76e8fc70895549/out/build/da97a00384bf24ac-xdiffi.o" "-c" "libgit2/deps/xdiff/xdiffi.c" with args cc did not execute successfully (status code exit status: 1).cargo:warning=libgit2/deps/xdiff/xhistogram.c:370:1: fatal error: error writing to /tmp/ccAfO1nA.s: No space left on device
[INFO] [stderr]   cargo:warning=  370 | }
[INFO] [stderr]   cargo:warning=      | ^
[INFO] [stderr]   cargo:warning=compilation terminated.
[INFO] [stderr] 
[INFO] [stderr]   exit status: 1
[INFO] [stderr]   cargo:warning=ToolExecError: Command "cc" "-O0" "-ffunction-sections" "-fdata-sections" "-fPIC" "-gdwarf-4" "-fno-omit-frame-pointer" "-m64" "-I" "/opt/rustwide/target/debug/build/libgit2-sys-0e76e8fc70895549/out/include" "-I" "libgit2/src/libgit2" "-I" "libgit2/src/util" "-I" "libgit2/deps/http-parser" "-I" "libgit2/deps/xdiff" "-I" "libgit2/deps/pcre" "-I" "/opt/rustwide/target/debug/build/libssh2-sys-d716c41206ff5aa5/out/include" "-I" "/usr/include" "-I" "/usr/include" "-fvisibility=hidden" "-DGIT_REGEX_BUILTIN=1" "-DHAVE_STDINT_H=1" "-DHAVE_MEMMOVE=1" "-DNO_RECURSE=1" "-DNEWLINE=10" "-DPOSIX_MALLOC_THRESHOLD=10" "-DLINK_SIZE=2" "-DPARENS_NEST_LIMIT=250" "-DMATCH_LIMIT=10000000" "-DMATCH_LIMIT_RECURSION=MATCH_LIMIT" "-DMAX_NAME_SIZE=32" "-DMAX_NAME_COUNT=10000" "-DSHA1DC_NO_STANDARD_INCLUDES=1" "-DSHA1DC_CUSTOM_INCLUDE_SHA1_C=\"common.h\"" "-DSHA1DC_CUSTOM_INCLUDE_UBC_CHECK_C=\"common.h\"" "-o" "/opt/rustwide/target/debug/build/libgit2-sys-0e76e8fc70895549/out/build/da97a00384bf24ac-xhistogram.o" "-c" "libgit2/deps/xdiff/xhistogram.c" with args cc did not execute successfully (status code exit status: 1).cargo:warning=libgit2/deps/xdiff/xmerge.c:739:1: fatal error: error writing to /tmp/ccC7Ln1u.s: No space left on device
[INFO] [stderr]   cargo:warning=  739 | }
[INFO] [stderr]   cargo:warning=      | ^
[INFO] [stderr]   cargo:warning=compilation terminated.
[INFO] [stderr] 
[INFO] [stderr]   exit status: 1
[INFO] [stderr]   cargo:warning=ToolExecError: Command "cc" "-O0" "-ffunction-sections" "-fdata-sections" "-fPIC" "-gdwarf-4" "-fno-omit-frame-pointer" "-m64" "-I" "/opt/rustwide/target/debug/build/libgit2-sys-0e76e8fc70895549/out/include" "-I" "libgit2/src/libgit2" "-I" "libgit2/src/util" "-I" "libgit2/deps/http-parser" "-I" "libgit2/deps/xdiff" "-I" "libgit2/deps/pcre" "-I" "/opt/rustwide/target/debug/build/libssh2-sys-d716c41206ff5aa5/out/include" "-I" "/usr/include" "-I" "/usr/include" "-fvisibility=hidden" "-DGIT_REGEX_BUILTIN=1" "-DHAVE_STDINT_H=1" "-DHAVE_MEMMOVE=1" "-DNO_RECURSE=1" "-DNEWLINE=10" "-DPOSIX_MALLOC_THRESHOLD=10" "-DLINK_SIZE=2" "-DPARENS_NEST_LIMIT=250" "-DMATCH_LIMIT=10000000" "-DMATCH_LIMIT_RECURSION=MATCH_LIMIT" "-DMAX_NAME_SIZE=32" "-DMAX_NAME_COUNT=10000" "-DSHA1DC_NO_STANDARD_INCLUDES=1" "-DSHA1DC_CUSTOM_INCLUDE_SHA1_C=\"common.h\"" "-DSHA1DC_CUSTOM_INCLUDE_UBC_CHECK_C=\"common.h\"" "-o" "/opt/rustwide/target/debug/build/libgit2-sys-0e76e8fc70895549/out/build/da97a00384bf24ac-xmerge.o" "-c" "libgit2/deps/xdiff/xmerge.c" with args cc did not execute successfully (status code exit status: 1).
[INFO] [stderr]   exit status: 1
[INFO] [stderr]   cargo:warning=ToolExecError: Command "cc" "-O0" "-ffunction-sections" "-fdata-sections" "-fPIC" "-gdwarf-4" "-fno-omit-frame-pointer" "-m64" "-I" "/opt/rustwide/target/debug/build/libgit2-sys-0e76e8fc70895549/out/include" "-I" "libgit2/src/libgit2" "-I" "libgit2/src/util" "-I" "libgit2/deps/http-parser" "-I" "libgit2/deps/xdiff" "-I" "libgit2/deps/pcre" "-I" "/opt/rustwide/target/debug/build/libssh2-sys-d716c41206ff5aa5/out/include" "-I" "/usr/include" "-I" "/usr/include" "-fvisibility=hidden" "-DGIT_REGEX_BUILTIN=1" "-DHAVE_STDINT_H=1" "-DHAVE_MEMMOVE=1" "-DNO_RECURSE=1" "-DNEWLINE=10" "-DPOSIX_MALLOC_THRESHOLD=10" "-DLINK_SIZE=2" "-DPARENS_NEST_LIMIT=250" "-DMATCH_LIMIT=10000000" "-DMATCH_LIMIT_RECURSION=MATCH_LIMIT" "-DMAX_NAME_SIZE=32" "-DMAX_NAME_COUNT=10000" "-DSHA1DC_NO_STANDARD_INCLUDES=1" "-DSHA1DC_CUSTOM_INCLUDE_SHA1_C=\"common.h\"" "-DSHA1DC_CUSTOM_INCLUDE_UBC_CHECK_C=\"common.h\"" "-o" "/opt/rustwide/target/debug/build/libgit2-sys-0e76e8fc70895549/out/build/cccc76fb850512eb-openssl.o" "-c" "libgit2/src/libgit2/streams/openssl.c" with args cc did not execute successfully (status code exit status: 1).cargo:warning=libgit2/deps/xdiff/xutils.c:451:1: fatal error: error writing to /tmp/cc3ZF3iZ.s: No space left on device
[INFO] [stderr]   cargo:warning=  451 | }
[INFO] [stderr]   cargo:warning=      | ^
[INFO] [stderr]   cargo:warning=compilation terminated.
[INFO] [stderr] 
[INFO] [stderr]   exit status: 1
[INFO] [stderr]   cargo:warning=ToolExecError: Command "cc" "-O0" "-ffunction-sections" "-fdata-sections" "-fPIC" "-gdwarf-4" "-fno-omit-frame-pointer" "-m64" "-I" "/opt/rustwide/target/debug/build/libgit2-sys-0e76e8fc70895549/out/include" "-I" "libgit2/src/libgit2" "-I" "libgit2/src/util" "-I" "libgit2/deps/http-parser" "-I" "libgit2/deps/xdiff" "-I" "libgit2/deps/pcre" "-I" "/opt/rustwide/target/debug/build/libssh2-sys-d716c41206ff5aa5/out/include" "-I" "/usr/include" "-I" "/usr/include" "-fvisibility=hidden" "-DGIT_REGEX_BUILTIN=1" "-DHAVE_STDINT_H=1" "-DHAVE_MEMMOVE=1" "-DNO_RECURSE=1" "-DNEWLINE=10" "-DPOSIX_MALLOC_THRESHOLD=10" "-DLINK_SIZE=2" "-DPARENS_NEST_LIMIT=250" "-DMATCH_LIMIT=10000000" "-DMATCH_LIMIT_RECURSION=MATCH_LIMIT" "-DMAX_NAME_SIZE=32" "-DMAX_NAME_COUNT=10000" "-DSHA1DC_NO_STANDARD_INCLUDES=1" "-DSHA1DC_CUSTOM_INCLUDE_SHA1_C=\"common.h\"" "-DSHA1DC_CUSTOM_INCLUDE_UBC_CHECK_C=\"common.h\"" "-o" "/opt/rustwide/target/debug/build/libgit2-sys-0e76e8fc70895549/out/build/da97a00384bf24ac-xutils.o" "-c" "libgit2/deps/xdiff/xutils.c" with args cc did not execute successfully (status code exit status: 1).cargo:warning=libgit2/deps/pcre/pcre_chartables.c:196:3: fatal error: error writing to /tmp/ccjxjzom.s: No space left on device
[INFO] [stderr]   cargo:warning=  196 |   0x00,0x00,0x00,0x00,0x00,0x00,0x00,0x00};/* 248-255 */
[INFO] [stderr]   cargo:warning=      |   ^~~~
[INFO] [stderr]   cargo:warning=compilation terminated.
[INFO] [stderr] 
[INFO] [stderr]   exit status: 1
[INFO] [stderr]   cargo:warning=ToolExecError: Command "cc" "-O0" "-ffunction-sections" "-fdata-sections" "-fPIC" "-gdwarf-4" "-fno-omit-frame-pointer" "-m64" "-I" "/opt/rustwide/target/debug/build/libgit2-sys-0e76e8fc70895549/out/include" "-I" "libgit2/src/libgit2" "-I" "libgit2/src/util" "-I" "libgit2/deps/http-parser" "-I" "libgit2/deps/xdiff" "-I" "libgit2/deps/pcre" "-I" "/opt/rustwide/target/debug/build/libssh2-sys-d716c41206ff5aa5/out/include" "-I" "/usr/include" "-I" "/usr/include" "-fvisibility=hidden" "-DGIT_REGEX_BUILTIN=1" "-DHAVE_STDINT_H=1" "-DHAVE_MEMMOVE=1" "-DNO_RECURSE=1" "-DNEWLINE=10" "-DPOSIX_MALLOC_THRESHOLD=10" "-DLINK_SIZE=2" "-DPARENS_NEST_LIMIT=250" "-DMATCH_LIMIT=10000000" "-DMATCH_LIMIT_RECURSION=MATCH_LIMIT" "-DMAX_NAME_SIZE=32" "-DMAX_NAME_COUNT=10000" "-DSHA1DC_NO_STANDARD_INCLUDES=1" "-DSHA1DC_CUSTOM_INCLUDE_SHA1_C=\"common.h\"" "-DSHA1DC_CUSTOM_INCLUDE_UBC_CHECK_C=\"common.h\"" "-o" "/opt/rustwide/target/debug/build/libgit2-sys-0e76e8fc70895549/out/build/2222b295de79a116-pcre_chartables.o" "-c" "libgit2/deps/pcre/pcre_chartables.c" with args cc did not execute successfully (status code exit status: 1).cargo:warning=libgit2/deps/xdiff/xpatience.c:373:1: fatal error: error writing to /tmp/ccZfez1v.s: No space left on device
[INFO] [stderr]   cargo:warning=  373 | }
[INFO] [stderr]   cargo:warning=      | ^
[INFO] [stderr]   cargo:warning=compilation terminated.
[INFO] [stderr] 
[INFO] [stderr]   exit status: 0
[INFO] [stderr]   exit status: 1
[INFO] [stderr]   cargo:warning=ToolExecError: Command "cc" "-O0" "-ffunction-sections" "-fdata-sections" "-fPIC" "-gdwarf-4" "-fno-omit-frame-pointer" "-m64" "-I" "/opt/rustwide/target/debug/build/libgit2-sys-0e76e8fc70895549/out/include" "-I" "libgit2/src/libgit2" "-I" "libgit2/src/util" "-I" "libgit2/deps/http-parser" "-I" "libgit2/deps/xdiff" "-I" "libgit2/deps/pcre" "-I" "/opt/rustwide/target/debug/build/libssh2-sys-d716c41206ff5aa5/out/include" "-I" "/usr/include" "-I" "/usr/include" "-fvisibility=hidden" "-DGIT_REGEX_BUILTIN=1" "-DHAVE_STDINT_H=1" "-DHAVE_MEMMOVE=1" "-DNO_RECURSE=1" "-DNEWLINE=10" "-DPOSIX_MALLOC_THRESHOLD=10" "-DLINK_SIZE=2" "-DPARENS_NEST_LIMIT=250" "-DMATCH_LIMIT=10000000" "-DMATCH_LIMIT_RECURSION=MATCH_LIMIT" "-DMAX_NAME_SIZE=32" "-DMAX_NAME_COUNT=10000" "-DSHA1DC_NO_STANDARD_INCLUDES=1" "-DSHA1DC_CUSTOM_INCLUDE_SHA1_C=\"common.h\"" "-DSHA1DC_CUSTOM_INCLUDE_UBC_CHECK_C=\"common.h\"" "-o" "/opt/rustwide/target/debug/build/libgit2-sys-0e76e8fc70895549/out/build/da97a00384bf24ac-xpatience.o" "-c" "libgit2/deps/xdiff/xpatience.c" with args cc did not execute successfully (status code exit status: 1).cargo:warning=libgit2/deps/pcre/pcre_byte_order.c:317:1: fatal error: error writing to /tmp/cc7yBn0w.s: No space left on device
[INFO] [stderr]   cargo:warning=  317 | }
[INFO] [stderr]   cargo:warning=      | ^
[INFO] [stderr]   cargo:warning=compilation terminated.
[INFO] [stderr] 
[INFO] [stderr]   exit status: 1
[INFO] [stderr]   cargo:warning=ToolExecError: Command "cc" "-O0" "-ffunction-sections" "-fdata-sections" "-fPIC" "-gdwarf-4" "-fno-omit-frame-pointer" "-m64" "-I" "/opt/rustwide/target/debug/build/libgit2-sys-0e76e8fc70895549/out/include" "-I" "libgit2/src/libgit2" "-I" "libgit2/src/util" "-I" "libgit2/deps/http-parser" "-I" "libgit2/deps/xdiff" "-I" "libgit2/deps/pcre" "-I" "/opt/rustwide/target/debug/build/libssh2-sys-d716c41206ff5aa5/out/include" "-I" "/usr/include" "-I" "/usr/include" "-fvisibility=hidden" "-DGIT_REGEX_BUILTIN=1" "-DHAVE_STDINT_H=1" "-DHAVE_MEMMOVE=1" "-DNO_RECURSE=1" "-DNEWLINE=10" "-DPOSIX_MALLOC_THRESHOLD=10" "-DLINK_SIZE=2" "-DPARENS_NEST_LIMIT=250" "-DMATCH_LIMIT=10000000" "-DMATCH_LIMIT_RECURSION=MATCH_LIMIT" "-DMAX_NAME_SIZE=32" "-DMAX_NAME_COUNT=10000" "-DSHA1DC_NO_STANDARD_INCLUDES=1" "-DSHA1DC_CUSTOM_INCLUDE_SHA1_C=\"common.h\"" "-DSHA1DC_CUSTOM_INCLUDE_UBC_CHECK_C=\"common.h\"" "-o" "/opt/rustwide/target/debug/build/libgit2-sys-0e76e8fc70895549/out/build/2222b295de79a116-pcre_byte_order.o" "-c" "libgit2/deps/pcre/pcre_byte_order.c" with args cc did not execute successfully (status code exit status: 1).cargo:warning=/tmp/ccTr2ORd.s: Assembler messages:
[INFO] [stderr]   cargo:warning=/tmp/ccTr2ORd.s: Fatal error: can't write 46 bytes to section .text.pcre_fullinfo of /opt/rustwide/target/debug/build/libgit2-sys-0e76e8fc70895549/out/build/2222b295de79a116-pcre_fullinfo.o: 'No space left on device'
[INFO] [stderr]   cargo:warning=/tmp/ccTr2ORd.s: Fatal error: /opt/rustwide/target/debug/build/libgit2-sys-0e76e8fc70895549/out/build/2222b295de79a116-pcre_fullinfo.o: No space left on device
[INFO] [stderr] 
[INFO] [stderr]   exit status: 1
[INFO] [stderr]   cargo:warning=ToolExecError: Command "cc" "-O0" "-ffunction-sections" "-fdata-sections" "-fPIC" "-gdwarf-4" "-fno-omit-frame-pointer" "-m64" "-I" "/opt/rustwide/target/debug/build/libgit2-sys-0e76e8fc70895549/out/include" "-I" "libgit2/src/libgit2" "-I" "libgit2/src/util" "-I" "libgit2/deps/http-parser" "-I" "libgit2/deps/xdiff" "-I" "libgit2/deps/pcre" "-I" "/opt/rustwide/target/debug/build/libssh2-sys-d716c41206ff5aa5/out/include" "-I" "/usr/include" "-I" "/usr/include" "-fvisibility=hidden" "-DGIT_REGEX_BUILTIN=1" "-DHAVE_STDINT_H=1" "-DHAVE_MEMMOVE=1" "-DNO_RECURSE=1" "-DNEWLINE=10" "-DPOSIX_MALLOC_THRESHOLD=10" "-DLINK_SIZE=2" "-DPARENS_NEST_LIMIT=250" "-DMATCH_LIMIT=10000000" "-DMATCH_LIMIT_RECURSION=MATCH_LIMIT" "-DMAX_NAME_SIZE=32" "-DMAX_NAME_COUNT=10000" "-DSHA1DC_NO_STANDARD_INCLUDES=1" "-DSHA1DC_CUSTOM_INCLUDE_SHA1_C=\"common.h\"" "-DSHA1DC_CUSTOM_INCLUDE_UBC_CHECK_C=\"common.h\"" "-o" "/opt/rustwide/target/debug/build/libgit2-sys-0e76e8fc70895549/out/build/2222b295de79a116-pcre_fullinfo.o" "-c" "libgit2/deps/pcre/pcre_fullinfo.c" with args cc did not execute successfully (status code exit status: 1).cargo:warning=libgit2/deps/pcre/pcre_get.c:667:1: fatal error: error writing to /tmp/cch41Rqh.s: No space left on device
[INFO] [stderr]   cargo:warning=  667 | }
[INFO] [stderr]   cargo:warning=      | ^
[INFO] [stderr]   cargo:warning=compilation terminated.
[INFO] [stderr] 
[INFO] [stderr]   exit status: 1
[INFO] [stderr]   cargo:warning=ToolExecError: Command "cc" "-O0" "-ffunction-sections" "-fdata-sections" "-fPIC" "-gdwarf-4" "-fno-omit-frame-pointer" "-m64" "-I" "/opt/rustwide/target/debug/build/libgit2-sys-0e76e8fc70895549/out/include" "-I" "libgit2/src/libgit2" "-I" "libgit2/src/util" "-I" "libgit2/deps/http-parser" "-I" "libgit2/deps/xdiff" "-I" "libgit2/deps/pcre" "-I" "/opt/rustwide/target/debug/build/libssh2-sys-d716c41206ff5aa5/out/include" "-I" "/usr/include" "-I" "/usr/include" "-fvisibility=hidden" "-DGIT_REGEX_BUILTIN=1" "-DHAVE_STDINT_H=1" "-DHAVE_MEMMOVE=1" "-DNO_RECURSE=1" "-DNEWLINE=10" "-DPOSIX_MALLOC_THRESHOLD=10" "-DLINK_SIZE=2" "-DPARENS_NEST_LIMIT=250" "-DMATCH_LIMIT=10000000" "-DMATCH_LIMIT_RECURSION=MATCH_LIMIT" "-DMAX_NAME_SIZE=32" "-DMAX_NAME_COUNT=10000" "-DSHA1DC_NO_STANDARD_INCLUDES=1" "-DSHA1DC_CUSTOM_INCLUDE_SHA1_C=\"common.h\"" "-DSHA1DC_CUSTOM_INCLUDE_UBC_CHECK_C=\"common.h\"" "-o" "/opt/rustwide/target/debug/build/libgit2-sys-0e76e8fc70895549/out/build/2222b295de79a116-pcre_get.o" "-c" "libgit2/deps/pcre/pcre_get.c" with args cc did not execute successfully (status code exit status: 1).cargo:warning=libgit2/deps/pcre/pcre_globals.c:83:1: fatal error: error writing to /tmp/ccDowEQY.s: No space left on device
[INFO] [stderr]   cargo:warning=   83 | PCRE_EXP_DATA_DEFN int   (*PUBL(stack_guard))(void) = NULL;
[INFO] [stderr]   cargo:warning=      | ^~~~~~~~~~~~~~~~~~
[INFO] [stderr]   cargo:warning=compilation terminated.
[INFO] [stderr] 
[INFO] [stderr]   exit status: 1
[INFO] [stderr]   cargo:warning=ToolExecError: Command "cc" "-O0" "-ffunction-sections" "-fdata-sections" "-fPIC" "-gdwarf-4" "-fno-omit-frame-pointer" "-m64" "-I" "/opt/rustwide/target/debug/build/libgit2-sys-0e76e8fc70895549/out/include" "-I" "libgit2/src/libgit2" "-I" "libgit2/src/util" "-I" "libgit2/deps/http-parser" "-I" "libgit2/deps/xdiff" "-I" "libgit2/deps/pcre" "-I" "/opt/rustwide/target/debug/build/libssh2-sys-d716c41206ff5aa5/out/include" "-I" "/usr/include" "-I" "/usr/include" "-fvisibility=hidden" "-DGIT_REGEX_BUILTIN=1" "-DHAVE_STDINT_H=1" "-DHAVE_MEMMOVE=1" "-DNO_RECURSE=1" "-DNEWLINE=10" "-DPOSIX_MALLOC_THRESHOLD=10" "-DLINK_SIZE=2" "-DPARENS_NEST_LIMIT=250" "-DMATCH_LIMIT=10000000" "-DMATCH_LIMIT_RECURSION=MATCH_LIMIT" "-DMAX_NAME_SIZE=32" "-DMAX_NAME_COUNT=10000" "-DSHA1DC_NO_STANDARD_INCLUDES=1" "-DSHA1DC_CUSTOM_INCLUDE_SHA1_C=\"common.h\"" "-DSHA1DC_CUSTOM_INCLUDE_UBC_CHECK_C=\"common.h\"" "-o" "/opt/rustwide/target/debug/build/libgit2-sys-0e76e8fc70895549/out/build/2222b295de79a116-pcre_globals.o" "-c" "libgit2/deps/pcre/pcre_globals.c" with args cc did not execute successfully (status code exit status: 1).cargo:warning=libgit2/deps/pcre/pcre_jit_compile.c:11909:1: fatal error: error writing to /tmp/ccyxyMUK.s: No space left on device
[INFO] [stderr]   cargo:warning=11909 | }
[INFO] [stderr]   cargo:warning=      | ^
[INFO] [stderr]   cargo:warning=compilation terminated.
[INFO] [stderr] 
[INFO] [stderr]   exit status: 1
[INFO] [stderr]   cargo:warning=ToolExecError: Command "cc" "-O0" "-ffunction-sections" "-fdata-sections" "-fPIC" "-gdwarf-4" "-fno-omit-frame-pointer" "-m64" "-I" "/opt/rustwide/target/debug/build/libgit2-sys-0e76e8fc70895549/out/include" "-I" "libgit2/src/libgit2" "-I" "libgit2/src/util" "-I" "libgit2/deps/http-parser" "-I" "libgit2/deps/xdiff" "-I" "libgit2/deps/pcre" "-I" "/opt/rustwide/target/debug/build/libssh2-sys-d716c41206ff5aa5/out/include" "-I" "/usr/include" "-I" "/usr/include" "-fvisibility=hidden" "-DGIT_REGEX_BUILTIN=1" "-DHAVE_STDINT_H=1" "-DHAVE_MEMMOVE=1" "-DNO_RECURSE=1" "-DNEWLINE=10" "-DPOSIX_MALLOC_THRESHOLD=10" "-DLINK_SIZE=2" "-DPARENS_NEST_LIMIT=250" "-DMATCH_LIMIT=10000000" "-DMATCH_LIMIT_RECURSION=MATCH_LIMIT" "-DMAX_NAME_SIZE=32" "-DMAX_NAME_COUNT=10000" "-DSHA1DC_NO_STANDARD_INCLUDES=1" "-DSHA1DC_CUSTOM_INCLUDE_SHA1_C=\"common.h\"" "-DSHA1DC_CUSTOM_INCLUDE_UBC_CHECK_C=\"common.h\"" "-o" "/opt/rustwide/target/debug/build/libgit2-sys-0e76e8fc70895549/out/build/2222b295de79a116-pcre_jit_compile.o" "-c" "libgit2/deps/pcre/pcre_jit_compile.c" with args cc did not execute successfully (status code exit status: 1).cargo:warning=libgit2/deps/pcre/pcre_maketables.c:154:1: fatal error: error writing to /tmp/cccS3Qq3.s: No space left on device
[INFO] [stderr]   cargo:warning=  154 | }
[INFO] [stderr]   cargo:warning=      | ^
[INFO] [stderr]   cargo:warning=compilation terminated.
[INFO] [stderr] 
[INFO] [stderr]   exit status: 1
[INFO] [stderr]   cargo:warning=ToolExecError: Command "cc" "-O0" "-ffunction-sections" "-fdata-sections" "-fPIC" "-gdwarf-4" "-fno-omit-frame-pointer" "-m64" "-I" "/opt/rustwide/target/debug/build/libgit2-sys-0e76e8fc70895549/out/include" "-I" "libgit2/src/libgit2" "-I" "libgit2/src/util" "-I" "libgit2/deps/http-parser" "-I" "libgit2/deps/xdiff" "-I" "libgit2/deps/pcre" "-I" "/opt/rustwide/target/debug/build/libssh2-sys-d716c41206ff5aa5/out/include" "-I" "/usr/include" "-I" "/usr/include" "-fvisibility=hidden" "-DGIT_REGEX_BUILTIN=1" "-DHAVE_STDINT_H=1" "-DHAVE_MEMMOVE=1" "-DNO_RECURSE=1" "-DNEWLINE=10" "-DPOSIX_MALLOC_THRESHOLD=10" "-DLINK_SIZE=2" "-DPARENS_NEST_LIMIT=250" "-DMATCH_LIMIT=10000000" "-DMATCH_LIMIT_RECURSION=MATCH_LIMIT" "-DMAX_NAME_SIZE=32" "-DMAX_NAME_COUNT=10000" "-DSHA1DC_NO_STANDARD_INCLUDES=1" "-DSHA1DC_CUSTOM_INCLUDE_SHA1_C=\"common.h\"" "-DSHA1DC_CUSTOM_INCLUDE_UBC_CHECK_C=\"common.h\"" "-o" "/opt/rustwide/target/debug/build/libgit2-sys-0e76e8fc70895549/out/build/2222b295de79a116-pcre_maketables.o" "-c" "libgit2/deps/pcre/pcre_maketables.c" with args cc did not execute successfully (status code exit status: 1).cargo:warning=libgit2/deps/pcre/pcre_dfa_exec.c:3674:1: fatal error: error writing to /tmp/ccTr1Vdd.s: No space left on device
[INFO] [stderr]   cargo:warning= 3674 | }
[INFO] [stderr]   cargo:warning=      | ^
[INFO] [stderr]   cargo:warning=compilation terminated.
[INFO] [stderr]   cargo:warning=libgit2/deps/pcre/pcre_compile.c:9813:1: fatal error: error writing to /tmp/ccCue8W6.s: No space left on device
[INFO] [stderr]   cargo:warning= 9813 | }
[INFO] [stderr]   cargo:warning=      | ^
[INFO] [stderr]   cargo:warning=compilation terminated.
[INFO] [stderr] 
[INFO] [stderr]   exit status: 1
[INFO] [stderr]   cargo:warning=ToolExecError: Command "cc" "-O0" "-ffunction-sections" "-fdata-sections" "-fPIC" "-gdwarf-4" "-fno-omit-frame-pointer" "-m64" "-I" "/opt/rustwide/target/debug/build/libgit2-sys-0e76e8fc70895549/out/include" "-I" "libgit2/src/libgit2" "-I" "libgit2/src/util" "-I" "libgit2/deps/http-parser" "-I" "libgit2/deps/xdiff" "-I" "libgit2/deps/pcre" "-I" "/opt/rustwide/target/debug/build/libssh2-sys-d716c41206ff5aa5/out/include" "-I" "/usr/include" "-I" "/usr/include" "-fvisibility=hidden" "-DGIT_REGEX_BUILTIN=1" "-DHAVE_STDINT_H=1" "-DHAVE_MEMMOVE=1" "-DNO_RECURSE=1" "-DNEWLINE=10" "-DPOSIX_MALLOC_THRESHOLD=10" "-DLINK_SIZE=2" "-DPARENS_NEST_LIMIT=250" "-DMATCH_LIMIT=10000000" "-DMATCH_LIMIT_RECURSION=MATCH_LIMIT" "-DMAX_NAME_SIZE=32" "-DMAX_NAME_COUNT=10000" "-DSHA1DC_NO_STANDARD_INCLUDES=1" "-DSHA1DC_CUSTOM_INCLUDE_SHA1_C=\"common.h\"" "-DSHA1DC_CUSTOM_INCLUDE_UBC_CHECK_C=\"common.h\"" "-o" "/opt/rustwide/target/debug/build/libgit2-sys-0e76e8fc70895549/out/build/2222b295de79a116-pcre_compile.o" "-c" "libgit2/deps/pcre/pcre_compile.c" with args cc did not execute successfully (status code exit status: 1).
[INFO] [stderr]   exit status: 1
[INFO] [stderr]   cargo:warning=ToolExecError: Command "cc" "-O0" "-ffunction-sections" "-fdata-sections" "-fPIC" "-gdwarf-4" "-fno-omit-frame-pointer" "-m64" "-I" "/opt/rustwide/target/debug/build/libgit2-sys-0e76e8fc70895549/out/include" "-I" "libgit2/src/libgit2" "-I" "libgit2/src/util" "-I" "libgit2/deps/http-parser" "-I" "libgit2/deps/xdiff" "-I" "libgit2/deps/pcre" "-I" "/opt/rustwide/target/debug/build/libssh2-sys-d716c41206ff5aa5/out/include" "-I" "/usr/include" "-I" "/usr/include" "-fvisibility=hidden" "-DGIT_REGEX_BUILTIN=1" "-DHAVE_STDINT_H=1" "-DHAVE_MEMMOVE=1" "-DNO_RECURSE=1" "-DNEWLINE=10" "-DPOSIX_MALLOC_THRESHOLD=10" "-DLINK_SIZE=2" "-DPARENS_NEST_LIMIT=250" "-DMATCH_LIMIT=10000000" "-DMATCH_LIMIT_RECURSION=MATCH_LIMIT" "-DMAX_NAME_SIZE=32" "-DMAX_NAME_COUNT=10000" "-DSHA1DC_NO_STANDARD_INCLUDES=1" "-DSHA1DC_CUSTOM_INCLUDE_SHA1_C=\"common.h\"" "-DSHA1DC_CUSTOM_INCLUDE_UBC_CHECK_C=\"common.h\"" "-o" "/opt/rustwide/target/debug/build/libgit2-sys-0e76e8fc70895549/out/build/2222b295de79a116-pcre_dfa_exec.o" "-c" "libgit2/deps/pcre/pcre_dfa_exec.c" with args cc did not execute successfully (status code exit status: 1).cargo:warning=/tmp/ccSGZ3S3.s: Assembler messages:
[INFO] [stderr]   cargo:warning=/tmp/ccSGZ3S3.s: Fatal error: can't write 46 bytes to section .text._pcre_is_newline of /opt/rustwide/target/debug/build/libgit2-sys-0e76e8fc70895549/out/build/2222b295de79a116-pcre_newline.o: 'No space left on device'
[INFO] [stderr] 
[INFO] [stderr]   exit status: 1
[INFO] [stderr]   cargo:warning=ToolExecError: Command "cc" "-O0" "-ffunction-sections" "-fdata-sections" "-fPIC" "-gdwarf-4" "-fno-omit-frame-pointer" "-m64" "-I" "/opt/rustwide/target/debug/build/libgit2-sys-0e76e8fc70895549/out/include" "-I" "libgit2/src/libgit2" "-I" "libgit2/src/util" "-I" "libgit2/deps/http-parser" "-I" "libgit2/deps/xdiff" "-I" "libgit2/deps/pcre" "-I" "/opt/rustwide/target/debug/build/libssh2-sys-d716c41206ff5aa5/out/include" "-I" "/usr/include" "-I" "/usr/include" "-fvisibility=hidden" "-DGIT_REGEX_BUILTIN=1" "-DHAVE_STDINT_H=1" "-DHAVE_MEMMOVE=1" "-DNO_RECURSE=1" "-DNEWLINE=10" "-DPOSIX_MALLOC_THRESHOLD=10" "-DLINK_SIZE=2" "-DPARENS_NEST_LIMIT=250" "-DMATCH_LIMIT=10000000" "-DMATCH_LIMIT_RECURSION=MATCH_LIMIT" "-DMAX_NAME_SIZE=32" "-DMAX_NAME_COUNT=10000" "-DSHA1DC_NO_STANDARD_INCLUDES=1" "-DSHA1DC_CUSTOM_INCLUDE_SHA1_C=\"common.h\"" "-DSHA1DC_CUSTOM_INCLUDE_UBC_CHECK_C=\"common.h\"" "-o" "/opt/rustwide/target/debug/build/libgit2-sys-0e76e8fc70895549/out/build/2222b295de79a116-pcre_newline.o" "-c" "libgit2/deps/pcre/pcre_newline.c" with args cc did not execute successfully (status code exit status: 1).cargo:warning=libgit2/deps/xdiff/xprepare.c:461:1: fatal error: error writing to /tmp/ccPObOgQ.s: No space left on device
[INFO] [stderr]   cargo:warning=  461 | }
[INFO] [stderr]   cargo:warning=      | ^
[INFO] [stderr]   cargo:warning=compilation terminated.
[INFO] [stderr] 
[INFO] [stderr]   exit status: 0
[INFO] [stderr]   exit status: 1
[INFO] [stderr]   cargo:warning=ToolExecError: Command "cc" "-O0" "-ffunction-sections" "-fdata-sections" "-fPIC" "-gdwarf-4" "-fno-omit-frame-pointer" "-m64" "-I" "/opt/rustwide/target/debug/build/libgit2-sys-0e76e8fc70895549/out/include" "-I" "libgit2/src/libgit2" "-I" "libgit2/src/util" "-I" "libgit2/deps/http-parser" "-I" "libgit2/deps/xdiff" "-I" "libgit2/deps/pcre" "-I" "/opt/rustwide/target/debug/build/libssh2-sys-d716c41206ff5aa5/out/include" "-I" "/usr/include" "-I" "/usr/include" "-fvisibility=hidden" "-DGIT_REGEX_BUILTIN=1" "-DHAVE_STDINT_H=1" "-DHAVE_MEMMOVE=1" "-DNO_RECURSE=1" "-DNEWLINE=10" "-DPOSIX_MALLOC_THRESHOLD=10" "-DLINK_SIZE=2" "-DPARENS_NEST_LIMIT=250" "-DMATCH_LIMIT=10000000" "-DMATCH_LIMIT_RECURSION=MATCH_LIMIT" "-DMAX_NAME_SIZE=32" "-DMAX_NAME_COUNT=10000" "-DSHA1DC_NO_STANDARD_INCLUDES=1" "-DSHA1DC_CUSTOM_INCLUDE_SHA1_C=\"common.h\"" "-DSHA1DC_CUSTOM_INCLUDE_UBC_CHECK_C=\"common.h\"" "-o" "/opt/rustwide/target/debug/build/libgit2-sys-0e76e8fc70895549/out/build/da97a00384bf24ac-xprepare.o" "-c" "libgit2/deps/xdiff/xprepare.c" with args cc did not execute successfully (status code exit status: 1).
[INFO] [stderr]   exit status: 0
[INFO] [stderr]   exit status: 0
[INFO] [stderr]   exit status: 0
[INFO] [stderr]   exit status: 0
[INFO] [stderr]   exit status: 0
[INFO] [stderr]   exit status: 0
[INFO] [stderr]   exit status: 0
[INFO] [stderr]   exit status: 0
[INFO] [stderr]   cargo:warning=libgit2/src/util/hash/openssl.c: In function 'git_hash_sha256_init':
[INFO] [stderr]   cargo:warning=libgit2/src/util/hash/openssl.c:163:9: warning: 'SHA256_Init' is deprecated: Since OpenSSL 3.0 [-Wdeprecated-declarations]
[INFO] [stderr]   cargo:warning=  163 |         if (SHA256_Init(&ctx->c) != 1) {
[INFO] [stderr]   cargo:warning=      |         ^~
[INFO] [stderr]   cargo:warning=In file included from libgit2/src/util/hash/openssl.h:14,
[INFO] [stderr]   cargo:warning=                 from libgit2/src/util/hash/openssl.c:8:
[INFO] [stderr]   cargo:warning=/usr/include/openssl/sha.h:73:27: note: declared here
[INFO] [stderr]   cargo:warning=   73 | OSSL_DEPRECATEDIN_3_0 int SHA256_Init(SHA256_CTX *c);
[INFO] [stderr]   cargo:warning=      |                           ^~~~~~~~~~~
[INFO] [stderr]   cargo:warning=libgit2/src/util/hash/openssl.c: In function 'git_hash_sha256_update':
[INFO] [stderr]   cargo:warning=libgit2/src/util/hash/openssl.c:175:9: warning: 'SHA256_Update' is deprecated: Since OpenSSL 3.0 [-Wdeprecated-declarations]
[INFO] [stderr]   cargo:warning=  175 |         if (SHA256_Update(&ctx->c, data, len) != 1) {
[INFO] [stderr]   cargo:warning=      |         ^~
[INFO] [stderr]   cargo:warning=In file included from libgit2/src/util/hash/openssl.h:14,
[INFO] [stderr]   cargo:warning=                 from libgit2/src/util/hash/openssl.c:8:
[INFO] [stderr]   cargo:warning=/usr/include/openssl/sha.h:74:27: note: declared here
[INFO] [stderr]   cargo:warning=   74 | OSSL_DEPRECATEDIN_3_0 int SHA256_Update(SHA256_CTX *c,
[INFO] [stderr]   cargo:warning=      |                           ^~~~~~~~~~~~~
[INFO] [stderr]   cargo:warning=libgit2/src/util/hash/openssl.c: In function 'git_hash_sha256_final':
[INFO] [stderr]   cargo:warning=libgit2/src/util/hash/openssl.c:187:9: warning: 'SHA256_Final' is deprecated: Since OpenSSL 3.0 [-Wdeprecated-declarations]
[INFO] [stderr]   cargo:warning=  187 |         if (SHA256_Final(out, &ctx->c) != 1) {
[INFO] [stderr]   cargo:warning=      |         ^~
[INFO] [stderr]   cargo:warning=In file included from libgit2/src/util/hash/openssl.h:14,
[INFO] [stderr]   cargo:warning=                 from libgit2/src/util/hash/openssl.c:8:
[INFO] [stderr]   cargo:warning=/usr/include/openssl/sha.h:76:27: note: declared here
[INFO] [stderr]   cargo:warning=   76 | OSSL_DEPRECATEDIN_3_0 int SHA256_Final(unsigned char *md, SHA256_CTX *c);
[INFO] [stderr]   cargo:warning=      |                           ^~~~~~~~~~~~
[INFO] [stderr]   exit status: 0
[INFO] [stderr]   exit status: 0
[INFO] [stderr]   exit status: 0
[INFO] [stderr]   exit status: 0
[INFO] [stderr]   exit status: 0
[INFO] [stderr]   exit status: 0
[INFO] [stderr]   exit status: 0
[INFO] [stderr]   exit status: 0
[INFO] [stderr]   exit status: 0
[INFO] [stderr]   exit status: 0
[INFO] [stderr]   exit status: 0
[INFO] [stderr] 
[INFO] [stderr]   --- stderr
[INFO] [stderr] 
[INFO] [stderr] 
[INFO] [stderr]   error occurred: Command "cc" "-O0" "-ffunction-sections" "-fdata-sections" "-fPIC" "-gdwarf-4" "-fno-omit-frame-pointer" "-m64" "-I" "/opt/rustwide/target/debug/build/libgit2-sys-0e76e8fc70895549/out/include" "-I" "libgit2/src/libgit2" "-I" "libgit2/src/util" "-I" "libgit2/deps/http-parser" "-I" "libgit2/deps/xdiff" "-I" "libgit2/deps/pcre" "-I" "/opt/rustwide/target/debug/build/libssh2-sys-d716c41206ff5aa5/out/include" "-I" "/usr/include" "-I" "/usr/include" "-fvisibility=hidden" "-DGIT_REGEX_BUILTIN=1" "-DHAVE_STDINT_H=1" "-DHAVE_MEMMOVE=1" "-DNO_RECURSE=1" "-DNEWLINE=10" "-DPOSIX_MALLOC_THRESHOLD=10" "-DLINK_SIZE=2" "-DPARENS_NEST_LIMIT=250" "-DMATCH_LIMIT=10000000" "-DMATCH_LIMIT_RECURSION=MATCH_LIMIT" "-DMAX_NAME_SIZE=32" "-DMAX_NAME_COUNT=10000" "-DSHA1DC_NO_STANDARD_INCLUDES=1" "-DSHA1DC_CUSTOM_INCLUDE_SHA1_C=\"common.h\"" "-DSHA1DC_CUSTOM_INCLUDE_UBC_CHECK_C=\"common.h\"" "-o" "/opt/rustwide/target/debug/build/libgit2-sys-0e76e8fc70895549/out/build/da97a00384bf24ac-xprepare.o" "-c" "libgit2/deps/xdiff/xprepare.c" with args cc did not execute successfully (status code exit status: 1).
[INFO] [stderr] 
[INFO] [stderr] 
[INFO] running `Command { std: "docker" "inspect" "2c9370528b76c7fbf0ab88e8ecd66b319c1a036757bc74b8acbb58246faec1b4", kill_on_drop: false }`
[INFO] running `Command { std: "docker" "rm" "-f" "2c9370528b76c7fbf0ab88e8ecd66b319c1a036757bc74b8acbb58246faec1b4", kill_on_drop: false }`
[INFO] [stdout] 2c9370528b76c7fbf0ab88e8ecd66b319c1a036757bc74b8acbb58246faec1b4
