[INFO] fetching crate clia-ntex-session 0.3.0...
[INFO] testing clia-ntex-session-0.3.0 against beta-2024-12-08 for beta-1.84.0-4-retry
[INFO] extracting crate clia-ntex-session 0.3.0 into /workspace/builds/worker-5-tc2/source
[INFO] validating manifest of crates.io crate clia-ntex-session 0.3.0 on toolchain beta-2024-12-08
[INFO] running `Command { std: CARGO_HOME="/workspace/cargo-home" RUSTUP_HOME="/workspace/rustup-home" "/workspace/cargo-home/bin/cargo" "+beta-2024-12-08" "metadata" "--manifest-path" "Cargo.toml" "--no-deps", kill_on_drop: false }`
[INFO] started tweaking crates.io crate clia-ntex-session 0.3.0
[INFO] finished tweaking crates.io crate clia-ntex-session 0.3.0
[INFO] tweaked toml for crates.io crate clia-ntex-session 0.3.0 written to /workspace/builds/worker-5-tc2/source/Cargo.toml
[INFO] running `Command { std: CARGO_HOME="/workspace/cargo-home" RUSTUP_HOME="/workspace/rustup-home" "/workspace/cargo-home/bin/cargo" "+beta-2024-12-08" "generate-lockfile" "--manifest-path" "Cargo.toml", kill_on_drop: false }`
[INFO] [stderr]     Updating crates.io index
[INFO] [stderr]     Blocking waiting for file lock on package cache
[INFO] [stderr]      Locking 140 packages to latest compatible versions
[INFO] [stderr]       Adding cookie v0.17.0 (available: v0.18.1)
[INFO] [stderr]       Adding derive_more v0.99.18 (available: v1.0.0)
[INFO] [stderr]       Adding ntex v0.7.17 (available: v2.10.0)
[INFO] running `Command { std: CARGO_HOME="/workspace/cargo-home" RUSTUP_HOME="/workspace/rustup-home" "/workspace/cargo-home/bin/cargo" "+beta-2024-12-08" "fetch" "--manifest-path" "Cargo.toml", kill_on_drop: false }`
[INFO] [stderr]     Blocking waiting for file lock on package cache
[INFO] running `Command { std: "docker" "create" "-v" "/var/lib/crater-agent-workspace/builds/worker-5-tc2/target:/opt/rustwide/target:rw,Z" "-v" "/var/lib/crater-agent-workspace/builds/worker-5-tc2/source:/opt/rustwide/workdir:ro,Z" "-v" "/var/lib/crater-agent-workspace/cargo-home:/opt/rustwide/cargo-home:ro,Z" "-v" "/var/lib/crater-agent-workspace/rustup-home:/opt/rustwide/rustup-home:ro,Z" "-e" "SOURCE_DIR=/opt/rustwide/workdir" "-e" "CARGO_TARGET_DIR=/opt/rustwide/target" "-e" "CARGO_HOME=/opt/rustwide/cargo-home" "-e" "RUSTUP_HOME=/opt/rustwide/rustup-home" "-w" "/opt/rustwide/workdir" "-m" "1610612736" "--user" "0:0" "--network" "none" "ghcr.io/rust-lang/crates-build-env/linux@sha256:f3a9d4ad9d972b27faf3965f35b62e55ba32bbce8f20bc8fe909558a86702fde" "/opt/rustwide/cargo-home/bin/cargo" "+beta-2024-12-08" "metadata" "--no-deps" "--format-version=1", kill_on_drop: false }`
[INFO] [stdout] c0a67cc4c3a25724a99da4583b9520a80ccc03f6e30fb0f8fb09070d4b178db3
[INFO] running `Command { std: "docker" "start" "-a" "c0a67cc4c3a25724a99da4583b9520a80ccc03f6e30fb0f8fb09070d4b178db3", kill_on_drop: false }`
[INFO] running `Command { std: "docker" "inspect" "c0a67cc4c3a25724a99da4583b9520a80ccc03f6e30fb0f8fb09070d4b178db3", kill_on_drop: false }`
[INFO] running `Command { std: "docker" "rm" "-f" "c0a67cc4c3a25724a99da4583b9520a80ccc03f6e30fb0f8fb09070d4b178db3", kill_on_drop: false }`
[INFO] [stdout] c0a67cc4c3a25724a99da4583b9520a80ccc03f6e30fb0f8fb09070d4b178db3
[INFO] running `Command { std: "docker" "create" "-v" "/var/lib/crater-agent-workspace/builds/worker-5-tc2/target:/opt/rustwide/target:rw,Z" "-v" "/var/lib/crater-agent-workspace/builds/worker-5-tc2/source:/opt/rustwide/workdir:ro,Z" "-v" "/var/lib/crater-agent-workspace/cargo-home:/opt/rustwide/cargo-home:ro,Z" "-v" "/var/lib/crater-agent-workspace/rustup-home:/opt/rustwide/rustup-home:ro,Z" "-e" "SOURCE_DIR=/opt/rustwide/workdir" "-e" "CARGO_TARGET_DIR=/opt/rustwide/target" "-e" "CARGO_INCREMENTAL=0" "-e" "RUST_BACKTRACE=full" "-e" "RUSTFLAGS=--cap-lints=warn" "-e" "RUSTDOCFLAGS=--cap-lints=warn" "-e" "CARGO_HOME=/opt/rustwide/cargo-home" "-e" "RUSTUP_HOME=/opt/rustwide/rustup-home" "-w" "/opt/rustwide/workdir" "-m" "1610612736" "--user" "0:0" "--network" "none" "ghcr.io/rust-lang/crates-build-env/linux@sha256:f3a9d4ad9d972b27faf3965f35b62e55ba32bbce8f20bc8fe909558a86702fde" "/opt/rustwide/cargo-home/bin/cargo" "+beta-2024-12-08" "build" "--frozen" "--message-format=json", kill_on_drop: false }`
[INFO] [stdout] 07b6669eb5b4f45d5ac17d2ce61953f0c4a2c2a4ecfff2f7d49f3a444ba0c56b
[INFO] running `Command { std: "docker" "start" "-a" "07b6669eb5b4f45d5ac17d2ce61953f0c4a2c2a4ecfff2f7d49f3a444ba0c56b", kill_on_drop: false }`
[INFO] [stderr]    Compiling proc-macro2 v1.0.92
[INFO] [stderr]    Compiling libc v0.2.168
[INFO] [stderr]    Compiling unicode-ident v1.0.14
[INFO] [stderr]    Compiling version_check v0.9.5
[INFO] [stderr]    Compiling cfg-if v1.0.0
[INFO] [stderr]    Compiling typenum v1.17.0
[INFO] [stderr]    Compiling pin-project-lite v0.2.15
[INFO] [stderr]    Compiling futures-core v0.3.31
[INFO] [stderr]    Compiling crossbeam-utils v0.8.20
[INFO] [stderr]    Compiling byteorder v1.5.0
[INFO] [stderr]    Compiling autocfg v1.4.0
[INFO] [stderr]    Compiling serde v1.0.216
[INFO] [stderr]    Compiling bitflags v2.6.0
[INFO] [stderr]    Compiling generic-array v0.14.7
[INFO] [stderr]    Compiling concurrent-queue v2.5.0
[INFO] [stderr]    Compiling subtle v2.6.1
[INFO] [stderr]    Compiling slab v0.4.9
[INFO] [stderr]    Compiling parking v2.2.1
[INFO] [stderr]    Compiling futures-sink v0.3.31
[INFO] [stderr]    Compiling bytes v1.9.0
[INFO] [stderr]    Compiling log v0.4.22
[INFO] [stderr]    Compiling itoa v1.0.14
[INFO] [stderr]    Compiling event-listener v5.3.1
[INFO] [stderr]    Compiling ntex-rt v0.4.23
[INFO] [stderr]    Compiling event-listener-strategy v0.5.3
[INFO] [stderr]    Compiling async-channel v2.3.1
[INFO] [stderr]    Compiling fxhash v0.2.1
[INFO] [stderr]    Compiling quote v1.0.37
[INFO] [stderr]    Compiling cpufeatures v0.2.16
[INFO] [stderr]    Compiling oneshot v0.1.8
[INFO] [stderr]    Compiling ntex-service v1.2.7
[INFO] [stderr]    Compiling futures-timer v3.0.3
[INFO] [stderr]    Compiling syn v2.0.90
[INFO] [stderr]    Compiling fnv v1.0.7
[INFO] [stderr]    Compiling thiserror v1.0.69
[INFO] [stderr]    Compiling http v1.2.0
[INFO] [stderr]    Compiling opaque-debug v0.3.1
[INFO] [stderr]    Compiling memchr v2.7.4
[INFO] [stderr]    Compiling percent-encoding v2.3.1
[INFO] [stderr]    Compiling time-core v0.1.2
[INFO] [stderr]    Compiling regex-syntax v0.8.5
[INFO] [stderr]    Compiling block-buffer v0.10.4
[INFO] [stderr]    Compiling inout v0.1.3
[INFO] [stderr]    Compiling rustix v0.38.42
[INFO] [stderr]    Compiling syn v1.0.109
[INFO] [stderr]    Compiling num-conv v0.1.0
[INFO] [stderr]    Compiling powerfmt v0.2.0
[INFO] [stderr]    Compiling time-macros v0.2.19
[INFO] [stderr]    Compiling deranged v0.3.11
[INFO] [stderr]    Compiling getrandom v0.2.15
[INFO] [stderr]    Compiling mio v1.0.3
[INFO] [stderr]    Compiling socket2 v0.5.8
[INFO] [stderr]    Compiling rand_core v0.6.4
[INFO] [stderr]    Compiling signal-hook-registry v1.4.2
[INFO] [stderr]    Compiling crypto-common v0.1.6
[INFO] [stderr]    Compiling regex-automata v0.4.9
[INFO] [stderr]    Compiling digest v0.10.7
[INFO] [stderr]    Compiling tokio v1.42.0
[INFO] [stderr]    Compiling universal-hash v0.5.1
[INFO] [stderr]    Compiling cipher v0.4.4
[INFO] [stderr]    Compiling polyval v0.6.2
[INFO] [stderr]    Compiling hmac v0.12.1
[INFO] [stderr]    Compiling aead v0.5.2
[INFO] [stderr]    Compiling ghash v0.5.1
[INFO] [stderr]    Compiling futures-channel v0.3.31
[INFO] [stderr]    Compiling cookie v0.17.0
[INFO] [stderr]    Compiling ctr v0.9.2
[INFO] [stderr]    Compiling aes v0.8.4
[INFO] [stderr]    Compiling pin-utils v0.1.0
[INFO] [stderr]    Compiling httparse v1.9.5
[INFO] [stderr]    Compiling futures-io v0.3.31
[INFO] [stderr]    Compiling futures-task v0.3.31
[INFO] [stderr]    Compiling tracing-core v0.1.33
[INFO] [stderr]    Compiling linux-raw-sys v0.4.14
[INFO] [stderr]    Compiling ryu v1.0.18
[INFO] [stderr]    Compiling serde_json v1.0.133
[INFO] [stderr]    Compiling time v0.3.37
[INFO] [stderr]    Compiling aes-gcm v0.10.3
[INFO] [stderr]    Compiling tracing v0.1.41
[INFO] [stderr]    Compiling regex v1.11.1
[INFO] [stderr]    Compiling hkdf v0.12.4
[INFO] [stderr]    Compiling sha2 v0.10.8
[INFO] [stderr]    Compiling form_urlencoded v1.2.1
[INFO] [stderr]    Compiling nanorand v0.7.0
[INFO] [stderr]    Compiling base64 v0.21.7
[INFO] [stderr]    Compiling sha-1 v0.10.1
[INFO] [stderr]    Compiling encoding_rs v0.8.35
[INFO] [stderr]    Compiling mime v0.3.17
[INFO] [stderr]    Compiling httpdate v1.0.3
[INFO] [stderr]    Compiling ntex-util v0.3.4
[INFO] [stderr]    Compiling convert_case v0.4.0
[INFO] [stderr]    Compiling serde_derive v1.0.216
[INFO] [stderr]    Compiling zerocopy-derive v0.7.35
[INFO] [stderr]    Compiling thiserror-impl v1.0.69
[INFO] [stderr]    Compiling futures-macro v0.3.31
[INFO] [stderr]    Compiling polling v3.7.4
[INFO] [stderr]    Compiling derive_more v0.99.18
[INFO] [stderr]    Compiling zerocopy v0.7.35
[INFO] [stderr]    Compiling ntex-macros v0.1.3
[INFO] [stderr]    Compiling ppv-lite86 v0.2.20
[INFO] [stderr]    Compiling futures-util v0.3.31
[INFO] [stderr]    Compiling rand_chacha v0.3.1
[INFO] [stderr]    Compiling rand v0.8.5
[INFO] [stderr]    Compiling futures-executor v0.3.31
[INFO] [stderr]    Compiling futures v0.3.31
[INFO] [stderr]    Compiling ntex-bytes v0.1.27
[INFO] [stderr]    Compiling serde_urlencoded v0.7.1
[INFO] [stderr]    Compiling ntex-codec v0.6.2
[INFO] [stderr]    Compiling ntex-http v0.1.13
[INFO] [stderr]    Compiling ntex-router v0.5.3
[INFO] [stderr]    Compiling ntex-io v0.3.17
[INFO] [stderr]    Compiling ntex-tokio v0.3.1
[INFO] [stderr]    Compiling ntex-tls v0.3.3
[INFO] [stderr]    Compiling ntex-connect v0.3.4
[INFO] [stderr]    Compiling ntex-h2 v0.4.4
[INFO] [stderr]    Compiling ntex v0.7.17
[INFO] [stderr]    Compiling clia-ntex-session v0.3.0 (/opt/rustwide/workdir)
[INFO] [stderr]     Finished `dev` profile [unoptimized + debuginfo] target(s) in 1m 54s
[INFO] running `Command { std: "docker" "inspect" "07b6669eb5b4f45d5ac17d2ce61953f0c4a2c2a4ecfff2f7d49f3a444ba0c56b", kill_on_drop: false }`
[INFO] running `Command { std: "docker" "rm" "-f" "07b6669eb5b4f45d5ac17d2ce61953f0c4a2c2a4ecfff2f7d49f3a444ba0c56b", kill_on_drop: false }`
[INFO] [stdout] 07b6669eb5b4f45d5ac17d2ce61953f0c4a2c2a4ecfff2f7d49f3a444ba0c56b
[INFO] running `Command { std: "docker" "create" "-v" "/var/lib/crater-agent-workspace/builds/worker-5-tc2/target:/opt/rustwide/target:rw,Z" "-v" "/var/lib/crater-agent-workspace/builds/worker-5-tc2/source:/opt/rustwide/workdir:ro,Z" "-v" "/var/lib/crater-agent-workspace/cargo-home:/opt/rustwide/cargo-home:ro,Z" "-v" "/var/lib/crater-agent-workspace/rustup-home:/opt/rustwide/rustup-home:ro,Z" "-e" "SOURCE_DIR=/opt/rustwide/workdir" "-e" "CARGO_TARGET_DIR=/opt/rustwide/target" "-e" "CARGO_INCREMENTAL=0" "-e" "RUST_BACKTRACE=full" "-e" "RUSTFLAGS=--cap-lints=warn" "-e" "RUSTDOCFLAGS=--cap-lints=warn" "-e" "CARGO_HOME=/opt/rustwide/cargo-home" "-e" "RUSTUP_HOME=/opt/rustwide/rustup-home" "-w" "/opt/rustwide/workdir" "-m" "1610612736" "--user" "0:0" "--network" "none" "ghcr.io/rust-lang/crates-build-env/linux@sha256:f3a9d4ad9d972b27faf3965f35b62e55ba32bbce8f20bc8fe909558a86702fde" "/opt/rustwide/cargo-home/bin/cargo" "+beta-2024-12-08" "test" "--frozen" "--no-run" "--message-format=json", kill_on_drop: false }`
[INFO] [stdout] 56d6f5b2c2a9c1717c30aaa21c502e2b5a6613cea13fbf33bcad72668a304e15
[INFO] running `Command { std: "docker" "start" "-a" "56d6f5b2c2a9c1717c30aaa21c502e2b5a6613cea13fbf33bcad72668a304e15", kill_on_drop: false }`
[INFO] [stderr]    Compiling clia-ntex-session v0.3.0 (/opt/rustwide/workdir)
[INFO] [stderr]     Finished `test` profile [unoptimized + debuginfo] target(s) in 7.00s
[INFO] running `Command { std: "docker" "inspect" "56d6f5b2c2a9c1717c30aaa21c502e2b5a6613cea13fbf33bcad72668a304e15", kill_on_drop: false }`
[INFO] running `Command { std: "docker" "rm" "-f" "56d6f5b2c2a9c1717c30aaa21c502e2b5a6613cea13fbf33bcad72668a304e15", kill_on_drop: false }`
[INFO] [stdout] 56d6f5b2c2a9c1717c30aaa21c502e2b5a6613cea13fbf33bcad72668a304e15
[INFO] running `Command { std: "docker" "create" "-v" "/var/lib/crater-agent-workspace/builds/worker-5-tc2/target:/opt/rustwide/target:rw,Z" "-v" "/var/lib/crater-agent-workspace/builds/worker-5-tc2/source:/opt/rustwide/workdir:ro,Z" "-v" "/var/lib/crater-agent-workspace/cargo-home:/opt/rustwide/cargo-home:ro,Z" "-v" "/var/lib/crater-agent-workspace/rustup-home:/opt/rustwide/rustup-home:ro,Z" "-e" "SOURCE_DIR=/opt/rustwide/workdir" "-e" "CARGO_TARGET_DIR=/opt/rustwide/target" "-e" "CARGO_INCREMENTAL=0" "-e" "RUST_BACKTRACE=full" "-e" "RUSTFLAGS=--cap-lints=warn" "-e" "RUSTDOCFLAGS=--cap-lints=warn" "-e" "CARGO_HOME=/opt/rustwide/cargo-home" "-e" "RUSTUP_HOME=/opt/rustwide/rustup-home" "-w" "/opt/rustwide/workdir" "-m" "1610612736" "--user" "0:0" "--network" "none" "ghcr.io/rust-lang/crates-build-env/linux@sha256:f3a9d4ad9d972b27faf3965f35b62e55ba32bbce8f20bc8fe909558a86702fde" "/opt/rustwide/cargo-home/bin/cargo" "+beta-2024-12-08" "test" "--frozen", kill_on_drop: false }`
[INFO] [stdout] ad926674f81794386eff4b599fa95f66515b87c9c79eed68d38cd8c941e8ed9d
[INFO] running `Command { std: "docker" "start" "-a" "ad926674f81794386eff4b599fa95f66515b87c9c79eed68d38cd8c941e8ed9d", kill_on_drop: false }`
[INFO] [stderr]     Finished `test` profile [unoptimized + debuginfo] target(s) in 0.14s
[INFO] [stderr]      Running unittests src/lib.rs (/opt/rustwide/target/debug/deps/clia_ntex_session-30bb6252479d52d6)
[INFO] [stdout] 
[INFO] [stdout] running 10 tests
[INFO] [stdout] test cookie::tests::cookie_session ... ok
[INFO] [stdout] test cookie::tests::private_cookie ... ok
[INFO] [stdout] test tests::renew_session ... ok
[INFO] [stdout] test cookie::tests::basics ... ok
[INFO] [stdout] test tests::session ... ok
[INFO] [stdout] test tests::get_session_from_request_head ... ok
[INFO] [stdout] test tests::get_session ... ok
[INFO] [stdout] test cookie::tests::cookie_session_extractor ... ok
[INFO] [stdout] test tests::purge_session ... ok
[INFO] [stdout] test cookie::tests::prolong_expiration ... ok
[INFO] [stdout] 
[INFO] [stdout] test result: ok. 10 passed; 0 failed; 0 ignored; 0 measured; 0 filtered out; finished in 1.01s
[INFO] [stdout] 
[INFO] [stderr]    Doc-tests clia_ntex_session
[INFO] [stdout] 
[INFO] [stdout] running 4 tests
[INFO] [stdout] test src/lib.rs - Session (line 67) ... FAILED
[INFO] [stdout] test src/lib.rs - Session (line 214) ... FAILED
[INFO] [stdout] test src/cookie.rs - cookie::CookieSession (line 190) ... FAILED
[INFO] [stdout] test src/lib.rs - (line 15) - compile ... FAILED
[INFO] [stdout] 
[INFO] [stdout] failures:
[INFO] [stdout] 
[INFO] [stdout] ---- src/lib.rs - Session (line 67) stdout ----
[INFO] [stdout] error[E0432]: unresolved import `ntex_session`
[INFO] [stdout]  --> src/lib.rs:68:5
[INFO] [stdout]   |
[INFO] [stdout] 2 | use ntex_session::Session;
[INFO] [stdout]   |     ^^^^^^^^^^^^ use of undeclared crate or module `ntex_session`
[INFO] [stdout] 
[INFO] [stdout] error: aborting due to 1 previous error
[INFO] [stdout] 
[INFO] [stdout] For more information about this error, try `rustc --explain E0432`.
[INFO] [stdout] Couldn't compile the test.
[INFO] [stdout] ---- src/lib.rs - Session (line 214) stdout ----
[INFO] [stdout] error[E0432]: unresolved import `ntex_session`
[INFO] [stdout]  --> src/lib.rs:215:5
[INFO] [stdout]   |
[INFO] [stdout] 2 | use ntex_session::Session;
[INFO] [stdout]   |     ^^^^^^^^^^^^ use of undeclared crate or module `ntex_session`
[INFO] [stdout] 
[INFO] [stdout] error: aborting due to 1 previous error
[INFO] [stdout] 
[INFO] [stdout] For more information about this error, try `rustc --explain E0432`.
[INFO] [stdout] Couldn't compile the test.
[INFO] [stdout] ---- src/cookie.rs - cookie::CookieSession (line 190) stdout ----
[INFO] [stdout] error[E0432]: unresolved import `ntex_session`
[INFO] [stdout]  --> src/cookie.rs:191:5
[INFO] [stdout]   |
[INFO] [stdout] 3 | use ntex_session::CookieSession;
[INFO] [stdout]   |     ^^^^^^^^^^^^ use of undeclared crate or module `ntex_session`
[INFO] [stdout] 
[INFO] [stdout] error: aborting due to 1 previous error
[INFO] [stdout] 
[INFO] [stdout] For more information about this error, try `rustc --explain E0432`.
[INFO] [stdout] Couldn't compile the test.
[INFO] [stdout] ---- src/lib.rs - (line 15) stdout ----
[INFO] [stdout] error[E0432]: unresolved import `ntex_session`
[INFO] [stdout]  --> src/lib.rs:17:5
[INFO] [stdout]   |
[INFO] [stdout] 3 | use ntex_session::{Session, CookieSession};
[INFO] [stdout]   |     ^^^^^^^^^^^^ use of undeclared crate or module `ntex_session`
[INFO] [stdout] 
[INFO] [stdout] error: aborting due to 1 previous error
[INFO] [stdout] 
[INFO] [stdout] For more information about this error, try `rustc --explain E0432`.
[INFO] [stdout] Couldn't compile the test.
[INFO] [stdout] 
[INFO] [stdout] failures:
[INFO] [stdout]     src/cookie.rs - cookie::CookieSession (line 190)
[INFO] [stdout]     src/lib.rs - (line 15)
[INFO] [stdout]     src/lib.rs - Session (line 214)
[INFO] [stdout]     src/lib.rs - Session (line 67)
[INFO] [stdout] 
[INFO] [stdout] test result: FAILED. 0 passed; 4 failed; 0 ignored; 0 measured; 0 filtered out; finished in 0.30s
[INFO] [stdout] 
[INFO] [stderr] error: doctest failed, to rerun pass `--doc`
[INFO] running `Command { std: "docker" "inspect" "ad926674f81794386eff4b599fa95f66515b87c9c79eed68d38cd8c941e8ed9d", kill_on_drop: false }`
[INFO] running `Command { std: "docker" "rm" "-f" "ad926674f81794386eff4b599fa95f66515b87c9c79eed68d38cd8c941e8ed9d", kill_on_drop: false }`
[INFO] [stdout] ad926674f81794386eff4b599fa95f66515b87c9c79eed68d38cd8c941e8ed9d
