[INFO] fetching crate cargo-limit 0.0.10...
[INFO] testing cargo-limit-0.0.10 against beta-2024-12-08 for beta-1.84.0-4-retry
[INFO] extracting crate cargo-limit 0.0.10 into /workspace/builds/worker-1-tc2/source
[INFO] validating manifest of crates.io crate cargo-limit 0.0.10 on toolchain beta-2024-12-08
[INFO] running `Command { std: CARGO_HOME="/workspace/cargo-home" RUSTUP_HOME="/workspace/rustup-home" "/workspace/cargo-home/bin/cargo" "+beta-2024-12-08" "metadata" "--manifest-path" "Cargo.toml" "--no-deps", kill_on_drop: false }`
[INFO] started tweaking crates.io crate cargo-limit 0.0.10
[INFO] finished tweaking crates.io crate cargo-limit 0.0.10
[INFO] tweaked toml for crates.io crate cargo-limit 0.0.10 written to /workspace/builds/worker-1-tc2/source/Cargo.toml
[INFO] crate crates.io crate cargo-limit 0.0.10 already has a lockfile, it will not be regenerated
[INFO] running `Command { std: CARGO_HOME="/workspace/cargo-home" RUSTUP_HOME="/workspace/rustup-home" "/workspace/cargo-home/bin/cargo" "+beta-2024-12-08" "fetch" "--manifest-path" "Cargo.toml", kill_on_drop: false }`
[INFO] running `Command { std: "docker" "create" "-v" "/var/lib/crater-agent-workspace/builds/worker-1-tc2/target:/opt/rustwide/target:rw,Z" "-v" "/var/lib/crater-agent-workspace/builds/worker-1-tc2/source:/opt/rustwide/workdir:ro,Z" "-v" "/var/lib/crater-agent-workspace/cargo-home:/opt/rustwide/cargo-home:ro,Z" "-v" "/var/lib/crater-agent-workspace/rustup-home:/opt/rustwide/rustup-home:ro,Z" "-e" "SOURCE_DIR=/opt/rustwide/workdir" "-e" "CARGO_TARGET_DIR=/opt/rustwide/target" "-e" "CARGO_HOME=/opt/rustwide/cargo-home" "-e" "RUSTUP_HOME=/opt/rustwide/rustup-home" "-w" "/opt/rustwide/workdir" "-m" "1610612736" "--user" "0:0" "--network" "none" "ghcr.io/rust-lang/crates-build-env/linux@sha256:f3a9d4ad9d972b27faf3965f35b62e55ba32bbce8f20bc8fe909558a86702fde" "/opt/rustwide/cargo-home/bin/cargo" "+beta-2024-12-08" "metadata" "--no-deps" "--format-version=1", kill_on_drop: false }`
[INFO] [stdout] f97feeae6ff69573c29b28137d90dbba49f6e3493d0e147376d53d8a8e62ab90
[INFO] running `Command { std: "docker" "start" "-a" "f97feeae6ff69573c29b28137d90dbba49f6e3493d0e147376d53d8a8e62ab90", kill_on_drop: false }`
[INFO] running `Command { std: "docker" "inspect" "f97feeae6ff69573c29b28137d90dbba49f6e3493d0e147376d53d8a8e62ab90", kill_on_drop: false }`
[INFO] running `Command { std: "docker" "rm" "-f" "f97feeae6ff69573c29b28137d90dbba49f6e3493d0e147376d53d8a8e62ab90", kill_on_drop: false }`
[INFO] [stdout] f97feeae6ff69573c29b28137d90dbba49f6e3493d0e147376d53d8a8e62ab90
[INFO] running `Command { std: "docker" "create" "-v" "/var/lib/crater-agent-workspace/builds/worker-1-tc2/target:/opt/rustwide/target:rw,Z" "-v" "/var/lib/crater-agent-workspace/builds/worker-1-tc2/source:/opt/rustwide/workdir:ro,Z" "-v" "/var/lib/crater-agent-workspace/cargo-home:/opt/rustwide/cargo-home:ro,Z" "-v" "/var/lib/crater-agent-workspace/rustup-home:/opt/rustwide/rustup-home:ro,Z" "-e" "SOURCE_DIR=/opt/rustwide/workdir" "-e" "CARGO_TARGET_DIR=/opt/rustwide/target" "-e" "CARGO_INCREMENTAL=0" "-e" "RUST_BACKTRACE=full" "-e" "RUSTFLAGS=--cap-lints=warn" "-e" "RUSTDOCFLAGS=--cap-lints=warn" "-e" "CARGO_HOME=/opt/rustwide/cargo-home" "-e" "RUSTUP_HOME=/opt/rustwide/rustup-home" "-w" "/opt/rustwide/workdir" "-m" "1610612736" "--user" "0:0" "--network" "none" "ghcr.io/rust-lang/crates-build-env/linux@sha256:f3a9d4ad9d972b27faf3965f35b62e55ba32bbce8f20bc8fe909558a86702fde" "/opt/rustwide/cargo-home/bin/cargo" "+beta-2024-12-08" "build" "--frozen" "--message-format=json", kill_on_drop: false }`
[INFO] [stdout] c7645e849ee42e54a7d47ba001d62a4e8619017e06d267c96897caacc9b4f184
[INFO] running `Command { std: "docker" "start" "-a" "c7645e849ee42e54a7d47ba001d62a4e8619017e06d267c96897caacc9b4f184", kill_on_drop: false }`
[INFO] [stderr]    Compiling proc-macro2 v1.0.49
[INFO] [stderr]    Compiling quote v1.0.23
[INFO] [stderr]    Compiling unicode-ident v1.0.6
[INFO] [stderr]    Compiling syn v1.0.107
[INFO] [stderr]    Compiling serde_derive v1.0.152
[INFO] [stderr]    Compiling serde v1.0.152
[INFO] [stderr]    Compiling version_check v0.9.4
[INFO] [stderr]    Compiling libc v0.2.139
[INFO] [stderr]    Compiling semver v1.0.16
[INFO] [stderr]    Compiling camino v1.1.2
[INFO] [stderr]    Compiling thiserror v1.0.38
[INFO] [stderr]    Compiling serde_json v1.0.91
[INFO] [stderr]    Compiling unicode-xid v0.2.4
[INFO] [stderr]    Compiling ryu v1.0.12
[INFO] [stderr]    Compiling itoa v1.0.5
[INFO] [stderr]    Compiling static_assertions v1.1.0
[INFO] [stderr]    Compiling cfg-if v1.0.0
[INFO] [stderr]    Compiling anyhow v1.0.68
[INFO] [stderr]    Compiling bitflags v1.3.2
[INFO] [stderr]    Compiling either v1.8.0
[INFO] [stderr]    Compiling itertools v0.10.5
[INFO] [stderr]    Compiling proc-macro-error-attr v1.0.4
[INFO] [stderr]    Compiling proc-macro-error v1.0.4
[INFO] [stderr]    Compiling const_format_proc_macros v0.2.29
[INFO] [stderr]    Compiling nix v0.26.1
[INFO] [stderr]    Compiling atty v0.2.14
[INFO] [stderr]    Compiling const_format v0.2.30
[INFO] [stderr]    Compiling ctrlc v3.2.4
[INFO] [stderr]    Compiling thiserror-impl v1.0.38
[INFO] [stderr]    Compiling atomig-macro v0.3.0
[INFO] [stderr]    Compiling getset v0.1.2
[INFO] [stderr]    Compiling atomig v0.4.0
[INFO] [stderr]    Compiling cargo-platform v0.1.2
[INFO] [stderr]    Compiling toml v0.5.10
[INFO] [stderr]    Compiling cargo_metadata v0.15.2
[INFO] [stderr]    Compiling cargo-limit v0.0.10 (/opt/rustwide/workdir)
[INFO] [stderr]     Finished `dev` profile [unoptimized + debuginfo] target(s) in 28.80s
[INFO] running `Command { std: "docker" "inspect" "c7645e849ee42e54a7d47ba001d62a4e8619017e06d267c96897caacc9b4f184", kill_on_drop: false }`
[INFO] running `Command { std: "docker" "rm" "-f" "c7645e849ee42e54a7d47ba001d62a4e8619017e06d267c96897caacc9b4f184", kill_on_drop: false }`
[INFO] [stdout] c7645e849ee42e54a7d47ba001d62a4e8619017e06d267c96897caacc9b4f184
[INFO] running `Command { std: "docker" "create" "-v" "/var/lib/crater-agent-workspace/builds/worker-1-tc2/target:/opt/rustwide/target:rw,Z" "-v" "/var/lib/crater-agent-workspace/builds/worker-1-tc2/source:/opt/rustwide/workdir:ro,Z" "-v" "/var/lib/crater-agent-workspace/cargo-home:/opt/rustwide/cargo-home:ro,Z" "-v" "/var/lib/crater-agent-workspace/rustup-home:/opt/rustwide/rustup-home:ro,Z" "-e" "SOURCE_DIR=/opt/rustwide/workdir" "-e" "CARGO_TARGET_DIR=/opt/rustwide/target" "-e" "CARGO_INCREMENTAL=0" "-e" "RUST_BACKTRACE=full" "-e" "RUSTFLAGS=--cap-lints=warn" "-e" "RUSTDOCFLAGS=--cap-lints=warn" "-e" "CARGO_HOME=/opt/rustwide/cargo-home" "-e" "RUSTUP_HOME=/opt/rustwide/rustup-home" "-w" "/opt/rustwide/workdir" "-m" "1610612736" "--user" "0:0" "--network" "none" "ghcr.io/rust-lang/crates-build-env/linux@sha256:f3a9d4ad9d972b27faf3965f35b62e55ba32bbce8f20bc8fe909558a86702fde" "/opt/rustwide/cargo-home/bin/cargo" "+beta-2024-12-08" "test" "--frozen" "--no-run" "--message-format=json", kill_on_drop: false }`
[INFO] [stdout] b806c39ea17d1d8737dc62925c9b86007562a9d4384fd01344a77dda54b8f3b0
[INFO] running `Command { std: "docker" "start" "-a" "b806c39ea17d1d8737dc62925c9b86007562a9d4384fd01344a77dda54b8f3b0", kill_on_drop: false }`
[INFO] [stderr]    Compiling yansi v0.5.1
[INFO] [stderr]    Compiling diff v0.1.13
[INFO] [stderr]    Compiling pretty_assertions v1.3.0
[INFO] [stderr]    Compiling cargo-limit v0.0.10 (/opt/rustwide/workdir)
[INFO] [stderr]     Finished `test` profile [unoptimized + debuginfo] target(s) in 5.44s
[INFO] running `Command { std: "docker" "inspect" "b806c39ea17d1d8737dc62925c9b86007562a9d4384fd01344a77dda54b8f3b0", kill_on_drop: false }`
[INFO] running `Command { std: "docker" "rm" "-f" "b806c39ea17d1d8737dc62925c9b86007562a9d4384fd01344a77dda54b8f3b0", kill_on_drop: false }`
[INFO] [stdout] b806c39ea17d1d8737dc62925c9b86007562a9d4384fd01344a77dda54b8f3b0
[INFO] running `Command { std: "docker" "create" "-v" "/var/lib/crater-agent-workspace/builds/worker-1-tc2/target:/opt/rustwide/target:rw,Z" "-v" "/var/lib/crater-agent-workspace/builds/worker-1-tc2/source:/opt/rustwide/workdir:ro,Z" "-v" "/var/lib/crater-agent-workspace/cargo-home:/opt/rustwide/cargo-home:ro,Z" "-v" "/var/lib/crater-agent-workspace/rustup-home:/opt/rustwide/rustup-home:ro,Z" "-e" "SOURCE_DIR=/opt/rustwide/workdir" "-e" "CARGO_TARGET_DIR=/opt/rustwide/target" "-e" "CARGO_INCREMENTAL=0" "-e" "RUST_BACKTRACE=full" "-e" "RUSTFLAGS=--cap-lints=warn" "-e" "RUSTDOCFLAGS=--cap-lints=warn" "-e" "CARGO_HOME=/opt/rustwide/cargo-home" "-e" "RUSTUP_HOME=/opt/rustwide/rustup-home" "-w" "/opt/rustwide/workdir" "-m" "1610612736" "--user" "0:0" "--network" "none" "ghcr.io/rust-lang/crates-build-env/linux@sha256:f3a9d4ad9d972b27faf3965f35b62e55ba32bbce8f20bc8fe909558a86702fde" "/opt/rustwide/cargo-home/bin/cargo" "+beta-2024-12-08" "test" "--frozen", kill_on_drop: false }`
[INFO] [stdout] f7b97019ab249dcd48b8ce865d1131275b75235ad044e600da0a0a2690c70357
[INFO] running `Command { std: "docker" "start" "-a" "f7b97019ab249dcd48b8ce865d1131275b75235ad044e600da0a0a2690c70357", kill_on_drop: false }`
[INFO] [stderr]     Finished `test` profile [unoptimized + debuginfo] target(s) in 0.08s
[INFO] [stderr]      Running unittests src/lib.rs (/opt/rustwide/target/debug/deps/cargo_limit-894f4ada96c9b3db)
[INFO] [stdout] 
[INFO] [stdout] running 14 tests
[INFO] [stdout] test options::tests::colored_testing_and_compiling_3 ... ok
[INFO] [stdout] test options::tests::colored_testing_and_monochrome_compiling ... FAILED
[INFO] [stdout] test options::tests::custom_runners_should_not_have_color_args ... FAILED
[INFO] [stdout] test options::tests::double_two_dashes ... ok
[INFO] [stdout] test options::tests::parse_subcommand ... ok
[INFO] [stdout] test options::tests::run_with_color_args ... ok
[INFO] [stdout] test options::tests::smoke ... FAILED
[INFO] [stdout] test options::tests::test_with_message_format ... FAILED
[INFO] [stdout] test options::tests::colored_testing_and_compiling_1 ... FAILED
[INFO] [stdout] test options::tests::monochrome_testing_and_colored_compiling ... ok
[INFO] [stdout] test options::tests::weird_args ... ok
[INFO] [stdout] test options::tests::colored_testing_and_compiling_2 ... FAILED
[INFO] [stdout] test options::tests::monochrome ... ok
[INFO] [stdout] test options::tests::app_args_without_two_dashes_splitter ... ok
[INFO] [stdout] 
[INFO] [stdout] failures:
[INFO] [stdout] 
[INFO] [stdout] ---- options::tests::colored_testing_and_monochrome_compiling stdout ----
[INFO] [stdout] Error: No such file or directory (os error 2)
[INFO] [stdout] 
[INFO] [stdout] ---- options::tests::custom_runners_should_not_have_color_args stdout ----
[INFO] [stdout] Error: No such file or directory (os error 2)
[INFO] [stdout] 
[INFO] [stdout] ---- options::tests::smoke stdout ----
[INFO] [stdout] Error: No such file or directory (os error 2)
[INFO] [stdout] 
[INFO] [stdout] ---- options::tests::test_with_message_format stdout ----
[INFO] [stdout] Error: No such file or directory (os error 2)
[INFO] [stdout] 
[INFO] [stdout] ---- options::tests::colored_testing_and_compiling_1 stdout ----
[INFO] [stdout] Error: No such file or directory (os error 2)
[INFO] [stdout] 
[INFO] [stdout] ---- options::tests::colored_testing_and_compiling_2 stdout ----
[INFO] [stdout] Error: No such file or directory (os error 2)
[INFO] [stdout] 
[INFO] [stdout] 
[INFO] [stdout] failures:
[INFO] [stdout]     options::tests::colored_testing_and_compiling_1
[INFO] [stdout]     options::tests::colored_testing_and_compiling_2
[INFO] [stdout]     options::tests::colored_testing_and_monochrome_compiling
[INFO] [stdout]     options::tests::custom_runners_should_not_have_color_args
[INFO] [stdout]     options::tests::smoke
[INFO] [stdout]     options::tests::test_with_message_format
[INFO] [stdout] 
[INFO] [stdout] test result: FAILED. 8 passed; 6 failed; 0 ignored; 0 measured; 0 filtered out; finished in 0.01s
[INFO] [stdout] 
[INFO] [stderr] error: test failed, to rerun pass `--lib`
[INFO] running `Command { std: "docker" "inspect" "f7b97019ab249dcd48b8ce865d1131275b75235ad044e600da0a0a2690c70357", kill_on_drop: false }`
[INFO] running `Command { std: "docker" "rm" "-f" "f7b97019ab249dcd48b8ce865d1131275b75235ad044e600da0a0a2690c70357", kill_on_drop: false }`
[INFO] [stdout] f7b97019ab249dcd48b8ce865d1131275b75235ad044e600da0a0a2690c70357
