[INFO] fetching crate bevy-trait-query 0.7.0...
[INFO] testing bevy-trait-query-0.7.0 against 1.83.0 for beta-1.84.0-4-retry
[INFO] extracting crate bevy-trait-query 0.7.0 into /workspace/builds/worker-1-tc1/source
[INFO] validating manifest of crates.io crate bevy-trait-query 0.7.0 on toolchain 1.83.0
[INFO] running `Command { std: CARGO_HOME="/workspace/cargo-home" RUSTUP_HOME="/workspace/rustup-home" "/workspace/cargo-home/bin/cargo" "+1.83.0" "metadata" "--manifest-path" "Cargo.toml" "--no-deps", kill_on_drop: false }`
[INFO] started tweaking crates.io crate bevy-trait-query 0.7.0
[INFO] finished tweaking crates.io crate bevy-trait-query 0.7.0
[INFO] tweaked toml for crates.io crate bevy-trait-query 0.7.0 written to /workspace/builds/worker-1-tc1/source/Cargo.toml
[INFO] running `Command { std: CARGO_HOME="/workspace/cargo-home" RUSTUP_HOME="/workspace/rustup-home" "/workspace/cargo-home/bin/cargo" "+1.83.0" "generate-lockfile" "--manifest-path" "Cargo.toml", kill_on_drop: false }`
[INFO] [stderr]     Updating crates.io index
[INFO] [stderr]      Locking 192 packages to latest compatible versions
[INFO] running `Command { std: CARGO_HOME="/workspace/cargo-home" RUSTUP_HOME="/workspace/rustup-home" "/workspace/cargo-home/bin/cargo" "+1.83.0" "fetch" "--manifest-path" "Cargo.toml", kill_on_drop: false }`
[INFO] [stderr]  Downloading crates ...
[INFO] [stderr]   Downloaded bevy_tasks v0.15.0
[INFO] [stderr]   Downloaded bevy_log v0.15.0
[INFO] [stderr]   Downloaded bevy_internal v0.15.0
[INFO] [stderr]   Downloaded bevy_utils v0.15.0
[INFO] [stderr]   Downloaded bevy_diagnostic v0.15.0
[INFO] [stderr]   Downloaded bevy_input v0.15.0
[INFO] [stderr]   Downloaded bevy_derive v0.15.0
[INFO] [stderr]   Downloaded bevy_app v0.15.0
[INFO] [stderr]   Downloaded bevy_ptr v0.15.0
[INFO] [stderr]   Downloaded bevy_reflect_derive v0.15.0
[INFO] [stderr]   Downloaded bevy_math v0.15.0
[INFO] [stderr]   Downloaded bevy_reflect v0.15.0
[INFO] [stderr]   Downloaded bevy_time v0.15.0
[INFO] [stderr]   Downloaded bevy_hierarchy v0.15.0
[INFO] [stderr]   Downloaded bevy_transform v0.15.0
[INFO] [stderr]   Downloaded bevy-trait-query-impl v0.7.0
[INFO] [stderr]   Downloaded bevy_core v0.15.0
[INFO] [stderr]   Downloaded bevy_ecs_macros v0.15.0
[INFO] [stderr]   Downloaded bevy_utils_proc_macros v0.15.0
[INFO] [stderr]   Downloaded bevy_ecs v0.15.0
[INFO] [stderr]   Downloaded bevy v0.15.0
[INFO] running `Command { std: "docker" "create" "-v" "/var/lib/crater-agent-workspace/builds/worker-1-tc1/target:/opt/rustwide/target:rw,Z" "-v" "/var/lib/crater-agent-workspace/builds/worker-1-tc1/source:/opt/rustwide/workdir:ro,Z" "-v" "/var/lib/crater-agent-workspace/cargo-home:/opt/rustwide/cargo-home:ro,Z" "-v" "/var/lib/crater-agent-workspace/rustup-home:/opt/rustwide/rustup-home:ro,Z" "-e" "SOURCE_DIR=/opt/rustwide/workdir" "-e" "CARGO_TARGET_DIR=/opt/rustwide/target" "-e" "CARGO_HOME=/opt/rustwide/cargo-home" "-e" "RUSTUP_HOME=/opt/rustwide/rustup-home" "-w" "/opt/rustwide/workdir" "-m" "1610612736" "--user" "0:0" "--network" "none" "ghcr.io/rust-lang/crates-build-env/linux@sha256:f3a9d4ad9d972b27faf3965f35b62e55ba32bbce8f20bc8fe909558a86702fde" "/opt/rustwide/cargo-home/bin/cargo" "+1.83.0" "metadata" "--no-deps" "--format-version=1", kill_on_drop: false }`
[INFO] [stdout] 67758ed9203b65330757d5ee5192be69d3ae12b17e8b10cf915d18f8edc9a598
[INFO] running `Command { std: "docker" "start" "-a" "67758ed9203b65330757d5ee5192be69d3ae12b17e8b10cf915d18f8edc9a598", kill_on_drop: false }`
[INFO] running `Command { std: "docker" "inspect" "67758ed9203b65330757d5ee5192be69d3ae12b17e8b10cf915d18f8edc9a598", kill_on_drop: false }`
[INFO] running `Command { std: "docker" "rm" "-f" "67758ed9203b65330757d5ee5192be69d3ae12b17e8b10cf915d18f8edc9a598", kill_on_drop: false }`
[INFO] [stdout] 67758ed9203b65330757d5ee5192be69d3ae12b17e8b10cf915d18f8edc9a598
[INFO] running `Command { std: "docker" "create" "-v" "/var/lib/crater-agent-workspace/builds/worker-1-tc1/target:/opt/rustwide/target:rw,Z" "-v" "/var/lib/crater-agent-workspace/builds/worker-1-tc1/source:/opt/rustwide/workdir:ro,Z" "-v" "/var/lib/crater-agent-workspace/cargo-home:/opt/rustwide/cargo-home:ro,Z" "-v" "/var/lib/crater-agent-workspace/rustup-home:/opt/rustwide/rustup-home:ro,Z" "-e" "SOURCE_DIR=/opt/rustwide/workdir" "-e" "CARGO_TARGET_DIR=/opt/rustwide/target" "-e" "CARGO_INCREMENTAL=0" "-e" "RUST_BACKTRACE=full" "-e" "RUSTFLAGS=--cap-lints=warn" "-e" "RUSTDOCFLAGS=--cap-lints=warn" "-e" "CARGO_HOME=/opt/rustwide/cargo-home" "-e" "RUSTUP_HOME=/opt/rustwide/rustup-home" "-w" "/opt/rustwide/workdir" "-m" "1610612736" "--user" "0:0" "--network" "none" "ghcr.io/rust-lang/crates-build-env/linux@sha256:f3a9d4ad9d972b27faf3965f35b62e55ba32bbce8f20bc8fe909558a86702fde" "/opt/rustwide/cargo-home/bin/cargo" "+1.83.0" "build" "--frozen" "--message-format=json", kill_on_drop: false }`
[INFO] [stdout] ca2a7a799c3cc89e798a7c7d176fe5efbbf080f01d98da1524eb54f9cf23aa79
[INFO] running `Command { std: "docker" "start" "-a" "ca2a7a799c3cc89e798a7c7d176fe5efbbf080f01d98da1524eb54f9cf23aa79", kill_on_drop: false }`
[INFO] [stderr]    Compiling syn v2.0.90
[INFO] [stderr]    Compiling libc v0.2.168
[INFO] [stderr]    Compiling hashbrown v0.15.2
[INFO] [stderr]    Compiling equivalent v1.0.1
[INFO] [stderr]    Compiling crunchy v0.2.2
[INFO] [stderr]    Compiling toml_datetime v0.6.8
[INFO] [stderr]    Compiling tiny-keccak v2.0.2
[INFO] [stderr]    Compiling winnow v0.6.20
[INFO] [stderr]    Compiling serde v1.0.216
[INFO] [stderr]    Compiling version_check v0.9.5
[INFO] [stderr]    Compiling once_cell v1.20.2
[INFO] [stderr]    Compiling crossbeam-utils v0.8.20
[INFO] [stderr]    Compiling zerocopy v0.7.35
[INFO] [stderr]    Compiling typeid v1.0.2
[INFO] [stderr]    Compiling getrandom v0.2.15
[INFO] [stderr]    Compiling tracing-core v0.1.33
[INFO] [stderr]    Compiling futures-io v0.3.31
[INFO] [stderr]    Compiling fastrand v2.3.0
[INFO] [stderr]    Compiling cfg_aliases v0.2.1
[INFO] [stderr]    Compiling allocator-api2 v0.2.21
[INFO] [stderr]    Compiling futures-core v0.3.31
[INFO] [stderr]    Compiling parking v2.2.1
[INFO] [stderr]    Compiling nix v0.29.0
[INFO] [stderr]    Compiling async-task v4.7.1
[INFO] [stderr]    Compiling ahash v0.8.11
[INFO] [stderr]    Compiling futures-lite v2.5.0
[INFO] [stderr]    Compiling bitflags v2.6.0
[INFO] [stderr]    Compiling bevy_ptr v0.15.0
[INFO] [stderr]    Compiling downcast-rs v1.2.1
[INFO] [stderr]    Compiling smallvec v1.13.2
[INFO] [stderr]    Compiling fixedbitset v0.4.2
[INFO] [stderr]    Compiling disqualified v1.0.0
[INFO] [stderr]    Compiling nonmax v0.5.5
[INFO] [stderr]    Compiling fixedbitset v0.5.7
[INFO] [stderr]    Compiling uuid v1.11.0
[INFO] [stderr]    Compiling concurrent-queue v2.5.0
[INFO] [stderr]    Compiling indexmap v2.7.0
[INFO] [stderr]    Compiling petgraph v0.6.5
[INFO] [stderr]    Compiling const-random-macro v0.1.16
[INFO] [stderr]    Compiling async-executor v1.13.1
[INFO] [stderr]    Compiling bevy_tasks v0.15.0
[INFO] [stderr]    Compiling const-random v0.1.18
[INFO] [stderr]    Compiling toml_edit v0.22.22
[INFO] [stderr]    Compiling ctrlc v3.4.5
[INFO] [stderr]    Compiling bevy_macro_utils v0.15.0
[INFO] [stderr]    Compiling proc-macro-crate v3.2.0
[INFO] [stderr]    Compiling hashbrown v0.14.5
[INFO] [stderr]    Compiling smol_str v0.2.2
[INFO] [stderr]    Compiling erased-serde v0.4.5
[INFO] [stderr]    Compiling tracing-attributes v0.1.28
[INFO] [stderr]    Compiling derive_more-impl v1.0.0
[INFO] [stderr]    Compiling bevy_utils_proc_macros v0.15.0
[INFO] [stderr]    Compiling bevy_reflect_derive v0.15.0
[INFO] [stderr]    Compiling assert_type_match v0.1.1
[INFO] [stderr]    Compiling bevy_ecs_macros v0.15.0
[INFO] [stderr]    Compiling bevy_derive v0.15.0
[INFO] [stderr]    Compiling bevy-trait-query-impl v0.7.0
[INFO] [stderr]    Compiling tracing v0.1.41
[INFO] [stderr]    Compiling bevy_utils v0.15.0
[INFO] [stderr]    Compiling derive_more v1.0.0
[INFO] [stderr]    Compiling bevy_reflect v0.15.0
[INFO] [stderr]    Compiling bevy_ecs v0.15.0
[INFO] [stderr]    Compiling bevy_app v0.15.0
[INFO] [stderr]    Compiling bevy_core v0.15.0
[INFO] [stderr]    Compiling bevy-trait-query v0.7.0 (/opt/rustwide/workdir)
[INFO] [stderr]     Finished `dev` profile [unoptimized + debuginfo] target(s) in 46.54s
[INFO] running `Command { std: "docker" "inspect" "ca2a7a799c3cc89e798a7c7d176fe5efbbf080f01d98da1524eb54f9cf23aa79", kill_on_drop: false }`
[INFO] running `Command { std: "docker" "rm" "-f" "ca2a7a799c3cc89e798a7c7d176fe5efbbf080f01d98da1524eb54f9cf23aa79", kill_on_drop: false }`
[INFO] [stdout] ca2a7a799c3cc89e798a7c7d176fe5efbbf080f01d98da1524eb54f9cf23aa79
[INFO] running `Command { std: "docker" "create" "-v" "/var/lib/crater-agent-workspace/builds/worker-1-tc1/target:/opt/rustwide/target:rw,Z" "-v" "/var/lib/crater-agent-workspace/builds/worker-1-tc1/source:/opt/rustwide/workdir:ro,Z" "-v" "/var/lib/crater-agent-workspace/cargo-home:/opt/rustwide/cargo-home:ro,Z" "-v" "/var/lib/crater-agent-workspace/rustup-home:/opt/rustwide/rustup-home:ro,Z" "-e" "SOURCE_DIR=/opt/rustwide/workdir" "-e" "CARGO_TARGET_DIR=/opt/rustwide/target" "-e" "CARGO_INCREMENTAL=0" "-e" "RUST_BACKTRACE=full" "-e" "RUSTFLAGS=--cap-lints=warn" "-e" "RUSTDOCFLAGS=--cap-lints=warn" "-e" "CARGO_HOME=/opt/rustwide/cargo-home" "-e" "RUSTUP_HOME=/opt/rustwide/rustup-home" "-w" "/opt/rustwide/workdir" "-m" "1610612736" "--user" "0:0" "--network" "none" "ghcr.io/rust-lang/crates-build-env/linux@sha256:f3a9d4ad9d972b27faf3965f35b62e55ba32bbce8f20bc8fe909558a86702fde" "/opt/rustwide/cargo-home/bin/cargo" "+1.83.0" "test" "--frozen" "--no-run" "--message-format=json", kill_on_drop: false }`
[INFO] [stdout] 302cd8d32ae2952df9a9f6367c6c521efaf780fc39bce85aee2eeaf6a29e2c0f
[INFO] running `Command { std: "docker" "start" "-a" "302cd8d32ae2952df9a9f6367c6c521efaf780fc39bce85aee2eeaf6a29e2c0f", kill_on_drop: false }`
[INFO] [stderr]    Compiling serde v1.0.216
[INFO] [stderr]    Compiling serde_derive v1.0.216
[INFO] [stderr]    Compiling zerocopy-derive v0.7.35
[INFO] [stderr]    Compiling byteorder v1.5.0
[INFO] [stderr]    Compiling crossbeam-utils v0.8.20
[INFO] [stderr]    Compiling getrandom v0.2.15
[INFO] [stderr]    Compiling tracing v0.1.41
[INFO] [stderr]    Compiling smallvec v1.13.2
[INFO] [stderr]    Compiling bytemuck v1.20.0
[INFO] [stderr]    Compiling libm v0.2.11
[INFO] [stderr]    Compiling num-traits v0.2.19
[INFO] [stderr]    Compiling either v1.13.0
[INFO] [stderr]    Compiling tracing-log v0.2.0
[INFO] [stderr]    Compiling rayon-core v1.12.1
[INFO] [stderr]    Compiling half v2.4.1
[INFO] [stderr]    Compiling uuid v1.11.0
[INFO] [stderr]    Compiling rand_core v0.6.4
[INFO] [stderr]    Compiling const-random-macro v0.1.16
[INFO] [stderr]    Compiling itertools v0.13.0
[INFO] [stderr]    Compiling const-fnv1a-hash v1.1.0
[INFO] [stderr]    Compiling clap_lex v0.7.4
[INFO] [stderr]    Compiling ciborium-io v0.2.2
[INFO] [stderr]    Compiling anstyle v1.0.10
[INFO] [stderr]    Compiling tracing-subscriber v0.3.19
[INFO] [stderr]    Compiling plotters-backend v0.3.7
[INFO] [stderr]    Compiling ciborium-ll v0.2.2
[INFO] [stderr]    Compiling itertools v0.10.5
[INFO] [stderr]    Compiling same-file v1.0.6
[INFO] [stderr]    Compiling cast v0.3.0
[INFO] [stderr]    Compiling oorandom v11.1.4
[INFO] [stderr]    Compiling walkdir v2.5.0
[INFO] [stderr]    Compiling plotters-svg v0.3.7
[INFO] [stderr]    Compiling clap_builder v4.5.23
[INFO] [stderr]    Compiling anes v0.1.6
[INFO] [stderr]    Compiling bevy_reflect_derive v0.15.0
[INFO] [stderr]    Compiling const-random v0.1.18
[INFO] [stderr]    Compiling concurrent-queue v2.5.0
[INFO] [stderr]    Compiling crossbeam-epoch v0.9.18
[INFO] [stderr]    Compiling crossbeam-channel v0.5.13
[INFO] [stderr]    Compiling zerocopy v0.7.35
[INFO] [stderr]    Compiling async-executor v1.13.1
[INFO] [stderr]    Compiling crossbeam-deque v0.8.5
[INFO] [stderr]    Compiling bevy_tasks v0.15.0
[INFO] [stderr]    Compiling rayon v1.10.0
[INFO] [stderr]    Compiling ppv-lite86 v0.2.20
[INFO] [stderr]    Compiling ahash v0.8.11
[INFO] [stderr]    Compiling plotters v0.3.7
[INFO] [stderr]    Compiling criterion-plot v0.5.0
[INFO] [stderr]    Compiling rand_chacha v0.3.1
[INFO] [stderr]    Compiling clap v4.5.23
[INFO] [stderr]    Compiling rand v0.8.5
[INFO] [stderr]    Compiling rand_distr v0.4.3
[INFO] [stderr]    Compiling hashbrown v0.14.5
[INFO] [stderr]    Compiling glam v0.29.2
[INFO] [stderr]    Compiling erased-serde v0.4.5
[INFO] [stderr]    Compiling smol_str v0.2.2
[INFO] [stderr]    Compiling serde_json v1.0.133
[INFO] [stderr]    Compiling ciborium v0.2.2
[INFO] [stderr]    Compiling bevy_utils v0.15.0
[INFO] [stderr]    Compiling tinytemplate v1.2.1
[INFO] [stderr]    Compiling criterion v0.5.1
[INFO] [stderr]    Compiling bevy_reflect v0.15.0
[INFO] [stderr]    Compiling bevy_ecs v0.15.0
[INFO] [stderr]    Compiling bevy_math v0.15.0
[INFO] [stderr]    Compiling bevy_app v0.15.0
[INFO] [stderr]    Compiling bevy_core v0.15.0
[INFO] [stderr]    Compiling bevy_time v0.15.0
[INFO] [stderr]    Compiling bevy_log v0.15.0
[INFO] [stderr]    Compiling bevy_hierarchy v0.15.0
[INFO] [stderr]    Compiling bevy_input v0.15.0
[INFO] [stderr]    Compiling bevy-trait-query v0.7.0 (/opt/rustwide/workdir)
[INFO] [stderr]    Compiling bevy_diagnostic v0.15.0
[INFO] [stderr]    Compiling bevy_transform v0.15.0
[INFO] [stderr]    Compiling bevy_internal v0.15.0
[INFO] [stderr]    Compiling bevy v0.15.0
[INFO] [stderr]     Finished `test` profile [unoptimized + debuginfo] target(s) in 1m 19s
[INFO] running `Command { std: "docker" "inspect" "302cd8d32ae2952df9a9f6367c6c521efaf780fc39bce85aee2eeaf6a29e2c0f", kill_on_drop: false }`
[INFO] running `Command { std: "docker" "rm" "-f" "302cd8d32ae2952df9a9f6367c6c521efaf780fc39bce85aee2eeaf6a29e2c0f", kill_on_drop: false }`
[INFO] [stdout] 302cd8d32ae2952df9a9f6367c6c521efaf780fc39bce85aee2eeaf6a29e2c0f
[INFO] running `Command { std: "docker" "create" "-v" "/var/lib/crater-agent-workspace/builds/worker-1-tc1/target:/opt/rustwide/target:rw,Z" "-v" "/var/lib/crater-agent-workspace/builds/worker-1-tc1/source:/opt/rustwide/workdir:ro,Z" "-v" "/var/lib/crater-agent-workspace/cargo-home:/opt/rustwide/cargo-home:ro,Z" "-v" "/var/lib/crater-agent-workspace/rustup-home:/opt/rustwide/rustup-home:ro,Z" "-e" "SOURCE_DIR=/opt/rustwide/workdir" "-e" "CARGO_TARGET_DIR=/opt/rustwide/target" "-e" "CARGO_INCREMENTAL=0" "-e" "RUST_BACKTRACE=full" "-e" "RUSTFLAGS=--cap-lints=warn" "-e" "RUSTDOCFLAGS=--cap-lints=warn" "-e" "CARGO_HOME=/opt/rustwide/cargo-home" "-e" "RUSTUP_HOME=/opt/rustwide/rustup-home" "-w" "/opt/rustwide/workdir" "-m" "1610612736" "--user" "0:0" "--network" "none" "ghcr.io/rust-lang/crates-build-env/linux@sha256:f3a9d4ad9d972b27faf3965f35b62e55ba32bbce8f20bc8fe909558a86702fde" "/opt/rustwide/cargo-home/bin/cargo" "+1.83.0" "test" "--frozen", kill_on_drop: false }`
[INFO] [stdout] ba5b152b9eb947cff75b0599f2b7411b0096a4acd6f93dca2cf06e071b1d1ce9
[INFO] running `Command { std: "docker" "start" "-a" "ba5b152b9eb947cff75b0599f2b7411b0096a4acd6f93dca2cf06e071b1d1ce9", kill_on_drop: false }`
[INFO] [stderr]     Finished `test` profile [unoptimized + debuginfo] target(s) in 0.38s
[INFO] [stderr]      Running unittests src/lib.rs (/opt/rustwide/target/debug/deps/bevy_trait_query-0d1eaa7f311f84dc)
[INFO] [stdout] 
[INFO] [stdout] running 14 tests
[INFO] [stdout] test tests::one_changed_filter ... ok
[INFO] [stdout] test tests::added_one ... ok
[INFO] [stdout] test tests::all1 ... ok
[INFO] [stdout] test tests::multi_register ... ok
[INFO] [stdout] test tests::changed_one ... ok
[INFO] [stdout] test tests::added_all ... ok
[INFO] [stdout] test tests::sparse1 ... ok
[INFO] [stdout] test tests::changed_all ... ok
[INFO] [stdout] test tests::one1 ... ok
[INFO] [stdout] test tests::without_any_filter ... ok
[INFO] [stdout] test tests::one_added_filter ... ok
[INFO] [stdout] test tests::transmute_doesnt_panic_if_no_trait_touched ... ok
[INFO] [stdout] test tests::with_one_filter ... ok
[INFO] [stdout] test tests::transmute_panics_if_trait_touched - should panic ... ok
[INFO] [stdout] 
[INFO] [stdout] test result: ok. 14 passed; 0 failed; 0 ignored; 0 measured; 0 filtered out; finished in 0.10s
[INFO] [stdout] 
[INFO] [stderr]    Doc-tests bevy_trait_query
[INFO] [stdout] 
[INFO] [stdout] running 7 tests
[INFO] [stdout] test src/lib.rs - (line 198) - compile ... ok
[INFO] [stdout] test src/lib.rs - (line 228) - compile ... ok
[INFO] [stdout] test src/lib.rs - (line 3) ... ok
[INFO] [stdout] test src/lib.rs - (line 37) ... FAILED
[INFO] [stdout] test src/lib.rs - (line 167) ... ok
[INFO] [stdout] test src/lib.rs - (line 15) ... ok
[INFO] [stdout] test src/lib.rs - (line 103) ... ok
[INFO] [stdout] 
[INFO] [stdout] failures:
[INFO] [stdout] 
[INFO] [stdout] ---- src/lib.rs - (line 37) stdout ----
[INFO] [stdout] error: linking with `cc` failed: exit status: 1
[INFO] [stdout]   |
[INFO] [stdout]   = note: LC_ALL="C" PATH="/opt/rustwide/rustup-home/toolchains/1.83.0-x86_64-unknown-linux-gnu/lib/rustlib/x86_64-unknown-linux-gnu/bin:/opt/rustwide/cargo-home/bin:/usr/local/sbin:/usr/local/bin:/usr/sbin:/usr/bin:/sbin:/bin" VSLANG="1033" "cc" "-m64" "/tmp/rustcU3WHlv/symbols.o" "/tmp/rustdoctestBTwIrM/rust_out.rust_out.cb03291d53e4e161-cgu.0.rcgu.o" "/tmp/rustdoctestBTwIrM/rust_out.1s7umcihpz0t7nkz1uc2ifee9.rcgu.o" "-Wl,--as-needed" "-Wl,-Bstatic" "/opt/rustwide/target/debug/deps/libbevy-b689c8eabe509165.rlib" "/opt/rustwide/target/debug/deps/libbevy_internal-b9c7dc260054c1ea.rlib" "/opt/rustwide/target/debug/deps/libbevy_transform-f4fda32661bd6023.rlib" "/opt/rustwide/target/debug/deps/libbevy_log-029c32194421eb9b.rlib" "/opt/rustwide/target/debug/deps/libtracing_subscriber-2d615ce2d5a1af95.rlib" "/opt/rustwide/target/debug/deps/libsharded_slab-0b982918e941cef5.rlib" "/opt/rustwide/target/debug/deps/liblazy_static-977f75dcedc2f7be.rlib" "/opt/rustwide/target/debug/deps/libmatchers-81da137eb49309ea.rlib" "/opt/rustwide/target/debug/deps/libregex_automata-abfc5f66ec152c0c.rlib" "/opt/rustwide/target/debug/deps/libregex_syntax-97b3d5521ce4fbed.rlib" "/opt/rustwide/target/debug/deps/libregex-65269ff0a2daa12f.rlib" "/opt/rustwide/target/debug/deps/libregex_automata-755b4f61f7b258ee.rlib" "/opt/rustwide/target/debug/deps/libregex_syntax-aa292c4420fe077c.rlib" "/opt/rustwide/target/debug/deps/libnu_ansi_term-3a69087052053dab.rlib" "/opt/rustwide/target/debug/deps/liboverload-26dab9b5b27fc3d3.rlib" "/opt/rustwide/target/debug/deps/libtracing_log-8d64a75560097dd3.rlib" "/opt/rustwide/target/debug/deps/liblog-6d50fe4853ae55d4.rlib" "/opt/rustwide/target/debug/deps/libbevy_input-9654eb8ab742de6d.rlib" "/opt/rustwide/target/debug/deps/libbevy_math-da337c153fe97512.rlib" "/opt/rustwide/target/debug/deps/librand_distr-9e675d6d5a72ce3c.rlib" "/opt/rustwide/target/debug/deps/libnum_traits-13ffaa7a7da731b8.rlib" "/opt/rustwide/target/debug/deps/libitertools-a88bab2bb93dd0c3.rlib" "/opt/rustwide/target/debug/deps/libeither-41b3367888b49508.rlib" "/opt/rustwide/target/debug/deps/libbevy_hierarchy-ec460254a8f604ee.rlib" "/opt/rustwide/target/debug/deps/libbevy_diagnostic-62faf9ecf37917b9.rlib" "/opt/rustwide/target/debug/deps/libbevy_time-f30fd526e3bc1b78.rlib" "/opt/rustwide/target/debug/deps/libcrossbeam_channel-2b068e04c96a1cbf.rlib" "/opt/rustwide/target/debug/deps/libconst_fnv1a_hash-46385808b82121c1.rlib" "/opt/rustwide/target/debug/deps/libbevy_core-58694a83f7b81a9e.rlib" "/opt/rustwide/target/debug/deps/libbevy_trait_query-42e1eec63b6e3f48.rlib" "/opt/rustwide/target/debug/deps/libbevy_app-4e430c5fd73a8c7c.rlib" "/opt/rustwide/target/debug/deps/libctrlc-75103c5423d54f02.rlib" "/opt/rustwide/target/debug/deps/libnix-7eb35affd3905d7d.rlib" "/opt/rustwide/target/debug/deps/libbevy_ecs-20e7181c69d04800.rlib" "/opt/rustwide/target/debug/deps/libbitflags-53c76c4f639396f9.rlib" "/opt/rustwide/target/debug/deps/libnonmax-2d53298c85f65321.rlib" "/opt/rustwide/target/debug/deps/libdisqualified-5fb498dec177b556.rlib" "/opt/rustwide/target/debug/deps/libpetgraph-fe770f53daa96308.rlib" "/opt/rustwide/target/debug/deps/libindexmap-10fc62c8bb74c388.rlib" "/opt/rustwide/target/debug/deps/libequivalent-4d5cfde55792e26d.rlib" "/opt/rustwide/target/debug/deps/libhashbrown-62cdb64ce3ed52bb.rlib" "/opt/rustwide/target/debug/deps/libfixedbitset-0a8c4c54ba30ea5e.rlib" "/opt/rustwide/target/debug/deps/libbevy_tasks-a28d62c3d6d3395d.rlib" "/opt/rustwide/target/debug/deps/libasync_executor-49633e1ce3b564fd.rlib" "/opt/rustwide/target/debug/deps/libslab-083dd68e0bc19c95.rlib" "/opt/rustwide/target/debug/deps/libconcurrent_queue-de973fac8f512eff.rlib" "/opt/rustwide/target/debug/deps/libcrossbeam_utils-be96993693568ee0.rlib" "/opt/rustwide/target/debug/deps/libasync_task-ae112160920f0c1d.rlib" "/opt/rustwide/target/debug/deps/libfutures_lite-f1a0afa9ba9cafb2.rlib" "/opt/rustwide/target/debug/deps/libfutures_io-b77a2fbaad2c9353.rlib" "/opt/rustwide/target/debug/deps/libfutures_core-330e9f754335f762.rlib" "/opt/rustwide/target/debug/deps/libparking-27e917f18806e974.rlib" "/opt/rustwide/target/debug/deps/libfastrand-33d04f74cb9fe3e0.rlib" "/opt/rustwide/target/debug/deps/libfixedbitset-f957175f29196d16.rlib" "/opt/rustwide/target/debug/deps/libbevy_reflect-b3b95b42a54d6ca8.rlib" "/opt/rustwide/target/debug/deps/libsmol_str-0958da101ea4d1da.rlib" "/opt/rustwide/target/debug/deps/liberased_serde-f296bdb89e1dd2bc.rlib" "/opt/rustwide/target/debug/deps/libtypeid-f14491989104f587.rlib" "/opt/rustwide/target/debug/deps/libsmallvec-bbd1bea19c2efa96.rlib" "/opt/rustwide/target/debug/deps/libglam-b1a034d6d65437dc.rlib" "/opt/rustwide/target/debug/deps/librand-bd42bc4441d57d0c.rlib" "/opt/rustwide/target/debug/deps/librand_chacha-ccd6bab891c5b079.rlib" "/opt/rustwide/target/debug/deps/libppv_lite86-7bfb151b4b9b9ac7.rlib" "/opt/rustwide/target/debug/deps/librand_core-f1a83da2b41185cd.rlib" "/opt/rustwide/target/debug/deps/libbytemuck-001c838fec11c0a7.rlib" "/opt/rustwide/target/debug/deps/libdowncast_rs-f186421ecc7397d6.rlib" "/opt/rustwide/target/debug/deps/libderive_more-0027e150bb158cc5.rlib" "/opt/rustwide/target/debug/deps/libbevy_ptr-976af6795ed4a15e.rlib" "/opt/rustwide/target/debug/deps/libbevy_utils-93e8b8c19d16daa5.rlib" "/opt/rustwide/target/debug/deps/libtracing-fdf5401dec0550ec.rlib" "/opt/rustwide/target/debug/deps/libpin_project_lite-be51d264b86b6c5b.rlib" "/opt/rustwide/target/debug/deps/libtracing_core-a35e54d2ab947d05.rlib" "/opt/rustwide/target/debug/deps/libhashbrown-9dd1927ca25370d0.rlib" "/opt/rustwide/target/debug/deps/libserde-679c460669dcdb29.rlib" "/opt/rustwide/target/debug/deps/liballocator_api2-88d7b7890afadc02.rlib" "/opt/rustwide/target/debug/deps/libahash-e2fc6c1fed66030c.rlib" "/opt/rustwide/target/debug/deps/libgetrandom-3d75885a143935af.rlib" "/opt/rustwide/target/debug/deps/liblibc-c7def1cd1c4956c8.rlib" "/opt/rustwide/target/debug/deps/libzerocopy-6bcc5de94aab25a9.rlib" "/opt/rustwide/target/debug/deps/libbyteorder-d36d73da0d12e75b.rlib" "/opt/rustwide/target/debug/deps/libthread_local-2878fc2c0308edf0.rlib" "/opt/rustwide/target/debug/deps/libcfg_if-8217498f8667ada9.rlib" "/opt/rustwide/target/debug/deps/libonce_cell-6f631f2a5f71cecc.rlib" "/opt/rustwide/rustup-home/toolchains/1.83.0-x86_64-unknown-linux-gnu/lib/rustlib/x86_64-unknown-linux-gnu/lib/libstd-ca74a2d9c5166d9f.rlib" "/opt/rustwide/rustup-home/toolchains/1.83.0-x86_64-unknown-linux-gnu/lib/rustlib/x86_64-unknown-linux-gnu/lib/libpanic_unwind-e31ab23316ed5080.rlib" "/opt/rustwide/rustup-home/toolchains/1.83.0-x86_64-unknown-linux-gnu/lib/rustlib/x86_64-unknown-linux-gnu/lib/libobject-27dc4aa955912662.rlib" "/opt/rustwide/rustup-home/toolchains/1.83.0-x86_64-unknown-linux-gnu/lib/rustlib/x86_64-unknown-linux-gnu/lib/libmemchr-bd0d6cccce077b99.rlib" "/opt/rustwide/rustup-home/toolchains/1.83.0-x86_64-unknown-linux-gnu/lib/rustlib/x86_64-unknown-linux-gnu/lib/libaddr2line-8d001680935b5e3c.rlib" "/opt/rustwide/rustup-home/toolchains/1.83.0-x86_64-unknown-linux-gnu/lib/rustlib/x86_64-unknown-linux-gnu/lib/libgimli-ba8ce71964f984f4.rlib" "/opt/rustwide/rustup-home/toolchains/1.83.0-x86_64-unknown-linux-gnu/lib/rustlib/x86_64-unknown-linux-gnu/lib/librustc_demangle-99a73526abcec14b.rlib" "/opt/rustwide/rustup-home/toolchains/1.83.0-x86_64-unknown-linux-gnu/lib/rustlib/x86_64-unknown-linux-gnu/lib/libstd_detect-63ac0d22cff92579.rlib" "/opt/rustwide/rustup-home/toolchains/1.83.0-x86_64-unknown-linux-gnu/lib/rustlib/x86_64-unknown-linux-gnu/lib/libhashbrown-9057355c92c922d5.rlib" "/opt/rustwide/rustup-home/toolchains/1.83.0-x86_64-unknown-linux-gnu/lib/rustlib/x86_64-unknown-linux-gnu/lib/librustc_std_workspace_alloc-358be9bc1f6bab04.rlib" "/opt/rustwide/rustup-home/toolchains/1.83.0-x86_64-unknown-linux-gnu/lib/rustlib/x86_64-unknown-linux-gnu/lib/libminiz_oxide-aca15549d5bff974.rlib" "/opt/rustwide/rustup-home/toolchains/1.83.0-x86_64-unknown-linux-gnu/lib/rustlib/x86_64-unknown-linux-gnu/lib/libadler-8251d2cef7072448.rlib" "/opt/rustwide/rustup-home/toolchains/1.83.0-x86_64-unknown-linux-gnu/lib/rustlib/x86_64-unknown-linux-gnu/lib/libunwind-7d50b86011c66411.rlib" "/opt/rustwide/rustup-home/toolchains/1.83.0-x86_64-unknown-linux-gnu/lib/rustlib/x86_64-unknown-linux-gnu/lib/libcfg_if-51ea098fce5006bf.rlib" "/opt/rustwide/rustup-home/toolchains/1.83.0-x86_64-unknown-linux-gnu/lib/rustlib/x86_64-unknown-linux-gnu/lib/liblibc-5a14e0d0b712e731.rlib" "/opt/rustwide/rustup-home/toolchains/1.83.0-x86_64-unknown-linux-gnu/lib/rustlib/x86_64-unknown-linux-gnu/lib/liballoc-8b83dbf3a7b8f999.rlib" "/opt/rustwide/rustup-home/toolchains/1.83.0-x86_64-unknown-linux-gnu/lib/rustlib/x86_64-unknown-linux-gnu/lib/librustc_std_workspace_core-c6fd227bdc7b39ff.rlib" "/opt/rustwide/rustup-home/toolchains/1.83.0-x86_64-unknown-linux-gnu/lib/rustlib/x86_64-unknown-linux-gnu/lib/libcore-959d3389fa3da8a5.rlib" "/opt/rustwide/rustup-home/toolchains/1.83.0-x86_64-unknown-linux-gnu/lib/rustlib/x86_64-unknown-linux-gnu/lib/libcompiler_builtins-abe05db089cc2c62.rlib" "-Wl,-Bdynamic" "-lgcc_s" "-lutil" "-lrt" "-lpthread" "-lm" "-ldl" "-lc" "-Wl,--eh-frame-hdr" "-Wl,-z,noexecstack" "-L" "/opt/rustwide/rustup-home/toolchains/1.83.0-x86_64-unknown-linux-gnu/lib/rustlib/x86_64-unknown-linux-gnu/lib" "-o" "/tmp/rustdoctestBTwIrM/rust_out" "-Wl,--gc-sections" "-pie" "-Wl,-z,relro,-z,now" "-nodefaultlibs"
[INFO] [stdout]   = note: collect2: fatal error: ld terminated with signal 9 [Killed]
[INFO] [stdout]           compilation terminated.
[INFO] [stdout]           
[INFO] [stdout] 
[INFO] [stdout] error: aborting due to 1 previous error
[INFO] [stdout] 
[INFO] [stdout] Couldn't compile the test.
[INFO] [stdout] 
[INFO] [stdout] failures:
[INFO] [stdout]     src/lib.rs - (line 37)
[INFO] [stdout] 
[INFO] [stdout] test result: FAILED. 6 passed; 1 failed; 0 ignored; 0 measured; 0 filtered out; finished in 13.46s
[INFO] [stdout] 
[INFO] [stderr] error: doctest failed, to rerun pass `--doc`
[INFO] running `Command { std: "docker" "inspect" "ba5b152b9eb947cff75b0599f2b7411b0096a4acd6f93dca2cf06e071b1d1ce9", kill_on_drop: false }`
[INFO] running `Command { std: "docker" "rm" "-f" "ba5b152b9eb947cff75b0599f2b7411b0096a4acd6f93dca2cf06e071b1d1ce9", kill_on_drop: false }`
[INFO] [stdout] ba5b152b9eb947cff75b0599f2b7411b0096a4acd6f93dca2cf06e071b1d1ce9
