[INFO] fetching crate aoc-parse 0.2.18...
[INFO] testing aoc-parse-0.2.18 against 1.83.0 for beta-1.84.0-4-retry
[INFO] extracting crate aoc-parse 0.2.18 into /workspace/builds/worker-7-tc1/source
[INFO] validating manifest of crates.io crate aoc-parse 0.2.18 on toolchain 1.83.0
[INFO] running `Command { std: CARGO_HOME="/workspace/cargo-home" RUSTUP_HOME="/workspace/rustup-home" "/workspace/cargo-home/bin/cargo" "+1.83.0" "metadata" "--manifest-path" "Cargo.toml" "--no-deps", kill_on_drop: false }`
[INFO] started tweaking crates.io crate aoc-parse 0.2.18
[INFO] finished tweaking crates.io crate aoc-parse 0.2.18
[INFO] tweaked toml for crates.io crate aoc-parse 0.2.18 written to /workspace/builds/worker-7-tc1/source/Cargo.toml
[INFO] running `Command { std: CARGO_HOME="/workspace/cargo-home" RUSTUP_HOME="/workspace/rustup-home" "/workspace/cargo-home/bin/cargo" "+1.83.0" "generate-lockfile" "--manifest-path" "Cargo.toml", kill_on_drop: false }`
[INFO] [stderr]     Updating crates.io index
[INFO] [stderr]      Locking 26 packages to latest compatible versions
[INFO] [stderr]       Adding thiserror v1.0.69 (available: v2.0.7)
[INFO] running `Command { std: CARGO_HOME="/workspace/cargo-home" RUSTUP_HOME="/workspace/rustup-home" "/workspace/cargo-home/bin/cargo" "+1.83.0" "fetch" "--manifest-path" "Cargo.toml", kill_on_drop: false }`
[INFO] [stderr]  Downloading crates ...
[INFO] [stderr]   Downloaded tuple_utils v0.4.0
[INFO] running `Command { std: "docker" "create" "-v" "/var/lib/crater-agent-workspace/builds/worker-7-tc1/target:/opt/rustwide/target:rw,Z" "-v" "/var/lib/crater-agent-workspace/builds/worker-7-tc1/source:/opt/rustwide/workdir:ro,Z" "-v" "/var/lib/crater-agent-workspace/cargo-home:/opt/rustwide/cargo-home:ro,Z" "-v" "/var/lib/crater-agent-workspace/rustup-home:/opt/rustwide/rustup-home:ro,Z" "-e" "SOURCE_DIR=/opt/rustwide/workdir" "-e" "CARGO_TARGET_DIR=/opt/rustwide/target" "-e" "CARGO_HOME=/opt/rustwide/cargo-home" "-e" "RUSTUP_HOME=/opt/rustwide/rustup-home" "-w" "/opt/rustwide/workdir" "-m" "1610612736" "--user" "0:0" "--network" "none" "ghcr.io/rust-lang/crates-build-env/linux@sha256:f3a9d4ad9d972b27faf3965f35b62e55ba32bbce8f20bc8fe909558a86702fde" "/opt/rustwide/cargo-home/bin/cargo" "+1.83.0" "metadata" "--no-deps" "--format-version=1", kill_on_drop: false }`
[INFO] [stdout] 5febff0f190e81de71118fb2d3ae5bacff3df232a7eb397d3ce3b8a4e66219d3
[INFO] running `Command { std: "docker" "start" "-a" "5febff0f190e81de71118fb2d3ae5bacff3df232a7eb397d3ce3b8a4e66219d3", kill_on_drop: false }`
[INFO] running `Command { std: "docker" "inspect" "5febff0f190e81de71118fb2d3ae5bacff3df232a7eb397d3ce3b8a4e66219d3", kill_on_drop: false }`
[INFO] running `Command { std: "docker" "rm" "-f" "5febff0f190e81de71118fb2d3ae5bacff3df232a7eb397d3ce3b8a4e66219d3", kill_on_drop: false }`
[INFO] [stdout] 5febff0f190e81de71118fb2d3ae5bacff3df232a7eb397d3ce3b8a4e66219d3
[INFO] running `Command { std: "docker" "create" "-v" "/var/lib/crater-agent-workspace/builds/worker-7-tc1/target:/opt/rustwide/target:rw,Z" "-v" "/var/lib/crater-agent-workspace/builds/worker-7-tc1/source:/opt/rustwide/workdir:ro,Z" "-v" "/var/lib/crater-agent-workspace/cargo-home:/opt/rustwide/cargo-home:ro,Z" "-v" "/var/lib/crater-agent-workspace/rustup-home:/opt/rustwide/rustup-home:ro,Z" "-e" "SOURCE_DIR=/opt/rustwide/workdir" "-e" "CARGO_TARGET_DIR=/opt/rustwide/target" "-e" "CARGO_INCREMENTAL=0" "-e" "RUST_BACKTRACE=full" "-e" "RUSTFLAGS=--cap-lints=warn" "-e" "RUSTDOCFLAGS=--cap-lints=warn" "-e" "CARGO_HOME=/opt/rustwide/cargo-home" "-e" "RUSTUP_HOME=/opt/rustwide/rustup-home" "-w" "/opt/rustwide/workdir" "-m" "1610612736" "--user" "0:0" "--network" "none" "ghcr.io/rust-lang/crates-build-env/linux@sha256:f3a9d4ad9d972b27faf3965f35b62e55ba32bbce8f20bc8fe909558a86702fde" "/opt/rustwide/cargo-home/bin/cargo" "+1.83.0" "build" "--frozen" "--message-format=json", kill_on_drop: false }`
[INFO] [stdout] a52cb7100c1dc31c659448967872f664508da64c1fc852e4e75119e5e0614a38
[INFO] running `Command { std: "docker" "start" "-a" "a52cb7100c1dc31c659448967872f664508da64c1fc852e4e75119e5e0614a38", kill_on_drop: false }`
[INFO] [stderr]    Compiling proc-macro2 v1.0.92
[INFO] [stderr]    Compiling autocfg v1.4.0
[INFO] [stderr]    Compiling unicode-ident v1.0.14
[INFO] [stderr]    Compiling memchr v2.7.4
[INFO] [stderr]    Compiling regex-syntax v0.8.5
[INFO] [stderr]    Compiling thiserror v1.0.69
[INFO] [stderr]    Compiling lazy_static v1.5.0
[INFO] [stderr]    Compiling tuple_utils v0.4.0
[INFO] [stderr]    Compiling num-traits v0.2.19
[INFO] [stderr]    Compiling quote v1.0.37
[INFO] [stderr]    Compiling aho-corasick v1.1.3
[INFO] [stderr]    Compiling syn v2.0.90
[INFO] [stderr]    Compiling num-integer v0.1.46
[INFO] [stderr]    Compiling num-bigint v0.4.6
[INFO] [stderr]    Compiling regex-automata v0.4.9
[INFO] [stderr]    Compiling thiserror-impl v1.0.69
[INFO] [stderr]    Compiling regex v1.11.1
[INFO] [stderr]    Compiling aoc-parse v0.2.18 (/opt/rustwide/workdir)
[INFO] [stdout] warning: unused import: `self::regex::RegexParser`
[INFO] [stdout]   --> src/parsers.rs:16:9
[INFO] [stdout]    |
[INFO] [stdout] 16 | pub use self::regex::RegexParser;
[INFO] [stdout]    |         ^^^^^^^^^^^^^^^^^^^^^^^^
[INFO] [stdout]    |
[INFO] [stdout]    = note: `#[warn(unused_imports)]` on by default
[INFO] [stdout] 
[INFO] [stdout] 
[INFO] [stdout] warning: unused imports: `AltParser`, `EitherParser`, `Either`, and `either`
[INFO] [stdout]   --> src/parsers.rs:19:23
[INFO] [stdout]    |
[INFO] [stdout] 19 | pub use either::{alt, either, opt, AltParser, Either, EitherParser};
[INFO] [stdout]    |                       ^^^^^^       ^^^^^^^^^  ^^^^^^  ^^^^^^^^^^^^
[INFO] [stdout] 
[INFO] [stdout] 
[INFO] [stdout] warning: unused imports: `LineParser` and `SectionParser`
[INFO] [stdout]   --> src/parsers.rs:21:49
[INFO] [stdout]    |
[INFO] [stdout] 21 | pub use lines::{line, lines, section, sections, LineParser, SectionParser};
[INFO] [stdout]    |                                                 ^^^^^^^^^^  ^^^^^^^^^^^^^
[INFO] [stdout] 
[INFO] [stdout] 
[INFO] [stdout] warning: unused import: `skip`
[INFO] [stdout]   --> src/parsers.rs:22:34
[INFO] [stdout]    |
[INFO] [stdout] 22 | pub use map::{map, single_value, skip, MapParser};
[INFO] [stdout]    |                                  ^^^^
[INFO] [stdout] 
[INFO] [stdout] 
[INFO] [stdout] warning: unused import: `repeat`
[INFO] [stdout]   --> src/parsers.rs:30:24
[INFO] [stdout]    |
[INFO] [stdout] 30 | pub use repeat::{plus, repeat, repeat_sep, star, RepeatParser};
[INFO] [stdout]    |                        ^^^^^^
[INFO] [stdout] 
[INFO] [stdout] 
[INFO] [stdout] warning: unused import: `RuleSetParser`
[INFO] [stdout]   --> src/parsers.rs:31:48
[INFO] [stdout]    |
[INFO] [stdout] 31 | pub use rule_set::{RuleParser, RuleSetBuilder, RuleSetParser};
[INFO] [stdout]    |                                                ^^^^^^^^^^^^^
[INFO] [stdout] 
[INFO] [stdout] 
[INFO] [stdout] warning: unused import: `SequenceParser`
[INFO] [stdout]   --> src/parsers.rs:32:36
[INFO] [stdout]    |
[INFO] [stdout] 32 | pub use sequence::{pair, sequence, SequenceParser};
[INFO] [stdout]    |                                    ^^^^^^^^^^^^^^
[INFO] [stdout] 
[INFO] [stdout] 
[INFO] [stderr]     Finished `dev` profile [unoptimized + debuginfo] target(s) in 14.59s
[INFO] running `Command { std: "docker" "inspect" "a52cb7100c1dc31c659448967872f664508da64c1fc852e4e75119e5e0614a38", kill_on_drop: false }`
[INFO] running `Command { std: "docker" "rm" "-f" "a52cb7100c1dc31c659448967872f664508da64c1fc852e4e75119e5e0614a38", kill_on_drop: false }`
[INFO] [stdout] a52cb7100c1dc31c659448967872f664508da64c1fc852e4e75119e5e0614a38
[INFO] running `Command { std: "docker" "create" "-v" "/var/lib/crater-agent-workspace/builds/worker-7-tc1/target:/opt/rustwide/target:rw,Z" "-v" "/var/lib/crater-agent-workspace/builds/worker-7-tc1/source:/opt/rustwide/workdir:ro,Z" "-v" "/var/lib/crater-agent-workspace/cargo-home:/opt/rustwide/cargo-home:ro,Z" "-v" "/var/lib/crater-agent-workspace/rustup-home:/opt/rustwide/rustup-home:ro,Z" "-e" "SOURCE_DIR=/opt/rustwide/workdir" "-e" "CARGO_TARGET_DIR=/opt/rustwide/target" "-e" "CARGO_INCREMENTAL=0" "-e" "RUST_BACKTRACE=full" "-e" "RUSTFLAGS=--cap-lints=warn" "-e" "RUSTDOCFLAGS=--cap-lints=warn" "-e" "CARGO_HOME=/opt/rustwide/cargo-home" "-e" "RUSTUP_HOME=/opt/rustwide/rustup-home" "-w" "/opt/rustwide/workdir" "-m" "1610612736" "--user" "0:0" "--network" "none" "ghcr.io/rust-lang/crates-build-env/linux@sha256:f3a9d4ad9d972b27faf3965f35b62e55ba32bbce8f20bc8fe909558a86702fde" "/opt/rustwide/cargo-home/bin/cargo" "+1.83.0" "test" "--frozen" "--no-run" "--message-format=json", kill_on_drop: false }`
[INFO] [stdout] dde2e50efe1d08302a8c1bc3201ef2478120fecac45b1d9b7239e70244684eff
[INFO] running `Command { std: "docker" "start" "-a" "dde2e50efe1d08302a8c1bc3201ef2478120fecac45b1d9b7239e70244684eff", kill_on_drop: false }`
[INFO] [stderr]    Compiling serde v1.0.216
[INFO] [stderr]    Compiling serde_json v1.0.133
[INFO] [stderr]    Compiling itoa v1.0.14
[INFO] [stderr]    Compiling ryu v1.0.18
[INFO] [stderr]    Compiling syn v1.0.109
[INFO] [stderr]    Compiling anyhow v1.0.94
[INFO] [stderr]    Compiling serde_derive v1.0.216
[INFO] [stdout] warning: unused import: `self::regex::RegexParser`
[INFO] [stdout]   --> src/parsers.rs:16:9
[INFO] [stdout]    |
[INFO] [stdout] 16 | pub use self::regex::RegexParser;
[INFO] [stdout]    |         ^^^^^^^^^^^^^^^^^^^^^^^^
[INFO] [stdout]    |
[INFO] [stdout]    = note: `#[warn(unused_imports)]` on by default
[INFO] [stdout] 
[INFO] [stdout] 
[INFO] [stdout] warning: unused imports: `AltParser`, `EitherParser`, `Either`, and `either`
[INFO] [stdout]   --> src/parsers.rs:19:23
[INFO] [stdout]    |
[INFO] [stdout] 19 | pub use either::{alt, either, opt, AltParser, Either, EitherParser};
[INFO] [stdout]    |                       ^^^^^^       ^^^^^^^^^  ^^^^^^  ^^^^^^^^^^^^
[INFO] [stdout] 
[INFO] [stdout] 
[INFO] [stdout] warning: unused imports: `LineParser` and `SectionParser`
[INFO] [stdout]   --> src/parsers.rs:21:49
[INFO] [stdout]    |
[INFO] [stdout] 21 | pub use lines::{line, lines, section, sections, LineParser, SectionParser};
[INFO] [stdout]    |                                                 ^^^^^^^^^^  ^^^^^^^^^^^^^
[INFO] [stdout] 
[INFO] [stdout] 
[INFO] [stdout] warning: unused import: `skip`
[INFO] [stdout]   --> src/parsers.rs:22:34
[INFO] [stdout]    |
[INFO] [stdout] 22 | pub use map::{map, single_value, skip, MapParser};
[INFO] [stdout]    |                                  ^^^^
[INFO] [stdout] 
[INFO] [stdout] 
[INFO] [stdout] warning: unused import: `repeat`
[INFO] [stdout]   --> src/parsers.rs:30:24
[INFO] [stdout]    |
[INFO] [stdout] 30 | pub use repeat::{plus, repeat, repeat_sep, star, RepeatParser};
[INFO] [stdout]    |                        ^^^^^^
[INFO] [stdout] 
[INFO] [stdout] 
[INFO] [stdout] warning: unused import: `RuleSetParser`
[INFO] [stdout]   --> src/parsers.rs:31:48
[INFO] [stdout]    |
[INFO] [stdout] 31 | pub use rule_set::{RuleParser, RuleSetBuilder, RuleSetParser};
[INFO] [stdout]    |                                                ^^^^^^^^^^^^^
[INFO] [stdout] 
[INFO] [stdout] 
[INFO] [stdout] warning: unused import: `SequenceParser`
[INFO] [stdout]   --> src/parsers.rs:32:36
[INFO] [stdout]    |
[INFO] [stdout] 32 | pub use sequence::{pair, sequence, SequenceParser};
[INFO] [stdout]    |                                    ^^^^^^^^^^^^^^
[INFO] [stdout] 
[INFO] [stdout] 
[INFO] [stderr]    Compiling aoc-runner-internal v0.1.0
[INFO] [stderr]    Compiling aoc-runner-derive v0.3.0
[INFO] [stderr]    Compiling aoc-parse v0.2.18 (/opt/rustwide/workdir)
[INFO] [stdout] warning: unused import: `self::regex::RegexParser`
[INFO] [stdout]   --> src/parsers.rs:16:9
[INFO] [stdout]    |
[INFO] [stdout] 16 | pub use self::regex::RegexParser;
[INFO] [stdout]    |         ^^^^^^^^^^^^^^^^^^^^^^^^
[INFO] [stdout]    |
[INFO] [stdout]    = note: `#[warn(unused_imports)]` on by default
[INFO] [stdout] 
[INFO] [stdout] 
[INFO] [stdout] warning: unused imports: `AltParser` and `EitherParser`
[INFO] [stdout]   --> src/parsers.rs:19:36
[INFO] [stdout]    |
[INFO] [stdout] 19 | pub use either::{alt, either, opt, AltParser, Either, EitherParser};
[INFO] [stdout]    |                                    ^^^^^^^^^          ^^^^^^^^^^^^
[INFO] [stdout] 
[INFO] [stdout] 
[INFO] [stdout] warning: unused imports: `LineParser` and `SectionParser`
[INFO] [stdout]   --> src/parsers.rs:21:49
[INFO] [stdout]    |
[INFO] [stdout] 21 | pub use lines::{line, lines, section, sections, LineParser, SectionParser};
[INFO] [stdout]    |                                                 ^^^^^^^^^^  ^^^^^^^^^^^^^
[INFO] [stdout] 
[INFO] [stdout] 
[INFO] [stdout] warning: unused import: `skip`
[INFO] [stdout]   --> src/parsers.rs:22:34
[INFO] [stdout]    |
[INFO] [stdout] 22 | pub use map::{map, single_value, skip, MapParser};
[INFO] [stdout]    |                                  ^^^^
[INFO] [stdout] 
[INFO] [stdout] 
[INFO] [stdout] warning: unused import: `repeat`
[INFO] [stdout]   --> src/parsers.rs:30:24
[INFO] [stdout]    |
[INFO] [stdout] 30 | pub use repeat::{plus, repeat, repeat_sep, star, RepeatParser};
[INFO] [stdout]    |                        ^^^^^^
[INFO] [stdout] 
[INFO] [stdout] 
[INFO] [stdout] warning: unused import: `RuleSetParser`
[INFO] [stdout]   --> src/parsers.rs:31:48
[INFO] [stdout]    |
[INFO] [stdout] 31 | pub use rule_set::{RuleParser, RuleSetBuilder, RuleSetParser};
[INFO] [stdout]    |                                                ^^^^^^^^^^^^^
[INFO] [stdout] 
[INFO] [stdout] 
[INFO] [stdout] warning: unused import: `SequenceParser`
[INFO] [stdout]   --> src/parsers.rs:32:36
[INFO] [stdout]    |
[INFO] [stdout] 32 | pub use sequence::{pair, sequence, SequenceParser};
[INFO] [stdout]    |                                    ^^^^^^^^^^^^^^
[INFO] [stdout] 
[INFO] [stdout] 
[INFO] [stdout] warning: unused imports: `alt`, `empty`, `opt`, and `star`
[INFO] [stdout]  --> src/testing.rs:7:26
[INFO] [stdout]   |
[INFO] [stdout] 7 | pub use crate::parsers::{alt, empty, opt, plus, sequence, star};
[INFO] [stdout]   |                          ^^^  ^^^^^  ^^^                  ^^^^
[INFO] [stdout] 
[INFO] [stdout] 
[INFO] [stdout] warning: unused imports: `ParseError` and `ParseIter`
[INFO] [stdout]  --> src/testing.rs:8:17
[INFO] [stdout]   |
[INFO] [stdout] 8 | pub use crate::{ParseError, ParseIter, Parser};
[INFO] [stdout]   |                 ^^^^^^^^^^  ^^^^^^^^^
[INFO] [stdout] 
[INFO] [stdout] 
[INFO] [stderr]     Finished `test` profile [unoptimized + debuginfo] target(s) in 22.45s
[INFO] running `Command { std: "docker" "inspect" "dde2e50efe1d08302a8c1bc3201ef2478120fecac45b1d9b7239e70244684eff", kill_on_drop: false }`
[INFO] running `Command { std: "docker" "rm" "-f" "dde2e50efe1d08302a8c1bc3201ef2478120fecac45b1d9b7239e70244684eff", kill_on_drop: false }`
[INFO] [stdout] dde2e50efe1d08302a8c1bc3201ef2478120fecac45b1d9b7239e70244684eff
[INFO] running `Command { std: "docker" "create" "-v" "/var/lib/crater-agent-workspace/builds/worker-7-tc1/target:/opt/rustwide/target:rw,Z" "-v" "/var/lib/crater-agent-workspace/builds/worker-7-tc1/source:/opt/rustwide/workdir:ro,Z" "-v" "/var/lib/crater-agent-workspace/cargo-home:/opt/rustwide/cargo-home:ro,Z" "-v" "/var/lib/crater-agent-workspace/rustup-home:/opt/rustwide/rustup-home:ro,Z" "-e" "SOURCE_DIR=/opt/rustwide/workdir" "-e" "CARGO_TARGET_DIR=/opt/rustwide/target" "-e" "CARGO_INCREMENTAL=0" "-e" "RUST_BACKTRACE=full" "-e" "RUSTFLAGS=--cap-lints=warn" "-e" "RUSTDOCFLAGS=--cap-lints=warn" "-e" "CARGO_HOME=/opt/rustwide/cargo-home" "-e" "RUSTUP_HOME=/opt/rustwide/rustup-home" "-w" "/opt/rustwide/workdir" "-m" "1610612736" "--user" "0:0" "--network" "none" "ghcr.io/rust-lang/crates-build-env/linux@sha256:f3a9d4ad9d972b27faf3965f35b62e55ba32bbce8f20bc8fe909558a86702fde" "/opt/rustwide/cargo-home/bin/cargo" "+1.83.0" "test" "--frozen", kill_on_drop: false }`
[INFO] [stdout] 1b74e51022cc7ff5dedbc7aafb3d102297dff08ef956e6eb747bad86fe6963ab
[INFO] running `Command { std: "docker" "start" "-a" "1b74e51022cc7ff5dedbc7aafb3d102297dff08ef956e6eb747bad86fe6963ab", kill_on_drop: false }`
[INFO] [stderr] warning: unused import: `self::regex::RegexParser`
[INFO] [stderr]   --> src/parsers.rs:16:9
[INFO] [stderr]    |
[INFO] [stderr] 16 | pub use self::regex::RegexParser;
[INFO] [stderr]    |         ^^^^^^^^^^^^^^^^^^^^^^^^
[INFO] [stderr]    |
[INFO] [stderr]    = note: `#[warn(unused_imports)]` on by default
[INFO] [stderr] 
[INFO] [stderr] warning: unused imports: `AltParser`, `EitherParser`, `Either`, and `either`
[INFO] [stderr]   --> src/parsers.rs:19:23
[INFO] [stderr]    |
[INFO] [stderr] 19 | pub use either::{alt, either, opt, AltParser, Either, EitherParser};
[INFO] [stderr]    |                       ^^^^^^       ^^^^^^^^^  ^^^^^^  ^^^^^^^^^^^^
[INFO] [stderr] 
[INFO] [stderr] warning: unused imports: `LineParser` and `SectionParser`
[INFO] [stderr]   --> src/parsers.rs:21:49
[INFO] [stderr]    |
[INFO] [stderr] 21 | pub use lines::{line, lines, section, sections, LineParser, SectionParser};
[INFO] [stderr]    |                                                 ^^^^^^^^^^  ^^^^^^^^^^^^^
[INFO] [stderr] 
[INFO] [stderr] warning: unused import: `skip`
[INFO] [stderr]   --> src/parsers.rs:22:34
[INFO] [stderr]    |
[INFO] [stderr] 22 | pub use map::{map, single_value, skip, MapParser};
[INFO] [stderr]    |                                  ^^^^
[INFO] [stderr] 
[INFO] [stderr] warning: unused import: `repeat`
[INFO] [stderr]   --> src/parsers.rs:30:24
[INFO] [stderr]    |
[INFO] [stderr] 30 | pub use repeat::{plus, repeat, repeat_sep, star, RepeatParser};
[INFO] [stderr]    |                        ^^^^^^
[INFO] [stderr] 
[INFO] [stderr] warning: unused import: `RuleSetParser`
[INFO] [stderr]   --> src/parsers.rs:31:48
[INFO] [stderr]    |
[INFO] [stderr] 31 | pub use rule_set::{RuleParser, RuleSetBuilder, RuleSetParser};
[INFO] [stderr]    |                                                ^^^^^^^^^^^^^
[INFO] [stderr] 
[INFO] [stderr] warning: unused import: `SequenceParser`
[INFO] [stderr]   --> src/parsers.rs:32:36
[INFO] [stderr]    |
[INFO] [stderr] 32 | pub use sequence::{pair, sequence, SequenceParser};
[INFO] [stderr]    |                                    ^^^^^^^^^^^^^^
[INFO] [stderr] 
[INFO] [stderr] warning: `aoc-parse` (lib) generated 7 warnings (run `cargo fix --lib -p aoc-parse` to apply 7 suggestions)
[INFO] [stderr] warning: unused imports: `AltParser` and `EitherParser`
[INFO] [stderr]   --> src/parsers.rs:19:36
[INFO] [stderr]    |
[INFO] [stderr] 19 | pub use either::{alt, either, opt, AltParser, Either, EitherParser};
[INFO] [stderr]    |                                    ^^^^^^^^^          ^^^^^^^^^^^^
[INFO] [stderr] 
[INFO] [stderr] warning: unused imports: `alt`, `empty`, `opt`, and `star`
[INFO] [stderr]  --> src/testing.rs:7:26
[INFO] [stderr]   |
[INFO] [stderr] 7 | pub use crate::parsers::{alt, empty, opt, plus, sequence, star};
[INFO] [stderr]   |                          ^^^  ^^^^^  ^^^                  ^^^^
[INFO] [stderr] 
[INFO] [stderr] warning: unused imports: `ParseError` and `ParseIter`
[INFO] [stderr]  --> src/testing.rs:8:17
[INFO] [stderr]   |
[INFO] [stderr] 8 | pub use crate::{ParseError, ParseIter, Parser};
[INFO] [stderr]   |                 ^^^^^^^^^^  ^^^^^^^^^
[INFO] [stderr] 
[INFO] [stderr] warning: `aoc-parse` (lib test) generated 9 warnings (6 duplicates) (run `cargo fix --lib -p aoc-parse --tests` to apply 3 suggestions)
[INFO] [stderr]     Finished `test` profile [unoptimized + debuginfo] target(s) in 0.07s
[INFO] [stderr]      Running unittests src/lib.rs (/opt/rustwide/target/debug/deps/aoc_parse-66ccaf4102a6332d)
[INFO] [stdout] 
[INFO] [stdout] running 13 tests
[INFO] [stdout] test parsers::chars::tests::test_char_of ... ok
[INFO] [stdout] test parsers::exact::tests::test_exact_char_errors ... ok
[INFO] [stdout] test parsers::exact::tests::test_string_lifetime ... ok
[INFO] [stdout] test context::tests::test_repeat_region_errors ... ok
[INFO] [stdout] test parsers::lines::tests::test_newline_handling ... ok
[INFO] [stdout] test parsers::primitive::tests::test_bool ... ok
[INFO] [stdout] test parsers::rule_set::tests::test_rule_set ... ok
[INFO] [stdout] test parsers::repeat::tests::test_repeat_basics ... ok
[INFO] [stdout] test parsers::tests::test_parse ... ok
[INFO] [stdout] test parsers::dynamic::tests::test_dynamic ... ok
[INFO] [stdout] test parsers::primitive::tests::test_parse_hex ... ok
[INFO] [stdout] test parsers::primitive::tests::test_float ... ok
[INFO] [stdout] test parsers::primitive::tests::test_bigint ... ok
[INFO] [stdout] 
[INFO] [stdout] test result: ok. 13 passed; 0 failed; 0 ignored; 0 measured; 0 filtered out; finished in 0.00s
[INFO] [stdout] 
[INFO] [stderr]      Running tests/test_2015.rs (/opt/rustwide/target/debug/deps/test_2015-fb27bf8009b13e87)
[INFO] [stdout] 
[INFO] [stdout] running 21 tests
[INFO] [stdout] test day1 ... ok
[INFO] [stdout] test day10 ... ok
[INFO] [stdout] test day11 ... ok
[INFO] [stdout] test day18 ... ok
[INFO] [stdout] test day13 ... ok
[INFO] [stdout] test day19 ... ok
[INFO] [stdout] test day17 ... ok
[INFO] [stdout] test day14 ... ok
[INFO] [stdout] test day16 ... ok
[INFO] [stdout] test day2 ... ok
[INFO] [stdout] test day15 ... ok
[INFO] [stdout] test day22 ... ok
[INFO] [stdout] test day23 ... ok
[INFO] [stdout] test day4 ... ok
[INFO] [stdout] test day3 ... ok
[INFO] [stdout] test day21 ... ok
[INFO] [stdout] test day5 ... ok
[INFO] [stdout] test day8 ... ok
[INFO] [stdout] test day7 ... ok
[INFO] [stdout] test day9 ... ok
[INFO] [stdout] test day6 ... ok
[INFO] [stdout] 
[INFO] [stdout] test result: ok. 21 passed; 0 failed; 0 ignored; 0 measured; 0 filtered out; finished in 0.00s
[INFO] [stdout] 
[INFO] [stderr]      Running tests/test_2016.rs (/opt/rustwide/target/debug/deps/test_2016-e66c93114c8b9026)
[INFO] [stdout] 
[INFO] [stdout] running 7 tests
[INFO] [stdout] test day2 ... ok
[INFO] [stdout] test day6 ... ok
[INFO] [stdout] test day7 ... ok
[INFO] [stdout] test day1 ... ok
[INFO] [stdout] test day8 ... ok
[INFO] [stdout] test day4 ... ok
[INFO] [stdout] test day3 ... ok
[INFO] [stdout] 
[INFO] [stdout] test result: ok. 7 passed; 0 failed; 0 ignored; 0 measured; 0 filtered out; finished in 0.00s
[INFO] [stdout] 
[INFO] [stderr]      Running tests/test_2020.rs (/opt/rustwide/target/debug/deps/test_2020-f34325ef6bc7ae29)
[INFO] [stdout] 
[INFO] [stdout] running 1 test
[INFO] [stdout] test day7 ... ok
[INFO] [stdout] 
[INFO] [stderr]      Running tests/test_2021.rs (/opt/rustwide/target/debug/deps/test_2021-79ed3103149ce189)
[INFO] [stdout] test result: ok. 1 passed; 0 failed; 0 ignored; 0 measured; 0 filtered out; finished in 0.00s
[INFO] [stdout] 
[INFO] [stdout] 
[INFO] [stdout] running 7 tests
[INFO] [stdout] test day8 ... ok
[INFO] [stdout] test day3 ... ok
[INFO] [stdout] test day1 ... ok
[INFO] [stdout] test day6 ... ok
[INFO] [stdout] test day2 ... ok
[INFO] [stdout] test day7 ... ok
[INFO] [stdout] test day5 ... ok
[INFO] [stdout] 
[INFO] [stdout] test result: ok. 7 passed; 0 failed; 0 ignored; 0 measured; 0 filtered out; finished in 0.00s
[INFO] [stdout] 
[INFO] [stderr]      Running tests/test_2022.rs (/opt/rustwide/target/debug/deps/test_2022-7238e871bddc09bc)
[INFO] [stdout] 
[INFO] [stdout] running 11 tests
[INFO] [stdout] test day2 ... ok
[INFO] [stdout] test day3 ... ok
[INFO] [stdout] test day15 ... ok
[INFO] [stdout] test day4 ... ok
[INFO] [stdout] test day11 ... ok
[INFO] [stdout] test day13 ... ok
[INFO] [stdout] test day16 ... ok
[INFO] [stdout] test day7 ... ok
[INFO] [stdout] test day8 ... ok
[INFO] [stdout] test day5 ... ok
[INFO] [stdout] test day9 ... ok
[INFO] [stdout] 
[INFO] [stdout] test result: ok. 11 passed; 0 failed; 0 ignored; 0 measured; 0 filtered out; finished in 0.00s
[INFO] [stdout] 
[INFO] [stderr]      Running tests/test_functions.rs (/opt/rustwide/target/debug/deps/test_functions-27ea4fa0fa03b91f)
[INFO] [stdout] 
[INFO] [stdout] running 3 tests
[INFO] [stdout] test test_function_no_arguments ... ok
[INFO] [stdout] test test_custom_parser_combinator ... ok
[INFO] [stdout] test test_function_int_argument ... ok
[INFO] [stdout] 
[INFO] [stdout] test result: ok. 3 passed; 0 failed; 0 ignored; 0 measured; 0 filtered out; finished in 0.00s
[INFO] [stdout] 
[INFO] [stderr]      Running tests/test_json_parser.rs (/opt/rustwide/target/debug/deps/test_json_parser-9953251d242af01f)
[INFO] [stdout] 
[INFO] [stdout] running 1 test
[INFO] [stdout] test test_rule_set_json ... ok
[INFO] [stdout] 
[INFO] [stdout] test result: ok. 1 passed; 0 failed; 0 ignored; 0 measured; 0 filtered out; finished in 0.00s
[INFO] [stdout] 
[INFO] [stderr]      Running tests/test_macros.rs (/opt/rustwide/target/debug/deps/test_macros-78a011f300c74f0b)
[INFO] [stdout] 
[INFO] [stdout] running 17 tests
[INFO] [stdout] test test_alt_exact ... ok
[INFO] [stdout] test test_alt_map ... ok
[INFO] [stdout] test test_backtracking ... ok
[INFO] [stdout] test test_chars ... ok
[INFO] [stdout] test test_hello_world ... ok
[INFO] [stdout] test test_lines_exact ... ok
[INFO] [stdout] test names_and_scopes::test_map_syntax ... ok
[INFO] [stdout] test test_repeat ... ok
[INFO] [stdout] test test_alt_tuple ... ok
[INFO] [stdout] test test_const_char ... ok
[INFO] [stdout] test test_repeat_exact ... ok
[INFO] [stdout] test test_mappers ... ok
[INFO] [stdout] test test_repeat_sep ... ok
[INFO] [stdout] test test_unused_labels ... ok
[INFO] [stdout] test test_sections ... ok
[INFO] [stdout] test test_root ... ok
[INFO] [stdout] test test_rule_set ... ok
[INFO] [stdout] 
[INFO] [stdout] test result: ok. 17 passed; 0 failed; 0 ignored; 0 measured; 0 filtered out; finished in 0.00s
[INFO] [stdout] 
[INFO] [stderr]    Doc-tests aoc_parse
[INFO] [stdout] 
[INFO] [stdout] running 26 tests
[INFO] [stdout] test src/macros.rs - macros (line 20) - compile fail ... ok
[INFO] [stdout] test src/macros.rs - macros (line 14) - compile fail ... ok
[INFO] [stdout] test src/macros.rs - macros (line 32) - compile fail ... ok
[INFO] [stdout] test src/macros.rs - macros (line 38) - compile fail ... ok
[INFO] [stdout] test src/macros.rs - macros (line 44) - compile fail ... ok
[INFO] [stdout] test src/macros.rs - macros (line 26) - compile fail ... ok
[INFO] [stdout] test src/macros.rs - macros (line 8) - compile fail ... ok
[INFO] [stdout] test src/macros.rs - macros (line 63) - compile fail ... ok
[INFO] [stdout] test src/lib.rs - (line 35) ... ok
[INFO] [stdout] test src/lib.rs - (line 53) ... FAILED
[INFO] [stdout] test src/util.rs - util::aoc_parse (line 14) - compile ... ok
[INFO] [stdout] test src/lib.rs - (line 323) ... ok
[INFO] [stdout] test src/lib.rs - (line 365) ... ok
[INFO] [stdout] test src/lib.rs - (line 232) ... ok
[INFO] [stdout] test src/lib.rs - (line 356) ... ok
[INFO] [stdout] test src/parsers/lines.rs - parsers::lines::lines (line 208) ... ok
[INFO] [stdout] test src/parsers/collections.rs - parsers::collections::hash_set (line 57) ... ok
[INFO] [stdout] test src/lib.rs - (line 118) ... ok
[INFO] [stdout] test src/lib.rs - (line 269) ... ok
[INFO] [stdout] test src/parsers/map.rs - parsers::map::map (line 126) ... ok
[INFO] [stdout] test src/parsers/collections.rs - parsers::collections::hash_map (line 32) ... ok
[INFO] [stdout] test src/lib.rs - (line 386) ... ok
[INFO] [stdout] test src/parsers/map.rs - parsers::map::map (line 136) ... ok
[INFO] [stdout] test src/lib.rs - (line 189) ... ok
[INFO] [stdout] test src/parsers/map.rs - parsers::map::map (line 118) ... ok
[INFO] [stdout] test src/lib.rs - (line 23) ... ok
[INFO] [stdout] 
[INFO] [stdout] failures:
[INFO] [stdout] 
[INFO] [stdout] ---- src/lib.rs - (line 53) stdout ----
[INFO] [stdout] error: linking with `cc` failed: exit status: 1
[INFO] [stdout]   |
[INFO] [stdout]   = note: LC_ALL="C" PATH="/opt/rustwide/rustup-home/toolchains/1.83.0-x86_64-unknown-linux-gnu/lib/rustlib/x86_64-unknown-linux-gnu/bin:/opt/rustwide/cargo-home/bin:/usr/local/sbin:/usr/local/bin:/usr/sbin:/usr/bin:/sbin:/bin" VSLANG="1033" "cc" "-m64" "/tmp/rustckzcW2p/symbols.o" "/tmp/rustdoctestlKp0gp/rust_out.rust_out.cb03291d53e4e161-cgu.0.rcgu.o" "/tmp/rustdoctestlKp0gp/rust_out.1s7umcihpz0t7nkz1uc2ifee9.rcgu.o" "-Wl,--as-needed" "-Wl,-Bstatic" "/opt/rustwide/target/debug/deps/libaoc_parse-02c9d4c7d6d90d95.rlib" "/opt/rustwide/target/debug/deps/libregex-64f88d847001da0c.rlib" "/opt/rustwide/target/debug/deps/libregex_automata-be8c6f0bea44587d.rlib" "/opt/rustwide/target/debug/deps/libaho_corasick-7c62546353774bfd.rlib" "/opt/rustwide/target/debug/deps/libmemchr-6b84ce758acd6c63.rlib" "/opt/rustwide/target/debug/deps/libregex_syntax-155e812807b49638.rlib" "/opt/rustwide/target/debug/deps/libnum_bigint-6ef883a60a2a40e8.rlib" "/opt/rustwide/target/debug/deps/libnum_integer-f0d13f80b56d91d3.rlib" "/opt/rustwide/target/debug/deps/libnum_traits-15e1fbffc26ebd9a.rlib" "/opt/rustwide/target/debug/deps/liblazy_static-977f75dcedc2f7be.rlib" "/opt/rustwide/target/debug/deps/libthiserror-2b6bc4b9b23ad706.rlib" "/opt/rustwide/rustup-home/toolchains/1.83.0-x86_64-unknown-linux-gnu/lib/rustlib/x86_64-unknown-linux-gnu/lib/libstd-ca74a2d9c5166d9f.rlib" "/opt/rustwide/rustup-home/toolchains/1.83.0-x86_64-unknown-linux-gnu/lib/rustlib/x86_64-unknown-linux-gnu/lib/libpanic_unwind-e31ab23316ed5080.rlib" "/opt/rustwide/rustup-home/toolchains/1.83.0-x86_64-unknown-linux-gnu/lib/rustlib/x86_64-unknown-linux-gnu/lib/libobject-27dc4aa955912662.rlib" "/opt/rustwide/rustup-home/toolchains/1.83.0-x86_64-unknown-linux-gnu/lib/rustlib/x86_64-unknown-linux-gnu/lib/libmemchr-bd0d6cccce077b99.rlib" "/opt/rustwide/rustup-home/toolchains/1.83.0-x86_64-unknown-linux-gnu/lib/rustlib/x86_64-unknown-linux-gnu/lib/libaddr2line-8d001680935b5e3c.rlib" "/opt/rustwide/rustup-home/toolchains/1.83.0-x86_64-unknown-linux-gnu/lib/rustlib/x86_64-unknown-linux-gnu/lib/libgimli-ba8ce71964f984f4.rlib" "/opt/rustwide/rustup-home/toolchains/1.83.0-x86_64-unknown-linux-gnu/lib/rustlib/x86_64-unknown-linux-gnu/lib/librustc_demangle-99a73526abcec14b.rlib" "/opt/rustwide/rustup-home/toolchains/1.83.0-x86_64-unknown-linux-gnu/lib/rustlib/x86_64-unknown-linux-gnu/lib/libstd_detect-63ac0d22cff92579.rlib" "/opt/rustwide/rustup-home/toolchains/1.83.0-x86_64-unknown-linux-gnu/lib/rustlib/x86_64-unknown-linux-gnu/lib/libhashbrown-9057355c92c922d5.rlib" "/opt/rustwide/rustup-home/toolchains/1.83.0-x86_64-unknown-linux-gnu/lib/rustlib/x86_64-unknown-linux-gnu/lib/librustc_std_workspace_alloc-358be9bc1f6bab04.rlib" "/opt/rustwide/rustup-home/toolchains/1.83.0-x86_64-unknown-linux-gnu/lib/rustlib/x86_64-unknown-linux-gnu/lib/libminiz_oxide-aca15549d5bff974.rlib" "/opt/rustwide/rustup-home/toolchains/1.83.0-x86_64-unknown-linux-gnu/lib/rustlib/x86_64-unknown-linux-gnu/lib/libadler-8251d2cef7072448.rlib" "/opt/rustwide/rustup-home/toolchains/1.83.0-x86_64-unknown-linux-gnu/lib/rustlib/x86_64-unknown-linux-gnu/lib/libunwind-7d50b86011c66411.rlib" "/opt/rustwide/rustup-home/toolchains/1.83.0-x86_64-unknown-linux-gnu/lib/rustlib/x86_64-unknown-linux-gnu/lib/libcfg_if-51ea098fce5006bf.rlib" "/opt/rustwide/rustup-home/toolchains/1.83.0-x86_64-unknown-linux-gnu/lib/rustlib/x86_64-unknown-linux-gnu/lib/liblibc-5a14e0d0b712e731.rlib" "/opt/rustwide/rustup-home/toolchains/1.83.0-x86_64-unknown-linux-gnu/lib/rustlib/x86_64-unknown-linux-gnu/lib/liballoc-8b83dbf3a7b8f999.rlib" "/opt/rustwide/rustup-home/toolchains/1.83.0-x86_64-unknown-linux-gnu/lib/rustlib/x86_64-unknown-linux-gnu/lib/librustc_std_workspace_core-c6fd227bdc7b39ff.rlib" "/opt/rustwide/rustup-home/toolchains/1.83.0-x86_64-unknown-linux-gnu/lib/rustlib/x86_64-unknown-linux-gnu/lib/libcore-959d3389fa3da8a5.rlib" "/opt/rustwide/rustup-home/toolchains/1.83.0-x86_64-unknown-linux-gnu/lib/rustlib/x86_64-unknown-linux-gnu/lib/libcompiler_builtins-abe05db089cc2c62.rlib" "-Wl,-Bdynamic" "-lgcc_s" "-lutil" "-lrt" "-lpthread" "-lm" "-ldl" "-lc" "-Wl,--eh-frame-hdr" "-Wl,-z,noexecstack" "-L" "/opt/rustwide/rustup-home/toolchains/1.83.0-x86_64-unknown-linux-gnu/lib/rustlib/x86_64-unknown-linux-gnu/lib" "-o" "/tmp/rustdoctestlKp0gp/rust_out" "-Wl,--gc-sections" "-pie" "-Wl,-z,relro,-z,now" "-nodefaultlibs"
[INFO] [stdout]   = note: collect2: fatal error: ld terminated with signal 9 [Killed]
[INFO] [stdout]           compilation terminated.
[INFO] [stdout]           
[INFO] [stdout] 
[INFO] [stdout] error: aborting due to 1 previous error
[INFO] [stdout] 
[INFO] [stdout] Couldn't compile the test.
[INFO] [stdout] 
[INFO] [stdout] failures:
[INFO] [stdout]     src/lib.rs - (line 53)
[INFO] [stdout] 
[INFO] [stdout] test result: FAILED. 25 passed; 1 failed; 0 ignored; 0 measured; 0 filtered out; finished in 3.86s
[INFO] [stdout] 
[INFO] [stderr] error: doctest failed, to rerun pass `--doc`
[INFO] running `Command { std: "docker" "inspect" "1b74e51022cc7ff5dedbc7aafb3d102297dff08ef956e6eb747bad86fe6963ab", kill_on_drop: false }`
[INFO] running `Command { std: "docker" "rm" "-f" "1b74e51022cc7ff5dedbc7aafb3d102297dff08ef956e6eb747bad86fe6963ab", kill_on_drop: false }`
[INFO] [stdout] 1b74e51022cc7ff5dedbc7aafb3d102297dff08ef956e6eb747bad86fe6963ab
