[INFO] fetching crate aimo 0.1.12...
[INFO] testing aimo-0.1.12 against beta-2024-12-08 for beta-1.84.0-4-retry
[INFO] extracting crate aimo 0.1.12 into /workspace/builds/worker-4-tc2/source
[INFO] validating manifest of crates.io crate aimo 0.1.12 on toolchain beta-2024-12-08
[INFO] running `Command { std: CARGO_HOME="/workspace/cargo-home" RUSTUP_HOME="/workspace/rustup-home" "/workspace/cargo-home/bin/cargo" "+beta-2024-12-08" "metadata" "--manifest-path" "Cargo.toml" "--no-deps", kill_on_drop: false }`
[INFO] started tweaking crates.io crate aimo 0.1.12
[INFO] finished tweaking crates.io crate aimo 0.1.12
[INFO] tweaked toml for crates.io crate aimo 0.1.12 written to /workspace/builds/worker-4-tc2/source/Cargo.toml
[INFO] crate crates.io crate aimo 0.1.12 already has a lockfile, it will not be regenerated
[INFO] running `Command { std: CARGO_HOME="/workspace/cargo-home" RUSTUP_HOME="/workspace/rustup-home" "/workspace/cargo-home/bin/cargo" "+beta-2024-12-08" "fetch" "--manifest-path" "Cargo.toml", kill_on_drop: false }`
[INFO] running `Command { std: "docker" "create" "-v" "/var/lib/crater-agent-workspace/builds/worker-4-tc2/target:/opt/rustwide/target:rw,Z" "-v" "/var/lib/crater-agent-workspace/builds/worker-4-tc2/source:/opt/rustwide/workdir:ro,Z" "-v" "/var/lib/crater-agent-workspace/cargo-home:/opt/rustwide/cargo-home:ro,Z" "-v" "/var/lib/crater-agent-workspace/rustup-home:/opt/rustwide/rustup-home:ro,Z" "-e" "SOURCE_DIR=/opt/rustwide/workdir" "-e" "CARGO_TARGET_DIR=/opt/rustwide/target" "-e" "CARGO_HOME=/opt/rustwide/cargo-home" "-e" "RUSTUP_HOME=/opt/rustwide/rustup-home" "-w" "/opt/rustwide/workdir" "-m" "1610612736" "--user" "0:0" "--network" "none" "ghcr.io/rust-lang/crates-build-env/linux@sha256:f3a9d4ad9d972b27faf3965f35b62e55ba32bbce8f20bc8fe909558a86702fde" "/opt/rustwide/cargo-home/bin/cargo" "+beta-2024-12-08" "metadata" "--no-deps" "--format-version=1", kill_on_drop: false }`
[INFO] [stdout] 3db1e424dac4391bc8b389e554ac7e7e40f2798327873a1ae6d3bc8b5418be97
[INFO] running `Command { std: "docker" "start" "-a" "3db1e424dac4391bc8b389e554ac7e7e40f2798327873a1ae6d3bc8b5418be97", kill_on_drop: false }`
[INFO] running `Command { std: "docker" "inspect" "3db1e424dac4391bc8b389e554ac7e7e40f2798327873a1ae6d3bc8b5418be97", kill_on_drop: false }`
[INFO] running `Command { std: "docker" "rm" "-f" "3db1e424dac4391bc8b389e554ac7e7e40f2798327873a1ae6d3bc8b5418be97", kill_on_drop: false }`
[INFO] [stdout] 3db1e424dac4391bc8b389e554ac7e7e40f2798327873a1ae6d3bc8b5418be97
[INFO] running `Command { std: "docker" "create" "-v" "/var/lib/crater-agent-workspace/builds/worker-4-tc2/target:/opt/rustwide/target:rw,Z" "-v" "/var/lib/crater-agent-workspace/builds/worker-4-tc2/source:/opt/rustwide/workdir:ro,Z" "-v" "/var/lib/crater-agent-workspace/cargo-home:/opt/rustwide/cargo-home:ro,Z" "-v" "/var/lib/crater-agent-workspace/rustup-home:/opt/rustwide/rustup-home:ro,Z" "-e" "SOURCE_DIR=/opt/rustwide/workdir" "-e" "CARGO_TARGET_DIR=/opt/rustwide/target" "-e" "CARGO_INCREMENTAL=0" "-e" "RUST_BACKTRACE=full" "-e" "RUSTFLAGS=--cap-lints=warn" "-e" "RUSTDOCFLAGS=--cap-lints=warn" "-e" "CARGO_HOME=/opt/rustwide/cargo-home" "-e" "RUSTUP_HOME=/opt/rustwide/rustup-home" "-w" "/opt/rustwide/workdir" "-m" "1610612736" "--user" "0:0" "--network" "none" "ghcr.io/rust-lang/crates-build-env/linux@sha256:f3a9d4ad9d972b27faf3965f35b62e55ba32bbce8f20bc8fe909558a86702fde" "/opt/rustwide/cargo-home/bin/cargo" "+beta-2024-12-08" "build" "--frozen" "--message-format=json", kill_on_drop: false }`
[INFO] [stdout] 7d7d83403465fad38378df090509c28fee34cf2608e0b21e3fe67211d2d47018
[INFO] running `Command { std: "docker" "start" "-a" "7d7d83403465fad38378df090509c28fee34cf2608e0b21e3fe67211d2d47018", kill_on_drop: false }`
[INFO] [stderr]    Compiling proc-macro2 v1.0.82
[INFO] [stderr]    Compiling unicode-ident v1.0.12
[INFO] [stderr]    Compiling libc v0.2.154
[INFO] [stderr]    Compiling cfg-if v1.0.0
[INFO] [stderr]    Compiling log v0.4.21
[INFO] [stderr]    Compiling autocfg v1.3.0
[INFO] [stderr]    Compiling serde v1.0.201
[INFO] [stderr]    Compiling cc v1.0.97
[INFO] [stderr]    Compiling pin-project-lite v0.2.14
[INFO] [stderr]    Compiling bytes v1.6.0
[INFO] [stderr]    Compiling itoa v1.0.11
[INFO] [stderr]    Compiling memchr v2.7.2
[INFO] [stderr]    Compiling hashbrown v0.14.5
[INFO] [stderr]    Compiling smallvec v1.13.2
[INFO] [stderr]    Compiling equivalent v1.0.1
[INFO] [stderr]    Compiling version_check v0.9.4
[INFO] [stderr]    Compiling once_cell v1.19.0
[INFO] [stderr]    Compiling indexmap v2.2.6
[INFO] [stderr]    Compiling pkg-config v0.3.30
[INFO] [stderr]    Compiling futures-core v0.3.30
[INFO] [stderr]    Compiling quote v1.0.36
[INFO] [stderr]    Compiling fnv v1.0.7
[INFO] [stderr]    Compiling slab v0.4.9
[INFO] [stderr]    Compiling rustix v0.38.34
[INFO] [stderr]    Compiling syn v2.0.61
[INFO] [stderr]    Compiling pin-utils v0.1.0
[INFO] [stderr]    Compiling linux-raw-sys v0.4.13
[INFO] [stderr]    Compiling ring v0.17.8
[INFO] [stderr]    Compiling tracing-core v0.1.32
[INFO] [stderr]    Compiling thiserror v1.0.60
[INFO] [stderr]    Compiling futures-task v0.3.30
[INFO] [stderr]    Compiling ryu v1.0.18
[INFO] [stderr]    Compiling rustls-pki-types v1.7.0
[INFO] [stderr]    Compiling wayland-sys v0.31.1
[INFO] [stderr]    Compiling http v1.1.0
[INFO] [stderr]    Compiling quick-xml v0.31.0
[INFO] [stderr]    Compiling libloading v0.8.3
[INFO] [stderr]    Compiling typenum v1.17.0
[INFO] [stderr]    Compiling either v1.11.0
[INFO] [stderr]    Compiling subtle v2.5.0
[INFO] [stderr]    Compiling futures-sink v0.3.30
[INFO] [stderr]    Compiling dlib v0.5.2
[INFO] [stderr]    Compiling wayland-backend v0.3.3
[INFO] [stderr]    Compiling unicase v2.7.0
[INFO] [stderr]    Compiling signal-hook-registry v1.4.2
[INFO] [stderr]    Compiling mio v0.8.11
[INFO] [stderr]    Compiling num_cpus v1.16.0
[INFO] [stderr]    Compiling socket2 v0.5.7
[INFO] [stderr]    Compiling getrandom v0.2.15
[INFO] [stderr]    Compiling generic-array v0.14.7
[INFO] [stderr]    Compiling num-traits v0.2.19
[INFO] [stderr]    Compiling lock_api v0.4.12
[INFO] [stderr]    Compiling num-conv v0.1.0
[INFO] [stderr]    Compiling powerfmt v0.2.0
[INFO] [stderr]    Compiling time-core v0.1.2
[INFO] [stderr]    Compiling parking_lot_core v0.9.10
[INFO] [stderr]    Compiling httparse v1.8.0
[INFO] [stderr]    Compiling untrusted v0.9.0
[INFO] [stderr]    Compiling spin v0.9.8
[INFO] [stderr]    Compiling time-macros v0.2.18
[INFO] [stderr]    Compiling deranged v0.3.11
[INFO] [stderr]    Compiling http-body v1.0.0
[INFO] [stderr]    Compiling try-lock v0.2.5
[INFO] [stderr]    Compiling minimal-lexical v0.2.1
[INFO] [stderr]    Compiling num_threads v0.1.7
[INFO] [stderr]    Compiling scoped-tls v1.0.1
[INFO] [stderr]    Compiling downcast-rs v1.2.1
[INFO] [stderr]    Compiling signal-hook v0.3.17
[INFO] [stderr]    Compiling tinyvec_macros v0.1.1
[INFO] [stderr]    Compiling serde_json v1.0.117
[INFO] [stderr]    Compiling rustls v0.22.4
[INFO] [stderr]    Compiling scopeguard v1.2.0
[INFO] [stderr]    Compiling nom v7.1.3
[INFO] [stderr]    Compiling tinyvec v1.6.0
[INFO] [stderr]    Compiling want v0.3.1
[INFO] [stderr]    Compiling wayland-scanner v0.31.1
[INFO] [stderr]    Compiling futures-channel v0.3.30
[INFO] [stderr]    Compiling rustls-webpki v0.102.3
[INFO] [stderr]    Compiling crc32fast v1.4.0
[INFO] [stderr]    Compiling cfg_aliases v0.1.1
[INFO] [stderr]    Compiling tower-layer v0.3.2
[INFO] [stderr]    Compiling time v0.3.36
[INFO] [stderr]    Compiling percent-encoding v2.3.1
[INFO] [stderr]    Compiling tower-service v0.3.2
[INFO] [stderr]    Compiling httpdate v1.0.3
[INFO] [stderr]    Compiling zeroize v1.7.0
[INFO] [stderr]    Compiling form_urlencoded v1.2.1
[INFO] [stderr]    Compiling nix v0.28.0
[INFO] [stderr]    Compiling parking_lot v0.12.2
[INFO] [stderr]    Compiling mime_guess v2.0.4
[INFO] [stderr]    Compiling unicode-normalization v0.1.23
[INFO] [stderr]    Compiling onig_sys v69.8.1
[INFO] [stderr]    Compiling unicode-bidi v0.3.15
[INFO] [stderr]    Compiling base64 v0.22.1
[INFO] [stderr]    Compiling rustversion v1.0.16
[INFO] [stderr]    Compiling fixedbitset v0.4.2
[INFO] [stderr]    Compiling regex-syntax v0.8.3
[INFO] [stderr]    Compiling rustls-pemfile v2.1.2
[INFO] [stderr]    Compiling serde_derive v1.0.201
[INFO] [stderr]    Compiling tokio-macros v2.2.0
[INFO] [stderr]    Compiling tracing-attributes v0.1.27
[INFO] [stderr]    Compiling futures-macro v0.3.30
[INFO] [stderr]    Compiling thiserror-impl v1.0.60
[INFO] [stderr]    Compiling tokio v1.37.0
[INFO] [stderr]    Compiling futures-util v0.3.30
[INFO] [stderr]    Compiling pin-project-internal v1.1.5
[INFO] [stderr]    Compiling petgraph v0.6.5
[INFO] [stderr]    Compiling tracing v0.1.40
[INFO] [stderr]    Compiling idna v0.5.0
[INFO] [stderr]    Compiling pin-project v1.1.5
[INFO] [stderr]    Compiling signal-hook-mio v0.2.3
[INFO] [stderr]    Compiling block-buffer v0.10.4
[INFO] [stderr]    Compiling crypto-common v0.1.6
[INFO] [stderr]    Compiling rand_core v0.6.4
[INFO] [stderr]    Compiling vte_generate_state_changes v0.1.1
[INFO] [stderr]    Compiling aho-corasick v1.1.3
[INFO] [stderr]    Compiling mime v0.3.17
[INFO] [stderr]    Compiling tokio-util v0.7.11
[INFO] [stderr]    Compiling tower v0.4.13
[INFO] [stderr]    Compiling tokio-rustls v0.25.0
[INFO] [stderr]    Compiling ppv-lite86 v0.2.17
[INFO] [stderr]    Compiling unicode-width v0.1.12
[INFO] [stderr]    Compiling vsimd v0.8.0
[INFO] [stderr]    Compiling home v0.5.9
[INFO] [stderr]    Compiling utf8parse v0.2.1
[INFO] [stderr]    Compiling h2 v0.4.4
[INFO] [stderr]    Compiling openssl-probe v0.1.5
[INFO] [stderr]    Compiling outref v0.5.1
[INFO] [stderr]    Compiling adler v1.0.2
[INFO] [stderr]    Compiling fastrand v2.1.0
[INFO] [stderr]    Compiling miniz_oxide v0.7.2
[INFO] [stderr]    Compiling base64-simd v0.8.0
[INFO] [stderr]    Compiling rustls-native-certs v0.7.0
[INFO] [stderr]    Compiling regex-automata v0.4.6
[INFO] [stderr]    Compiling vte v0.11.1
[INFO] [stderr]    Compiling tree_magic_mini v3.1.4
[INFO] [stderr]    Compiling rand_chacha v0.3.1
[INFO] [stderr]    Compiling tokio-socks v0.5.1
[INFO] [stderr]    Compiling digest v0.10.7
[INFO] [stderr]    Compiling url v2.5.0
[INFO] [stderr]    Compiling bitflags v2.5.0
[INFO] [stderr]    Compiling crossterm v0.27.0
[INFO] [stderr]    Compiling serde_urlencoded v0.7.1
[INFO] [stderr]    Compiling derive-new v0.6.0
[INFO] [stderr]    Compiling num-integer v0.1.46
[INFO] [stderr]    Compiling http-body-util v0.1.1
[INFO] [stderr]    Compiling os_pipe v1.1.5
[INFO] [stderr]    Compiling bytes-utils v0.1.4
[INFO] [stderr]    Compiling webpki-roots v0.26.1
[INFO] [stderr]    Compiling option-ext v0.2.0
[INFO] [stderr]    Compiling bit-vec v0.6.3
[INFO] [stderr]    Compiling base64 v0.21.7
[INFO] [stderr]    Compiling x11rb-protocol v0.13.1
[INFO] [stderr]    Compiling same-file v1.0.6
[INFO] [stderr]    Compiling anyhow v1.0.83
[INFO] [stderr]    Compiling unicode-linebreak v0.1.5
[INFO] [stderr]    Compiling ipnet v2.9.0
[INFO] [stderr]    Compiling smawk v0.3.2
[INFO] [stderr]    Compiling hyper v1.3.1
[INFO] [stderr]    Compiling bitflags v1.3.2
[INFO] [stderr]    Compiling line-wrap v0.2.0
[INFO] [stderr]    Compiling sync_wrapper v0.1.2
[INFO] [stderr]    Compiling bytemuck v1.15.0
[INFO] [stderr]    Compiling iana-time-zone v0.1.60
[INFO] [stderr]    Compiling heck v0.4.1
[INFO] [stderr]    Compiling strum_macros v0.26.2
[INFO] [stderr]    Compiling chrono v0.4.38
[INFO] [stderr]    Compiling rgb v0.8.37
[INFO] [stderr]    Compiling plist v1.6.1
[INFO] [stderr]    Compiling hyper-util v0.1.3
[INFO] [stderr]    Compiling tempfile v3.10.1
[INFO] [stderr]    Compiling wayland-client v0.31.2
[INFO] [stderr]    Compiling fd-lock v4.0.2
[INFO] [stderr]    Compiling onig v6.4.0
[INFO] [stderr]    Compiling textwrap v0.16.1
[INFO] [stderr]    Compiling hyper-rustls v0.26.0
[INFO] [stderr]    Compiling walkdir v2.5.0
[INFO] [stderr]    Compiling reqwest v0.12.4
[INFO] [stderr]    Compiling bit-set v0.5.3
[INFO] [stderr]    Compiling aws-smithy-types v1.1.9
[INFO] [stderr]    Compiling x11rb v0.13.1
[INFO] [stderr]    Compiling dirs-sys v0.4.1
[INFO] [stderr]    Compiling bincode v1.3.3
[INFO] [stderr]    Compiling rand v0.8.5
[INFO] [stderr]    Compiling strip-ansi-escapes v0.2.0
[INFO] [stderr]    Compiling flate2 v1.0.30
[INFO] [stderr]    Compiling eventsource-stream v0.2.3
[INFO] [stderr]    Compiling wayland-protocols v0.31.2
[INFO] [stderr]    Compiling itertools v0.12.1
[INFO] [stderr]    Compiling strum v0.26.2
[INFO] [stderr]    Compiling nu-ansi-term v0.50.0
[INFO] [stderr]    Compiling lazy_static v1.4.0
[INFO] [stderr]    Compiling unsafe-libyaml v0.2.11
[INFO] [stderr]    Compiling cpufeatures v0.2.12
[INFO] [stderr]    Compiling futures-timer v3.0.3
[INFO] [stderr]    Compiling unicode-segmentation v1.11.0
[INFO] [stderr]    Compiling termcolor v1.4.1
[INFO] [stderr]    Compiling wayland-protocols-wlr v0.2.0
[INFO] [stderr]    Compiling simplelog v0.12.2
[INFO] [stderr]    Compiling serde_yaml v0.9.34+deprecated
[INFO] [stderr]    Compiling reqwest-eventsource v0.6.0
[INFO] [stderr]    Compiling sha2 v0.10.8
[INFO] [stderr]    Compiling reedline v0.32.0
[INFO] [stderr]    Compiling wl-clipboard-rs v0.8.1
[INFO] [stderr]    Compiling minimo v0.3.36
[INFO] [stderr]    Compiling syntect v5.2.0
[INFO] [stderr]    Compiling aws-smithy-eventstream v0.60.4
[INFO] [stderr]    Compiling arboard v3.4.0
[INFO] [stderr]    Compiling dirs v5.0.1
[INFO] [stderr]    Compiling fancy-regex v0.13.0
[INFO] [stderr]    Compiling ansi_colours v1.2.2
[INFO] [stderr]    Compiling bstr v1.9.1
[INFO] [stderr]    Compiling hmac v0.12.1
[INFO] [stderr]    Compiling tokio-stream v0.1.15
[INFO] [stderr]    Compiling tokio-graceful v0.1.6
[INFO] [stderr]    Compiling async-recursion v1.1.1
[INFO] [stderr]    Compiling async-trait v0.1.80
[INFO] [stderr]    Compiling is-terminal v0.4.12
[INFO] [stderr]    Compiling rustc-hash v1.1.0
[INFO] [stderr]    Compiling urlencoding v2.1.3
[INFO] [stderr]    Compiling shell-words v1.1.0
[INFO] [stderr]    Compiling aimo v0.1.12 (/opt/rustwide/workdir)
[INFO] [stdout] warning: unused import: `std::sync::Arc`
[INFO] [stdout]    --> src/client/ollama.rs:179:5
[INFO] [stdout]     |
[INFO] [stdout] 179 | use std::sync::Arc;
[INFO] [stdout]     |     ^^^^^^^^^^^^^^
[INFO] [stdout]     |
[INFO] [stdout]     = note: `#[warn(unused_imports)]` on by default
[INFO] [stdout] 
[INFO] [stdout] 
[INFO] [stdout] warning: unused import: `parking_lot::RwLock`
[INFO] [stdout]    --> src/client/ollama.rs:180:5
[INFO] [stdout]     |
[INFO] [stdout] 180 | use parking_lot::RwLock;
[INFO] [stdout]     |     ^^^^^^^^^^^^^^^^^^^
[INFO] [stdout] 
[INFO] [stdout] 
[INFO] [stdout] warning: unused imports: `ExecutableCommand` and `QueueableCommand`
[INFO] [stdout]  --> src/utils/spinner.rs:5:5
[INFO] [stdout]   |
[INFO] [stdout] 5 |     ExecutableCommand, QueueableCommand,
[INFO] [stdout]   |     ^^^^^^^^^^^^^^^^^  ^^^^^^^^^^^^^^^^
[INFO] [stdout] 
[INFO] [stdout] 
[INFO] [stdout] warning: unused imports: `SendData` and `SseEvent`
[INFO] [stdout]  --> src/lib.rs:9:55
[INFO] [stdout]   |
[INFO] [stdout] 9 | use client::{Client, CompletionDetails, OllamaClient, SendData, SseEvent};
[INFO] [stdout]   |                                                       ^^^^^^^^  ^^^^^^^^
[INFO] [stdout] 
[INFO] [stdout] 
[INFO] [stdout] warning: unused imports: `AbortHandle`, `Abortable`, and `StreamExt`
[INFO] [stdout]   --> src/lib.rs:11:28
[INFO] [stdout]    |
[INFO] [stdout] 11 | use futures_util::stream::{AbortHandle, Abortable, StreamExt};
[INFO] [stdout]    |                            ^^^^^^^^^^^  ^^^^^^^^^  ^^^^^^^^^
[INFO] [stdout] 
[INFO] [stdout] 
[INFO] [stdout] warning: unused import: `futures_util::Stream`
[INFO] [stdout]   --> src/lib.rs:12:5
[INFO] [stdout]    |
[INFO] [stdout] 12 | use futures_util::Stream;
[INFO] [stdout]    |     ^^^^^^^^^^^^^^^^^^^^
[INFO] [stdout] 
[INFO] [stdout] 
[INFO] [stdout] warning: unused import: `std::pin::Pin`
[INFO] [stdout]   --> src/lib.rs:14:5
[INFO] [stdout]    |
[INFO] [stdout] 14 | use std::pin::Pin;
[INFO] [stdout]    |     ^^^^^^^^^^^^^
[INFO] [stdout] 
[INFO] [stdout] 
[INFO] [stdout] warning: unused imports: `UnboundedReceiver` and `self`
[INFO] [stdout]   --> src/lib.rs:16:25
[INFO] [stdout]    |
[INFO] [stdout] 16 | use tokio::sync::mpsc::{self, UnboundedReceiver};
[INFO] [stdout]    |                         ^^^^  ^^^^^^^^^^^^^^^^^
[INFO] [stdout] 
[INFO] [stdout] 
[INFO] [stdout] warning: constant `MSG_OPTIONAL` is never used
[INFO] [stdout]  --> src/utils/prompt_input.rs:4:7
[INFO] [stdout]   |
[INFO] [stdout] 4 | const MSG_OPTIONAL: &str = "Optional field - Press ↵ to skip";
[INFO] [stdout]   |       ^^^^^^^^^^^^
[INFO] [stdout]   |
[INFO] [stdout]   = note: `#[warn(dead_code)]` on by default
[INFO] [stdout] 
[INFO] [stdout] 
[INFO] [stdout] warning: creating a shared reference to mutable static is discouraged
[INFO] [stdout]    --> src/client/common.rs:156:25
[INFO] [stdout]     |
[INFO] [stdout] 156 |               if unsafe { ALL_CLIENTS.is_none() } {
[INFO] [stdout]     |                           ^^^^^^^^^^^ shared reference to mutable static
[INFO] [stdout]     |
[INFO] [stdout]    ::: src/client/mod.rs:16:1
[INFO] [stdout]     |
[INFO] [stdout] 16  | / register_client!(
[INFO] [stdout] 17  | |     (openai, "openai", OpenAIConfig, OpenAIClient),
[INFO] [stdout] 18  | |     (
[INFO] [stdout] 19  | |         openai_compatible,
[INFO] [stdout] ...   |
[INFO] [stdout] 45  | |     (qianwen, "qianwen", QianwenConfig, QianwenClient),
[INFO] [stdout] 46  | | );
[INFO] [stdout]     | |_- in this macro invocation
[INFO] [stdout]     |
[INFO] [stdout]     = note: for more information, see <https://doc.rust-lang.org/nightly/edition-guide/rust-2024/static-mut-references.html>
[INFO] [stdout]     = note: shared references to mutable statics are dangerous; it's undefined behavior if the static is mutated or if a mutable reference is created for it while the shared reference lives
[INFO] [stdout]     = note: `#[warn(static_mut_refs)]` on by default
[INFO] [stdout]     = note: this warning originates in the macro `register_client` (in Nightly builds, run with -Z macro-backtrace for more info)
[INFO] [stdout] 
[INFO] [stdout] 
[INFO] [stdout] warning: creating a shared reference to mutable static is discouraged
[INFO] [stdout]    --> src/client/common.rs:167:22
[INFO] [stdout]     |
[INFO] [stdout] 167 |               unsafe { ALL_CLIENTS.as_ref().unwrap().iter().collect() }
[INFO] [stdout]     |                        ^^^^^^^^^^^ shared reference to mutable static
[INFO] [stdout]     |
[INFO] [stdout]    ::: src/client/mod.rs:16:1
[INFO] [stdout]     |
[INFO] [stdout] 16  | / register_client!(
[INFO] [stdout] 17  | |     (openai, "openai", OpenAIConfig, OpenAIClient),
[INFO] [stdout] 18  | |     (
[INFO] [stdout] 19  | |         openai_compatible,
[INFO] [stdout] ...   |
[INFO] [stdout] 45  | |     (qianwen, "qianwen", QianwenConfig, QianwenClient),
[INFO] [stdout] 46  | | );
[INFO] [stdout]     | |_- in this macro invocation
[INFO] [stdout]     |
[INFO] [stdout]     = note: for more information, see <https://doc.rust-lang.org/nightly/edition-guide/rust-2024/static-mut-references.html>
[INFO] [stdout]     = note: shared references to mutable statics are dangerous; it's undefined behavior if the static is mutated or if a mutable reference is created for it while the shared reference lives
[INFO] [stdout]     = note: this warning originates in the macro `register_client` (in Nightly builds, run with -Z macro-backtrace for more info)
[INFO] [stdout] 
[INFO] [stdout] 
[INFO] [stdout] warning: function `execute` is never used
[INFO] [stdout]    --> src/main.rs:194:14
[INFO] [stdout]     |
[INFO] [stdout] 194 |     async fn execute(config: &GlobalConfig, mut input: Input) -> Result<()> {
[INFO] [stdout]     |              ^^^^^^^
[INFO] [stdout]     |
[INFO] [stdout]     = note: `#[warn(dead_code)]` on by default
[INFO] [stdout] 
[INFO] [stdout] 
[INFO] [stdout] warning: function `aggregate_text` is never used
[INFO] [stdout]    --> src/main.rs:253:8
[INFO] [stdout]     |
[INFO] [stdout] 253 |     fn aggregate_text(text: Option<String>) -> Result<Option<String>> {
[INFO] [stdout]     |        ^^^^^^^^^^^^^^
[INFO] [stdout] 
[INFO] [stdout] 
[INFO] [stdout] warning: constant `DESCRIPTION` is never used
[INFO] [stdout]   --> src/cli.rs:16:7
[INFO] [stdout]    |
[INFO] [stdout] 16 | const DESCRIPTION: &str = r#"all rights to the code and any associated intellectual property are reserved (hopefully) by the developer of...
[INFO] [stdout]    |       ^^^^^^^^^^^
[INFO] [stdout] 
[INFO] [stdout] 
[INFO] [stderr]     Finished `dev` profile [unoptimized + debuginfo] target(s) in 3m 55s
[INFO] running `Command { std: "docker" "inspect" "7d7d83403465fad38378df090509c28fee34cf2608e0b21e3fe67211d2d47018", kill_on_drop: false }`
[INFO] running `Command { std: "docker" "rm" "-f" "7d7d83403465fad38378df090509c28fee34cf2608e0b21e3fe67211d2d47018", kill_on_drop: false }`
[INFO] [stdout] 7d7d83403465fad38378df090509c28fee34cf2608e0b21e3fe67211d2d47018
[INFO] running `Command { std: "docker" "create" "-v" "/var/lib/crater-agent-workspace/builds/worker-4-tc2/target:/opt/rustwide/target:rw,Z" "-v" "/var/lib/crater-agent-workspace/builds/worker-4-tc2/source:/opt/rustwide/workdir:ro,Z" "-v" "/var/lib/crater-agent-workspace/cargo-home:/opt/rustwide/cargo-home:ro,Z" "-v" "/var/lib/crater-agent-workspace/rustup-home:/opt/rustwide/rustup-home:ro,Z" "-e" "SOURCE_DIR=/opt/rustwide/workdir" "-e" "CARGO_TARGET_DIR=/opt/rustwide/target" "-e" "CARGO_INCREMENTAL=0" "-e" "RUST_BACKTRACE=full" "-e" "RUSTFLAGS=--cap-lints=warn" "-e" "RUSTDOCFLAGS=--cap-lints=warn" "-e" "CARGO_HOME=/opt/rustwide/cargo-home" "-e" "RUSTUP_HOME=/opt/rustwide/rustup-home" "-w" "/opt/rustwide/workdir" "-m" "1610612736" "--user" "0:0" "--network" "none" "ghcr.io/rust-lang/crates-build-env/linux@sha256:f3a9d4ad9d972b27faf3965f35b62e55ba32bbce8f20bc8fe909558a86702fde" "/opt/rustwide/cargo-home/bin/cargo" "+beta-2024-12-08" "test" "--frozen" "--no-run" "--message-format=json", kill_on_drop: false }`
[INFO] [stdout] 67150f52763064a35c4ed323438b8fb6a46166f3a5a104cf73398455ba1112cb
[INFO] running `Command { std: "docker" "start" "-a" "67150f52763064a35c4ed323438b8fb6a46166f3a5a104cf73398455ba1112cb", kill_on_drop: false }`
[INFO] [stdout] warning: unused import: `std::sync::Arc`
[INFO] [stdout]    --> src/client/ollama.rs:179:5
[INFO] [stdout]     |
[INFO] [stdout] 179 | use std::sync::Arc;
[INFO] [stdout]     |     ^^^^^^^^^^^^^^
[INFO] [stdout]     |
[INFO] [stdout]     = note: `#[warn(unused_imports)]` on by default
[INFO] [stdout] 
[INFO] [stdout] 
[INFO] [stdout] warning: unused import: `parking_lot::RwLock`
[INFO] [stdout]    --> src/client/ollama.rs:180:5
[INFO] [stdout]     |
[INFO] [stdout] 180 | use parking_lot::RwLock;
[INFO] [stdout]     |     ^^^^^^^^^^^^^^^^^^^
[INFO] [stdout] 
[INFO] [stdout] 
[INFO] [stdout] warning: unused imports: `ExecutableCommand` and `QueueableCommand`
[INFO] [stdout]  --> src/utils/spinner.rs:5:5
[INFO] [stdout]   |
[INFO] [stdout] 5 |     ExecutableCommand, QueueableCommand,
[INFO] [stdout]   |     ^^^^^^^^^^^^^^^^^  ^^^^^^^^^^^^^^^^
[INFO] [stdout] 
[INFO] [stdout] 
[INFO] [stdout] warning: unused imports: `SendData` and `SseEvent`
[INFO] [stdout]  --> src/lib.rs:9:55
[INFO] [stdout]   |
[INFO] [stdout] 9 | use client::{Client, CompletionDetails, OllamaClient, SendData, SseEvent};
[INFO] [stdout]   |                                                       ^^^^^^^^  ^^^^^^^^
[INFO] [stdout] 
[INFO] [stdout] 
[INFO] [stderr]    Compiling aimo v0.1.12 (/opt/rustwide/workdir)
[INFO] [stdout] warning: unused imports: `AbortHandle`, `Abortable`, and `StreamExt`
[INFO] [stdout]   --> src/lib.rs:11:28
[INFO] [stdout]    |
[INFO] [stdout] 11 | use futures_util::stream::{AbortHandle, Abortable, StreamExt};
[INFO] [stdout]    |                            ^^^^^^^^^^^  ^^^^^^^^^  ^^^^^^^^^
[INFO] [stdout] 
[INFO] [stdout] 
[INFO] [stdout] warning: unused import: `futures_util::Stream`
[INFO] [stdout]   --> src/lib.rs:12:5
[INFO] [stdout]    |
[INFO] [stdout] 12 | use futures_util::Stream;
[INFO] [stdout]    |     ^^^^^^^^^^^^^^^^^^^^
[INFO] [stdout] 
[INFO] [stdout] 
[INFO] [stdout] warning: unused import: `std::pin::Pin`
[INFO] [stdout]   --> src/lib.rs:14:5
[INFO] [stdout]    |
[INFO] [stdout] 14 | use std::pin::Pin;
[INFO] [stdout]    |     ^^^^^^^^^^^^^
[INFO] [stdout] 
[INFO] [stdout] 
[INFO] [stdout] warning: unused imports: `UnboundedReceiver` and `self`
[INFO] [stdout]   --> src/lib.rs:16:25
[INFO] [stdout]    |
[INFO] [stdout] 16 | use tokio::sync::mpsc::{self, UnboundedReceiver};
[INFO] [stdout]    |                         ^^^^  ^^^^^^^^^^^^^^^^^
[INFO] [stdout] 
[INFO] [stdout] 
[INFO] [stdout] warning: constant `MSG_OPTIONAL` is never used
[INFO] [stdout]  --> src/utils/prompt_input.rs:4:7
[INFO] [stdout]   |
[INFO] [stdout] 4 | const MSG_OPTIONAL: &str = "Optional field - Press ↵ to skip";
[INFO] [stdout]   |       ^^^^^^^^^^^^
[INFO] [stdout]   |
[INFO] [stdout]   = note: `#[warn(dead_code)]` on by default
[INFO] [stdout] 
[INFO] [stdout] 
[INFO] [stdout] warning: creating a shared reference to mutable static is discouraged
[INFO] [stdout]    --> src/client/common.rs:156:25
[INFO] [stdout]     |
[INFO] [stdout] 156 |               if unsafe { ALL_CLIENTS.is_none() } {
[INFO] [stdout]     |                           ^^^^^^^^^^^ shared reference to mutable static
[INFO] [stdout]     |
[INFO] [stdout]    ::: src/client/mod.rs:16:1
[INFO] [stdout]     |
[INFO] [stdout] 16  | / register_client!(
[INFO] [stdout] 17  | |     (openai, "openai", OpenAIConfig, OpenAIClient),
[INFO] [stdout] 18  | |     (
[INFO] [stdout] 19  | |         openai_compatible,
[INFO] [stdout] ...   |
[INFO] [stdout] 45  | |     (qianwen, "qianwen", QianwenConfig, QianwenClient),
[INFO] [stdout] 46  | | );
[INFO] [stdout]     | |_- in this macro invocation
[INFO] [stdout]     |
[INFO] [stdout]     = note: for more information, see <https://doc.rust-lang.org/nightly/edition-guide/rust-2024/static-mut-references.html>
[INFO] [stdout]     = note: shared references to mutable statics are dangerous; it's undefined behavior if the static is mutated or if a mutable reference is created for it while the shared reference lives
[INFO] [stdout]     = note: `#[warn(static_mut_refs)]` on by default
[INFO] [stdout]     = note: this warning originates in the macro `register_client` (in Nightly builds, run with -Z macro-backtrace for more info)
[INFO] [stdout] 
[INFO] [stdout] 
[INFO] [stdout] warning: creating a shared reference to mutable static is discouraged
[INFO] [stdout]    --> src/client/common.rs:167:22
[INFO] [stdout]     |
[INFO] [stdout] 167 |               unsafe { ALL_CLIENTS.as_ref().unwrap().iter().collect() }
[INFO] [stdout]     |                        ^^^^^^^^^^^ shared reference to mutable static
[INFO] [stdout]     |
[INFO] [stdout]    ::: src/client/mod.rs:16:1
[INFO] [stdout]     |
[INFO] [stdout] 16  | / register_client!(
[INFO] [stdout] 17  | |     (openai, "openai", OpenAIConfig, OpenAIClient),
[INFO] [stdout] 18  | |     (
[INFO] [stdout] 19  | |         openai_compatible,
[INFO] [stdout] ...   |
[INFO] [stdout] 45  | |     (qianwen, "qianwen", QianwenConfig, QianwenClient),
[INFO] [stdout] 46  | | );
[INFO] [stdout]     | |_- in this macro invocation
[INFO] [stdout]     |
[INFO] [stdout]     = note: for more information, see <https://doc.rust-lang.org/nightly/edition-guide/rust-2024/static-mut-references.html>
[INFO] [stdout]     = note: shared references to mutable statics are dangerous; it's undefined behavior if the static is mutated or if a mutable reference is created for it while the shared reference lives
[INFO] [stdout]     = note: this warning originates in the macro `register_client` (in Nightly builds, run with -Z macro-backtrace for more info)
[INFO] [stdout] 
[INFO] [stdout] 
[INFO] [stdout] warning: unused import: `std::sync::Arc`
[INFO] [stdout]    --> src/client/ollama.rs:179:5
[INFO] [stdout]     |
[INFO] [stdout] 179 | use std::sync::Arc;
[INFO] [stdout]     |     ^^^^^^^^^^^^^^
[INFO] [stdout]     |
[INFO] [stdout]     = note: `#[warn(unused_imports)]` on by default
[INFO] [stdout] 
[INFO] [stdout] 
[INFO] [stdout] warning: unused import: `parking_lot::RwLock`
[INFO] [stdout]    --> src/client/ollama.rs:180:5
[INFO] [stdout]     |
[INFO] [stdout] 180 | use parking_lot::RwLock;
[INFO] [stdout]     |     ^^^^^^^^^^^^^^^^^^^
[INFO] [stdout] 
[INFO] [stdout] 
[INFO] [stdout] warning: unused imports: `ExecutableCommand` and `QueueableCommand`
[INFO] [stdout]  --> src/utils/spinner.rs:5:5
[INFO] [stdout]   |
[INFO] [stdout] 5 |     ExecutableCommand, QueueableCommand,
[INFO] [stdout]   |     ^^^^^^^^^^^^^^^^^  ^^^^^^^^^^^^^^^^
[INFO] [stdout] 
[INFO] [stdout] 
[INFO] [stdout] warning: unused imports: `SendData` and `SseEvent`
[INFO] [stdout]  --> src/lib.rs:9:55
[INFO] [stdout]   |
[INFO] [stdout] 9 | use client::{Client, CompletionDetails, OllamaClient, SendData, SseEvent};
[INFO] [stdout]   |                                                       ^^^^^^^^  ^^^^^^^^
[INFO] [stdout] 
[INFO] [stdout] 
[INFO] [stdout] warning: unused imports: `AbortHandle`, `Abortable`, and `StreamExt`
[INFO] [stdout]   --> src/lib.rs:11:28
[INFO] [stdout]    |
[INFO] [stdout] 11 | use futures_util::stream::{AbortHandle, Abortable, StreamExt};
[INFO] [stdout]    |                            ^^^^^^^^^^^  ^^^^^^^^^  ^^^^^^^^^
[INFO] [stdout] 
[INFO] [stdout] 
[INFO] [stdout] warning: unused import: `futures_util::Stream`
[INFO] [stdout]   --> src/lib.rs:12:5
[INFO] [stdout]    |
[INFO] [stdout] 12 | use futures_util::Stream;
[INFO] [stdout]    |     ^^^^^^^^^^^^^^^^^^^^
[INFO] [stdout] 
[INFO] [stdout] 
[INFO] [stdout] warning: unused import: `std::pin::Pin`
[INFO] [stdout]   --> src/lib.rs:14:5
[INFO] [stdout]    |
[INFO] [stdout] 14 | use std::pin::Pin;
[INFO] [stdout]    |     ^^^^^^^^^^^^^
[INFO] [stdout] 
[INFO] [stdout] 
[INFO] [stdout] warning: unused imports: `UnboundedReceiver` and `self`
[INFO] [stdout]   --> src/lib.rs:16:25
[INFO] [stdout]    |
[INFO] [stdout] 16 | use tokio::sync::mpsc::{self, UnboundedReceiver};
[INFO] [stdout]    |                         ^^^^  ^^^^^^^^^^^^^^^^^
[INFO] [stdout] 
[INFO] [stdout] 
[INFO] [stdout] warning: function `execute` is never used
[INFO] [stdout]    --> src/main.rs:194:14
[INFO] [stdout]     |
[INFO] [stdout] 194 |     async fn execute(config: &GlobalConfig, mut input: Input) -> Result<()> {
[INFO] [stdout]     |              ^^^^^^^
[INFO] [stdout]     |
[INFO] [stdout]     = note: `#[warn(dead_code)]` on by default
[INFO] [stdout] 
[INFO] [stdout] 
[INFO] [stdout] warning: function `aggregate_text` is never used
[INFO] [stdout]    --> src/main.rs:253:8
[INFO] [stdout]     |
[INFO] [stdout] 253 |     fn aggregate_text(text: Option<String>) -> Result<Option<String>> {
[INFO] [stdout]     |        ^^^^^^^^^^^^^^
[INFO] [stdout] 
[INFO] [stdout] 
[INFO] [stdout] warning: constant `DESCRIPTION` is never used
[INFO] [stdout]   --> src/cli.rs:16:7
[INFO] [stdout]    |
[INFO] [stdout] 16 | const DESCRIPTION: &str = r#"all rights to the code and any associated intellectual property are reserved (hopefully) by the developer of...
[INFO] [stdout]    |       ^^^^^^^^^^^
[INFO] [stdout] 
[INFO] [stdout] 
[INFO] [stdout] warning: constant `MSG_OPTIONAL` is never used
[INFO] [stdout]  --> src/utils/prompt_input.rs:4:7
[INFO] [stdout]   |
[INFO] [stdout] 4 | const MSG_OPTIONAL: &str = "Optional field - Press ↵ to skip";
[INFO] [stdout]   |       ^^^^^^^^^^^^
[INFO] [stdout]   |
[INFO] [stdout]   = note: `#[warn(dead_code)]` on by default
[INFO] [stdout] 
[INFO] [stdout] 
[INFO] [stdout] warning: creating a shared reference to mutable static is discouraged
[INFO] [stdout]    --> src/client/common.rs:156:25
[INFO] [stdout]     |
[INFO] [stdout] 156 |               if unsafe { ALL_CLIENTS.is_none() } {
[INFO] [stdout]     |                           ^^^^^^^^^^^ shared reference to mutable static
[INFO] [stdout]     |
[INFO] [stdout]    ::: src/client/mod.rs:16:1
[INFO] [stdout]     |
[INFO] [stdout] 16  | / register_client!(
[INFO] [stdout] 17  | |     (openai, "openai", OpenAIConfig, OpenAIClient),
[INFO] [stdout] 18  | |     (
[INFO] [stdout] 19  | |         openai_compatible,
[INFO] [stdout] ...   |
[INFO] [stdout] 45  | |     (qianwen, "qianwen", QianwenConfig, QianwenClient),
[INFO] [stdout] 46  | | );
[INFO] [stdout]     | |_- in this macro invocation
[INFO] [stdout]     |
[INFO] [stdout]     = note: for more information, see <https://doc.rust-lang.org/nightly/edition-guide/rust-2024/static-mut-references.html>
[INFO] [stdout]     = note: shared references to mutable statics are dangerous; it's undefined behavior if the static is mutated or if a mutable reference is created for it while the shared reference lives
[INFO] [stdout]     = note: `#[warn(static_mut_refs)]` on by default
[INFO] [stdout]     = note: this warning originates in the macro `register_client` (in Nightly builds, run with -Z macro-backtrace for more info)
[INFO] [stdout] 
[INFO] [stdout] 
[INFO] [stdout] warning: creating a shared reference to mutable static is discouraged
[INFO] [stdout]    --> src/client/common.rs:167:22
[INFO] [stdout]     |
[INFO] [stdout] 167 |               unsafe { ALL_CLIENTS.as_ref().unwrap().iter().collect() }
[INFO] [stdout]     |                        ^^^^^^^^^^^ shared reference to mutable static
[INFO] [stdout]     |
[INFO] [stdout]    ::: src/client/mod.rs:16:1
[INFO] [stdout]     |
[INFO] [stdout] 16  | / register_client!(
[INFO] [stdout] 17  | |     (openai, "openai", OpenAIConfig, OpenAIClient),
[INFO] [stdout] 18  | |     (
[INFO] [stdout] 19  | |         openai_compatible,
[INFO] [stdout] ...   |
[INFO] [stdout] 45  | |     (qianwen, "qianwen", QianwenConfig, QianwenClient),
[INFO] [stdout] 46  | | );
[INFO] [stdout]     | |_- in this macro invocation
[INFO] [stdout]     |
[INFO] [stdout]     = note: for more information, see <https://doc.rust-lang.org/nightly/edition-guide/rust-2024/static-mut-references.html>
[INFO] [stdout]     = note: shared references to mutable statics are dangerous; it's undefined behavior if the static is mutated or if a mutable reference is created for it while the shared reference lives
[INFO] [stdout]     = note: this warning originates in the macro `register_client` (in Nightly builds, run with -Z macro-backtrace for more info)
[INFO] [stdout] 
[INFO] [stdout] 
[INFO] [stderr]     Finished `test` profile [unoptimized + debuginfo] target(s) in 24.90s
[INFO] running `Command { std: "docker" "inspect" "67150f52763064a35c4ed323438b8fb6a46166f3a5a104cf73398455ba1112cb", kill_on_drop: false }`
[INFO] running `Command { std: "docker" "rm" "-f" "67150f52763064a35c4ed323438b8fb6a46166f3a5a104cf73398455ba1112cb", kill_on_drop: false }`
[INFO] [stdout] 67150f52763064a35c4ed323438b8fb6a46166f3a5a104cf73398455ba1112cb
[INFO] running `Command { std: "docker" "create" "-v" "/var/lib/crater-agent-workspace/builds/worker-4-tc2/target:/opt/rustwide/target:rw,Z" "-v" "/var/lib/crater-agent-workspace/builds/worker-4-tc2/source:/opt/rustwide/workdir:ro,Z" "-v" "/var/lib/crater-agent-workspace/cargo-home:/opt/rustwide/cargo-home:ro,Z" "-v" "/var/lib/crater-agent-workspace/rustup-home:/opt/rustwide/rustup-home:ro,Z" "-e" "SOURCE_DIR=/opt/rustwide/workdir" "-e" "CARGO_TARGET_DIR=/opt/rustwide/target" "-e" "CARGO_INCREMENTAL=0" "-e" "RUST_BACKTRACE=full" "-e" "RUSTFLAGS=--cap-lints=warn" "-e" "RUSTDOCFLAGS=--cap-lints=warn" "-e" "CARGO_HOME=/opt/rustwide/cargo-home" "-e" "RUSTUP_HOME=/opt/rustwide/rustup-home" "-w" "/opt/rustwide/workdir" "-m" "1610612736" "--user" "0:0" "--network" "none" "ghcr.io/rust-lang/crates-build-env/linux@sha256:f3a9d4ad9d972b27faf3965f35b62e55ba32bbce8f20bc8fe909558a86702fde" "/opt/rustwide/cargo-home/bin/cargo" "+beta-2024-12-08" "test" "--frozen", kill_on_drop: false }`
[INFO] [stdout] 1040bb4004440525dc965ca6549cebcfb464e20d0862fe4e4392298fe6d5badf
[INFO] running `Command { std: "docker" "start" "-a" "1040bb4004440525dc965ca6549cebcfb464e20d0862fe4e4392298fe6d5badf", kill_on_drop: false }`
[INFO] [stderr] warning: unused import: `std::sync::Arc`
[INFO] [stderr]    --> src/client/ollama.rs:179:5
[INFO] [stderr]     |
[INFO] [stderr] 179 | use std::sync::Arc;
[INFO] [stderr]     |     ^^^^^^^^^^^^^^
[INFO] [stderr]     |
[INFO] [stderr]     = note: `#[warn(unused_imports)]` on by default
[INFO] [stderr] 
[INFO] [stderr] warning: unused import: `parking_lot::RwLock`
[INFO] [stderr]    --> src/client/ollama.rs:180:5
[INFO] [stderr]     |
[INFO] [stderr] 180 | use parking_lot::RwLock;
[INFO] [stderr]     |     ^^^^^^^^^^^^^^^^^^^
[INFO] [stderr] 
[INFO] [stderr] warning: unused imports: `ExecutableCommand` and `QueueableCommand`
[INFO] [stderr]  --> src/utils/spinner.rs:5:5
[INFO] [stderr]   |
[INFO] [stderr] 5 |     ExecutableCommand, QueueableCommand,
[INFO] [stderr]   |     ^^^^^^^^^^^^^^^^^  ^^^^^^^^^^^^^^^^
[INFO] [stderr] 
[INFO] [stderr] warning: unused imports: `SendData` and `SseEvent`
[INFO] [stderr]  --> src/lib.rs:9:55
[INFO] [stderr]   |
[INFO] [stderr] 9 | use client::{Client, CompletionDetails, OllamaClient, SendData, SseEvent};
[INFO] [stderr]   |                                                       ^^^^^^^^  ^^^^^^^^
[INFO] [stderr] 
[INFO] [stderr] warning: unused imports: `AbortHandle`, `Abortable`, and `StreamExt`
[INFO] [stderr]   --> src/lib.rs:11:28
[INFO] [stderr]    |
[INFO] [stderr] 11 | use futures_util::stream::{AbortHandle, Abortable, StreamExt};
[INFO] [stderr]    |                            ^^^^^^^^^^^  ^^^^^^^^^  ^^^^^^^^^
[INFO] [stderr] 
[INFO] [stderr] warning: unused import: `futures_util::Stream`
[INFO] [stderr]   --> src/lib.rs:12:5
[INFO] [stderr]    |
[INFO] [stderr] 12 | use futures_util::Stream;
[INFO] [stderr]    |     ^^^^^^^^^^^^^^^^^^^^
[INFO] [stderr] 
[INFO] [stderr] warning: unused import: `std::pin::Pin`
[INFO] [stderr]   --> src/lib.rs:14:5
[INFO] [stderr]    |
[INFO] [stderr] 14 | use std::pin::Pin;
[INFO] [stderr]    |     ^^^^^^^^^^^^^
[INFO] [stderr] 
[INFO] [stderr] warning: unused imports: `UnboundedReceiver` and `self`
[INFO] [stderr]   --> src/lib.rs:16:25
[INFO] [stderr]    |
[INFO] [stderr] 16 | use tokio::sync::mpsc::{self, UnboundedReceiver};
[INFO] [stderr]    |                         ^^^^  ^^^^^^^^^^^^^^^^^
[INFO] [stderr] 
[INFO] [stderr] warning: constant `MSG_OPTIONAL` is never used
[INFO] [stderr]  --> src/utils/prompt_input.rs:4:7
[INFO] [stderr]   |
[INFO] [stderr] 4 | const MSG_OPTIONAL: &str = "Optional field - Press ↵ to skip";
[INFO] [stderr]   |       ^^^^^^^^^^^^
[INFO] [stderr]   |
[INFO] [stderr]   = note: `#[warn(dead_code)]` on by default
[INFO] [stderr] 
[INFO] [stderr] warning: creating a shared reference to mutable static is discouraged
[INFO] [stderr]    --> src/client/common.rs:156:25
[INFO] [stderr]     |
[INFO] [stderr] 156 |               if unsafe { ALL_CLIENTS.is_none() } {
[INFO] [stderr]     |                           ^^^^^^^^^^^ shared reference to mutable static
[INFO] [stderr]     |
[INFO] [stderr]    ::: src/client/mod.rs:16:1
[INFO] [stderr]     |
[INFO] [stderr] 16  | / register_client!(
[INFO] [stderr] 17  | |     (openai, "openai", OpenAIConfig, OpenAIClient),
[INFO] [stderr] 18  | |     (
[INFO] [stderr] 19  | |         openai_compatible,
[INFO] [stderr] ...   |
[INFO] [stderr] 45  | |     (qianwen, "qianwen", QianwenConfig, QianwenClient),
[INFO] [stderr] 46  | | );
[INFO] [stderr]     | |_- in this macro invocation
[INFO] [stderr]     |
[INFO] [stderr]     = note: for more information, see <https://doc.rust-lang.org/nightly/edition-guide/rust-2024/static-mut-references.html>
[INFO] [stderr]     = note: shared references to mutable statics are dangerous; it's undefined behavior if the static is mutated or if a mutable reference is created for it while the shared reference lives
[INFO] [stderr]     = note: `#[warn(static_mut_refs)]` on by default
[INFO] [stderr]     = note: this warning originates in the macro `register_client` (in Nightly builds, run with -Z macro-backtrace for more info)
[INFO] [stderr] 
[INFO] [stderr] warning: creating a shared reference to mutable static is discouraged
[INFO] [stderr]    --> src/client/common.rs:167:22
[INFO] [stderr]     |
[INFO] [stderr] 167 |               unsafe { ALL_CLIENTS.as_ref().unwrap().iter().collect() }
[INFO] [stderr]     |                        ^^^^^^^^^^^ shared reference to mutable static
[INFO] [stderr]     |
[INFO] [stderr]    ::: src/client/mod.rs:16:1
[INFO] [stderr]     |
[INFO] [stderr] 16  | / register_client!(
[INFO] [stderr] 17  | |     (openai, "openai", OpenAIConfig, OpenAIClient),
[INFO] [stderr] 18  | |     (
[INFO] [stderr] 19  | |         openai_compatible,
[INFO] [stderr] ...   |
[INFO] [stderr] 45  | |     (qianwen, "qianwen", QianwenConfig, QianwenClient),
[INFO] [stderr] 46  | | );
[INFO] [stderr]     | |_- in this macro invocation
[INFO] [stderr]     |
[INFO] [stderr]     = note: for more information, see <https://doc.rust-lang.org/nightly/edition-guide/rust-2024/static-mut-references.html>
[INFO] [stderr]     = note: shared references to mutable statics are dangerous; it's undefined behavior if the static is mutated or if a mutable reference is created for it while the shared reference lives
[INFO] [stderr]     = note: this warning originates in the macro `register_client` (in Nightly builds, run with -Z macro-backtrace for more info)
[INFO] [stderr] 
[INFO] [stderr] warning: `aimo` (lib) generated 11 warnings (run `cargo fix --lib -p aimo` to apply 8 suggestions)
[INFO] [stderr] warning: `aimo` (lib test) generated 11 warnings (11 duplicates)
[INFO] [stderr] warning: function `execute` is never used
[INFO] [stderr]    --> src/main.rs:194:14
[INFO] [stderr]     |
[INFO] [stderr] 194 |     async fn execute(config: &GlobalConfig, mut input: Input) -> Result<()> {
[INFO] [stderr]     |              ^^^^^^^
[INFO] [stderr]     |
[INFO] [stderr]     = note: `#[warn(dead_code)]` on by default
[INFO] [stderr] 
[INFO] [stderr] warning: function `aggregate_text` is never used
[INFO] [stderr]    --> src/main.rs:253:8
[INFO] [stderr]     |
[INFO] [stderr] 253 |     fn aggregate_text(text: Option<String>) -> Result<Option<String>> {
[INFO] [stderr]     |        ^^^^^^^^^^^^^^
[INFO] [stderr] 
[INFO] [stderr] warning: constant `DESCRIPTION` is never used
[INFO] [stderr]   --> src/cli.rs:16:7
[INFO] [stderr]    |
[INFO] [stderr] 16 | const DESCRIPTION: &str = r#"all rights to the code and any associated intellectual property are reserved (hopefully) by the developer of...
[INFO] [stderr]    |       ^^^^^^^^^^^
[INFO] [stderr] 
[INFO] [stderr] warning: `aimo` (bin "aimo" test) generated 3 warnings
[INFO] [stderr]     Finished `test` profile [unoptimized + debuginfo] target(s) in 0.39s
[INFO] [stderr]      Running unittests src/lib.rs (/opt/rustwide/target/debug/deps/aimo-a8a6a3ce045146b4)
[INFO] [stdout] 
[INFO] [stdout] running 13 tests
[INFO] [stdout] test client::message::tests::test_serde ... ok
[INFO] [stdout] test config::role::tests::test_merge_prompt_name ... ok
[INFO] [stdout] test utils::tests::test_fuzzy_match ... ok
[INFO] [stdout] test utils::render_prompt::tests::test_render ... ok
[INFO] [stdout] test render::markdown::tests::wrap_all ... ok
[INFO] [stdout] test render::markdown::tests::no_wrap_code ... ok
[INFO] [stdout] test utils::tiktoken::tests::very_simple_test ... ok
[INFO] [stdout] test render::markdown::tests::no_theme ... ok
[INFO] [stdout] test render::markdown::tests::test_render ... ok
[INFO] [stdout] test utils::tiktoken::tests::cl100k_base_test ... ok
[INFO] [stdout] test utils::tests::test_tokenize ... ok
[INFO] [stdout] test utils::tests::test_count_tokens ... ok
[INFO] [stdout] test tests::test_send_message ... FAILED
[INFO] [stdout] 
[INFO] [stdout] failures:
[INFO] [stdout] 
[INFO] [stdout] ---- tests::test_send_message stdout ----
[INFO] [stdout] thread 'tests::test_send_message' panicked at src/lib.rs:74:9:
[INFO] [stdout] assertion failed: res.is_ok()
[INFO] [stdout] stack backtrace:
[INFO] [stdout]    0:     0x5a752dacba7a - std::backtrace_rs::backtrace::libunwind::trace::h8810477743020387
[INFO] [stdout]                                at /rustc/202008a1b8de96d2e5b6bc02d379db03a877d34d/library/std/src/../../backtrace/src/backtrace/libunwind.rs:116:5
[INFO] [stdout]    1:     0x5a752dacba7a - std::backtrace_rs::backtrace::trace_unsynchronized::h3aa55355dd6c54a6
[INFO] [stdout]                                at /rustc/202008a1b8de96d2e5b6bc02d379db03a877d34d/library/std/src/../../backtrace/src/backtrace/mod.rs:66:5
[INFO] [stdout]    2:     0x5a752dacba7a - std::sys::backtrace::_print_fmt::h8588b0f62410823f
[INFO] [stdout]                                at /rustc/202008a1b8de96d2e5b6bc02d379db03a877d34d/library/std/src/sys/backtrace.rs:66:9
[INFO] [stdout]    3:     0x5a752dacba7a - <std::sys::backtrace::BacktraceLock::print::DisplayBacktrace as core::fmt::Display>::fmt::h98c26ac25ffe89bb
[INFO] [stdout]                                at /rustc/202008a1b8de96d2e5b6bc02d379db03a877d34d/library/std/src/sys/backtrace.rs:39:26
[INFO] [stdout]    4:     0x5a752daf6e73 - core::fmt::rt::Argument::fmt::hf95377f4aebd453b
[INFO] [stdout]                                at /rustc/202008a1b8de96d2e5b6bc02d379db03a877d34d/library/core/src/fmt/rt.rs:177:76
[INFO] [stdout]    5:     0x5a752daf6e73 - core::fmt::write::h0dd5f6e2238c7982
[INFO] [stdout]                                at /rustc/202008a1b8de96d2e5b6bc02d379db03a877d34d/library/core/src/fmt/mod.rs:1189:21
[INFO] [stdout]    6:     0x5a752dac7ea3 - std::io::Write::write_fmt::h03bb0ca26e6faf8c
[INFO] [stdout]                                at /rustc/202008a1b8de96d2e5b6bc02d379db03a877d34d/library/std/src/io/mod.rs:1884:15
[INFO] [stdout]    7:     0x5a752dacb8c2 - std::sys::backtrace::BacktraceLock::print::h5c19c1c038ee186d
[INFO] [stdout]                                at /rustc/202008a1b8de96d2e5b6bc02d379db03a877d34d/library/std/src/sys/backtrace.rs:42:9
[INFO] [stdout]    8:     0x5a752daccefd - std::panicking::default_hook::{{closure}}::h77172f079a1fcb13
[INFO] [stdout]                                at /rustc/202008a1b8de96d2e5b6bc02d379db03a877d34d/library/std/src/panicking.rs:268:22
[INFO] [stdout]    9:     0x5a752daccd07 - std::panicking::default_hook::he5f8e3b203ccddba
[INFO] [stdout]                                at /rustc/202008a1b8de96d2e5b6bc02d379db03a877d34d/library/std/src/panicking.rs:292:9
[INFO] [stdout]   10:     0x5a752d0a1ff7 - <alloc::boxed::Box<F,A> as core::ops::function::Fn<Args>>::call::h7a3c7b4a1ae77f2f
[INFO] [stdout]                                at /rustc/202008a1b8de96d2e5b6bc02d379db03a877d34d/library/alloc/src/boxed.rs:1986:9
[INFO] [stdout]   11:     0x5a752d0a1ff7 - test::test_main::{{closure}}::hf0d3b69ae9b353d1
[INFO] [stdout]                                at /rustc/202008a1b8de96d2e5b6bc02d379db03a877d34d/library/test/src/lib.rs:134:21
[INFO] [stdout]   12:     0x5a752dacd5a8 - <alloc::boxed::Box<F,A> as core::ops::function::Fn<Args>>::call::h6332e82e7b189abd
[INFO] [stdout]                                at /rustc/202008a1b8de96d2e5b6bc02d379db03a877d34d/library/alloc/src/boxed.rs:1986:9
[INFO] [stdout]   13:     0x5a752dacd5a8 - std::panicking::rust_panic_with_hook::h53863d4e9018df39
[INFO] [stdout]                                at /rustc/202008a1b8de96d2e5b6bc02d379db03a877d34d/library/std/src/panicking.rs:809:13
[INFO] [stdout]   14:     0x5a752dacd336 - std::panicking::begin_panic_handler::{{closure}}::h67280e6fa0757873
[INFO] [stdout]                                at /rustc/202008a1b8de96d2e5b6bc02d379db03a877d34d/library/std/src/panicking.rs:667:13
[INFO] [stdout]   15:     0x5a752dacbf59 - std::sys::backtrace::__rust_end_short_backtrace::h1dac3f54d6fbbeb2
[INFO] [stdout]                                at /rustc/202008a1b8de96d2e5b6bc02d379db03a877d34d/library/std/src/sys/backtrace.rs:170:18
[INFO] [stdout]   16:     0x5a752daccffc - rust_begin_unwind
[INFO] [stdout]                                at /rustc/202008a1b8de96d2e5b6bc02d379db03a877d34d/library/std/src/panicking.rs:665:5
[INFO] [stdout]   17:     0x5a752cf55370 - core::panicking::panic_fmt::h6792bd1b2bf01041
[INFO] [stdout]                                at /rustc/202008a1b8de96d2e5b6bc02d379db03a877d34d/library/core/src/panicking.rs:76:14
[INFO] [stdout]   18:     0x5a752cf553fc - core::panicking::panic::hbb5c236a846c507c
[INFO] [stdout]                                at /rustc/202008a1b8de96d2e5b6bc02d379db03a877d34d/library/core/src/panicking.rs:148:5
[INFO] [stdout]   19:     0x5a752cfc19f5 - aimo::tests::test_send_message::{{closure}}::h0850063decd55b11
[INFO] [stdout]                                at /opt/rustwide/workdir/src/lib.rs:74:9
[INFO] [stdout]   20:     0x5a752cfb2302 - <core::pin::Pin<P> as core::future::future::Future>::poll::hab36897260d8912f
[INFO] [stdout]                                at /rustc/202008a1b8de96d2e5b6bc02d379db03a877d34d/library/core/src/future/future.rs:124:9
[INFO] [stdout]   21:     0x5a752cfb227d - <core::pin::Pin<P> as core::future::future::Future>::poll::h85fae4e83d8b110d
[INFO] [stdout]                                at /rustc/202008a1b8de96d2e5b6bc02d379db03a877d34d/library/core/src/future/future.rs:124:9
[INFO] [stdout]   22:     0x5a752cf87aef - tokio::runtime::scheduler::current_thread::CoreGuard::block_on::{{closure}}::{{closure}}::{{closure}}::h8b1e01c2d883a2ec
[INFO] [stdout]                                at /opt/rustwide/cargo-home/registry/src/index.crates.io-6f17d22bba15001f/tokio-1.37.0/src/runtime/scheduler/current_thread/mod.rs:659:57
[INFO] [stdout]   23:     0x5a752cf87a25 - tokio::runtime::coop::with_budget::h555fc1335257448e
[INFO] [stdout]                                at /opt/rustwide/cargo-home/registry/src/index.crates.io-6f17d22bba15001f/tokio-1.37.0/src/runtime/coop.rs:107:5
[INFO] [stdout]   24:     0x5a752cf87a25 - tokio::runtime::coop::budget::h8fc31d0b891122c2
[INFO] [stdout]                                at /opt/rustwide/cargo-home/registry/src/index.crates.io-6f17d22bba15001f/tokio-1.37.0/src/runtime/coop.rs:73:5
[INFO] [stdout]   25:     0x5a752cf87a25 - tokio::runtime::scheduler::current_thread::CoreGuard::block_on::{{closure}}::{{closure}}::h9ac96a16a33a4f1c
[INFO] [stdout]                                at /opt/rustwide/cargo-home/registry/src/index.crates.io-6f17d22bba15001f/tokio-1.37.0/src/runtime/scheduler/current_thread/mod.rs:659:25
[INFO] [stdout]   26:     0x5a752cf867d0 - tokio::runtime::scheduler::current_thread::Context::enter::hd2707ccec293b492
[INFO] [stdout]                                at /opt/rustwide/cargo-home/registry/src/index.crates.io-6f17d22bba15001f/tokio-1.37.0/src/runtime/scheduler/current_thread/mod.rs:404:19
[INFO] [stdout]   27:     0x5a752cf8728e - tokio::runtime::scheduler::current_thread::CoreGuard::block_on::{{closure}}::h56bc5f077f65dac5
[INFO] [stdout]                                at /opt/rustwide/cargo-home/registry/src/index.crates.io-6f17d22bba15001f/tokio-1.37.0/src/runtime/scheduler/current_thread/mod.rs:658:36
[INFO] [stdout]   28:     0x5a752cf87004 - tokio::runtime::scheduler::current_thread::CoreGuard::enter::{{closure}}::ha51420c8979c52f6
[INFO] [stdout]                                at /opt/rustwide/cargo-home/registry/src/index.crates.io-6f17d22bba15001f/tokio-1.37.0/src/runtime/scheduler/current_thread/mod.rs:737:68
[INFO] [stdout]   29:     0x5a752cf9ee1b - tokio::runtime::context::scoped::Scoped<T>::set::h763233d1dbf12d50
[INFO] [stdout]                                at /opt/rustwide/cargo-home/registry/src/index.crates.io-6f17d22bba15001f/tokio-1.37.0/src/runtime/context/scoped.rs:40:9
[INFO] [stdout]   30:     0x5a752cfdcc39 - tokio::runtime::context::set_scheduler::{{closure}}::h1a2d0aeda84cc9eb
[INFO] [stdout]                                at /opt/rustwide/cargo-home/registry/src/index.crates.io-6f17d22bba15001f/tokio-1.37.0/src/runtime/context.rs:176:26
[INFO] [stdout]   31:     0x5a752cfd945d - std::thread::local::LocalKey<T>::try_with::hfbb6b5f2893dbad2
[INFO] [stdout]                                at /rustc/202008a1b8de96d2e5b6bc02d379db03a877d34d/library/std/src/thread/local.rs:283:12
[INFO] [stdout]   32:     0x5a752cfd8c0a - std::thread::local::LocalKey<T>::with::h2ea7f027be58a98b
[INFO] [stdout]                                at /rustc/202008a1b8de96d2e5b6bc02d379db03a877d34d/library/std/src/thread/local.rs:260:9
[INFO] [stdout]   33:     0x5a752cfdcbed - tokio::runtime::context::set_scheduler::h5ff896c7caffbc0f
[INFO] [stdout]                                at /opt/rustwide/cargo-home/registry/src/index.crates.io-6f17d22bba15001f/tokio-1.37.0/src/runtime/context.rs:176:9
[INFO] [stdout]   34:     0x5a752cf86db0 - tokio::runtime::scheduler::current_thread::CoreGuard::enter::h6c416a93463e6721
[INFO] [stdout]                                at /opt/rustwide/cargo-home/registry/src/index.crates.io-6f17d22bba15001f/tokio-1.37.0/src/runtime/scheduler/current_thread/mod.rs:737:27
[INFO] [stdout]   35:     0x5a752cf87023 - tokio::runtime::scheduler::current_thread::CoreGuard::block_on::ha48294750ba87fb2
[INFO] [stdout]                                at /opt/rustwide/cargo-home/registry/src/index.crates.io-6f17d22bba15001f/tokio-1.37.0/src/runtime/scheduler/current_thread/mod.rs:646:19
[INFO] [stdout]   36:     0x5a752cf8601d - tokio::runtime::scheduler::current_thread::CurrentThread::block_on::{{closure}}::h4c55d76ed5fdc915
[INFO] [stdout]                                at /opt/rustwide/cargo-home/registry/src/index.crates.io-6f17d22bba15001f/tokio-1.37.0/src/runtime/scheduler/current_thread/mod.rs:175:28
[INFO] [stdout]   37:     0x5a752cfcfe56 - tokio::runtime::context::runtime::enter_runtime::ha5b5474cb0fd4ae0
[INFO] [stdout]                                at /opt/rustwide/cargo-home/registry/src/index.crates.io-6f17d22bba15001f/tokio-1.37.0/src/runtime/context/runtime.rs:65:16
[INFO] [stdout]   38:     0x5a752cf85f31 - tokio::runtime::scheduler::current_thread::CurrentThread::block_on::hc422ae893b691506
[INFO] [stdout]                                at /opt/rustwide/cargo-home/registry/src/index.crates.io-6f17d22bba15001f/tokio-1.37.0/src/runtime/scheduler/current_thread/mod.rs:167:9
[INFO] [stdout]   39:     0x5a752cfe85bd - tokio::runtime::runtime::Runtime::block_on::h7aee73c651d83f2f
[INFO] [stdout]                                at /opt/rustwide/cargo-home/registry/src/index.crates.io-6f17d22bba15001f/tokio-1.37.0/src/runtime/runtime.rs:349:47
[INFO] [stdout]   40:     0x5a752cfc165f - aimo::tests::test_send_message::h406858140f063631
[INFO] [stdout]                                at /opt/rustwide/workdir/src/lib.rs:74:9
[INFO] [stdout]   41:     0x5a752cfc1517 - aimo::tests::test_send_message::{{closure}}::hfc3d4d1d33a8fcf7
[INFO] [stdout]                                at /opt/rustwide/workdir/src/lib.rs:71:33
[INFO] [stdout]   42:     0x5a752cfedc66 - core::ops::function::FnOnce::call_once::h0a634d567b9fb1f7
[INFO] [stdout]                                at /rustc/202008a1b8de96d2e5b6bc02d379db03a877d34d/library/core/src/ops/function.rs:250:5
[INFO] [stdout]   43:     0x5a752d0a6b1b - core::ops::function::FnOnce::call_once::h871bf86719ec9aa4
[INFO] [stdout]                                at /rustc/202008a1b8de96d2e5b6bc02d379db03a877d34d/library/core/src/ops/function.rs:250:5
[INFO] [stdout]   44:     0x5a752d0a6b1b - test::__rust_begin_short_backtrace::h2167df1e2b7d76fd
[INFO] [stdout]                                at /rustc/202008a1b8de96d2e5b6bc02d379db03a877d34d/library/test/src/lib.rs:632:18
[INFO] [stdout]   45:     0x5a752d0a6508 - test::run_test_in_process::{{closure}}::h15d92f75a3adfb79
[INFO] [stdout]                                at /rustc/202008a1b8de96d2e5b6bc02d379db03a877d34d/library/test/src/lib.rs:655:60
[INFO] [stdout]   46:     0x5a752d0a6508 - <core::panic::unwind_safe::AssertUnwindSafe<F> as core::ops::function::FnOnce<()>>::call_once::hb6c8955835a8dbbb
[INFO] [stdout]                                at /rustc/202008a1b8de96d2e5b6bc02d379db03a877d34d/library/core/src/panic/unwind_safe.rs:272:9
[INFO] [stdout]   47:     0x5a752d0a6508 - std::panicking::try::do_call::hc79d0fc888a0bd30
[INFO] [stdout]                                at /rustc/202008a1b8de96d2e5b6bc02d379db03a877d34d/library/std/src/panicking.rs:557:40
[INFO] [stdout]   48:     0x5a752d0a6508 - std::panicking::try::hb8a7878e3a8589d6
[INFO] [stdout]                                at /rustc/202008a1b8de96d2e5b6bc02d379db03a877d34d/library/std/src/panicking.rs:520:19
[INFO] [stdout]   49:     0x5a752d0a6508 - std::panic::catch_unwind::hb8e4600ff0ff5cfa
[INFO] [stdout]                                at /rustc/202008a1b8de96d2e5b6bc02d379db03a877d34d/library/std/src/panic.rs:358:14
[INFO] [stdout]   50:     0x5a752d0a6508 - test::run_test_in_process::hc2900b0b18688dd6
[INFO] [stdout]                                at /rustc/202008a1b8de96d2e5b6bc02d379db03a877d34d/library/test/src/lib.rs:655:27
[INFO] [stdout]   51:     0x5a752d0a6508 - test::run_test::{{closure}}::hac2a9cb07be3d48d
[INFO] [stdout]                                at /rustc/202008a1b8de96d2e5b6bc02d379db03a877d34d/library/test/src/lib.rs:576:43
[INFO] [stdout]   52:     0x5a752d069faa - test::run_test::{{closure}}::h4a5b729e66a38cd8
[INFO] [stdout]                                at /rustc/202008a1b8de96d2e5b6bc02d379db03a877d34d/library/test/src/lib.rs:606:41
[INFO] [stdout]   53:     0x5a752d069faa - std::sys::backtrace::__rust_begin_short_backtrace::h0496fb742492f573
[INFO] [stdout]                                at /rustc/202008a1b8de96d2e5b6bc02d379db03a877d34d/library/std/src/sys/backtrace.rs:154:18
[INFO] [stdout]   54:     0x5a752d06d924 - std::thread::Builder::spawn_unchecked_::{{closure}}::{{closure}}::hbb6d257c550a54bd
[INFO] [stdout]                                at /rustc/202008a1b8de96d2e5b6bc02d379db03a877d34d/library/std/src/thread/mod.rs:561:17
[INFO] [stdout]   55:     0x5a752d06d924 - <core::panic::unwind_safe::AssertUnwindSafe<F> as core::ops::function::FnOnce<()>>::call_once::h46696fe4a6832328
[INFO] [stdout]                                at /rustc/202008a1b8de96d2e5b6bc02d379db03a877d34d/library/core/src/panic/unwind_safe.rs:272:9
[INFO] [stdout]   56:     0x5a752d06d924 - std::panicking::try::do_call::h2625a51b667bfb64
[INFO] [stdout]                                at /rustc/202008a1b8de96d2e5b6bc02d379db03a877d34d/library/std/src/panicking.rs:557:40
[INFO] [stdout]   57:     0x5a752d06d924 - std::panicking::try::hb956a59a1973aa4c
[INFO] [stdout]                                at /rustc/202008a1b8de96d2e5b6bc02d379db03a877d34d/library/std/src/panicking.rs:520:19
[INFO] [stdout]   58:     0x5a752d06d924 - std::panic::catch_unwind::h64f3b9d1067ef6a0
[INFO] [stdout]                                at /rustc/202008a1b8de96d2e5b6bc02d379db03a877d34d/library/std/src/panic.rs:358:14
[INFO] [stdout]   59:     0x5a752d06d924 - std::thread::Builder::spawn_unchecked_::{{closure}}::h42b2841295b6c0b2
[INFO] [stdout]                                at /rustc/202008a1b8de96d2e5b6bc02d379db03a877d34d/library/std/src/thread/mod.rs:559:30
[INFO] [stdout]   60:     0x5a752d06d924 - core::ops::function::FnOnce::call_once{{vtable.shim}}::h6127de71b8124639
[INFO] [stdout]                                at /rustc/202008a1b8de96d2e5b6bc02d379db03a877d34d/library/core/src/ops/function.rs:250:5
[INFO] [stdout]   61:     0x5a752dad173b - <alloc::boxed::Box<F,A> as core::ops::function::FnOnce<Args>>::call_once::h42f0ba71002a1b2c
[INFO] [stdout]                                at /rustc/202008a1b8de96d2e5b6bc02d379db03a877d34d/library/alloc/src/boxed.rs:1972:9
[INFO] [stdout]   62:     0x5a752dad173b - <alloc::boxed::Box<F,A> as core::ops::function::FnOnce<Args>>::call_once::had9e47d7a3dcecb8
[INFO] [stdout]                                at /rustc/202008a1b8de96d2e5b6bc02d379db03a877d34d/library/alloc/src/boxed.rs:1972:9
[INFO] [stdout]   63:     0x5a752dad173b - std::sys::pal::unix::thread::Thread::new::thread_start::h48cf765408f6f5f2
[INFO] [stdout]                                at /rustc/202008a1b8de96d2e5b6bc02d379db03a877d34d/library/std/src/sys/pal/unix/thread.rs:105:17
[INFO] [stdout]   64:     0x7ea7d1b45ac3 - <unknown>
[INFO] [stdout]   65:     0x7ea7d1bd6a04 - clone
[INFO] [stdout]   66:                0x0 - <unknown>
[INFO] [stdout] 
[INFO] [stdout] 
[INFO] [stdout] failures:
[INFO] [stdout]     tests::test_send_message
[INFO] [stdout] 
[INFO] [stdout] test result: FAILED. 12 passed; 1 failed; 0 ignored; 0 measured; 0 filtered out; finished in 2.15s
[INFO] [stdout] 
[INFO] [stderr] error: test failed, to rerun pass `--lib`
[INFO] running `Command { std: "docker" "inspect" "1040bb4004440525dc965ca6549cebcfb464e20d0862fe4e4392298fe6d5badf", kill_on_drop: false }`
[INFO] running `Command { std: "docker" "rm" "-f" "1040bb4004440525dc965ca6549cebcfb464e20d0862fe4e4392298fe6d5badf", kill_on_drop: false }`
[INFO] [stdout] 1040bb4004440525dc965ca6549cebcfb464e20d0862fe4e4392298fe6d5badf
