[INFO] cloning repository https://github.com/s0enke/rust-outbox
[INFO] running `Command { std: "git" "-c" "credential.helper=" "-c" "credential.helper=/workspace/cargo-home/bin/git-credential-null" "clone" "--bare" "https://github.com/s0enke/rust-outbox" "/workspace/cache/git-repos/https%3A%2F%2Fgithub.com%2Fs0enke%2Frust-outbox", kill_on_drop: false }`
[INFO] [stderr] Cloning into bare repository '/workspace/cache/git-repos/https%3A%2F%2Fgithub.com%2Fs0enke%2Frust-outbox'...
[INFO] running `Command { std: "git" "rev-parse" "HEAD", kill_on_drop: false }`
[INFO] [stdout] c7e41fe3bad2efe4ff6d13d4b9c075001dfe4923
[INFO] testing s0enke/rust-outbox against beta-2024-12-08 for beta-1.84.0-4-retry
[INFO] running `Command { std: "git" "clone" "/workspace/cache/git-repos/https%3A%2F%2Fgithub.com%2Fs0enke%2Frust-outbox" "/workspace/builds/worker-0-tc2/source", kill_on_drop: false }`
[INFO] [stderr] Cloning into '/workspace/builds/worker-0-tc2/source'...
[INFO] [stderr] done.
[INFO] validating manifest of git repo https://github.com/s0enke/rust-outbox on toolchain beta-2024-12-08
[INFO] running `Command { std: CARGO_HOME="/workspace/cargo-home" RUSTUP_HOME="/workspace/rustup-home" "/workspace/cargo-home/bin/cargo" "+beta-2024-12-08" "metadata" "--manifest-path" "Cargo.toml" "--no-deps", kill_on_drop: false }`
[INFO] started tweaking git repo https://github.com/s0enke/rust-outbox
[INFO] finished tweaking git repo https://github.com/s0enke/rust-outbox
[INFO] tweaked toml for git repo https://github.com/s0enke/rust-outbox written to /workspace/builds/worker-0-tc2/source/Cargo.toml
[INFO] crate git repo https://github.com/s0enke/rust-outbox already has a lockfile, it will not be regenerated
[INFO] running `Command { std: CARGO_HOME="/workspace/cargo-home" RUSTUP_HOME="/workspace/rustup-home" "/workspace/cargo-home/bin/cargo" "+beta-2024-12-08" "fetch" "--manifest-path" "Cargo.toml", kill_on_drop: false }`
[INFO] running `Command { std: "docker" "create" "-v" "/var/lib/crater-agent-workspace/builds/worker-0-tc2/target:/opt/rustwide/target:rw,Z" "-v" "/var/lib/crater-agent-workspace/builds/worker-0-tc2/source:/opt/rustwide/workdir:ro,Z" "-v" "/var/lib/crater-agent-workspace/cargo-home:/opt/rustwide/cargo-home:ro,Z" "-v" "/var/lib/crater-agent-workspace/rustup-home:/opt/rustwide/rustup-home:ro,Z" "-e" "SOURCE_DIR=/opt/rustwide/workdir" "-e" "CARGO_TARGET_DIR=/opt/rustwide/target" "-e" "CARGO_HOME=/opt/rustwide/cargo-home" "-e" "RUSTUP_HOME=/opt/rustwide/rustup-home" "-w" "/opt/rustwide/workdir" "-m" "1610612736" "--user" "0:0" "--network" "none" "ghcr.io/rust-lang/crates-build-env/linux@sha256:f3a9d4ad9d972b27faf3965f35b62e55ba32bbce8f20bc8fe909558a86702fde" "/opt/rustwide/cargo-home/bin/cargo" "+beta-2024-12-08" "metadata" "--no-deps" "--format-version=1", kill_on_drop: false }`
[INFO] [stdout] 4a518af666c0642a113c7598959e5753b9f59a64127d3a5aa46f0b5c58cdb8f6
[INFO] running `Command { std: "docker" "start" "-a" "4a518af666c0642a113c7598959e5753b9f59a64127d3a5aa46f0b5c58cdb8f6", kill_on_drop: false }`
[INFO] running `Command { std: "docker" "inspect" "4a518af666c0642a113c7598959e5753b9f59a64127d3a5aa46f0b5c58cdb8f6", kill_on_drop: false }`
[INFO] running `Command { std: "docker" "rm" "-f" "4a518af666c0642a113c7598959e5753b9f59a64127d3a5aa46f0b5c58cdb8f6", kill_on_drop: false }`
[INFO] [stdout] 4a518af666c0642a113c7598959e5753b9f59a64127d3a5aa46f0b5c58cdb8f6
[INFO] running `Command { std: "docker" "create" "-v" "/var/lib/crater-agent-workspace/builds/worker-0-tc2/target:/opt/rustwide/target:rw,Z" "-v" "/var/lib/crater-agent-workspace/builds/worker-0-tc2/source:/opt/rustwide/workdir:ro,Z" "-v" "/var/lib/crater-agent-workspace/cargo-home:/opt/rustwide/cargo-home:ro,Z" "-v" "/var/lib/crater-agent-workspace/rustup-home:/opt/rustwide/rustup-home:ro,Z" "-e" "SOURCE_DIR=/opt/rustwide/workdir" "-e" "CARGO_TARGET_DIR=/opt/rustwide/target" "-e" "CARGO_INCREMENTAL=0" "-e" "RUST_BACKTRACE=full" "-e" "RUSTFLAGS=--cap-lints=warn" "-e" "RUSTDOCFLAGS=--cap-lints=warn" "-e" "CARGO_HOME=/opt/rustwide/cargo-home" "-e" "RUSTUP_HOME=/opt/rustwide/rustup-home" "-w" "/opt/rustwide/workdir" "-m" "1610612736" "--user" "0:0" "--network" "none" "ghcr.io/rust-lang/crates-build-env/linux@sha256:f3a9d4ad9d972b27faf3965f35b62e55ba32bbce8f20bc8fe909558a86702fde" "/opt/rustwide/cargo-home/bin/cargo" "+beta-2024-12-08" "build" "--frozen" "--message-format=json", kill_on_drop: false }`
[INFO] [stdout] d6b5722452767d428292ac1acf682f8528f72d89cb9cfd93363c50890c39c162
[INFO] running `Command { std: "docker" "start" "-a" "d6b5722452767d428292ac1acf682f8528f72d89cb9cfd93363c50890c39c162", kill_on_drop: false }`
[INFO] [stderr]    Compiling proc-macro2 v1.0.89
[INFO] [stderr]    Compiling unicode-ident v1.0.13
[INFO] [stderr]    Compiling libc v0.2.161
[INFO] [stderr]    Compiling shlex v1.3.0
[INFO] [stderr]    Compiling autocfg v1.4.0
[INFO] [stderr]    Compiling once_cell v1.20.2
[INFO] [stderr]    Compiling version_check v0.9.5
[INFO] [stderr]    Compiling bytes v1.8.0
[INFO] [stderr]    Compiling fnv v1.0.7
[INFO] [stderr]    Compiling itoa v1.0.11
[INFO] [stderr]    Compiling pin-project-lite v0.2.15
[INFO] [stderr]    Compiling futures-core v0.3.31
[INFO] [stderr]    Compiling allocator-api2 v0.2.18
[INFO] [stderr]    Compiling either v1.13.0
[INFO] [stderr]    Compiling equivalent v1.0.1
[INFO] [stderr]    Compiling futures-task v0.3.31
[INFO] [stderr]    Compiling powerfmt v0.2.0
[INFO] [stderr]    Compiling pkg-config v0.3.31
[INFO] [stderr]    Compiling futures-sink v0.3.31
[INFO] [stderr]    Compiling ryu v1.0.18
[INFO] [stderr]    Compiling time-core v0.1.2
[INFO] [stderr]    Compiling futures-util v0.3.31
[INFO] [stderr]    Compiling memchr v2.7.4
[INFO] [stderr]    Compiling num-conv v0.1.0
[INFO] [stderr]    Compiling typenum v1.17.0
[INFO] [stderr]    Compiling foldhash v0.1.3
[INFO] [stderr]    Compiling deranged v0.3.11
[INFO] [stderr]    Compiling tracing-core v0.1.32
[INFO] [stderr]    Compiling vsimd v0.8.0
[INFO] [stderr]    Compiling serde v1.0.213
[INFO] [stderr]    Compiling outref v0.5.1
[INFO] [stderr]    Compiling generic-array v0.14.7
[INFO] [stderr]    Compiling base64 v0.21.7
[INFO] [stderr]    Compiling byteorder v1.5.0
[INFO] [stderr]    Compiling num-traits v0.2.19
[INFO] [stderr]    Compiling http v0.2.12
[INFO] [stderr]    Compiling http v1.1.0
[INFO] [stderr]    Compiling hashbrown v0.15.0
[INFO] [stderr]    Compiling bytes-utils v0.1.4
[INFO] [stderr]    Compiling untrusted v0.9.0
[INFO] [stderr]    Compiling subtle v2.6.1
[INFO] [stderr]    Compiling vcpkg v0.2.15
[INFO] [stderr]    Compiling spin v0.9.8
[INFO] [stderr]    Compiling slab v0.4.9
[INFO] [stderr]    Compiling zeroize v1.8.1
[INFO] [stderr]    Compiling time v0.3.36
[INFO] [stderr]    Compiling percent-encoding v2.3.1
[INFO] [stderr]    Compiling base64-simd v0.8.0
[INFO] [stderr]    Compiling semver v1.0.23
[INFO] [stderr]    Compiling log v0.4.22
[INFO] [stderr]    Compiling rustls v0.21.12
[INFO] [stderr]    Compiling quote v1.0.37
[INFO] [stderr]    Compiling jobserver v0.1.32
[INFO] [stderr]    Compiling socket2 v0.5.7
[INFO] [stderr]    Compiling signal-hook-registry v1.4.2
[INFO] [stderr]    Compiling mio v1.0.2
[INFO] [stderr]    Compiling num-integer v0.1.46
[INFO] [stderr]    Compiling getrandom v0.2.15
[INFO] [stderr]    Compiling syn v2.0.85
[INFO] [stderr]    Compiling cc v1.1.31
[INFO] [stderr]    Compiling cpufeatures v0.2.14
[INFO] [stderr]    Compiling http-body v1.0.1
[INFO] [stderr]    Compiling indexmap v2.6.0
[INFO] [stderr]    Compiling httparse v1.9.5
[INFO] [stderr]    Compiling http-body v0.4.6
[INFO] [stderr]    Compiling openssl-probe v0.1.5
[INFO] [stderr]    Compiling thiserror v1.0.65
[INFO] [stderr]    Compiling http-body-util v0.1.2
[INFO] [stderr]    Compiling try-lock v0.2.5
[INFO] [stderr]    Compiling want v0.3.1
[INFO] [stderr]    Compiling form_urlencoded v1.2.1
[INFO] [stderr]    Compiling rustls-pemfile v1.0.4
[INFO] [stderr]    Compiling futures-channel v0.3.31
[INFO] [stderr]    Compiling rustc_version v0.4.1
[INFO] [stderr]    Compiling tower-service v0.3.3
[INFO] [stderr]    Compiling crunchy v0.2.2
[INFO] [stderr]    Compiling httpdate v1.0.3
[INFO] [stderr]    Compiling glob v0.3.1
[INFO] [stderr]    Compiling rustls-native-certs v0.6.3
[INFO] [stderr]    Compiling ahash v0.8.11
[INFO] [stderr]    Compiling tiny-keccak v2.0.2
[INFO] [stderr]    Compiling uuid v1.11.0
[INFO] [stderr]    Compiling winnow v0.6.20
[INFO] [stderr]    Compiling crossbeam-utils v0.8.20
[INFO] [stderr]    Compiling crypto-common v0.1.6
[INFO] [stderr]    Compiling block-buffer v0.10.4
[INFO] [stderr]    Compiling digest v0.10.7
[INFO] [stderr]    Compiling aws-types v1.3.3
[INFO] [stderr]    Compiling fastrand v2.1.1
[INFO] [stderr]    Compiling regex-syntax v0.8.5
[INFO] [stderr]    Compiling nom v7.1.3
[INFO] [stderr]    Compiling clang-sys v1.8.1
[INFO] [stderr]    Compiling proc-macro-error-attr v1.0.4
[INFO] [stderr]    Compiling sha2 v0.10.8
[INFO] [stderr]    Compiling hmac v0.12.1
[INFO] [stderr]    Compiling libloading v0.8.5
[INFO] [stderr]    Compiling ucd-trie v0.1.7
[INFO] [stderr]    Compiling ident_case v1.0.1
[INFO] [stderr]    Compiling syn v1.0.109
[INFO] [stderr]    Compiling strsim v0.11.1
[INFO] [stderr]    Compiling bindgen v0.70.1
[INFO] [stderr]    Compiling frunk_core v0.4.3
[INFO] [stderr]    Compiling tinyvec v1.8.0
[INFO] [stderr]    Compiling const-random-macro v0.1.16
[INFO] [stderr]    Compiling rand_core v0.6.4
[INFO] [stderr]    Compiling proc-macro-error v1.0.4
[INFO] [stderr]    Compiling itertools v0.13.0
[INFO] [stderr]    Compiling bitflags v2.6.0
[INFO] [stderr]    Compiling toml_datetime v0.6.8
[INFO] [stderr]    Compiling zstd-safe v7.2.1
[INFO] [stderr]    Compiling regex-lite v0.1.6
[INFO] [stderr]    Compiling libm v0.2.10
[INFO] [stderr]    Compiling radium v0.7.0
[INFO] [stderr]    Compiling rustc-hash v1.1.0
[INFO] [stderr]    Compiling serde_json v1.0.132
[INFO] [stderr]    Compiling const-random v0.1.18
[INFO] [stderr]    Compiling unicode-normalization v0.1.24
[INFO] [stderr]    Compiling cmake v0.1.51
[INFO] [stderr]    Compiling subprocess v0.2.9
[INFO] [stderr]    Compiling aho-corasick v1.1.3
[INFO] [stderr]    Compiling ring v0.17.8
[INFO] [stderr]    Compiling zstd-sys v2.0.13+zstd.1.5.6
[INFO] [stderr]    Compiling openssl-sys v0.9.104
[INFO] [stderr]    Compiling libz-sys v1.1.20
[INFO] [stderr]    Compiling bigdecimal v0.4.6
[INFO] [stderr]    Compiling openssl v0.10.68
[INFO] [stderr]    Compiling foreign-types-shared v0.1.1
[INFO] [stderr]    Compiling regex-automata v0.4.8
[INFO] [stderr]    Compiling rust_decimal v1.36.0
[INFO] [stderr]    Compiling unicode-bidi v0.3.17
[INFO] [stderr]    Compiling toml_edit v0.22.22
[INFO] [stderr]    Compiling cexpr v0.6.0
[INFO] [stderr]    Compiling tap v1.0.1
[INFO] [stderr]    Compiling wyz v0.5.1
[INFO] [stderr]    Compiling foreign-types v0.3.2
[INFO] [stderr]    Compiling num-bigint v0.4.6
[INFO] [stderr]    Compiling idna v0.5.0
[INFO] [stderr]    Compiling dlv-list v0.5.2
[INFO] [stderr]    Compiling crossbeam-epoch v0.9.18
[INFO] [stderr]    Compiling crc32fast v1.4.2
[INFO] [stderr]    Compiling native-tls v0.2.12
[INFO] [stderr]    Compiling darling_core v0.20.10
[INFO] [stderr]    Compiling frunk_proc_macro_helpers v0.1.3
[INFO] [stderr]    Compiling regex v1.11.1
[INFO] [stderr]    Compiling funty v2.0.0
[INFO] [stderr]    Compiling xmlparser v0.13.6
[INFO] [stderr]    Compiling proc-macro-crate v3.2.0
[INFO] [stderr]    Compiling heck v0.4.1
[INFO] [stderr]    Compiling urlencoding v2.1.3
[INFO] [stderr]    Compiling termcolor v1.4.1
[INFO] [stderr]    Compiling arrayvec v0.7.6
[INFO] [stderr]    Compiling bitvec v1.0.1
[INFO] [stderr]    Compiling aws-smithy-xml v0.60.9
[INFO] [stderr]    Compiling crossbeam-deque v0.8.5
[INFO] [stderr]    Compiling derive_utils v0.14.2
[INFO] [stderr]    Compiling flate2 v1.0.34
[INFO] [stderr]    Compiling url v2.5.2
[INFO] [stderr]    Compiling crossbeam-channel v0.5.13
[INFO] [stderr]    Compiling crossbeam-queue v0.3.11
[INFO] [stderr]    Compiling sha1 v0.10.6
[INFO] [stderr]    Compiling btoi v0.4.3
[INFO] [stderr]    Compiling encoding_rs v0.8.35
[INFO] [stderr]    Compiling lazy_static v1.5.0
[INFO] [stderr]    Compiling base64 v0.22.1
[INFO] [stderr]    Compiling saturating v0.1.0
[INFO] [stderr]    Compiling smallvec v1.13.2
[INFO] [stderr]    Compiling unicode-segmentation v1.12.0
[INFO] [stderr]    Compiling mysql v25.0.1
[INFO] [stderr]    Compiling tokio-macros v2.4.0
[INFO] [stderr]    Compiling tracing-attributes v0.1.27
[INFO] [stderr]    Compiling serde_derive v1.0.213
[INFO] [stderr]    Compiling zerocopy-derive v0.7.35
[INFO] [stderr]    Compiling thiserror-impl v1.0.65
[INFO] [stderr]    Compiling frunk_proc_macros v0.1.3
[INFO] [stderr]    Compiling frunk_derives v0.4.3
[INFO] [stderr]    Compiling openssl-macros v0.1.1
[INFO] [stderr]    Compiling arraydeque v0.5.1
[INFO] [stderr]    Compiling convert_case v0.6.0
[INFO] [stderr]    Compiling rustls-webpki v0.101.7
[INFO] [stderr]    Compiling sct v0.7.1
[INFO] [stderr]    Compiling tokio v1.41.0
[INFO] [stderr]    Compiling darling_macro v0.20.10
[INFO] [stderr]    Compiling frunk v0.4.3
[INFO] [stderr]    Compiling pem v3.0.4
[INFO] [stderr]    Compiling zerocopy v0.7.35
[INFO] [stderr]    Compiling async-trait v0.1.83
[INFO] [stderr]    Compiling io-enum v1.1.3
[INFO] [stderr]    Compiling crossbeam v0.8.4
[INFO] [stderr]    Compiling lru v0.12.5
[INFO] [stderr]    Compiling tracing v0.1.40
[INFO] [stderr]    Compiling pathdiff v0.2.2
[INFO] [stderr]    Compiling bufstream v0.1.4
[INFO] [stderr]    Compiling rustc-serialize v0.3.25
[INFO] [stderr]    Compiling pest v2.7.14
[INFO] [stderr]    Compiling ppv-lite86 v0.2.20
[INFO] [stderr]    Compiling darling v0.20.10
[INFO] [stderr]    Compiling mysql-common-derive v0.31.1
[INFO] [stderr]    Compiling hashbrown v0.14.5
[INFO] [stderr]    Compiling rand_chacha v0.3.1
[INFO] [stderr]    Compiling rand v0.8.5
[INFO] [stderr]    Compiling ordered-multimap v0.7.3
[INFO] [stderr]    Compiling hashlink v0.8.4
[INFO] [stderr]    Compiling mysql_common v0.32.4
[INFO] [stderr]    Compiling rust-ini v0.20.0
[INFO] [stderr]    Compiling yaml-rust2 v0.8.1
[INFO] [stderr]    Compiling pest_meta v2.7.14
[INFO] [stderr]    Compiling twox-hash v1.6.3
[INFO] [stderr]    Compiling pest_generator v2.7.14
[INFO] [stderr]    Compiling zstd v0.13.2
[INFO] [stderr]    Compiling pest_derive v2.7.14
[INFO] [stderr]    Compiling tokio-util v0.7.12
[INFO] [stderr]    Compiling aws-smithy-async v1.2.1
[INFO] [stderr]    Compiling tokio-rustls v0.24.1
[INFO] [stderr]    Compiling aws-smithy-types v1.2.8
[INFO] [stderr]    Compiling h2 v0.3.26
[INFO] [stderr]    Compiling serde_spanned v0.6.8
[INFO] [stderr]    Compiling json5 v0.4.1
[INFO] [stderr]    Compiling ron v0.8.1
[INFO] [stderr]    Compiling aws-smithy-runtime-api v1.7.2
[INFO] [stderr]    Compiling aws-smithy-json v0.60.7
[INFO] [stderr]    Compiling aws-smithy-query v0.60.7
[INFO] [stderr]    Compiling toml v0.8.19
[INFO] [stderr]    Compiling aws-smithy-http v0.60.11
[INFO] [stderr]    Compiling aws-credential-types v1.2.1
[INFO] [stderr]    Compiling aws-sigv4 v1.2.5
[INFO] [stderr]    Compiling hyper v0.14.31
[INFO] [stderr]    Compiling config v0.14.1
[INFO] [stderr]    Compiling hyper-rustls v0.24.2
[INFO] [stderr]    Compiling aws-smithy-runtime v1.7.3
[INFO] [stderr]    Compiling aws-runtime v1.4.3
[INFO] [stderr]    Compiling aws-sdk-sso v1.47.0
[INFO] [stderr]    Compiling aws-sdk-ssooidc v1.48.0
[INFO] [stderr]    Compiling aws-sdk-sts v1.47.0
[INFO] [stderr]    Compiling aws-sdk-sqs v1.47.0
[INFO] [stderr]    Compiling aws-config v1.5.9
[INFO] [stderr]    Compiling rust-outbox v0.1.0 (/opt/rustwide/workdir)
[INFO] [stderr]     Finished `dev` profile [unoptimized + debuginfo] target(s) in 2m 04s
[INFO] running `Command { std: "docker" "inspect" "d6b5722452767d428292ac1acf682f8528f72d89cb9cfd93363c50890c39c162", kill_on_drop: false }`
[INFO] running `Command { std: "docker" "rm" "-f" "d6b5722452767d428292ac1acf682f8528f72d89cb9cfd93363c50890c39c162", kill_on_drop: false }`
[INFO] [stdout] d6b5722452767d428292ac1acf682f8528f72d89cb9cfd93363c50890c39c162
[INFO] running `Command { std: "docker" "create" "-v" "/var/lib/crater-agent-workspace/builds/worker-0-tc2/target:/opt/rustwide/target:rw,Z" "-v" "/var/lib/crater-agent-workspace/builds/worker-0-tc2/source:/opt/rustwide/workdir:ro,Z" "-v" "/var/lib/crater-agent-workspace/cargo-home:/opt/rustwide/cargo-home:ro,Z" "-v" "/var/lib/crater-agent-workspace/rustup-home:/opt/rustwide/rustup-home:ro,Z" "-e" "SOURCE_DIR=/opt/rustwide/workdir" "-e" "CARGO_TARGET_DIR=/opt/rustwide/target" "-e" "CARGO_INCREMENTAL=0" "-e" "RUST_BACKTRACE=full" "-e" "RUSTFLAGS=--cap-lints=warn" "-e" "RUSTDOCFLAGS=--cap-lints=warn" "-e" "CARGO_HOME=/opt/rustwide/cargo-home" "-e" "RUSTUP_HOME=/opt/rustwide/rustup-home" "-w" "/opt/rustwide/workdir" "-m" "1610612736" "--user" "0:0" "--network" "none" "ghcr.io/rust-lang/crates-build-env/linux@sha256:f3a9d4ad9d972b27faf3965f35b62e55ba32bbce8f20bc8fe909558a86702fde" "/opt/rustwide/cargo-home/bin/cargo" "+beta-2024-12-08" "test" "--frozen" "--no-run" "--message-format=json", kill_on_drop: false }`
[INFO] [stdout] 2a74164d5ed3b9be017db0b8e8741793f870309886a1373947a3948a46303ac9
[INFO] running `Command { std: "docker" "start" "-a" "2a74164d5ed3b9be017db0b8e8741793f870309886a1373947a3948a46303ac9", kill_on_drop: false }`
[INFO] [stderr]    Compiling rust-outbox v0.1.0 (/opt/rustwide/workdir)
[INFO] [stderr]     Finished `test` profile [unoptimized + debuginfo] target(s) in 11.81s
[INFO] running `Command { std: "docker" "inspect" "2a74164d5ed3b9be017db0b8e8741793f870309886a1373947a3948a46303ac9", kill_on_drop: false }`
[INFO] running `Command { std: "docker" "rm" "-f" "2a74164d5ed3b9be017db0b8e8741793f870309886a1373947a3948a46303ac9", kill_on_drop: false }`
[INFO] [stdout] 2a74164d5ed3b9be017db0b8e8741793f870309886a1373947a3948a46303ac9
[INFO] running `Command { std: "docker" "create" "-v" "/var/lib/crater-agent-workspace/builds/worker-0-tc2/target:/opt/rustwide/target:rw,Z" "-v" "/var/lib/crater-agent-workspace/builds/worker-0-tc2/source:/opt/rustwide/workdir:ro,Z" "-v" "/var/lib/crater-agent-workspace/cargo-home:/opt/rustwide/cargo-home:ro,Z" "-v" "/var/lib/crater-agent-workspace/rustup-home:/opt/rustwide/rustup-home:ro,Z" "-e" "SOURCE_DIR=/opt/rustwide/workdir" "-e" "CARGO_TARGET_DIR=/opt/rustwide/target" "-e" "CARGO_INCREMENTAL=0" "-e" "RUST_BACKTRACE=full" "-e" "RUSTFLAGS=--cap-lints=warn" "-e" "RUSTDOCFLAGS=--cap-lints=warn" "-e" "CARGO_HOME=/opt/rustwide/cargo-home" "-e" "RUSTUP_HOME=/opt/rustwide/rustup-home" "-w" "/opt/rustwide/workdir" "-m" "1610612736" "--user" "0:0" "--network" "none" "ghcr.io/rust-lang/crates-build-env/linux@sha256:f3a9d4ad9d972b27faf3965f35b62e55ba32bbce8f20bc8fe909558a86702fde" "/opt/rustwide/cargo-home/bin/cargo" "+beta-2024-12-08" "test" "--frozen", kill_on_drop: false }`
[INFO] [stdout] acff44a663a9a7f280583e3d070f4973088f80e9aa980d87df7a4d84f1e20385
[INFO] running `Command { std: "docker" "start" "-a" "acff44a663a9a7f280583e3d070f4973088f80e9aa980d87df7a4d84f1e20385", kill_on_drop: false }`
[INFO] [stderr]     Finished `test` profile [unoptimized + debuginfo] target(s) in 0.29s
[INFO] [stderr]      Running unittests main.rs (/opt/rustwide/target/debug/deps/rust_outbox-b4274a055cde4296)
[INFO] [stdout] 
[INFO] [stdout] running 1 test
[INFO] [stdout] test tests::end_to_end_happy_path ... FAILED
[INFO] [stdout] 
[INFO] [stdout] failures:
[INFO] [stdout] 
[INFO] [stdout] ---- tests::end_to_end_happy_path stdout ----
[INFO] [stdout] thread 'tests::end_to_end_happy_path' panicked at main.rs:53:73:
[INFO] [stdout] called `Result::unwrap()` on an `Err` value: DriverError { Could not connect to address `localhost:3307': Connection refused (os error 111) }
[INFO] [stdout] stack backtrace:
[INFO] [stdout]    0:     0x601c0c61892a - std::backtrace_rs::backtrace::libunwind::trace::h8810477743020387
[INFO] [stdout]                                at /rustc/202008a1b8de96d2e5b6bc02d379db03a877d34d/library/std/src/../../backtrace/src/backtrace/libunwind.rs:116:5
[INFO] [stdout]    1:     0x601c0c61892a - std::backtrace_rs::backtrace::trace_unsynchronized::h3aa55355dd6c54a6
[INFO] [stdout]                                at /rustc/202008a1b8de96d2e5b6bc02d379db03a877d34d/library/std/src/../../backtrace/src/backtrace/mod.rs:66:5
[INFO] [stdout]    2:     0x601c0c61892a - std::sys::backtrace::_print_fmt::h8588b0f62410823f
[INFO] [stdout]                                at /rustc/202008a1b8de96d2e5b6bc02d379db03a877d34d/library/std/src/sys/backtrace.rs:66:9
[INFO] [stdout]    3:     0x601c0c61892a - <std::sys::backtrace::BacktraceLock::print::DisplayBacktrace as core::fmt::Display>::fmt::h98c26ac25ffe89bb
[INFO] [stdout]                                at /rustc/202008a1b8de96d2e5b6bc02d379db03a877d34d/library/std/src/sys/backtrace.rs:39:26
[INFO] [stdout]    4:     0x601c0c6459c3 - core::fmt::rt::Argument::fmt::hf95377f4aebd453b
[INFO] [stdout]                                at /rustc/202008a1b8de96d2e5b6bc02d379db03a877d34d/library/core/src/fmt/rt.rs:177:76
[INFO] [stdout]    5:     0x601c0c6459c3 - core::fmt::write::h0dd5f6e2238c7982
[INFO] [stdout]                                at /rustc/202008a1b8de96d2e5b6bc02d379db03a877d34d/library/core/src/fmt/mod.rs:1189:21
[INFO] [stdout]    6:     0x601c0c614863 - std::io::Write::write_fmt::h03bb0ca26e6faf8c
[INFO] [stdout]                                at /rustc/202008a1b8de96d2e5b6bc02d379db03a877d34d/library/std/src/io/mod.rs:1884:15
[INFO] [stdout]    7:     0x601c0c618772 - std::sys::backtrace::BacktraceLock::print::h5c19c1c038ee186d
[INFO] [stdout]                                at /rustc/202008a1b8de96d2e5b6bc02d379db03a877d34d/library/std/src/sys/backtrace.rs:42:9
[INFO] [stdout]    8:     0x601c0c619dad - std::panicking::default_hook::{{closure}}::h77172f079a1fcb13
[INFO] [stdout]                                at /rustc/202008a1b8de96d2e5b6bc02d379db03a877d34d/library/std/src/panicking.rs:268:22
[INFO] [stdout]    9:     0x601c0c619bb7 - std::panicking::default_hook::he5f8e3b203ccddba
[INFO] [stdout]                                at /rustc/202008a1b8de96d2e5b6bc02d379db03a877d34d/library/std/src/panicking.rs:292:9
[INFO] [stdout]   10:     0x601c0b71de07 - <alloc::boxed::Box<F,A> as core::ops::function::Fn<Args>>::call::h7a3c7b4a1ae77f2f
[INFO] [stdout]                                at /rustc/202008a1b8de96d2e5b6bc02d379db03a877d34d/library/alloc/src/boxed.rs:1986:9
[INFO] [stdout]   11:     0x601c0b71de07 - test::test_main::{{closure}}::hf0d3b69ae9b353d1
[INFO] [stdout]                                at /rustc/202008a1b8de96d2e5b6bc02d379db03a877d34d/library/test/src/lib.rs:134:21
[INFO] [stdout]   12:     0x601c0c61a458 - <alloc::boxed::Box<F,A> as core::ops::function::Fn<Args>>::call::h6332e82e7b189abd
[INFO] [stdout]                                at /rustc/202008a1b8de96d2e5b6bc02d379db03a877d34d/library/alloc/src/boxed.rs:1986:9
[INFO] [stdout]   13:     0x601c0c61a458 - std::panicking::rust_panic_with_hook::h53863d4e9018df39
[INFO] [stdout]                                at /rustc/202008a1b8de96d2e5b6bc02d379db03a877d34d/library/std/src/panicking.rs:809:13
[INFO] [stdout]   14:     0x601c0c61a21a - std::panicking::begin_panic_handler::{{closure}}::h67280e6fa0757873
[INFO] [stdout]                                at /rustc/202008a1b8de96d2e5b6bc02d379db03a877d34d/library/std/src/panicking.rs:674:13
[INFO] [stdout]   15:     0x601c0c618e09 - std::sys::backtrace::__rust_end_short_backtrace::h1dac3f54d6fbbeb2
[INFO] [stdout]                                at /rustc/202008a1b8de96d2e5b6bc02d379db03a877d34d/library/std/src/sys/backtrace.rs:170:18
[INFO] [stdout]   16:     0x601c0c619eac - rust_begin_unwind
[INFO] [stdout]                                at /rustc/202008a1b8de96d2e5b6bc02d379db03a877d34d/library/std/src/panicking.rs:665:5
[INFO] [stdout]   17:     0x601c0b6b63a0 - core::panicking::panic_fmt::h6792bd1b2bf01041
[INFO] [stdout]                                at /rustc/202008a1b8de96d2e5b6bc02d379db03a877d34d/library/core/src/panicking.rs:76:14
[INFO] [stdout]   18:     0x601c0b6b6886 - core::result::unwrap_failed::h05e0602ed34287c5
[INFO] [stdout]                                at /rustc/202008a1b8de96d2e5b6bc02d379db03a877d34d/library/core/src/result.rs:1699:5
[INFO] [stdout]   19:     0x601c0b6d106d - core::result::Result<T,E>::unwrap::h7a4e8301919abac5
[INFO] [stdout]                                at /rustc/202008a1b8de96d2e5b6bc02d379db03a877d34d/library/core/src/result.rs:1104:23
[INFO] [stdout]   20:     0x601c0b6d106d - rust_outbox::setup_mysql::hf812ceb69e570bf3
[INFO] [stdout]                                at /opt/rustwide/workdir/main.rs:53:16
[INFO] [stdout]   21:     0x601c0b6df664 - rust_outbox::tests::end_to_end_happy_path::{{closure}}::h375aa2aa9180bf1a
[INFO] [stdout]                                at /opt/rustwide/workdir/main.rs:74:30
[INFO] [stdout]   22:     0x601c0b6debe2 - <core::pin::Pin<P> as core::future::future::Future>::poll::hd3a5dc87ec7bc89b
[INFO] [stdout]                                at /rustc/202008a1b8de96d2e5b6bc02d379db03a877d34d/library/core/src/future/future.rs:124:9
[INFO] [stdout]   23:     0x601c0b6deb5d - <core::pin::Pin<P> as core::future::future::Future>::poll::h7821f30af94e8ffe
[INFO] [stdout]                                at /rustc/202008a1b8de96d2e5b6bc02d379db03a877d34d/library/core/src/future/future.rs:124:9
[INFO] [stdout]   24:     0x601c0b6c6a6f - tokio::runtime::scheduler::current_thread::CoreGuard::block_on::{{closure}}::{{closure}}::{{closure}}::h8e27a0036a3f30ac
[INFO] [stdout]                                at /opt/rustwide/cargo-home/registry/src/index.crates.io-6f17d22bba15001f/tokio-1.41.0/src/runtime/scheduler/current_thread/mod.rs:729:57
[INFO] [stdout]   25:     0x601c0b6c69a5 - tokio::runtime::coop::with_budget::h4855d944b2216df0
[INFO] [stdout]                                at /opt/rustwide/cargo-home/registry/src/index.crates.io-6f17d22bba15001f/tokio-1.41.0/src/runtime/coop.rs:107:5
[INFO] [stdout]   26:     0x601c0b6c69a5 - tokio::runtime::coop::budget::ha26af91d41a1b526
[INFO] [stdout]                                at /opt/rustwide/cargo-home/registry/src/index.crates.io-6f17d22bba15001f/tokio-1.41.0/src/runtime/coop.rs:73:5
[INFO] [stdout]   27:     0x601c0b6c69a5 - tokio::runtime::scheduler::current_thread::CoreGuard::block_on::{{closure}}::{{closure}}::h61a37812dc0b3cf1
[INFO] [stdout]                                at /opt/rustwide/cargo-home/registry/src/index.crates.io-6f17d22bba15001f/tokio-1.41.0/src/runtime/scheduler/current_thread/mod.rs:729:25
[INFO] [stdout]   28:     0x601c0b6c4010 - tokio::runtime::scheduler::current_thread::Context::enter::h8ee1339993ec0fce
[INFO] [stdout]                                at /opt/rustwide/cargo-home/registry/src/index.crates.io-6f17d22bba15001f/tokio-1.41.0/src/runtime/scheduler/current_thread/mod.rs:428:19
[INFO] [stdout]   29:     0x601c0b6c605e - tokio::runtime::scheduler::current_thread::CoreGuard::block_on::{{closure}}::hecc9327718ac3648
[INFO] [stdout]                                at /opt/rustwide/cargo-home/registry/src/index.crates.io-6f17d22bba15001f/tokio-1.41.0/src/runtime/scheduler/current_thread/mod.rs:728:36
[INFO] [stdout]   30:     0x601c0b6c54b4 - tokio::runtime::scheduler::current_thread::CoreGuard::enter::{{closure}}::h184aa5594585b023
[INFO] [stdout]                                at /opt/rustwide/cargo-home/registry/src/index.crates.io-6f17d22bba15001f/tokio-1.41.0/src/runtime/scheduler/current_thread/mod.rs:807:68
[INFO] [stdout]   31:     0x601c0b6dad1b - tokio::runtime::context::scoped::Scoped<T>::set::h0aab50901bece719
[INFO] [stdout]                                at /opt/rustwide/cargo-home/registry/src/index.crates.io-6f17d22bba15001f/tokio-1.41.0/src/runtime/context/scoped.rs:40:9
[INFO] [stdout]   32:     0x601c0b6de619 - tokio::runtime::context::set_scheduler::{{closure}}::hc2f684f5cc76041c
[INFO] [stdout]                                at /opt/rustwide/cargo-home/registry/src/index.crates.io-6f17d22bba15001f/tokio-1.41.0/src/runtime/context.rs:180:26
[INFO] [stdout]   33:     0x601c0b6d1f7d - std::thread::local::LocalKey<T>::try_with::h924bad6fe36a6ad2
[INFO] [stdout]                                at /rustc/202008a1b8de96d2e5b6bc02d379db03a877d34d/library/std/src/thread/local.rs:283:12
[INFO] [stdout]   34:     0x601c0b6d182a - std::thread::local::LocalKey<T>::with::hca5ec82f8e27d65d
[INFO] [stdout]                                at /rustc/202008a1b8de96d2e5b6bc02d379db03a877d34d/library/std/src/thread/local.rs:260:9
[INFO] [stdout]   35:     0x601c0b6de58d - tokio::runtime::context::set_scheduler::h40f4de51c6cf47bb
[INFO] [stdout]                                at /opt/rustwide/cargo-home/registry/src/index.crates.io-6f17d22bba15001f/tokio-1.41.0/src/runtime/context.rs:180:9
[INFO] [stdout]   36:     0x601c0b6c5260 - tokio::runtime::scheduler::current_thread::CoreGuard::enter::hebe46fda74ca23fb
[INFO] [stdout]                                at /opt/rustwide/cargo-home/registry/src/index.crates.io-6f17d22bba15001f/tokio-1.41.0/src/runtime/scheduler/current_thread/mod.rs:807:27
[INFO] [stdout]   37:     0x601c0b6c54f3 - tokio::runtime::scheduler::current_thread::CoreGuard::block_on::h622a5841f0dd030b
[INFO] [stdout]                                at /opt/rustwide/cargo-home/registry/src/index.crates.io-6f17d22bba15001f/tokio-1.41.0/src/runtime/scheduler/current_thread/mod.rs:716:19
[INFO] [stdout]   38:     0x601c0b6c375f - tokio::runtime::scheduler::current_thread::CurrentThread::block_on::{{closure}}::h9e98e5f26c031433
[INFO] [stdout]                                at /opt/rustwide/cargo-home/registry/src/index.crates.io-6f17d22bba15001f/tokio-1.41.0/src/runtime/scheduler/current_thread/mod.rs:196:28
[INFO] [stdout]   39:     0x601c0b6d4766 - tokio::runtime::context::runtime::enter_runtime::hc6ed6cbab61c7de0
[INFO] [stdout]                                at /opt/rustwide/cargo-home/registry/src/index.crates.io-6f17d22bba15001f/tokio-1.41.0/src/runtime/context/runtime.rs:65:16
[INFO] [stdout]   40:     0x601c0b6c3051 - tokio::runtime::scheduler::current_thread::CurrentThread::block_on::hf80703861fecd0ce
[INFO] [stdout]                                at /opt/rustwide/cargo-home/registry/src/index.crates.io-6f17d22bba15001f/tokio-1.41.0/src/runtime/scheduler/current_thread/mod.rs:184:9
[INFO] [stdout]   41:     0x601c0b6cabf3 - tokio::runtime::runtime::Runtime::block_on_inner::h91b2f78ad3c97a6e
[INFO] [stdout]                                at /opt/rustwide/cargo-home/registry/src/index.crates.io-6f17d22bba15001f/tokio-1.41.0/src/runtime/runtime.rs:368:47
[INFO] [stdout]   42:     0x601c0b6caef7 - tokio::runtime::runtime::Runtime::block_on::hd5d2a17a7a2d53cd
[INFO] [stdout]                                at /opt/rustwide/cargo-home/registry/src/index.crates.io-6f17d22bba15001f/tokio-1.41.0/src/runtime/runtime.rs:342:13
[INFO] [stdout]   43:     0x601c0b6df4db - rust_outbox::tests::end_to_end_happy_path::hce202ef28409ef17
[INFO] [stdout]                                at /opt/rustwide/workdir/main.rs:132:9
[INFO] [stdout]   44:     0x601c0b6df357 - rust_outbox::tests::end_to_end_happy_path::{{closure}}::hd016d5818735d1aa
[INFO] [stdout]                                at /opt/rustwide/workdir/main.rs:73:37
[INFO] [stdout]   45:     0x601c0b6e0f26 - core::ops::function::FnOnce::call_once::h306116159fe00212
[INFO] [stdout]                                at /rustc/202008a1b8de96d2e5b6bc02d379db03a877d34d/library/core/src/ops/function.rs:250:5
[INFO] [stdout]   46:     0x601c0b72292b - core::ops::function::FnOnce::call_once::h871bf86719ec9aa4
[INFO] [stdout]                                at /rustc/202008a1b8de96d2e5b6bc02d379db03a877d34d/library/core/src/ops/function.rs:250:5
[INFO] [stdout]   47:     0x601c0b72292b - test::__rust_begin_short_backtrace::h2167df1e2b7d76fd
[INFO] [stdout]                                at /rustc/202008a1b8de96d2e5b6bc02d379db03a877d34d/library/test/src/lib.rs:632:18
[INFO] [stdout]   48:     0x601c0b722318 - test::run_test_in_process::{{closure}}::h15d92f75a3adfb79
[INFO] [stdout]                                at /rustc/202008a1b8de96d2e5b6bc02d379db03a877d34d/library/test/src/lib.rs:655:60
[INFO] [stdout]   49:     0x601c0b722318 - <core::panic::unwind_safe::AssertUnwindSafe<F> as core::ops::function::FnOnce<()>>::call_once::hb6c8955835a8dbbb
[INFO] [stdout]                                at /rustc/202008a1b8de96d2e5b6bc02d379db03a877d34d/library/core/src/panic/unwind_safe.rs:272:9
[INFO] [stdout]   50:     0x601c0b722318 - std::panicking::try::do_call::hc79d0fc888a0bd30
[INFO] [stdout]                                at /rustc/202008a1b8de96d2e5b6bc02d379db03a877d34d/library/std/src/panicking.rs:557:40
[INFO] [stdout]   51:     0x601c0b722318 - std::panicking::try::hb8a7878e3a8589d6
[INFO] [stdout]                                at /rustc/202008a1b8de96d2e5b6bc02d379db03a877d34d/library/std/src/panicking.rs:520:19
[INFO] [stdout]   52:     0x601c0b722318 - std::panic::catch_unwind::hb8e4600ff0ff5cfa
[INFO] [stdout]                                at /rustc/202008a1b8de96d2e5b6bc02d379db03a877d34d/library/std/src/panic.rs:358:14
[INFO] [stdout]   53:     0x601c0b722318 - test::run_test_in_process::hc2900b0b18688dd6
[INFO] [stdout]                                at /rustc/202008a1b8de96d2e5b6bc02d379db03a877d34d/library/test/src/lib.rs:655:27
[INFO] [stdout]   54:     0x601c0b722318 - test::run_test::{{closure}}::hac2a9cb07be3d48d
[INFO] [stdout]                                at /rustc/202008a1b8de96d2e5b6bc02d379db03a877d34d/library/test/src/lib.rs:576:43
[INFO] [stdout]   55:     0x601c0b6e5dba - test::run_test::{{closure}}::h4a5b729e66a38cd8
[INFO] [stdout]                                at /rustc/202008a1b8de96d2e5b6bc02d379db03a877d34d/library/test/src/lib.rs:606:41
[INFO] [stdout]   56:     0x601c0b6e5dba - std::sys::backtrace::__rust_begin_short_backtrace::h0496fb742492f573
[INFO] [stdout]                                at /rustc/202008a1b8de96d2e5b6bc02d379db03a877d34d/library/std/src/sys/backtrace.rs:154:18
[INFO] [stdout]   57:     0x601c0b6e9734 - std::thread::Builder::spawn_unchecked_::{{closure}}::{{closure}}::hbb6d257c550a54bd
[INFO] [stdout]                                at /rustc/202008a1b8de96d2e5b6bc02d379db03a877d34d/library/std/src/thread/mod.rs:561:17
[INFO] [stdout]   58:     0x601c0b6e9734 - <core::panic::unwind_safe::AssertUnwindSafe<F> as core::ops::function::FnOnce<()>>::call_once::h46696fe4a6832328
[INFO] [stdout]                                at /rustc/202008a1b8de96d2e5b6bc02d379db03a877d34d/library/core/src/panic/unwind_safe.rs:272:9
[INFO] [stdout]   59:     0x601c0b6e9734 - std::panicking::try::do_call::h2625a51b667bfb64
[INFO] [stdout]                                at /rustc/202008a1b8de96d2e5b6bc02d379db03a877d34d/library/std/src/panicking.rs:557:40
[INFO] [stdout]   60:     0x601c0b6e9734 - std::panicking::try::hb956a59a1973aa4c
[INFO] [stdout]                                at /rustc/202008a1b8de96d2e5b6bc02d379db03a877d34d/library/std/src/panicking.rs:520:19
[INFO] [stdout]   61:     0x601c0b6e9734 - std::panic::catch_unwind::h64f3b9d1067ef6a0
[INFO] [stdout]                                at /rustc/202008a1b8de96d2e5b6bc02d379db03a877d34d/library/std/src/panic.rs:358:14
[INFO] [stdout]   62:     0x601c0b6e9734 - std::thread::Builder::spawn_unchecked_::{{closure}}::h42b2841295b6c0b2
[INFO] [stdout]                                at /rustc/202008a1b8de96d2e5b6bc02d379db03a877d34d/library/std/src/thread/mod.rs:559:30
[INFO] [stdout]   63:     0x601c0b6e9734 - core::ops::function::FnOnce::call_once{{vtable.shim}}::h6127de71b8124639
[INFO] [stdout]                                at /rustc/202008a1b8de96d2e5b6bc02d379db03a877d34d/library/core/src/ops/function.rs:250:5
[INFO] [stdout]   64:     0x601c0c61eadb - <alloc::boxed::Box<F,A> as core::ops::function::FnOnce<Args>>::call_once::h42f0ba71002a1b2c
[INFO] [stdout]                                at /rustc/202008a1b8de96d2e5b6bc02d379db03a877d34d/library/alloc/src/boxed.rs:1972:9
[INFO] [stdout]   65:     0x601c0c61eadb - <alloc::boxed::Box<F,A> as core::ops::function::FnOnce<Args>>::call_once::had9e47d7a3dcecb8
[INFO] [stdout]                                at /rustc/202008a1b8de96d2e5b6bc02d379db03a877d34d/library/alloc/src/boxed.rs:1972:9
[INFO] [stdout]   66:     0x601c0c61eadb - std::sys::pal::unix::thread::Thread::new::thread_start::h48cf765408f6f5f2
[INFO] [stdout]                                at /rustc/202008a1b8de96d2e5b6bc02d379db03a877d34d/library/std/src/sys/pal/unix/thread.rs:105:17
[INFO] [stdout]   67:     0x7ba60911fac3 - <unknown>
[INFO] [stdout]   68:     0x7ba6091b0a04 - clone
[INFO] [stdout]   69:                0x0 - <unknown>
[INFO] [stdout] 
[INFO] [stdout] 
[INFO] [stdout] failures:
[INFO] [stdout]     tests::end_to_end_happy_path
[INFO] [stdout] 
[INFO] [stdout] test result: FAILED. 0 passed; 1 failed; 0 ignored; 0 measured; 0 filtered out; finished in 0.09s
[INFO] [stdout] 
[INFO] [stderr] error: test failed, to rerun pass `--bin rust-outbox`
[INFO] running `Command { std: "docker" "inspect" "acff44a663a9a7f280583e3d070f4973088f80e9aa980d87df7a4d84f1e20385", kill_on_drop: false }`
[INFO] running `Command { std: "docker" "rm" "-f" "acff44a663a9a7f280583e3d070f4973088f80e9aa980d87df7a4d84f1e20385", kill_on_drop: false }`
[INFO] [stdout] acff44a663a9a7f280583e3d070f4973088f80e9aa980d87df7a4d84f1e20385
