[INFO] cloning repository https://github.com/ricardodarocha/newapi
[INFO] running `Command { std: "git" "-c" "credential.helper=" "-c" "credential.helper=/workspace/cargo-home/bin/git-credential-null" "clone" "--bare" "https://github.com/ricardodarocha/newapi" "/workspace/cache/git-repos/https%3A%2F%2Fgithub.com%2Fricardodarocha%2Fnewapi", kill_on_drop: false }`
[INFO] [stderr] Cloning into bare repository '/workspace/cache/git-repos/https%3A%2F%2Fgithub.com%2Fricardodarocha%2Fnewapi'...
[INFO] running `Command { std: "git" "rev-parse" "HEAD", kill_on_drop: false }`
[INFO] [stdout] 45526e8023ff130409bca290599b99e69eac0bd9
[INFO] testing ricardodarocha/newapi against 1.83.0 for beta-1.84.0-4-retry
[INFO] running `Command { std: "git" "clone" "/workspace/cache/git-repos/https%3A%2F%2Fgithub.com%2Fricardodarocha%2Fnewapi" "/workspace/builds/worker-4-tc1/source", kill_on_drop: false }`
[INFO] [stderr] Cloning into '/workspace/builds/worker-4-tc1/source'...
[INFO] [stderr] done.
[INFO] validating manifest of git repo https://github.com/ricardodarocha/newapi on toolchain 1.83.0
[INFO] running `Command { std: CARGO_HOME="/workspace/cargo-home" RUSTUP_HOME="/workspace/rustup-home" "/workspace/cargo-home/bin/cargo" "+1.83.0" "metadata" "--manifest-path" "Cargo.toml" "--no-deps", kill_on_drop: false }`
[INFO] started tweaking git repo https://github.com/ricardodarocha/newapi
[INFO] finished tweaking git repo https://github.com/ricardodarocha/newapi
[INFO] tweaked toml for git repo https://github.com/ricardodarocha/newapi written to /workspace/builds/worker-4-tc1/source/Cargo.toml
[INFO] crate git repo https://github.com/ricardodarocha/newapi already has a lockfile, it will not be regenerated
[INFO] running `Command { std: CARGO_HOME="/workspace/cargo-home" RUSTUP_HOME="/workspace/rustup-home" "/workspace/cargo-home/bin/cargo" "+1.83.0" "fetch" "--manifest-path" "Cargo.toml", kill_on_drop: false }`
[INFO] running `Command { std: "docker" "create" "-v" "/var/lib/crater-agent-workspace/builds/worker-4-tc1/target:/opt/rustwide/target:rw,Z" "-v" "/var/lib/crater-agent-workspace/builds/worker-4-tc1/source:/opt/rustwide/workdir:ro,Z" "-v" "/var/lib/crater-agent-workspace/cargo-home:/opt/rustwide/cargo-home:ro,Z" "-v" "/var/lib/crater-agent-workspace/rustup-home:/opt/rustwide/rustup-home:ro,Z" "-e" "SOURCE_DIR=/opt/rustwide/workdir" "-e" "CARGO_TARGET_DIR=/opt/rustwide/target" "-e" "CARGO_HOME=/opt/rustwide/cargo-home" "-e" "RUSTUP_HOME=/opt/rustwide/rustup-home" "-w" "/opt/rustwide/workdir" "-m" "1610612736" "--user" "0:0" "--network" "none" "ghcr.io/rust-lang/crates-build-env/linux@sha256:f3a9d4ad9d972b27faf3965f35b62e55ba32bbce8f20bc8fe909558a86702fde" "/opt/rustwide/cargo-home/bin/cargo" "+1.83.0" "metadata" "--no-deps" "--format-version=1", kill_on_drop: false }`
[INFO] [stdout] 4430c434b4cc3b534d6f2c3214e7dabe07971668644d044028d39fe5b132930e
[INFO] running `Command { std: "docker" "start" "-a" "4430c434b4cc3b534d6f2c3214e7dabe07971668644d044028d39fe5b132930e", kill_on_drop: false }`
[INFO] running `Command { std: "docker" "inspect" "4430c434b4cc3b534d6f2c3214e7dabe07971668644d044028d39fe5b132930e", kill_on_drop: false }`
[INFO] running `Command { std: "docker" "rm" "-f" "4430c434b4cc3b534d6f2c3214e7dabe07971668644d044028d39fe5b132930e", kill_on_drop: false }`
[INFO] [stdout] 4430c434b4cc3b534d6f2c3214e7dabe07971668644d044028d39fe5b132930e
[INFO] running `Command { std: "docker" "create" "-v" "/var/lib/crater-agent-workspace/builds/worker-4-tc1/target:/opt/rustwide/target:rw,Z" "-v" "/var/lib/crater-agent-workspace/builds/worker-4-tc1/source:/opt/rustwide/workdir:ro,Z" "-v" "/var/lib/crater-agent-workspace/cargo-home:/opt/rustwide/cargo-home:ro,Z" "-v" "/var/lib/crater-agent-workspace/rustup-home:/opt/rustwide/rustup-home:ro,Z" "-e" "SOURCE_DIR=/opt/rustwide/workdir" "-e" "CARGO_TARGET_DIR=/opt/rustwide/target" "-e" "CARGO_INCREMENTAL=0" "-e" "RUST_BACKTRACE=full" "-e" "RUSTFLAGS=--cap-lints=warn" "-e" "RUSTDOCFLAGS=--cap-lints=warn" "-e" "CARGO_HOME=/opt/rustwide/cargo-home" "-e" "RUSTUP_HOME=/opt/rustwide/rustup-home" "-w" "/opt/rustwide/workdir" "-m" "1610612736" "--user" "0:0" "--network" "none" "ghcr.io/rust-lang/crates-build-env/linux@sha256:f3a9d4ad9d972b27faf3965f35b62e55ba32bbce8f20bc8fe909558a86702fde" "/opt/rustwide/cargo-home/bin/cargo" "+1.83.0" "build" "--frozen" "--message-format=json", kill_on_drop: false }`
[INFO] [stdout] 2c8419b80216acc81d83de332a003d7cea6c59839c7e3375c6b7135910ae9677
[INFO] running `Command { std: "docker" "start" "-a" "2c8419b80216acc81d83de332a003d7cea6c59839c7e3375c6b7135910ae9677", kill_on_drop: false }`
[INFO] [stderr]    Compiling libc v0.2.123
[INFO] [stderr]    Compiling cfg-if v1.0.0
[INFO] [stderr]    Compiling proc-macro2 v1.0.37
[INFO] [stderr]    Compiling autocfg v1.1.0
[INFO] [stderr]    Compiling version_check v0.9.4
[INFO] [stderr]    Compiling log v0.4.16
[INFO] [stderr]    Compiling memchr v2.4.1
[INFO] [stderr]    Compiling unicode-xid v0.2.2
[INFO] [stderr]    Compiling pin-project-lite v0.2.8
[INFO] [stderr]    Compiling syn v1.0.91
[INFO] [stderr]    Compiling bytes v1.1.0
[INFO] [stderr]    Compiling futures-core v0.3.21
[INFO] [stderr]    Compiling lock_api v0.4.7
[INFO] [stderr]    Compiling parking_lot_core v0.9.2
[INFO] [stderr]    Compiling itoa v1.0.1
[INFO] [stderr]    Compiling smallvec v1.8.0
[INFO] [stderr]    Compiling scopeguard v1.1.0
[INFO] [stderr]    Compiling typenum v1.15.0
[INFO] [stderr]    Compiling quote v1.0.18
[INFO] [stderr]    Compiling once_cell v1.10.0
[INFO] [stderr]    Compiling generic-array v0.14.5
[INFO] [stderr]    Compiling futures-task v0.3.21
[INFO] [stderr]    Compiling jobserver v0.1.24
[INFO] [stderr]    Compiling signal-hook-registry v1.4.0
[INFO] [stderr]    Compiling cc v1.0.73
[INFO] [stderr]    Compiling socket2 v0.4.4
[INFO] [stderr]    Compiling parking_lot v0.12.0
[INFO] [stderr]    Compiling mio v0.8.2
[INFO] [stderr]    Compiling lazy_static v1.4.0
[INFO] [stderr]    Compiling tracing-core v0.1.25
[INFO] [stderr]    Compiling serde v1.0.136
[INFO] [stderr]    Compiling tokio v1.17.0
[INFO] [stderr]    Compiling futures-util v0.3.21
[INFO] [stderr]    Compiling getrandom v0.2.6
[INFO] [stderr]    Compiling pin-utils v0.1.0
[INFO] [stderr]    Compiling futures-sink v0.3.21
[INFO] [stderr]    Compiling fnv v1.0.7
[INFO] [stderr]    Compiling percent-encoding v2.1.0
[INFO] [stderr]    Compiling http v0.2.6
[INFO] [stderr]    Compiling indexmap v1.8.1
[INFO] [stderr]    Compiling zstd-sys v1.6.3+zstd.1.5.2
[INFO] [stderr]    Compiling zstd-safe v4.1.4+zstd.1.5.2
[INFO] [stderr]    Compiling crc32fast v1.3.2
[INFO] [stderr]    Compiling tinyvec_macros v0.1.0
[INFO] [stderr]    Compiling alloc-no-stdlib v2.0.3
[INFO] [stderr]    Compiling matches v0.1.9
[INFO] [stderr]    Compiling local-waker v0.1.2
[INFO] [stderr]    Compiling alloc-stdlib v0.2.1
[INFO] [stderr]    Compiling tinyvec v1.5.1
[INFO] [stderr]    Compiling crypto-common v0.1.3
[INFO] [stderr]    Compiling block-buffer v0.10.2
[INFO] [stderr]    Compiling rand_core v0.6.3
[INFO] [stderr]    Compiling aho-corasick v0.7.18
[INFO] [stderr]    Compiling bytestring v1.0.0
[INFO] [stderr]    Compiling ahash v0.7.6
[INFO] [stderr]    Compiling regex-syntax v0.6.25
[INFO] [stderr]    Compiling adler v1.0.2
[INFO] [stderr]    Compiling encoding_rs v0.8.31
[INFO] [stderr]    Compiling paste v1.0.7
[INFO] [stderr]    Compiling ppv-lite86 v0.2.16
[INFO] [stderr]    Compiling httparse v1.7.0
[INFO] [stderr]    Compiling hashbrown v0.11.2
[INFO] [stderr]    Compiling rand_chacha v0.3.1
[INFO] [stderr]    Compiling actix-service v2.0.2
[INFO] [stderr]    Compiling actix-rt v2.7.0
[INFO] [stderr]    Compiling miniz_oxide v0.5.1
[INFO] [stderr]    Compiling unicode-normalization v0.1.19
[INFO] [stderr]    Compiling digest v0.10.3
[INFO] [stderr]    Compiling regex v1.5.5
[INFO] [stderr]    Compiling brotli-decompressor v2.3.2
[INFO] [stderr]    Compiling actix-utils v3.0.0
[INFO] [stderr]    Compiling form_urlencoded v1.0.1
[INFO] [stderr]    Compiling cookie v0.16.0
[INFO] [stderr]    Compiling time-macros v0.2.4
[INFO] [stderr]    Compiling convert_case v0.4.0
[INFO] [stderr]    Compiling firestorm v0.5.0
[INFO] [stderr]    Compiling serde_json v1.0.79
[INFO] [stderr]    Compiling cpufeatures v0.2.2
[INFO] [stderr]    Compiling bitflags v1.3.2
[INFO] [stderr]    Compiling unicode-bidi v0.3.7
[INFO] [stderr]    Compiling slab v0.4.6
[INFO] [stderr]    Compiling ryu v1.0.9
[INFO] [stderr]    Compiling tracing-attributes v0.1.20
[INFO] [stderr]    Compiling num_threads v0.1.5
[INFO] [stderr]    Compiling derive_more v0.99.17
[INFO] [stderr]    Compiling idna v0.2.3
[INFO] [stderr]    Compiling actix-router v0.5.0
[INFO] [stderr]    Compiling brotli v3.3.4
[INFO] [stderr]    Compiling sha-1 v0.10.0
[INFO] [stderr]    Compiling flate2 v1.0.23
[INFO] [stderr]    Compiling time v0.3.9
[INFO] [stderr]    Compiling rand v0.8.5
[INFO] [stderr]    Compiling local-channel v0.1.2
[INFO] [stderr]    Compiling tracing v0.1.33
[INFO] [stderr]    Compiling num_cpus v1.13.1
[INFO] [stderr]    Compiling tokio-util v0.7.1
[INFO] [stderr]    Compiling mime v0.3.16
[INFO] [stderr]    Compiling language-tags v0.3.2
[INFO] [stderr]    Compiling actix-codec v0.5.0
[INFO] [stderr]    Compiling h2 v0.3.13
[INFO] [stderr]    Compiling httpdate v1.0.2
[INFO] [stderr]    Compiling base64 v0.13.0
[INFO] [stderr]    Compiling actix-web-codegen v4.0.0
[INFO] [stderr]    Compiling actix-server v2.1.1
[INFO] [stderr]    Compiling url v2.2.2
[INFO] [stderr]    Compiling actix-macros v0.2.3
[INFO] [stderr]    Compiling serde_urlencoded v0.7.1
[INFO] [stderr] rustc-LLVM ERROR: IO failure on output stream: No space left on device
[INFO] [stderr] error: could not compile `h2` (lib)
[INFO] [stderr] 
[INFO] [stderr] Caused by:
[INFO] [stderr]   No space left on device (os error 28)
[INFO] [stderr] 
[INFO] [stderr] Caused by:
[INFO] [stderr]   failed to parse process output: `/opt/rustwide/rustup-home/toolchains/1.83.0-x86_64-unknown-linux-gnu/bin/rustc --crate-name h2 --edition=2018 /opt/rustwide/cargo-home/registry/src/index.crates.io-6f17d22bba15001f/h2-0.3.13/src/lib.rs --error-format=json --json=diagnostic-rendered-ansi,artifacts,future-incompat --crate-type lib --emit=dep-info,metadata,link -C embed-bitcode=no -C debuginfo=2 --check-cfg 'cfg(docsrs)' --check-cfg 'cfg(feature, values("stream", "unstable"))' -C metadata=29b5ad20fa4ec1d7 -C extra-filename=-29b5ad20fa4ec1d7 --out-dir /opt/rustwide/target/debug/deps -L dependency=/opt/rustwide/target/debug/deps --extern bytes=/opt/rustwide/target/debug/deps/libbytes-35d408d939770451.rmeta --extern fnv=/opt/rustwide/target/debug/deps/libfnv-b4bd047f342dff07.rmeta --extern futures_core=/opt/rustwide/target/debug/deps/libfutures_core-2b696e01d4056d32.rmeta --extern futures_sink=/opt/rustwide/target/debug/deps/libfutures_sink-2be1793bd64d5d7b.rmeta --extern futures_util=/opt/rustwide/target/debug/deps/libfutures_util-98e0dcda28303346.rmeta --extern http=/opt/rustwide/target/debug/deps/libhttp-63235d03088c4104.rmeta --extern indexmap=/opt/rustwide/target/debug/deps/libindexmap-145c1fc88f7139b0.rmeta --extern slab=/opt/rustwide/target/debug/deps/libslab-9785f4c3d3cca508.rmeta --extern tokio=/opt/rustwide/target/debug/deps/libtokio-05d69ab3167553c5.rmeta --extern tokio_util=/opt/rustwide/target/debug/deps/libtokio_util-d5eb031c1ed4d6f9.rmeta --extern tracing=/opt/rustwide/target/debug/deps/libtracing-d87232b270619016.rmeta --cap-lints allow --cap-lints=warn` (exit status: 101)
[INFO] [stderr] warning: build failed, waiting for other jobs to finish...
[INFO] [stderr] The following warnings were emitted during compilation:
[INFO] [stderr] 
[INFO] [stderr] warning: zstd-sys@1.6.3+zstd.1.5.2: zstd/lib/dictBuilder/zdict.c:1205:1: fatal error: error writing to /tmp/ccJWZKRZ.s: No space left on device
[INFO] [stderr] warning: zstd-sys@1.6.3+zstd.1.5.2:  1205 | }
[INFO] [stderr] warning: zstd-sys@1.6.3+zstd.1.5.2:       | ^
[INFO] [stderr] warning: zstd-sys@1.6.3+zstd.1.5.2: compilation terminated.
[INFO] [stderr] warning: zstd-sys@1.6.3+zstd.1.5.2: zstd/lib/compress/zstd_opt.c:1442:1: fatal error: error writing to /tmp/ccPz8npb.s: No space left on device
[INFO] [stderr] warning: zstd-sys@1.6.3+zstd.1.5.2:  1442 | }
[INFO] [stderr] warning: zstd-sys@1.6.3+zstd.1.5.2:       | ^
[INFO] [stderr] warning: zstd-sys@1.6.3+zstd.1.5.2: compilation terminated.
[INFO] [stderr] warning: zstd-sys@1.6.3+zstd.1.5.2: zstd/lib/compress/zstd_double_fast.c:696:1: fatal error: error writing to /tmp/ccKR949T.s: No space left on device
[INFO] [stderr] warning: zstd-sys@1.6.3+zstd.1.5.2:   696 | }
[INFO] [stderr] warning: zstd-sys@1.6.3+zstd.1.5.2:       | ^
[INFO] [stderr] warning: zstd-sys@1.6.3+zstd.1.5.2: compilation terminated.
[INFO] [stderr] warning: zstd-sys@1.6.3+zstd.1.5.2: zstd/lib/decompress/zstd_decompress_block.c:2072:1: fatal error: error writing to /tmp/cccXSAG7.s: No space left on device
[INFO] [stderr] warning: zstd-sys@1.6.3+zstd.1.5.2:  2072 | }
[INFO] [stderr] warning: zstd-sys@1.6.3+zstd.1.5.2:       | ^
[INFO] [stderr] warning: zstd-sys@1.6.3+zstd.1.5.2: compilation terminated.
[INFO] [stderr] warning: zstd-sys@1.6.3+zstd.1.5.2: zstd/lib/decompress/huf_decompress.c:1888:1: fatal error: error writing to /tmp/cchoHuXK.s: No space left on device
[INFO] [stderr] warning: zstd-sys@1.6.3+zstd.1.5.2:  1888 | }
[INFO] [stderr] warning: zstd-sys@1.6.3+zstd.1.5.2:       | ^
[INFO] [stderr] warning: zstd-sys@1.6.3+zstd.1.5.2: compilation terminated.
[INFO] [stderr] warning: zstd-sys@1.6.3+zstd.1.5.2: zstd/lib/compress/zstd_lazy.c:2104:1: fatal error: error writing to /tmp/ccvMYuU4.s: No space left on device
[INFO] [stderr] warning: zstd-sys@1.6.3+zstd.1.5.2:  2104 | }
[INFO] [stderr] warning: zstd-sys@1.6.3+zstd.1.5.2:       | ^
[INFO] [stderr] warning: zstd-sys@1.6.3+zstd.1.5.2: compilation terminated.
[INFO] [stderr] 
[INFO] [stderr] error: failed to run custom build command for `zstd-sys v1.6.3+zstd.1.5.2`
[INFO] [stderr] note: To improve backtraces for build dependencies, set the CARGO_PROFILE_DEV_BUILD_OVERRIDE_DEBUG=true environment variable to enable debug information generation.
[INFO] [stderr] 
[INFO] [stderr] Caused by:
[INFO] [stderr]   process didn't exit successfully: `/opt/rustwide/target/debug/build/zstd-sys-70a58bd5e6cc7156/build-script-build` (exit status: 1)
[INFO] [stderr]   --- stdout
[INFO] [stderr]   TARGET = Some("x86_64-unknown-linux-gnu")
[INFO] [stderr]   HOST = Some("x86_64-unknown-linux-gnu")
[INFO] [stderr]   CC_x86_64-unknown-linux-gnu = None
[INFO] [stderr]   CC_x86_64_unknown_linux_gnu = None
[INFO] [stderr]   HOST_CC = None
[INFO] [stderr]   CC = None
[INFO] [stderr]   CFLAGS_x86_64-unknown-linux-gnu = None
[INFO] [stderr]   CFLAGS_x86_64_unknown_linux_gnu = None
[INFO] [stderr]   HOST_CFLAGS = None
[INFO] [stderr]   CFLAGS = None
[INFO] [stderr]   CRATE_CC_NO_DEFAULTS = None
[INFO] [stderr]   DEBUG = Some("true")
[INFO] [stderr]   CARGO_CFG_TARGET_FEATURE = Some("fxsr,sse,sse2")
[INFO] [stderr]   running: "cc" "-O3" "-ffunction-sections" "-fdata-sections" "-fPIC" "-g" "-fno-omit-frame-pointer" "-m64" "-I" "zstd/lib/" "-I" "zstd/lib/common" "-I" "zstd/lib/legacy" "-fvisibility=hidden" "-DZSTD_LIB_DEPRECATED=0" "-DXXH_PRIVATE_API=" "-DZSTDLIB_VISIBILITY=" "-DZDICTLIB_VISIBILITY=" "-DZSTDERRORLIB_VISIBILITY=" "-DZSTD_LEGACY_SUPPORT=1" "-o" "/opt/rustwide/target/debug/build/zstd-sys-a672634fc4d4f6e0/out/zstd/lib/common/entropy_common.o" "-c" "zstd/lib/common/entropy_common.c"
[INFO] [stderr]   exit status: 0
[INFO] [stderr]   running: "cc" "-O3" "-ffunction-sections" "-fdata-sections" "-fPIC" "-g" "-fno-omit-frame-pointer" "-m64" "-I" "zstd/lib/" "-I" "zstd/lib/common" "-I" "zstd/lib/legacy" "-fvisibility=hidden" "-DZSTD_LIB_DEPRECATED=0" "-DXXH_PRIVATE_API=" "-DZSTDLIB_VISIBILITY=" "-DZDICTLIB_VISIBILITY=" "-DZSTDERRORLIB_VISIBILITY=" "-DZSTD_LEGACY_SUPPORT=1" "-o" "/opt/rustwide/target/debug/build/zstd-sys-a672634fc4d4f6e0/out/zstd/lib/common/pool.o" "-c" "zstd/lib/common/pool.c"
[INFO] [stderr]   exit status: 0
[INFO] [stderr]   running: "cc" "-O3" "-ffunction-sections" "-fdata-sections" "-fPIC" "-g" "-fno-omit-frame-pointer" "-m64" "-I" "zstd/lib/" "-I" "zstd/lib/common" "-I" "zstd/lib/legacy" "-fvisibility=hidden" "-DZSTD_LIB_DEPRECATED=0" "-DXXH_PRIVATE_API=" "-DZSTDLIB_VISIBILITY=" "-DZDICTLIB_VISIBILITY=" "-DZSTDERRORLIB_VISIBILITY=" "-DZSTD_LEGACY_SUPPORT=1" "-o" "/opt/rustwide/target/debug/build/zstd-sys-a672634fc4d4f6e0/out/zstd/lib/common/threading.o" "-c" "zstd/lib/common/threading.c"
[INFO] [stderr]   exit status: 0
[INFO] [stderr]   running: "cc" "-O3" "-ffunction-sections" "-fdata-sections" "-fPIC" "-g" "-fno-omit-frame-pointer" "-m64" "-I" "zstd/lib/" "-I" "zstd/lib/common" "-I" "zstd/lib/legacy" "-fvisibility=hidden" "-DZSTD_LIB_DEPRECATED=0" "-DXXH_PRIVATE_API=" "-DZSTDLIB_VISIBILITY=" "-DZDICTLIB_VISIBILITY=" "-DZSTDERRORLIB_VISIBILITY=" "-DZSTD_LEGACY_SUPPORT=1" "-o" "/opt/rustwide/target/debug/build/zstd-sys-a672634fc4d4f6e0/out/zstd/lib/common/debug.o" "-c" "zstd/lib/common/debug.c"
[INFO] [stderr]   exit status: 0
[INFO] [stderr]   running: "cc" "-O3" "-ffunction-sections" "-fdata-sections" "-fPIC" "-g" "-fno-omit-frame-pointer" "-m64" "-I" "zstd/lib/" "-I" "zstd/lib/common" "-I" "zstd/lib/legacy" "-fvisibility=hidden" "-DZSTD_LIB_DEPRECATED=0" "-DXXH_PRIVATE_API=" "-DZSTDLIB_VISIBILITY=" "-DZDICTLIB_VISIBILITY=" "-DZSTDERRORLIB_VISIBILITY=" "-DZSTD_LEGACY_SUPPORT=1" "-o" "/opt/rustwide/target/debug/build/zstd-sys-a672634fc4d4f6e0/out/zstd/lib/common/fse_decompress.o" "-c" "zstd/lib/common/fse_decompress.c"
[INFO] [stderr]   running: "cc" "-O3" "-ffunction-sections" "-fdata-sections" "-fPIC" "-g" "-fno-omit-frame-pointer" "-m64" "-I" "zstd/lib/" "-I" "zstd/lib/common" "-I" "zstd/lib/legacy" "-fvisibility=hidden" "-DZSTD_LIB_DEPRECATED=0" "-DXXH_PRIVATE_API=" "-DZSTDLIB_VISIBILITY=" "-DZDICTLIB_VISIBILITY=" "-DZSTDERRORLIB_VISIBILITY=" "-DZSTD_LEGACY_SUPPORT=1" "-o" "/opt/rustwide/target/debug/build/zstd-sys-a672634fc4d4f6e0/out/zstd/lib/common/error_private.o" "-c" "zstd/lib/common/error_private.c"
[INFO] [stderr]   exit status: 0
[INFO] [stderr]   running: "cc" "-O3" "-ffunction-sections" "-fdata-sections" "-fPIC" "-g" "-fno-omit-frame-pointer" "-m64" "-I" "zstd/lib/" "-I" "zstd/lib/common" "-I" "zstd/lib/legacy" "-fvisibility=hidden" "-DZSTD_LIB_DEPRECATED=0" "-DXXH_PRIVATE_API=" "-DZSTDLIB_VISIBILITY=" "-DZDICTLIB_VISIBILITY=" "-DZSTDERRORLIB_VISIBILITY=" "-DZSTD_LEGACY_SUPPORT=1" "-o" "/opt/rustwide/target/debug/build/zstd-sys-a672634fc4d4f6e0/out/zstd/lib/common/zstd_common.o" "-c" "zstd/lib/common/zstd_common.c"
[INFO] [stderr]   running: "cc" "-O3" "-ffunction-sections" "-fdata-sections" "-fPIC" "-g" "-fno-omit-frame-pointer" "-m64" "-I" "zstd/lib/" "-I" "zstd/lib/common" "-I" "zstd/lib/legacy" "-fvisibility=hidden" "-DZSTD_LIB_DEPRECATED=0" "-DXXH_PRIVATE_API=" "-DZSTDLIB_VISIBILITY=" "-DZDICTLIB_VISIBILITY=" "-DZSTDERRORLIB_VISIBILITY=" "-DZSTD_LEGACY_SUPPORT=1" "-o" "/opt/rustwide/target/debug/build/zstd-sys-a672634fc4d4f6e0/out/zstd/lib/compress/zstd_fast.o" "-c" "zstd/lib/compress/zstd_fast.c"
[INFO] [stderr]   running: "cc" "-O3" "-ffunction-sections" "-fdata-sections" "-fPIC" "-g" "-fno-omit-frame-pointer" "-m64" "-I" "zstd/lib/" "-I" "zstd/lib/common" "-I" "zstd/lib/legacy" "-fvisibility=hidden" "-DZSTD_LIB_DEPRECATED=0" "-DXXH_PRIVATE_API=" "-DZSTDLIB_VISIBILITY=" "-DZDICTLIB_VISIBILITY=" "-DZSTDERRORLIB_VISIBILITY=" "-DZSTD_LEGACY_SUPPORT=1" "-o" "/opt/rustwide/target/debug/build/zstd-sys-a672634fc4d4f6e0/out/zstd/lib/compress/zstdmt_compress.o" "-c" "zstd/lib/compress/zstdmt_compress.c"
[INFO] [stderr]   exit status: 0
[INFO] [stderr]   running: "cc" "-O3" "-ffunction-sections" "-fdata-sections" "-fPIC" "-g" "-fno-omit-frame-pointer" "-m64" "-I" "zstd/lib/" "-I" "zstd/lib/common" "-I" "zstd/lib/legacy" "-fvisibility=hidden" "-DZSTD_LIB_DEPRECATED=0" "-DXXH_PRIVATE_API=" "-DZSTDLIB_VISIBILITY=" "-DZDICTLIB_VISIBILITY=" "-DZSTDERRORLIB_VISIBILITY=" "-DZSTD_LEGACY_SUPPORT=1" "-o" "/opt/rustwide/target/debug/build/zstd-sys-a672634fc4d4f6e0/out/zstd/lib/compress/zstd_ldm.o" "-c" "zstd/lib/compress/zstd_ldm.c"
[INFO] [stderr]   exit status: 0
[INFO] [stderr]   running: "cc" "-O3" "-ffunction-sections" "-fdata-sections" "-fPIC" "-g" "-fno-omit-frame-pointer" "-m64" "-I" "zstd/lib/" "-I" "zstd/lib/common" "-I" "zstd/lib/legacy" "-fvisibility=hidden" "-DZSTD_LIB_DEPRECATED=0" "-DXXH_PRIVATE_API=" "-DZSTDLIB_VISIBILITY=" "-DZDICTLIB_VISIBILITY=" "-DZSTDERRORLIB_VISIBILITY=" "-DZSTD_LEGACY_SUPPORT=1" "-o" "/opt/rustwide/target/debug/build/zstd-sys-a672634fc4d4f6e0/out/zstd/lib/compress/huf_compress.o" "-c" "zstd/lib/compress/huf_compress.c"
[INFO] [stderr]   running: "cc" "-O3" "-ffunction-sections" "-fdata-sections" "-fPIC" "-g" "-fno-omit-frame-pointer" "-m64" "-I" "zstd/lib/" "-I" "zstd/lib/common" "-I" "zstd/lib/legacy" "-fvisibility=hidden" "-DZSTD_LIB_DEPRECATED=0" "-DXXH_PRIVATE_API=" "-DZSTDLIB_VISIBILITY=" "-DZDICTLIB_VISIBILITY=" "-DZSTDERRORLIB_VISIBILITY=" "-DZSTD_LEGACY_SUPPORT=1" "-o" "/opt/rustwide/target/debug/build/zstd-sys-a672634fc4d4f6e0/out/zstd/lib/compress/zstd_compress_literals.o" "-c" "zstd/lib/compress/zstd_compress_literals.c"
[INFO] [stderr]   exit status: 0
[INFO] [stderr]   running: "cc" "-O3" "-ffunction-sections" "-fdata-sections" "-fPIC" "-g" "-fno-omit-frame-pointer" "-m64" "-I" "zstd/lib/" "-I" "zstd/lib/common" "-I" "zstd/lib/legacy" "-fvisibility=hidden" "-DZSTD_LIB_DEPRECATED=0" "-DXXH_PRIVATE_API=" "-DZSTDLIB_VISIBILITY=" "-DZDICTLIB_VISIBILITY=" "-DZSTDERRORLIB_VISIBILITY=" "-DZSTD_LEGACY_SUPPORT=1" "-o" "/opt/rustwide/target/debug/build/zstd-sys-a672634fc4d4f6e0/out/zstd/lib/compress/zstd_lazy.o" "-c" "zstd/lib/compress/zstd_lazy.c"
[INFO] [stderr]   exit status: 0
[INFO] [stderr]   exit status: 0
[INFO] [stderr]   running: "cc" "-O3" "-ffunction-sections" "-fdata-sections" "-fPIC" "-g" "-fno-omit-frame-pointer" "-m64" "-I" "zstd/lib/" "-I" "zstd/lib/common" "-I" "zstd/lib/legacy" "-fvisibility=hidden" "-DZSTD_LIB_DEPRECATED=0" "-DXXH_PRIVATE_API=" "-DZSTDLIB_VISIBILITY=" "-DZDICTLIB_VISIBILITY=" "-DZSTDERRORLIB_VISIBILITY=" "-DZSTD_LEGACY_SUPPORT=1" "-o" "/opt/rustwide/target/debug/build/zstd-sys-a672634fc4d4f6e0/out/zstd/lib/compress/zstd_compress_superblock.o" "-c" "zstd/lib/compress/zstd_compress_superblock.c"
[INFO] [stderr]   running: "cc" "-O3" "-ffunction-sections" "-fdata-sections" "-fPIC" "-g" "-fno-omit-frame-pointer" "-m64" "-I" "zstd/lib/" "-I" "zstd/lib/common" "-I" "zstd/lib/legacy" "-fvisibility=hidden" "-DZSTD_LIB_DEPRECATED=0" "-DXXH_PRIVATE_API=" "-DZSTDLIB_VISIBILITY=" "-DZDICTLIB_VISIBILITY=" "-DZSTDERRORLIB_VISIBILITY=" "-DZSTD_LEGACY_SUPPORT=1" "-o" "/opt/rustwide/target/debug/build/zstd-sys-a672634fc4d4f6e0/out/zstd/lib/compress/zstd_opt.o" "-c" "zstd/lib/compress/zstd_opt.c"
[INFO] [stderr]   running: "cc" "-O3" "-ffunction-sections" "-fdata-sections" "-fPIC" "-g" "-fno-omit-frame-pointer" "-m64" "-I" "zstd/lib/" "-I" "zstd/lib/common" "-I" "zstd/lib/legacy" "-fvisibility=hidden" "-DZSTD_LIB_DEPRECATED=0" "-DXXH_PRIVATE_API=" "-DZSTDLIB_VISIBILITY=" "-DZDICTLIB_VISIBILITY=" "-DZSTDERRORLIB_VISIBILITY=" "-DZSTD_LEGACY_SUPPORT=1" "-o" "/opt/rustwide/target/debug/build/zstd-sys-a672634fc4d4f6e0/out/zstd/lib/compress/zstd_compress_sequences.o" "-c" "zstd/lib/compress/zstd_compress_sequences.c"
[INFO] [stderr]   exit status: 0
[INFO] [stderr]   running: "cc" "-O3" "-ffunction-sections" "-fdata-sections" "-fPIC" "-g" "-fno-omit-frame-pointer" "-m64" "-I" "zstd/lib/" "-I" "zstd/lib/common" "-I" "zstd/lib/legacy" "-fvisibility=hidden" "-DZSTD_LIB_DEPRECATED=0" "-DXXH_PRIVATE_API=" "-DZSTDLIB_VISIBILITY=" "-DZDICTLIB_VISIBILITY=" "-DZSTDERRORLIB_VISIBILITY=" "-DZSTD_LEGACY_SUPPORT=1" "-o" "/opt/rustwide/target/debug/build/zstd-sys-a672634fc4d4f6e0/out/zstd/lib/compress/zstd_double_fast.o" "-c" "zstd/lib/compress/zstd_double_fast.c"
[INFO] [stderr]   exit status: 0
[INFO] [stderr]   running: "cc" "-O3" "-ffunction-sections" "-fdata-sections" "-fPIC" "-g" "-fno-omit-frame-pointer" "-m64" "-I" "zstd/lib/" "-I" "zstd/lib/common" "-I" "zstd/lib/legacy" "-fvisibility=hidden" "-DZSTD_LIB_DEPRECATED=0" "-DXXH_PRIVATE_API=" "-DZSTDLIB_VISIBILITY=" "-DZDICTLIB_VISIBILITY=" "-DZSTDERRORLIB_VISIBILITY=" "-DZSTD_LEGACY_SUPPORT=1" "-o" "/opt/rustwide/target/debug/build/zstd-sys-a672634fc4d4f6e0/out/zstd/lib/compress/fse_compress.o" "-c" "zstd/lib/compress/fse_compress.c"
[INFO] [stderr]   running: "cc" "-O3" "-ffunction-sections" "-fdata-sections" "-fPIC" "-g" "-fno-omit-frame-pointer" "-m64" "-I" "zstd/lib/" "-I" "zstd/lib/common" "-I" "zstd/lib/legacy" "-fvisibility=hidden" "-DZSTD_LIB_DEPRECATED=0" "-DXXH_PRIVATE_API=" "-DZSTDLIB_VISIBILITY=" "-DZDICTLIB_VISIBILITY=" "-DZSTDERRORLIB_VISIBILITY=" "-DZSTD_LEGACY_SUPPORT=1" "-o" "/opt/rustwide/target/debug/build/zstd-sys-a672634fc4d4f6e0/out/zstd/lib/compress/hist.o" "-c" "zstd/lib/compress/hist.c"
[INFO] [stderr]   exit status: 0
[INFO] [stderr]   running: "cc" "-O3" "-ffunction-sections" "-fdata-sections" "-fPIC" "-g" "-fno-omit-frame-pointer" "-m64" "-I" "zstd/lib/" "-I" "zstd/lib/common" "-I" "zstd/lib/legacy" "-fvisibility=hidden" "-DZSTD_LIB_DEPRECATED=0" "-DXXH_PRIVATE_API=" "-DZSTDLIB_VISIBILITY=" "-DZDICTLIB_VISIBILITY=" "-DZSTDERRORLIB_VISIBILITY=" "-DZSTD_LEGACY_SUPPORT=1" "-o" "/opt/rustwide/target/debug/build/zstd-sys-a672634fc4d4f6e0/out/zstd/lib/compress/zstd_compress.o" "-c" "zstd/lib/compress/zstd_compress.c"
[INFO] [stderr]   exit status: 0
[INFO] [stderr]   running: "cc" "-O3" "-ffunction-sections" "-fdata-sections" "-fPIC" "-g" "-fno-omit-frame-pointer" "-m64" "-I" "zstd/lib/" "-I" "zstd/lib/common" "-I" "zstd/lib/legacy" "-fvisibility=hidden" "-DZSTD_LIB_DEPRECATED=0" "-DXXH_PRIVATE_API=" "-DZSTDLIB_VISIBILITY=" "-DZDICTLIB_VISIBILITY=" "-DZSTDERRORLIB_VISIBILITY=" "-DZSTD_LEGACY_SUPPORT=1" "-o" "/opt/rustwide/target/debug/build/zstd-sys-a672634fc4d4f6e0/out/zstd/lib/decompress/zstd_decompress_block.o" "-c" "zstd/lib/decompress/zstd_decompress_block.c"
[INFO] [stderr]   exit status: 0
[INFO] [stderr]   running: "cc" "-O3" "-ffunction-sections" "-fdata-sections" "-fPIC" "-g" "-fno-omit-frame-pointer" "-m64" "-I" "zstd/lib/" "-I" "zstd/lib/common" "-I" "zstd/lib/legacy" "-fvisibility=hidden" "-DZSTD_LIB_DEPRECATED=0" "-DXXH_PRIVATE_API=" "-DZSTDLIB_VISIBILITY=" "-DZDICTLIB_VISIBILITY=" "-DZSTDERRORLIB_VISIBILITY=" "-DZSTD_LEGACY_SUPPORT=1" "-o" "/opt/rustwide/target/debug/build/zstd-sys-a672634fc4d4f6e0/out/zstd/lib/decompress/zstd_decompress.o" "-c" "zstd/lib/decompress/zstd_decompress.c"
[INFO] [stderr]   exit status: 0
[INFO] [stderr]   running: "cc" "-O3" "-ffunction-sections" "-fdata-sections" "-fPIC" "-g" "-fno-omit-frame-pointer" "-m64" "-I" "zstd/lib/" "-I" "zstd/lib/common" "-I" "zstd/lib/legacy" "-fvisibility=hidden" "-DZSTD_LIB_DEPRECATED=0" "-DXXH_PRIVATE_API=" "-DZSTDLIB_VISIBILITY=" "-DZDICTLIB_VISIBILITY=" "-DZSTDERRORLIB_VISIBILITY=" "-DZSTD_LEGACY_SUPPORT=1" "-o" "/opt/rustwide/target/debug/build/zstd-sys-a672634fc4d4f6e0/out/zstd/lib/decompress/zstd_ddict.o" "-c" "zstd/lib/decompress/zstd_ddict.c"
[INFO] [stderr]   exit status: 0
[INFO] [stderr]   running: "cc" "-O3" "-ffunction-sections" "-fdata-sections" "-fPIC" "-g" "-fno-omit-frame-pointer" "-m64" "-I" "zstd/lib/" "-I" "zstd/lib/common" "-I" "zstd/lib/legacy" "-fvisibility=hidden" "-DZSTD_LIB_DEPRECATED=0" "-DXXH_PRIVATE_API=" "-DZSTDLIB_VISIBILITY=" "-DZDICTLIB_VISIBILITY=" "-DZSTDERRORLIB_VISIBILITY=" "-DZSTD_LEGACY_SUPPORT=1" "-o" "/opt/rustwide/target/debug/build/zstd-sys-a672634fc4d4f6e0/out/zstd/lib/decompress/huf_decompress.o" "-c" "zstd/lib/decompress/huf_decompress.c"
[INFO] [stderr]   exit status: 0
[INFO] [stderr]   running: "cc" "-O3" "-ffunction-sections" "-fdata-sections" "-fPIC" "-g" "-fno-omit-frame-pointer" "-m64" "-I" "zstd/lib/" "-I" "zstd/lib/common" "-I" "zstd/lib/legacy" "-fvisibility=hidden" "-DZSTD_LIB_DEPRECATED=0" "-DXXH_PRIVATE_API=" "-DZSTDLIB_VISIBILITY=" "-DZDICTLIB_VISIBILITY=" "-DZSTDERRORLIB_VISIBILITY=" "-DZSTD_LEGACY_SUPPORT=1" "-o" "/opt/rustwide/target/debug/build/zstd-sys-a672634fc4d4f6e0/out/zstd/lib/dictBuilder/zdict.o" "-c" "zstd/lib/dictBuilder/zdict.c"
[INFO] [stderr]   cargo:warning=zstd/lib/dictBuilder/zdict.c:1205:1: fatal error: error writing to /tmp/ccJWZKRZ.s: No space left on device
[INFO] [stderr]   cargo:warning= 1205 | }
[INFO] [stderr]   cargo:warning=      | ^
[INFO] [stderr]   cargo:warning=compilation terminated.
[INFO] [stderr]   exit status: 1
[INFO] [stderr]   running: "cc" "-O3" "-ffunction-sections" "-fdata-sections" "-fPIC" "-g" "-fno-omit-frame-pointer" "-m64" "-I" "zstd/lib/" "-I" "zstd/lib/common" "-I" "zstd/lib/legacy" "-fvisibility=hidden" "-DZSTD_LIB_DEPRECATED=0" "-DXXH_PRIVATE_API=" "-DZSTDLIB_VISIBILITY=" "-DZDICTLIB_VISIBILITY=" "-DZSTDERRORLIB_VISIBILITY=" "-DZSTD_LEGACY_SUPPORT=1" "-o" "/opt/rustwide/target/debug/build/zstd-sys-a672634fc4d4f6e0/out/zstd/lib/dictBuilder/divsufsort.o" "-c" "zstd/lib/dictBuilder/divsufsort.c"
[INFO] [stderr]   cargo:warning=zstd/lib/compress/zstd_opt.c:1442:1: fatal error: error writing to /tmp/ccPz8npb.s: No space left on device
[INFO] [stderr]   cargo:warning= 1442 | }
[INFO] [stderr]   cargo:warning=      | ^
[INFO] [stderr]   cargo:warning=compilation terminated.
[INFO] [stderr]   exit status: 1
[INFO] [stderr]   cargo:warning=zstd/lib/compress/zstd_double_fast.c:696:1: fatal error: error writing to /tmp/ccKR949T.s: No space left on device
[INFO] [stderr]   cargo:warning=  696 | }
[INFO] [stderr]   cargo:warning=      | ^
[INFO] [stderr]   cargo:warning=compilation terminated.
[INFO] [stderr]   cargo:warning=zstd/lib/decompress/zstd_decompress_block.c:2072:1: fatal error: error writing to /tmp/cccXSAG7.s: No space left on device
[INFO] [stderr]   cargo:warning= 2072 | }
[INFO] [stderr]   cargo:warning=      | ^
[INFO] [stderr]   cargo:warning=compilation terminated.
[INFO] [stderr]   exit status: 1
[INFO] [stderr]   exit status: 1
[INFO] [stderr]   exit status: 0
[INFO] [stderr]   cargo:warning=zstd/lib/decompress/huf_decompress.c:1888:1: fatal error: error writing to /tmp/cchoHuXK.s: No space left on device
[INFO] [stderr]   cargo:warning= 1888 | }
[INFO] [stderr]   cargo:warning=      | ^
[INFO] [stderr]   cargo:warning=compilation terminated.
[INFO] [stderr]   exit status: 1
[INFO] [stderr]   exit status: 0
[INFO] [stderr]   cargo:warning=zstd/lib/compress/zstd_lazy.c:2104:1: fatal error: error writing to /tmp/ccvMYuU4.s: No space left on device
[INFO] [stderr]   cargo:warning= 2104 | }
[INFO] [stderr]   cargo:warning=      | ^
[INFO] [stderr]   cargo:warning=compilation terminated.
[INFO] [stderr]   exit status: 1
[INFO] [stderr] 
[INFO] [stderr]   --- stderr
[INFO] [stderr] 
[INFO] [stderr] 
[INFO] [stderr]   error occurred: Command "cc" "-O3" "-ffunction-sections" "-fdata-sections" "-fPIC" "-g" "-fno-omit-frame-pointer" "-m64" "-I" "zstd/lib/" "-I" "zstd/lib/common" "-I" "zstd/lib/legacy" "-fvisibility=hidden" "-DZSTD_LIB_DEPRECATED=0" "-DXXH_PRIVATE_API=" "-DZSTDLIB_VISIBILITY=" "-DZDICTLIB_VISIBILITY=" "-DZSTDERRORLIB_VISIBILITY=" "-DZSTD_LEGACY_SUPPORT=1" "-o" "/opt/rustwide/target/debug/build/zstd-sys-a672634fc4d4f6e0/out/zstd/lib/compress/zstd_lazy.o" "-c" "zstd/lib/compress/zstd_lazy.c" with args "cc" did not execute successfully (status code exit status: 1).
[INFO] [stderr] 
[INFO] [stderr] 
[INFO] running `Command { std: "docker" "inspect" "2c8419b80216acc81d83de332a003d7cea6c59839c7e3375c6b7135910ae9677", kill_on_drop: false }`
[INFO] running `Command { std: "docker" "rm" "-f" "2c8419b80216acc81d83de332a003d7cea6c59839c7e3375c6b7135910ae9677", kill_on_drop: false }`
[INFO] [stdout] 2c8419b80216acc81d83de332a003d7cea6c59839c7e3375c6b7135910ae9677
