[INFO] cloning repository https://github.com/raja-dettex/supernova
[INFO] running `Command { std: "git" "-c" "credential.helper=" "-c" "credential.helper=/workspace/cargo-home/bin/git-credential-null" "clone" "--bare" "https://github.com/raja-dettex/supernova" "/workspace/cache/git-repos/https%3A%2F%2Fgithub.com%2Fraja-dettex%2Fsupernova", kill_on_drop: false }`
[INFO] [stderr] Cloning into bare repository '/workspace/cache/git-repos/https%3A%2F%2Fgithub.com%2Fraja-dettex%2Fsupernova'...
[INFO] running `Command { std: "git" "rev-parse" "HEAD", kill_on_drop: false }`
[INFO] [stdout] 28be7682dbff7632b43214e2c1cb0e3416be4d11
[INFO] testing raja-dettex/supernova against beta-2024-12-08 for beta-1.84.0-4-retry
[INFO] running `Command { std: "git" "clone" "/workspace/cache/git-repos/https%3A%2F%2Fgithub.com%2Fraja-dettex%2Fsupernova" "/workspace/builds/worker-4-tc2/source", kill_on_drop: false }`
[INFO] [stderr] Cloning into '/workspace/builds/worker-4-tc2/source'...
[INFO] [stderr] done.
[INFO] validating manifest of git repo https://github.com/raja-dettex/supernova on toolchain beta-2024-12-08
[INFO] running `Command { std: CARGO_HOME="/workspace/cargo-home" RUSTUP_HOME="/workspace/rustup-home" "/workspace/cargo-home/bin/cargo" "+beta-2024-12-08" "metadata" "--manifest-path" "Cargo.toml" "--no-deps", kill_on_drop: false }`
[INFO] started tweaking git repo https://github.com/raja-dettex/supernova
[INFO] finished tweaking git repo https://github.com/raja-dettex/supernova
[INFO] tweaked toml for git repo https://github.com/raja-dettex/supernova written to /workspace/builds/worker-4-tc2/source/Cargo.toml
[INFO] crate git repo https://github.com/raja-dettex/supernova already has a lockfile, it will not be regenerated
[INFO] running `Command { std: CARGO_HOME="/workspace/cargo-home" RUSTUP_HOME="/workspace/rustup-home" "/workspace/cargo-home/bin/cargo" "+beta-2024-12-08" "fetch" "--manifest-path" "Cargo.toml", kill_on_drop: false }`
[INFO] [stderr]     Blocking waiting for file lock on package cache
[INFO] running `Command { std: "docker" "create" "-v" "/var/lib/crater-agent-workspace/builds/worker-4-tc2/target:/opt/rustwide/target:rw,Z" "-v" "/var/lib/crater-agent-workspace/builds/worker-4-tc2/source:/opt/rustwide/workdir:ro,Z" "-v" "/var/lib/crater-agent-workspace/cargo-home:/opt/rustwide/cargo-home:ro,Z" "-v" "/var/lib/crater-agent-workspace/rustup-home:/opt/rustwide/rustup-home:ro,Z" "-e" "SOURCE_DIR=/opt/rustwide/workdir" "-e" "CARGO_TARGET_DIR=/opt/rustwide/target" "-e" "CARGO_HOME=/opt/rustwide/cargo-home" "-e" "RUSTUP_HOME=/opt/rustwide/rustup-home" "-w" "/opt/rustwide/workdir" "-m" "1610612736" "--user" "0:0" "--network" "none" "ghcr.io/rust-lang/crates-build-env/linux@sha256:f3a9d4ad9d972b27faf3965f35b62e55ba32bbce8f20bc8fe909558a86702fde" "/opt/rustwide/cargo-home/bin/cargo" "+beta-2024-12-08" "metadata" "--no-deps" "--format-version=1", kill_on_drop: false }`
[INFO] [stdout] 63a53539166806f2aaaea94850c0b79e73f870cb1c7e62c15d4b807d3d5b7ca3
[INFO] running `Command { std: "docker" "start" "-a" "63a53539166806f2aaaea94850c0b79e73f870cb1c7e62c15d4b807d3d5b7ca3", kill_on_drop: false }`
[INFO] running `Command { std: "docker" "inspect" "63a53539166806f2aaaea94850c0b79e73f870cb1c7e62c15d4b807d3d5b7ca3", kill_on_drop: false }`
[INFO] running `Command { std: "docker" "rm" "-f" "63a53539166806f2aaaea94850c0b79e73f870cb1c7e62c15d4b807d3d5b7ca3", kill_on_drop: false }`
[INFO] [stdout] 63a53539166806f2aaaea94850c0b79e73f870cb1c7e62c15d4b807d3d5b7ca3
[INFO] testing raja-dettex/supernova against beta-2024-12-08 for beta-1.84.0-4-retry
[INFO] running `Command { std: "git" "clone" "/workspace/cache/git-repos/https%3A%2F%2Fgithub.com%2Fraja-dettex%2Fsupernova" "/workspace/builds/worker-4-tc2/source", kill_on_drop: false }`
[INFO] [stderr] Cloning into '/workspace/builds/worker-4-tc2/source'...
[INFO] [stderr] done.
[INFO] validating manifest of git repo https://github.com/raja-dettex/supernova on toolchain beta-2024-12-08
[INFO] running `Command { std: CARGO_HOME="/workspace/cargo-home" RUSTUP_HOME="/workspace/rustup-home" "/workspace/cargo-home/bin/cargo" "+beta-2024-12-08" "metadata" "--manifest-path" "Cargo.toml" "--no-deps", kill_on_drop: false }`
[INFO] started tweaking git repo https://github.com/raja-dettex/supernova
[INFO] finished tweaking git repo https://github.com/raja-dettex/supernova
[INFO] tweaked toml for git repo https://github.com/raja-dettex/supernova written to /workspace/builds/worker-4-tc2/source/Cargo.toml
[INFO] crate git repo https://github.com/raja-dettex/supernova already has a lockfile, it will not be regenerated
[INFO] running `Command { std: CARGO_HOME="/workspace/cargo-home" RUSTUP_HOME="/workspace/rustup-home" "/workspace/cargo-home/bin/cargo" "+beta-2024-12-08" "fetch" "--manifest-path" "Cargo.toml", kill_on_drop: false }`
[INFO] [stderr]     Blocking waiting for file lock on package cache
[INFO] [stderr]     Blocking waiting for file lock on package cache
[INFO] running `Command { std: "docker" "create" "-v" "/var/lib/crater-agent-workspace/builds/worker-4-tc2/target:/opt/rustwide/target:rw,Z" "-v" "/var/lib/crater-agent-workspace/builds/worker-4-tc2/source:/opt/rustwide/workdir:ro,Z" "-v" "/var/lib/crater-agent-workspace/cargo-home:/opt/rustwide/cargo-home:ro,Z" "-v" "/var/lib/crater-agent-workspace/rustup-home:/opt/rustwide/rustup-home:ro,Z" "-e" "SOURCE_DIR=/opt/rustwide/workdir" "-e" "CARGO_TARGET_DIR=/opt/rustwide/target" "-e" "CARGO_HOME=/opt/rustwide/cargo-home" "-e" "RUSTUP_HOME=/opt/rustwide/rustup-home" "-w" "/opt/rustwide/workdir" "-m" "1610612736" "--user" "0:0" "--network" "none" "ghcr.io/rust-lang/crates-build-env/linux@sha256:f3a9d4ad9d972b27faf3965f35b62e55ba32bbce8f20bc8fe909558a86702fde" "/opt/rustwide/cargo-home/bin/cargo" "+beta-2024-12-08" "metadata" "--no-deps" "--format-version=1", kill_on_drop: false }`
[INFO] [stdout] 98a5ca04b11e076531541445fcc5b6edf4b96311b594abf8b04d069a07f477cb
[INFO] running `Command { std: "docker" "start" "-a" "98a5ca04b11e076531541445fcc5b6edf4b96311b594abf8b04d069a07f477cb", kill_on_drop: false }`
[INFO] running `Command { std: "docker" "inspect" "98a5ca04b11e076531541445fcc5b6edf4b96311b594abf8b04d069a07f477cb", kill_on_drop: false }`
[INFO] running `Command { std: "docker" "rm" "-f" "98a5ca04b11e076531541445fcc5b6edf4b96311b594abf8b04d069a07f477cb", kill_on_drop: false }`
[INFO] [stdout] 98a5ca04b11e076531541445fcc5b6edf4b96311b594abf8b04d069a07f477cb
[INFO] running `Command { std: "docker" "create" "-v" "/var/lib/crater-agent-workspace/builds/worker-4-tc2/target:/opt/rustwide/target:rw,Z" "-v" "/var/lib/crater-agent-workspace/builds/worker-4-tc2/source:/opt/rustwide/workdir:ro,Z" "-v" "/var/lib/crater-agent-workspace/cargo-home:/opt/rustwide/cargo-home:ro,Z" "-v" "/var/lib/crater-agent-workspace/rustup-home:/opt/rustwide/rustup-home:ro,Z" "-e" "SOURCE_DIR=/opt/rustwide/workdir" "-e" "CARGO_TARGET_DIR=/opt/rustwide/target" "-e" "CARGO_INCREMENTAL=0" "-e" "RUST_BACKTRACE=full" "-e" "RUSTFLAGS=--cap-lints=warn" "-e" "RUSTDOCFLAGS=--cap-lints=warn" "-e" "CARGO_HOME=/opt/rustwide/cargo-home" "-e" "RUSTUP_HOME=/opt/rustwide/rustup-home" "-w" "/opt/rustwide/workdir" "-m" "1610612736" "--user" "0:0" "--network" "none" "ghcr.io/rust-lang/crates-build-env/linux@sha256:f3a9d4ad9d972b27faf3965f35b62e55ba32bbce8f20bc8fe909558a86702fde" "/opt/rustwide/cargo-home/bin/cargo" "+beta-2024-12-08" "build" "--frozen" "--message-format=json", kill_on_drop: false }`
[INFO] [stdout] 6a34e44a86c959a8a155a6194e3ec529645a87a7a753b8eb3ce6df5331e52b65
[INFO] running `Command { std: "docker" "start" "-a" "6a34e44a86c959a8a155a6194e3ec529645a87a7a753b8eb3ce6df5331e52b65", kill_on_drop: false }`
[INFO] [stderr]    Compiling proc-macro2 v1.0.86
[INFO] [stderr]    Compiling autocfg v1.4.0
[INFO] [stderr]    Compiling unicode-ident v1.0.13
[INFO] [stderr]    Compiling libc v0.2.159
[INFO] [stderr]    Compiling memchr v2.7.4
[INFO] [stderr]    Compiling cfg-if v1.0.0
[INFO] [stderr]    Compiling crossbeam-utils v0.8.20
[INFO] [stderr]    Compiling serde v1.0.210
[INFO] [stderr]    Compiling anstyle v1.0.8
[INFO] [stderr]    Compiling regex-syntax v0.8.5
[INFO] [stderr]    Compiling futures-sink v0.3.31
[INFO] [stderr]    Compiling rayon-core v1.12.1
[INFO] [stderr]    Compiling parking_lot_core v0.9.10
[INFO] [stderr]    Compiling serde_json v1.0.128
[INFO] [stderr]    Compiling either v1.13.0
[INFO] [stderr]    Compiling futures-core v0.3.31
[INFO] [stderr]    Compiling pin-project-lite v0.2.14
[INFO] [stderr]    Compiling half v2.4.1
[INFO] [stderr]    Compiling ciborium-io v0.2.2
[INFO] [stderr]    Compiling smallvec v1.13.2
[INFO] [stderr]    Compiling futures-channel v0.3.31
[INFO] [stderr]    Compiling futures-task v0.3.31
[INFO] [stderr]    Compiling futures-io v0.3.31
[INFO] [stderr]    Compiling scopeguard v1.2.0
[INFO] [stderr]    Compiling utf8parse v0.2.2
[INFO] [stderr]    Compiling itoa v1.0.11
[INFO] [stderr]    Compiling plotters-backend v0.3.7
[INFO] [stderr]    Compiling pin-utils v0.1.0
[INFO] [stderr]    Compiling clap_lex v0.7.2
[INFO] [stderr]    Compiling ryu v1.0.18
[INFO] [stderr]    Compiling itertools v0.10.5
[INFO] [stderr]    Compiling anstyle-parse v0.2.5
[INFO] [stderr]    Compiling ciborium-ll v0.2.2
[INFO] [stderr]    Compiling same-file v1.0.6
[INFO] [stderr]    Compiling colorchoice v1.0.2
[INFO] [stderr]    Compiling log v0.4.22
[INFO] [stderr]    Compiling slab v0.4.9
[INFO] [stderr]    Compiling lock_api v0.4.12
[INFO] [stderr]    Compiling num-traits v0.2.19
[INFO] [stderr]    Compiling aho-corasick v1.1.3
[INFO] [stderr]    Compiling clap_builder v4.5.20
[INFO] [stderr]    Compiling plotters-svg v0.3.7
[INFO] [stderr]    Compiling is_terminal_polyfill v1.70.1
[INFO] [stderr]    Compiling cast v0.3.0
[INFO] [stderr]    Compiling anstyle-query v1.1.1
[INFO] [stderr]    Compiling walkdir v2.5.0
[INFO] [stderr]    Compiling anstream v0.6.15
[INFO] [stderr]    Compiling oorandom v11.1.4
[INFO] [stderr]    Compiling anes v0.1.6
[INFO] [stderr]    Compiling humantime v2.1.0
[INFO] [stderr]    Compiling bytes v1.7.2
[INFO] [stderr]    Compiling quote v1.0.37
[INFO] [stderr]    Compiling syn v2.0.79
[INFO] [stderr]    Compiling crossbeam-epoch v0.9.18
[INFO] [stderr]    Compiling once_cell v1.20.2
[INFO] [stderr]    Compiling socket2 v0.5.7
[INFO] [stderr]    Compiling is-terminal v0.4.13
[INFO] [stderr]    Compiling signal-hook-registry v1.4.2
[INFO] [stderr]    Compiling mio v1.0.2
[INFO] [stderr]    Compiling getrandom v0.2.15
[INFO] [stderr]    Compiling uuid v1.11.0
[INFO] [stderr]    Compiling parking_lot v0.12.3
[INFO] [stderr]    Compiling crossbeam-deque v0.8.5
[INFO] [stderr]    Compiling plotters v0.3.7
[INFO] [stderr]    Compiling criterion-plot v0.5.0
[INFO] [stderr]    Compiling rayon v1.10.0
[INFO] [stderr]    Compiling regex-automata v0.4.8
[INFO] [stderr]    Compiling clap v4.5.20
[INFO] [stderr]    Compiling regex v1.11.0
[INFO] [stderr]    Compiling serde_derive v1.0.210
[INFO] [stderr]    Compiling futures-macro v0.3.31
[INFO] [stderr]    Compiling tokio-macros v2.4.0
[INFO] [stderr]    Compiling async-trait v0.1.83
[INFO] [stderr]    Compiling env_filter v0.1.2
[INFO] [stderr]    Compiling env_logger v0.11.5
[INFO] [stderr]    Compiling tokio v1.40.0
[INFO] [stderr]    Compiling futures-util v0.3.31
[INFO] [stderr]    Compiling futures-executor v0.3.31
[INFO] [stderr]    Compiling futures v0.3.31
[INFO] [stderr]    Compiling ciborium v0.2.2
[INFO] [stderr]    Compiling tinytemplate v1.2.1
[INFO] [stderr]    Compiling criterion v0.5.1
[INFO] [stderr]    Compiling supernova v0.1.0 (/opt/rustwide/workdir)
[INFO] [stdout] warning: unused import: `log::info`
[INFO] [stdout]  --> src/actor/actor.rs:3:5
[INFO] [stdout]   |
[INFO] [stdout] 3 | use log::info;
[INFO] [stdout]   |     ^^^^^^^^^
[INFO] [stdout]   |
[INFO] [stdout]   = note: `#[warn(unused_imports)]` on by default
[INFO] [stdout] 
[INFO] [stdout] 
[INFO] [stdout] warning: unnecessary parentheses around type
[INFO] [stdout]   --> src/actor/pool.rs:38:42
[INFO] [stdout]    |
[INFO] [stdout] 38 |     pub async fn find_next(&mut self) -> (Arc<Mutex<A>>) {
[INFO] [stdout]    |                                          ^             ^
[INFO] [stdout]    |
[INFO] [stdout]    = note: `#[warn(unused_parens)]` on by default
[INFO] [stdout] help: remove these parentheses
[INFO] [stdout]    |
[INFO] [stdout] 38 -     pub async fn find_next(&mut self) -> (Arc<Mutex<A>>) {
[INFO] [stdout] 38 +     pub async fn find_next(&mut self) -> Arc<Mutex<A>> {
[INFO] [stdout]    |
[INFO] [stdout] 
[INFO] [stdout] 
[INFO] [stdout] warning: variable does not need to be mutable
[INFO] [stdout]   --> src/actor/context.rs:23:21
[INFO] [stdout]    |
[INFO] [stdout] 23 |                 let mut actor = self.actors.find_next().await;
[INFO] [stdout]    |                     ----^^^^^
[INFO] [stdout]    |                     |
[INFO] [stdout]    |                     help: remove this `mut`
[INFO] [stdout]    |
[INFO] [stdout]    = note: `#[warn(unused_mut)]` on by default
[INFO] [stdout] 
[INFO] [stdout] 
[INFO] [stdout] warning: unused variable: `i`
[INFO] [stdout]   --> src/actor/pool.rs:23:13
[INFO] [stdout]    |
[INFO] [stdout] 23 |         for i in 1..init_cap { 
[INFO] [stdout]    |             ^ help: if this is intentional, prefix it with an underscore: `_i`
[INFO] [stdout]    |
[INFO] [stdout]    = note: `#[warn(unused_variables)]` on by default
[INFO] [stdout] 
[INFO] [stdout] 
[INFO] [stdout] warning: field `next_index` is never read
[INFO] [stdout]   --> src/actor/pool.rs:10:5
[INFO] [stdout]    |
[INFO] [stdout] 6  | pub struct ActorPool<A : Actor + Send + 'static> { 
[INFO] [stdout]    |            --------- field in this struct
[INFO] [stdout] ...
[INFO] [stdout] 10 |     next_index : usize
[INFO] [stdout]    |     ^^^^^^^^^^
[INFO] [stdout]    |
[INFO] [stdout]    = note: `#[warn(dead_code)]` on by default
[INFO] [stdout] 
[INFO] [stdout] 
[INFO] [stdout] warning: struct `TestSender` is never constructed
[INFO] [stdout]   --> src/sender/sender.rs:12:8
[INFO] [stdout]    |
[INFO] [stdout] 12 | struct TestSender { 
[INFO] [stdout]    |        ^^^^^^^^^^
[INFO] [stdout] 
[INFO] [stdout] 
[INFO] [stdout] warning: bounds on generic parameters in type aliases are not enforced
[INFO] [stdout]   --> src/actor/actor.rs:10:23
[INFO] [stdout]    |
[INFO] [stdout] 10 | pub type ActorSafe<A: Actor + Send + 'static> = Arc<Mutex<A>>;
[INFO] [stdout]    |                     --^^^^^---^^^^---^^^^^^^
[INFO] [stdout]    |                     |                |
[INFO] [stdout]    |                     |                will not be checked at usage sites of the type alias
[INFO] [stdout]    |                     help: remove this bound
[INFO] [stdout]    |
[INFO] [stdout]    = note: this is a known limitation of the type checker that may be lifted in a future edition.
[INFO] [stdout]            see issue #112792 <https://github.com/rust-lang/rust/issues/112792> for more information
[INFO] [stdout]    = note: `#[warn(type_alias_bounds)]` on by default
[INFO] [stdout] 
[INFO] [stdout] 
[INFO] [stdout] warning: unused implementer of `std::future::Future` that must be used
[INFO] [stdout]   --> src/actor/pool.rs:24:13
[INFO] [stdout]    |
[INFO] [stdout] 24 |             self.add_actor(actor.clone());
[INFO] [stdout]    |             ^^^^^^^^^^^^^^^^^^^^^^^^^^^^^
[INFO] [stdout]    |
[INFO] [stdout]    = note: futures do nothing unless you `.await` or poll them
[INFO] [stdout]    = note: `#[warn(unused_must_use)]` on by default
[INFO] [stdout] 
[INFO] [stdout] 
[INFO] [stdout] warning: variable `actorId` should have a snake case name
[INFO] [stdout]   --> src/actor/pool.rs:29:39
[INFO] [stdout]    |
[INFO] [stdout] 29 |     pub fn update_load_map(&mut self, actorId : ActorId) { 
[INFO] [stdout]    |                                       ^^^^^^^ help: convert the identifier to snake case: `actor_id`
[INFO] [stdout]    |
[INFO] [stdout]    = note: `#[warn(non_snake_case)]` on by default
[INFO] [stdout] 
[INFO] [stdout] 
[INFO] [stdout] warning: unused imports: `ErrorKind` and `Error`
[INFO] [stdout]  --> src/examples/actor/main.rs:3:15
[INFO] [stdout]   |
[INFO] [stdout] 3 | use std::io::{Error, ErrorKind};
[INFO] [stdout]   |               ^^^^^  ^^^^^^^^^
[INFO] [stdout]   |
[INFO] [stdout]   = note: `#[warn(unused_imports)]` on by default
[INFO] [stdout] 
[INFO] [stdout] 
[INFO] [stdout] warning: unused import: `std::sync::Arc`
[INFO] [stdout]   --> src/examples/actor/main.rs:62:9
[INFO] [stdout]    |
[INFO] [stdout] 62 |     use std::sync::Arc;
[INFO] [stdout]    |         ^^^^^^^^^^^^^^
[INFO] [stdout]    |
[INFO] [stdout] help: if this is a test module, consider adding a `#[cfg(test)]` to the containing module
[INFO] [stdout]   --> src/examples/actor/main.rs:60:1
[INFO] [stdout]    |
[INFO] [stdout] 60 | mod tests { 
[INFO] [stdout]    | ^^^^^^^^^
[INFO] [stdout] 
[INFO] [stdout] 
[INFO] [stdout] warning: unused import: `tokio::sync::Mutex`
[INFO] [stdout]   --> src/examples/actor/main.rs:63:9
[INFO] [stdout]    |
[INFO] [stdout] 63 |     use tokio::sync::Mutex;
[INFO] [stdout]    |         ^^^^^^^^^^^^^^^^^^
[INFO] [stdout]    |
[INFO] [stdout] help: if this is a test module, consider adding a `#[cfg(test)]` to the containing module
[INFO] [stdout]   --> src/examples/actor/main.rs:60:1
[INFO] [stdout]    |
[INFO] [stdout] 60 | mod tests { 
[INFO] [stdout]    | ^^^^^^^^^
[INFO] [stdout] 
[INFO] [stdout] 
[INFO] [stdout] warning: unused import: `uuid::Uuid`
[INFO] [stdout]   --> src/examples/actor/main.rs:64:9
[INFO] [stdout]    |
[INFO] [stdout] 64 |     use uuid::Uuid;
[INFO] [stdout]    |         ^^^^^^^^^^
[INFO] [stdout]    |
[INFO] [stdout] help: if this is a test module, consider adding a `#[cfg(test)]` to the containing module
[INFO] [stdout]   --> src/examples/actor/main.rs:60:1
[INFO] [stdout]    |
[INFO] [stdout] 60 | mod tests { 
[INFO] [stdout]    | ^^^^^^^^^
[INFO] [stdout] 
[INFO] [stdout] 
[INFO] [stdout] warning: unused import: `super::actor::pool::ActorPool`
[INFO] [stdout]   --> src/examples/actor/main.rs:65:9
[INFO] [stdout]    |
[INFO] [stdout] 65 |     use super::actor::pool::ActorPool;
[INFO] [stdout]    |         ^^^^^^^^^^^^^^^^^^^^^^^^^^^^^
[INFO] [stdout]    |
[INFO] [stdout] help: if this is a test module, consider adding a `#[cfg(test)]` to the containing module
[INFO] [stdout]   --> src/examples/actor/main.rs:60:1
[INFO] [stdout]    |
[INFO] [stdout] 60 | mod tests { 
[INFO] [stdout]    | ^^^^^^^^^
[INFO] [stdout] 
[INFO] [stdout] 
[INFO] [stdout] warning: unused import: `super::PingActor`
[INFO] [stdout]   --> src/examples/actor/main.rs:66:9
[INFO] [stdout]    |
[INFO] [stdout] 66 |     use super::PingActor;
[INFO] [stdout]    |         ^^^^^^^^^^^^^^^^
[INFO] [stdout]    |
[INFO] [stdout] help: if this is a test module, consider adding a `#[cfg(test)]` to the containing module
[INFO] [stdout]   --> src/examples/actor/main.rs:60:1
[INFO] [stdout]    |
[INFO] [stdout] 60 | mod tests { 
[INFO] [stdout]    | ^^^^^^^^^
[INFO] [stdout] 
[INFO] [stdout] 
[INFO] [stdout] warning: unused imports: `StreamExt`, `TryStreamExt`, and `self`
[INFO] [stdout]   --> src/examples/actor/main.rs:67:28
[INFO] [stdout]    |
[INFO] [stdout] 67 |     use futures::{stream::{self, TryStreamExt}, StreamExt};
[INFO] [stdout]    |                            ^^^^  ^^^^^^^^^^^^   ^^^^^^^^^
[INFO] [stdout]    |
[INFO] [stdout] help: if this is a test module, consider adding a `#[cfg(test)]` to the containing module
[INFO] [stdout]   --> src/examples/actor/main.rs:60:1
[INFO] [stdout]    |
[INFO] [stdout] 60 | mod tests { 
[INFO] [stdout]    | ^^^^^^^^^
[INFO] [stdout] 
[INFO] [stdout] 
[INFO] [stdout] warning: unused `tokio::io::util::shutdown::Shutdown` that must be used
[INFO] [stdout]   --> src/examples/main.rs:10:9
[INFO] [stdout]    |
[INFO] [stdout] 10 |         stream.shutdown();
[INFO] [stdout]    |         ^^^^^^^^^^^^^^^^^
[INFO] [stdout]    |
[INFO] [stdout]    = note: futures do nothing unless you `.await` or poll them
[INFO] [stdout]    = note: `#[warn(unused_must_use)]` on by default
[INFO] [stdout] help: use `let _ = ...` to ignore the resulting value
[INFO] [stdout]    |
[INFO] [stdout] 10 |         let _ = stream.shutdown();
[INFO] [stdout]    |         +++++++
[INFO] [stdout] 
[INFO] [stdout] 
[INFO] [stdout] warning: unused variable: `message`
[INFO] [stdout]    --> src/examples/actor/main.rs:148:42
[INFO] [stdout]     |
[INFO] [stdout] 148 |     async fn send_and_get_ack(&mut self, message : Option<Message>) -> Result<(), supernova::sender::sender::SendError> {
[INFO] [stdout]     |                                          ^^^^^^^ help: if this is intentional, prefix it with an underscore: `_message`
[INFO] [stdout]     |
[INFO] [stdout]     = note: `#[warn(unused_variables)]` on by default
[INFO] [stdout] 
[INFO] [stdout] 
[INFO] [stdout] warning: unused variable: `i`
[INFO] [stdout]    --> src/examples/actor/main.rs:164:9
[INFO] [stdout]     |
[INFO] [stdout] 164 |     for i in  1..10 { 
[INFO] [stdout]     |         ^ help: if this is intentional, prefix it with an underscore: `_i`
[INFO] [stdout] 
[INFO] [stdout] 
[INFO] [stdout] warning: structure field `Id` should have a snake case name
[INFO] [stdout]   --> src/examples/actor/main.rs:26:5
[INFO] [stdout]    |
[INFO] [stdout] 26 |     Id: ActorId
[INFO] [stdout]    |     ^^ help: convert the identifier to snake case (notice the capitalization): `id`
[INFO] [stdout]    |
[INFO] [stdout]    = note: `#[warn(non_snake_case)]` on by default
[INFO] [stdout] 
[INFO] [stdout] 
[INFO] [stdout] warning: unused `Result` that must be used
[INFO] [stdout]    --> src/examples/actor/main.rs:178:13
[INFO] [stdout]     |
[INFO] [stdout] 178 |             sink.send_and_get_ack(None).await;
[INFO] [stdout]     |             ^^^^^^^^^^^^^^^^^^^^^^^^^^^^^^^^^
[INFO] [stdout]     |
[INFO] [stdout]     = note: this `Result` may be an `Err` variant, which should be handled
[INFO] [stdout]     = note: `#[warn(unused_must_use)]` on by default
[INFO] [stdout] help: use `let _ = ...` to ignore the resulting value
[INFO] [stdout]     |
[INFO] [stdout] 178 |             let _ = sink.send_and_get_ack(None).await;
[INFO] [stdout]     |             +++++++
[INFO] [stdout] 
[INFO] [stdout] 
[INFO] [stderr]     Finished `dev` profile [unoptimized + debuginfo] target(s) in 23.72s
[INFO] running `Command { std: "docker" "inspect" "6a34e44a86c959a8a155a6194e3ec529645a87a7a753b8eb3ce6df5331e52b65", kill_on_drop: false }`
[INFO] running `Command { std: "docker" "rm" "-f" "6a34e44a86c959a8a155a6194e3ec529645a87a7a753b8eb3ce6df5331e52b65", kill_on_drop: false }`
[INFO] [stdout] 6a34e44a86c959a8a155a6194e3ec529645a87a7a753b8eb3ce6df5331e52b65
[INFO] running `Command { std: "docker" "create" "-v" "/var/lib/crater-agent-workspace/builds/worker-4-tc2/target:/opt/rustwide/target:rw,Z" "-v" "/var/lib/crater-agent-workspace/builds/worker-4-tc2/source:/opt/rustwide/workdir:ro,Z" "-v" "/var/lib/crater-agent-workspace/cargo-home:/opt/rustwide/cargo-home:ro,Z" "-v" "/var/lib/crater-agent-workspace/rustup-home:/opt/rustwide/rustup-home:ro,Z" "-e" "SOURCE_DIR=/opt/rustwide/workdir" "-e" "CARGO_TARGET_DIR=/opt/rustwide/target" "-e" "CARGO_INCREMENTAL=0" "-e" "RUST_BACKTRACE=full" "-e" "RUSTFLAGS=--cap-lints=warn" "-e" "RUSTDOCFLAGS=--cap-lints=warn" "-e" "CARGO_HOME=/opt/rustwide/cargo-home" "-e" "RUSTUP_HOME=/opt/rustwide/rustup-home" "-w" "/opt/rustwide/workdir" "-m" "1610612736" "--user" "0:0" "--network" "none" "ghcr.io/rust-lang/crates-build-env/linux@sha256:f3a9d4ad9d972b27faf3965f35b62e55ba32bbce8f20bc8fe909558a86702fde" "/opt/rustwide/cargo-home/bin/cargo" "+beta-2024-12-08" "test" "--frozen" "--no-run" "--message-format=json", kill_on_drop: false }`
[INFO] [stdout] 678f92b94f04396a537262e6fbf066e94fb698439d221c6efd2698b040c8fb24
[INFO] running `Command { std: "docker" "start" "-a" "678f92b94f04396a537262e6fbf066e94fb698439d221c6efd2698b040c8fb24", kill_on_drop: false }`
[INFO] [stderr]    Compiling bencher v0.1.5
[INFO] [stdout] warning: unused import: `log::info`
[INFO] [stdout]  --> src/actor/actor.rs:3:5
[INFO] [stdout]   |
[INFO] [stdout] 3 | use log::info;
[INFO] [stdout]   |     ^^^^^^^^^
[INFO] [stdout]   |
[INFO] [stdout]   = note: `#[warn(unused_imports)]` on by default
[INFO] [stdout] 
[INFO] [stdout] 
[INFO] [stdout] warning: unnecessary parentheses around type
[INFO] [stdout]   --> src/actor/pool.rs:38:42
[INFO] [stdout]    |
[INFO] [stdout] 38 |     pub async fn find_next(&mut self) -> (Arc<Mutex<A>>) {
[INFO] [stdout]    |                                          ^             ^
[INFO] [stdout]    |
[INFO] [stdout]    = note: `#[warn(unused_parens)]` on by default
[INFO] [stdout] help: remove these parentheses
[INFO] [stdout]    |
[INFO] [stdout] 38 -     pub async fn find_next(&mut self) -> (Arc<Mutex<A>>) {
[INFO] [stdout] 38 +     pub async fn find_next(&mut self) -> Arc<Mutex<A>> {
[INFO] [stdout]    |
[INFO] [stdout] 
[INFO] [stdout] 
[INFO] [stdout] warning: variable does not need to be mutable
[INFO] [stdout]   --> src/actor/context.rs:23:21
[INFO] [stdout]    |
[INFO] [stdout] 23 |                 let mut actor = self.actors.find_next().await;
[INFO] [stdout]    |                     ----^^^^^
[INFO] [stdout]    |                     |
[INFO] [stdout]    |                     help: remove this `mut`
[INFO] [stdout]    |
[INFO] [stdout]    = note: `#[warn(unused_mut)]` on by default
[INFO] [stdout] 
[INFO] [stdout] 
[INFO] [stdout] warning: unused variable: `i`
[INFO] [stdout]   --> src/actor/pool.rs:23:13
[INFO] [stdout]    |
[INFO] [stdout] 23 |         for i in 1..init_cap { 
[INFO] [stdout]    |             ^ help: if this is intentional, prefix it with an underscore: `_i`
[INFO] [stdout]    |
[INFO] [stdout]    = note: `#[warn(unused_variables)]` on by default
[INFO] [stdout] 
[INFO] [stdout] 
[INFO] [stdout] warning: field `next_index` is never read
[INFO] [stdout]   --> src/actor/pool.rs:10:5
[INFO] [stdout]    |
[INFO] [stdout] 6  | pub struct ActorPool<A : Actor + Send + 'static> { 
[INFO] [stdout]    |            --------- field in this struct
[INFO] [stdout] ...
[INFO] [stdout] 10 |     next_index : usize
[INFO] [stdout]    |     ^^^^^^^^^^
[INFO] [stdout]    |
[INFO] [stdout]    = note: `#[warn(dead_code)]` on by default
[INFO] [stdout] 
[INFO] [stdout] 
[INFO] [stdout] warning: struct `TestSender` is never constructed
[INFO] [stdout]   --> src/sender/sender.rs:12:8
[INFO] [stdout]    |
[INFO] [stdout] 12 | struct TestSender { 
[INFO] [stdout]    |        ^^^^^^^^^^
[INFO] [stdout] 
[INFO] [stdout] 
[INFO] [stdout] warning: bounds on generic parameters in type aliases are not enforced
[INFO] [stdout]   --> src/actor/actor.rs:10:23
[INFO] [stdout]    |
[INFO] [stdout] 10 | pub type ActorSafe<A: Actor + Send + 'static> = Arc<Mutex<A>>;
[INFO] [stdout]    |                     --^^^^^---^^^^---^^^^^^^
[INFO] [stdout]    |                     |                |
[INFO] [stdout]    |                     |                will not be checked at usage sites of the type alias
[INFO] [stdout]    |                     help: remove this bound
[INFO] [stdout]    |
[INFO] [stdout]    = note: this is a known limitation of the type checker that may be lifted in a future edition.
[INFO] [stdout]            see issue #112792 <https://github.com/rust-lang/rust/issues/112792> for more information
[INFO] [stdout]    = note: `#[warn(type_alias_bounds)]` on by default
[INFO] [stdout] 
[INFO] [stdout] 
[INFO] [stdout] warning: unused implementer of `std::future::Future` that must be used
[INFO] [stdout]   --> src/actor/pool.rs:24:13
[INFO] [stdout]    |
[INFO] [stdout] 24 |             self.add_actor(actor.clone());
[INFO] [stdout]    |             ^^^^^^^^^^^^^^^^^^^^^^^^^^^^^
[INFO] [stdout]    |
[INFO] [stdout]    = note: futures do nothing unless you `.await` or poll them
[INFO] [stdout]    = note: `#[warn(unused_must_use)]` on by default
[INFO] [stdout] 
[INFO] [stdout] 
[INFO] [stdout] warning: variable `actorId` should have a snake case name
[INFO] [stdout]   --> src/actor/pool.rs:29:39
[INFO] [stdout]    |
[INFO] [stdout] 29 |     pub fn update_load_map(&mut self, actorId : ActorId) { 
[INFO] [stdout]    |                                       ^^^^^^^ help: convert the identifier to snake case: `actor_id`
[INFO] [stdout]    |
[INFO] [stdout]    = note: `#[warn(non_snake_case)]` on by default
[INFO] [stdout] 
[INFO] [stdout] 
[INFO] [stderr]    Compiling supernova v0.1.0 (/opt/rustwide/workdir)
[INFO] [stdout] warning: unused import: `log::info`
[INFO] [stdout]  --> src/actor/actor.rs:3:5
[INFO] [stdout]   |
[INFO] [stdout] 3 | use log::info;
[INFO] [stdout]   |     ^^^^^^^^^
[INFO] [stdout]   |
[INFO] [stdout]   = note: `#[warn(unused_imports)]` on by default
[INFO] [stdout] 
[INFO] [stdout] 
[INFO] [stdout] warning: unnecessary parentheses around type
[INFO] [stdout]   --> src/actor/pool.rs:38:42
[INFO] [stdout]    |
[INFO] [stdout] 38 |     pub async fn find_next(&mut self) -> (Arc<Mutex<A>>) {
[INFO] [stdout]    |                                          ^             ^
[INFO] [stdout]    |
[INFO] [stdout]    = note: `#[warn(unused_parens)]` on by default
[INFO] [stdout] help: remove these parentheses
[INFO] [stdout]    |
[INFO] [stdout] 38 -     pub async fn find_next(&mut self) -> (Arc<Mutex<A>>) {
[INFO] [stdout] 38 +     pub async fn find_next(&mut self) -> Arc<Mutex<A>> {
[INFO] [stdout]    |
[INFO] [stdout] 
[INFO] [stdout] 
[INFO] [stdout] warning: unused imports: `ErrorKind` and `Error`
[INFO] [stdout]  --> src/examples/actor/main.rs:3:15
[INFO] [stdout]   |
[INFO] [stdout] 3 | use std::io::{Error, ErrorKind};
[INFO] [stdout]   |               ^^^^^  ^^^^^^^^^
[INFO] [stdout]   |
[INFO] [stdout]   = note: `#[warn(unused_imports)]` on by default
[INFO] [stdout] 
[INFO] [stdout] 
[INFO] [stdout] warning: unused import: `TryStreamExt`
[INFO] [stdout]   --> src/examples/actor/main.rs:67:34
[INFO] [stdout]    |
[INFO] [stdout] 67 |     use futures::{stream::{self, TryStreamExt}, StreamExt};
[INFO] [stdout]    |                                  ^^^^^^^^^^^^
[INFO] [stdout] 
[INFO] [stdout] 
[INFO] [stdout] warning: unused variable: `message`
[INFO] [stdout]    --> src/examples/actor/main.rs:148:42
[INFO] [stdout]     |
[INFO] [stdout] 148 |     async fn send_and_get_ack(&mut self, message : Option<Message>) -> Result<(), supernova::sender::sender::SendError> {
[INFO] [stdout]     |                                          ^^^^^^^ help: if this is intentional, prefix it with an underscore: `_message`
[INFO] [stdout]     |
[INFO] [stdout]     = note: `#[warn(unused_variables)]` on by default
[INFO] [stdout] 
[INFO] [stdout] 
[INFO] [stdout] warning: unused `tokio::io::util::shutdown::Shutdown` that must be used
[INFO] [stdout]   --> src/examples/main.rs:10:9
[INFO] [stdout]    |
[INFO] [stdout] 10 |         stream.shutdown();
[INFO] [stdout]    |         ^^^^^^^^^^^^^^^^^
[INFO] [stdout]    |
[INFO] [stdout]    = note: futures do nothing unless you `.await` or poll them
[INFO] [stdout]    = note: `#[warn(unused_must_use)]` on by default
[INFO] [stdout] help: use `let _ = ...` to ignore the resulting value
[INFO] [stdout]    |
[INFO] [stdout] 10 |         let _ = stream.shutdown();
[INFO] [stdout]    |         +++++++
[INFO] [stdout] 
[INFO] [stdout] 
[INFO] [stdout] warning: variable does not need to be mutable
[INFO] [stdout]   --> src/actor/context.rs:23:21
[INFO] [stdout]    |
[INFO] [stdout] 23 |                 let mut actor = self.actors.find_next().await;
[INFO] [stdout]    |                     ----^^^^^
[INFO] [stdout]    |                     |
[INFO] [stdout]    |                     help: remove this `mut`
[INFO] [stdout]    |
[INFO] [stdout]    = note: `#[warn(unused_mut)]` on by default
[INFO] [stdout] 
[INFO] [stdout] 
[INFO] [stdout] warning: unused variable: `i`
[INFO] [stdout]   --> src/actor/pool.rs:23:13
[INFO] [stdout]    |
[INFO] [stdout] 23 |         for i in 1..init_cap { 
[INFO] [stdout]    |             ^ help: if this is intentional, prefix it with an underscore: `_i`
[INFO] [stdout]    |
[INFO] [stdout]    = note: `#[warn(unused_variables)]` on by default
[INFO] [stdout] 
[INFO] [stdout] 
[INFO] [stdout] warning: variable does not need to be mutable
[INFO] [stdout]   --> src/sender/sender.rs:29:10
[INFO] [stdout]    |
[INFO] [stdout] 29 |     let (mut sender, mut receiver) = tokio::sync::mpsc::channel(100);
[INFO] [stdout]    |          ----^^^^^^
[INFO] [stdout]    |          |
[INFO] [stdout]    |          help: remove this `mut`
[INFO] [stdout] 
[INFO] [stdout] 
[INFO] [stdout] warning: unused variable: `i`
[INFO] [stdout]   --> src/examples/actor/main.rs:72:13
[INFO] [stdout]    |
[INFO] [stdout] 72 |         for i in  1..10 { 
[INFO] [stdout]    |             ^ help: if this is intentional, prefix it with an underscore: `_i`
[INFO] [stdout] 
[INFO] [stdout] 
[INFO] [stdout] warning: field `next_index` is never read
[INFO] [stdout]   --> src/actor/pool.rs:10:5
[INFO] [stdout]    |
[INFO] [stdout] 6  | pub struct ActorPool<A : Actor + Send + 'static> { 
[INFO] [stdout]    |            --------- field in this struct
[INFO] [stdout] ...
[INFO] [stdout] 10 |     next_index : usize
[INFO] [stdout]    |     ^^^^^^^^^^
[INFO] [stdout]    |
[INFO] [stdout]    = note: `#[warn(dead_code)]` on by default
[INFO] [stdout] 
[INFO] [stdout] 
[INFO] [stdout] warning: bounds on generic parameters in type aliases are not enforced
[INFO] [stdout]   --> src/actor/actor.rs:10:23
[INFO] [stdout]    |
[INFO] [stdout] 10 | pub type ActorSafe<A: Actor + Send + 'static> = Arc<Mutex<A>>;
[INFO] [stdout]    |                     --^^^^^---^^^^---^^^^^^^
[INFO] [stdout]    |                     |                |
[INFO] [stdout]    |                     |                will not be checked at usage sites of the type alias
[INFO] [stdout]    |                     help: remove this bound
[INFO] [stdout]    |
[INFO] [stdout]    = note: this is a known limitation of the type checker that may be lifted in a future edition.
[INFO] [stdout]            see issue #112792 <https://github.com/rust-lang/rust/issues/112792> for more information
[INFO] [stdout]    = note: `#[warn(type_alias_bounds)]` on by default
[INFO] [stdout] 
[INFO] [stdout] 
[INFO] [stdout] warning: unused variable: `i`
[INFO] [stdout]    --> src/examples/actor/main.rs:121:9
[INFO] [stdout]     |
[INFO] [stdout] 121 |     for i in  1..10 { 
[INFO] [stdout]     |         ^ help: if this is intentional, prefix it with an underscore: `_i`
[INFO] [stdout] 
[INFO] [stdout] 
[INFO] [stdout] warning: unused variable: `a`
[INFO] [stdout]    --> src/examples/actor/main.rs:126:13
[INFO] [stdout]     |
[INFO] [stdout] 126 |         let a = ctx.start().await;
[INFO] [stdout]     |             ^ help: if this is intentional, prefix it with an underscore: `_a`
[INFO] [stdout] 
[INFO] [stdout] 
[INFO] [stdout] warning: unused implementer of `std::future::Future` that must be used
[INFO] [stdout]   --> src/actor/pool.rs:24:13
[INFO] [stdout]    |
[INFO] [stdout] 24 |             self.add_actor(actor.clone());
[INFO] [stdout]    |             ^^^^^^^^^^^^^^^^^^^^^^^^^^^^^
[INFO] [stdout]    |
[INFO] [stdout]    = note: futures do nothing unless you `.await` or poll them
[INFO] [stdout]    = note: `#[warn(unused_must_use)]` on by default
[INFO] [stdout] 
[INFO] [stdout] 
[INFO] [stdout] warning: variable `actorId` should have a snake case name
[INFO] [stdout]   --> src/actor/pool.rs:29:39
[INFO] [stdout]    |
[INFO] [stdout] 29 |     pub fn update_load_map(&mut self, actorId : ActorId) { 
[INFO] [stdout]    |                                       ^^^^^^^ help: convert the identifier to snake case: `actor_id`
[INFO] [stdout]    |
[INFO] [stdout]    = note: `#[warn(non_snake_case)]` on by default
[INFO] [stdout] 
[INFO] [stdout] 
[INFO] [stdout] warning: unused variable: `i`
[INFO] [stdout]    --> src/examples/actor/main.rs:164:9
[INFO] [stdout]     |
[INFO] [stdout] 164 |     for i in  1..10 { 
[INFO] [stdout]     |         ^ help: if this is intentional, prefix it with an underscore: `_i`
[INFO] [stdout] 
[INFO] [stdout] 
[INFO] [stdout] warning: structure field `Id` should have a snake case name
[INFO] [stdout]   --> src/examples/actor/main.rs:26:5
[INFO] [stdout]    |
[INFO] [stdout] 26 |     Id: ActorId
[INFO] [stdout]    |     ^^ help: convert the identifier to snake case (notice the capitalization): `id`
[INFO] [stdout]    |
[INFO] [stdout]    = note: `#[warn(non_snake_case)]` on by default
[INFO] [stdout] 
[INFO] [stdout] 
[INFO] [stdout] warning: unused implementer of `futures::Future` that must be used
[INFO] [stdout]    --> src/examples/actor/main.rs:122:9
[INFO] [stdout]     |
[INFO] [stdout] 122 |         pool.add_actor(Arc::new(Mutex::new(PingActor::new(Uuid::new_v4()))));
[INFO] [stdout]     |         ^^^^^^^^^^^^^^^^^^^^^^^^^^^^^^^^^^^^^^^^^^^^^^^^^^^^^^^^^^^^^^^^^^^^
[INFO] [stdout]     |
[INFO] [stdout]     = note: futures do nothing unless you `.await` or poll them
[INFO] [stdout]     = note: `#[warn(unused_must_use)]` on by default
[INFO] [stdout] 
[INFO] [stdout] 
[INFO] [stdout] warning: unused `Result` that must be used
[INFO] [stdout]    --> src/examples/actor/main.rs:129:5
[INFO] [stdout]     |
[INFO] [stdout] 129 |     sender.send(Message::Ping).await;
[INFO] [stdout]     |     ^^^^^^^^^^^^^^^^^^^^^^^^^^^^^^^^
[INFO] [stdout]     |
[INFO] [stdout]     = note: this `Result` may be an `Err` variant, which should be handled
[INFO] [stdout] help: use `let _ = ...` to ignore the resulting value
[INFO] [stdout]     |
[INFO] [stdout] 129 |     let _ = sender.send(Message::Ping).await;
[INFO] [stdout]     |     +++++++
[INFO] [stdout] 
[INFO] [stdout] 
[INFO] [stdout] warning: unused `Result` that must be used
[INFO] [stdout]    --> src/examples/actor/main.rs:131:9
[INFO] [stdout]     |
[INFO] [stdout] 131 |         sender.send(Message::Custom(format!("message {i}"))).await;
[INFO] [stdout]     |         ^^^^^^^^^^^^^^^^^^^^^^^^^^^^^^^^^^^^^^^^^^^^^^^^^^^^^^^^^^
[INFO] [stdout]     |
[INFO] [stdout]     = note: this `Result` may be an `Err` variant, which should be handled
[INFO] [stdout] help: use `let _ = ...` to ignore the resulting value
[INFO] [stdout]     |
[INFO] [stdout] 131 |         let _ = sender.send(Message::Custom(format!("message {i}"))).await;
[INFO] [stdout]     |         +++++++
[INFO] [stdout] 
[INFO] [stdout] 
[INFO] [stdout] warning: unused `Result` that must be used
[INFO] [stdout]    --> src/examples/actor/main.rs:178:13
[INFO] [stdout]     |
[INFO] [stdout] 178 |             sink.send_and_get_ack(None).await;
[INFO] [stdout]     |             ^^^^^^^^^^^^^^^^^^^^^^^^^^^^^^^^^
[INFO] [stdout]     |
[INFO] [stdout]     = note: this `Result` may be an `Err` variant, which should be handled
[INFO] [stdout] help: use `let _ = ...` to ignore the resulting value
[INFO] [stdout]     |
[INFO] [stdout] 178 |             let _ = sink.send_and_get_ack(None).await;
[INFO] [stdout]     |             +++++++
[INFO] [stdout] 
[INFO] [stdout] 
[INFO] [stdout] warning: function `testPool` should have a snake case name
[INFO] [stdout]   --> src/examples/actor/main.rs:70:18
[INFO] [stdout]    |
[INFO] [stdout] 70 |     pub async fn testPool() { 
[INFO] [stdout]    |                  ^^^^^^^^ help: convert the identifier to snake case: `test_pool`
[INFO] [stdout] 
[INFO] [stdout] 
[INFO] [stdout] warning: unused implementer of `futures::Future` that must be used
[INFO] [stdout]   --> src/examples/actor/main.rs:73:13
[INFO] [stdout]    |
[INFO] [stdout] 73 |             pool.add_actor(Arc::new(Mutex::new(PingActor::new(uuid::Uuid::new_v4()))));
[INFO] [stdout]    |             ^^^^^^^^^^^^^^^^^^^^^^^^^^^^^^^^^^^^^^^^^^^^^^^^^^^^^^^^^^^^^^^^^^^^^^^^^^
[INFO] [stdout]    |
[INFO] [stdout]    = note: futures do nothing unless you `.await` or poll them
[INFO] [stdout] 
[INFO] [stdout] 
[INFO] [stderr]     Finished `test` profile [unoptimized + debuginfo] target(s) in 1.61s
[INFO] running `Command { std: "docker" "inspect" "678f92b94f04396a537262e6fbf066e94fb698439d221c6efd2698b040c8fb24", kill_on_drop: false }`
[INFO] running `Command { std: "docker" "rm" "-f" "678f92b94f04396a537262e6fbf066e94fb698439d221c6efd2698b040c8fb24", kill_on_drop: false }`
[INFO] [stdout] 678f92b94f04396a537262e6fbf066e94fb698439d221c6efd2698b040c8fb24
[INFO] running `Command { std: "docker" "create" "-v" "/var/lib/crater-agent-workspace/builds/worker-4-tc2/target:/opt/rustwide/target:rw,Z" "-v" "/var/lib/crater-agent-workspace/builds/worker-4-tc2/source:/opt/rustwide/workdir:ro,Z" "-v" "/var/lib/crater-agent-workspace/cargo-home:/opt/rustwide/cargo-home:ro,Z" "-v" "/var/lib/crater-agent-workspace/rustup-home:/opt/rustwide/rustup-home:ro,Z" "-e" "SOURCE_DIR=/opt/rustwide/workdir" "-e" "CARGO_TARGET_DIR=/opt/rustwide/target" "-e" "CARGO_INCREMENTAL=0" "-e" "RUST_BACKTRACE=full" "-e" "RUSTFLAGS=--cap-lints=warn" "-e" "RUSTDOCFLAGS=--cap-lints=warn" "-e" "CARGO_HOME=/opt/rustwide/cargo-home" "-e" "RUSTUP_HOME=/opt/rustwide/rustup-home" "-w" "/opt/rustwide/workdir" "-m" "1610612736" "--user" "0:0" "--network" "none" "ghcr.io/rust-lang/crates-build-env/linux@sha256:f3a9d4ad9d972b27faf3965f35b62e55ba32bbce8f20bc8fe909558a86702fde" "/opt/rustwide/cargo-home/bin/cargo" "+beta-2024-12-08" "test" "--frozen", kill_on_drop: false }`
[INFO] [stdout] e279a0697863694d90c4b22aa9347f5cfe85e44e5f6aa0b95c20a18662887d50
[INFO] running `Command { std: "docker" "start" "-a" "e279a0697863694d90c4b22aa9347f5cfe85e44e5f6aa0b95c20a18662887d50", kill_on_drop: false }`
[INFO] [stderr] warning: unused import: `log::info`
[INFO] [stderr]  --> src/actor/actor.rs:3:5
[INFO] [stderr]   |
[INFO] [stderr] 3 | use log::info;
[INFO] [stderr]   |     ^^^^^^^^^
[INFO] [stderr]   |
[INFO] [stderr]   = note: `#[warn(unused_imports)]` on by default
[INFO] [stderr] 
[INFO] [stderr] warning: unnecessary parentheses around type
[INFO] [stderr]   --> src/actor/pool.rs:38:42
[INFO] [stderr]    |
[INFO] [stderr] 38 |     pub async fn find_next(&mut self) -> (Arc<Mutex<A>>) {
[INFO] [stderr]    |                                          ^             ^
[INFO] [stderr]    |
[INFO] [stderr]    = note: `#[warn(unused_parens)]` on by default
[INFO] [stderr] help: remove these parentheses
[INFO] [stderr]    |
[INFO] [stderr] 38 -     pub async fn find_next(&mut self) -> (Arc<Mutex<A>>) {
[INFO] [stderr] 38 +     pub async fn find_next(&mut self) -> Arc<Mutex<A>> {
[INFO] [stderr]    |
[INFO] [stderr] 
[INFO] [stderr] warning: variable does not need to be mutable
[INFO] [stderr]   --> src/actor/context.rs:23:21
[INFO] [stderr]    |
[INFO] [stderr] 23 |                 let mut actor = self.actors.find_next().await;
[INFO] [stderr]    |                     ----^^^^^
[INFO] [stderr]    |                     |
[INFO] [stderr]    |                     help: remove this `mut`
[INFO] [stderr]    |
[INFO] [stderr]    = note: `#[warn(unused_mut)]` on by default
[INFO] [stderr] 
[INFO] [stderr] warning: unused variable: `i`
[INFO] [stderr]   --> src/actor/pool.rs:23:13
[INFO] [stderr]    |
[INFO] [stderr] 23 |         for i in 1..init_cap { 
[INFO] [stderr]    |             ^ help: if this is intentional, prefix it with an underscore: `_i`
[INFO] [stderr]    |
[INFO] [stderr]    = note: `#[warn(unused_variables)]` on by default
[INFO] [stderr] 
[INFO] [stderr] warning: field `next_index` is never read
[INFO] [stderr]   --> src/actor/pool.rs:10:5
[INFO] [stderr]    |
[INFO] [stderr] 6  | pub struct ActorPool<A : Actor + Send + 'static> { 
[INFO] [stderr]    |            --------- field in this struct
[INFO] [stderr] ...
[INFO] [stderr] 10 |     next_index : usize
[INFO] [stderr]    |     ^^^^^^^^^^
[INFO] [stderr]    |
[INFO] [stderr]    = note: `#[warn(dead_code)]` on by default
[INFO] [stderr] 
[INFO] [stderr] warning: struct `TestSender` is never constructed
[INFO] [stderr]   --> src/sender/sender.rs:12:8
[INFO] [stderr]    |
[INFO] [stderr] 12 | struct TestSender { 
[INFO] [stderr]    |        ^^^^^^^^^^
[INFO] [stderr] 
[INFO] [stderr] warning: bounds on generic parameters in type aliases are not enforced
[INFO] [stderr]   --> src/actor/actor.rs:10:23
[INFO] [stderr]    |
[INFO] [stderr] 10 | pub type ActorSafe<A: Actor + Send + 'static> = Arc<Mutex<A>>;
[INFO] [stderr]    |                     --^^^^^---^^^^---^^^^^^^
[INFO] [stderr]    |                     |                |
[INFO] [stderr]    |                     |                will not be checked at usage sites of the type alias
[INFO] [stderr]    |                     help: remove this bound
[INFO] [stderr]    |
[INFO] [stderr]    = note: this is a known limitation of the type checker that may be lifted in a future edition.
[INFO] [stderr]            see issue #112792 <https://github.com/rust-lang/rust/issues/112792> for more information
[INFO] [stderr]    = note: `#[warn(type_alias_bounds)]` on by default
[INFO] [stderr] 
[INFO] [stderr] warning: unused implementer of `std::future::Future` that must be used
[INFO] [stderr]   --> src/actor/pool.rs:24:13
[INFO] [stderr]    |
[INFO] [stderr] 24 |             self.add_actor(actor.clone());
[INFO] [stderr]    |             ^^^^^^^^^^^^^^^^^^^^^^^^^^^^^
[INFO] [stderr]    |
[INFO] [stderr]    = note: futures do nothing unless you `.await` or poll them
[INFO] [stderr]    = note: `#[warn(unused_must_use)]` on by default
[INFO] [stderr] 
[INFO] [stderr] warning: variable `actorId` should have a snake case name
[INFO] [stderr]   --> src/actor/pool.rs:29:39
[INFO] [stderr]    |
[INFO] [stderr] 29 |     pub fn update_load_map(&mut self, actorId : ActorId) { 
[INFO] [stderr]    |                                       ^^^^^^^ help: convert the identifier to snake case: `actor_id`
[INFO] [stderr]    |
[INFO] [stderr]    = note: `#[warn(non_snake_case)]` on by default
[INFO] [stderr] 
[INFO] [stderr] warning: variable does not need to be mutable
[INFO] [stderr]   --> src/sender/sender.rs:29:10
[INFO] [stderr]    |
[INFO] [stderr] 29 |     let (mut sender, mut receiver) = tokio::sync::mpsc::channel(100);
[INFO] [stderr]    |          ----^^^^^^
[INFO] [stderr]    |          |
[INFO] [stderr]    |          help: remove this `mut`
[INFO] [stderr] 
[INFO] [stderr] warning: `supernova` (lib) generated 9 warnings (run `cargo fix --lib -p supernova` to apply 3 suggestions)
[INFO] [stderr] warning: `supernova` (lib test) generated 9 warnings (8 duplicates) (run `cargo fix --lib -p supernova --tests` to apply 1 suggestion)
[INFO] [stderr] warning: unused `tokio::io::util::shutdown::Shutdown` that must be used
[INFO] [stderr]   --> src/examples/main.rs:10:9
[INFO] [stderr]    |
[INFO] [stderr] 10 |         stream.shutdown();
[INFO] [stderr]    |         ^^^^^^^^^^^^^^^^^
[INFO] [stderr]    |
[INFO] [stderr]    = note: futures do nothing unless you `.await` or poll them
[INFO] [stderr]    = note: `#[warn(unused_must_use)]` on by default
[INFO] [stderr] help: use `let _ = ...` to ignore the resulting value
[INFO] [stderr]    |
[INFO] [stderr] 10 |         let _ = stream.shutdown();
[INFO] [stderr]    |         +++++++
[INFO] [stderr] 
[INFO] [stderr] warning: unused imports: `ErrorKind` and `Error`
[INFO] [stderr]  --> src/examples/actor/main.rs:3:15
[INFO] [stderr]   |
[INFO] [stderr] 3 | use std::io::{Error, ErrorKind};
[INFO] [stderr]   |               ^^^^^  ^^^^^^^^^
[INFO] [stderr]   |
[INFO] [stderr]   = note: `#[warn(unused_imports)]` on by default
[INFO] [stderr] 
[INFO] [stderr] warning: unused import: `TryStreamExt`
[INFO] [stderr]   --> src/examples/actor/main.rs:67:34
[INFO] [stderr]    |
[INFO] [stderr] 67 |     use futures::{stream::{self, TryStreamExt}, StreamExt};
[INFO] [stderr]    |                                  ^^^^^^^^^^^^
[INFO] [stderr] 
[INFO] [stderr] warning: unused variable: `message`
[INFO] [stderr]    --> src/examples/actor/main.rs:148:42
[INFO] [stderr]     |
[INFO] [stderr] 148 |     async fn send_and_get_ack(&mut self, message : Option<Message>) -> Result<(), supernova::sender::sender::SendError> {
[INFO] [stderr]     |                                          ^^^^^^^ help: if this is intentional, prefix it with an underscore: `_message`
[INFO] [stderr]     |
[INFO] [stderr]     = note: `#[warn(unused_variables)]` on by default
[INFO] [stderr] 
[INFO] [stderr] warning: unused variable: `i`
[INFO] [stderr]   --> src/examples/actor/main.rs:72:13
[INFO] [stderr]    |
[INFO] [stderr] 72 |         for i in  1..10 { 
[INFO] [stderr]    |             ^ help: if this is intentional, prefix it with an underscore: `_i`
[INFO] [stderr] 
[INFO] [stderr] warning: unused variable: `i`
[INFO] [stderr]    --> src/examples/actor/main.rs:121:9
[INFO] [stderr]     |
[INFO] [stderr] 121 |     for i in  1..10 { 
[INFO] [stderr]     |         ^ help: if this is intentional, prefix it with an underscore: `_i`
[INFO] [stderr] 
[INFO] [stderr] warning: unused variable: `a`
[INFO] [stderr]    --> src/examples/actor/main.rs:126:13
[INFO] [stderr]     |
[INFO] [stderr] 126 |         let a = ctx.start().await;
[INFO] [stderr]     |             ^ help: if this is intentional, prefix it with an underscore: `_a`
[INFO] [stderr] 
[INFO] [stderr] warning: unused variable: `i`
[INFO] [stderr]    --> src/examples/actor/main.rs:164:9
[INFO] [stderr]     |
[INFO] [stderr] 164 |     for i in  1..10 { 
[INFO] [stderr]     |         ^ help: if this is intentional, prefix it with an underscore: `_i`
[INFO] [stderr] 
[INFO] [stderr] warning: structure field `Id` should have a snake case name
[INFO] [stderr]   --> src/examples/actor/main.rs:26:5
[INFO] [stderr]    |
[INFO] [stderr] 26 |     Id: ActorId
[INFO] [stderr]    |     ^^ help: convert the identifier to snake case (notice the capitalization): `id`
[INFO] [stderr]    |
[INFO] [stderr]    = note: `#[warn(non_snake_case)]` on by default
[INFO] [stderr] 
[INFO] [stderr] warning: unused implementer of `futures::Future` that must be used
[INFO] [stderr]    --> src/examples/actor/main.rs:122:9
[INFO] [stderr]     |
[INFO] [stderr] 122 |         pool.add_actor(Arc::new(Mutex::new(PingActor::new(Uuid::new_v4()))));
[INFO] [stderr]     |         ^^^^^^^^^^^^^^^^^^^^^^^^^^^^^^^^^^^^^^^^^^^^^^^^^^^^^^^^^^^^^^^^^^^^
[INFO] [stderr]     |
[INFO] [stderr]     = note: futures do nothing unless you `.await` or poll them
[INFO] [stderr]     = note: `#[warn(unused_must_use)]` on by default
[INFO] [stderr] 
[INFO] [stderr] warning: unused `Result` that must be used
[INFO] [stderr]    --> src/examples/actor/main.rs:129:5
[INFO] [stderr]     |
[INFO] [stderr] 129 |     sender.send(Message::Ping).await;
[INFO] [stderr]     |     ^^^^^^^^^^^^^^^^^^^^^^^^^^^^^^^^
[INFO] [stderr]     |
[INFO] [stderr]     = note: this `Result` may be an `Err` variant, which should be handled
[INFO] [stderr] help: use `let _ = ...` to ignore the resulting value
[INFO] [stderr]     |
[INFO] [stderr] 129 |     let _ = sender.send(Message::Ping).await;
[INFO] [stderr]     |     +++++++
[INFO] [stderr] 
[INFO] [stderr] warning: unused `Result` that must be used
[INFO] [stderr]    --> src/examples/actor/main.rs:131:9
[INFO] [stderr]     |
[INFO] [stderr] 131 |         sender.send(Message::Custom(format!("message {i}"))).await;
[INFO] [stderr]     |         ^^^^^^^^^^^^^^^^^^^^^^^^^^^^^^^^^^^^^^^^^^^^^^^^^^^^^^^^^^
[INFO] [stderr]     |
[INFO] [stderr]     = note: this `Result` may be an `Err` variant, which should be handled
[INFO] [stderr] help: use `let _ = ...` to ignore the resulting value
[INFO] [stderr]     |
[INFO] [stderr] 131 |         let _ = sender.send(Message::Custom(format!("message {i}"))).await;
[INFO] [stderr]     |         +++++++
[INFO] [stderr] 
[INFO] [stderr] warning: unused `Result` that must be used
[INFO] [stderr]    --> src/examples/actor/main.rs:178:13
[INFO] [stderr]     |
[INFO] [stderr] 178 |             sink.send_and_get_ack(None).await;
[INFO] [stderr]     |             ^^^^^^^^^^^^^^^^^^^^^^^^^^^^^^^^^
[INFO] [stderr]     |
[INFO] [stderr]     = note: this `Result` may be an `Err` variant, which should be handled
[INFO] [stderr] help: use `let _ = ...` to ignore the resulting value
[INFO] [stderr]     |
[INFO] [stderr] 178 |             let _ = sink.send_and_get_ack(None).await;
[INFO] [stderr]     |             +++++++
[INFO] [stderr] 
[INFO] [stderr] warning: function `testPool` should have a snake case name
[INFO] [stderr]   --> src/examples/actor/main.rs:70:18
[INFO] [stderr]    |
[INFO] [stderr] 70 |     pub async fn testPool() { 
[INFO] [stderr]    |                  ^^^^^^^^ help: convert the identifier to snake case: `test_pool`
[INFO] [stderr] 
[INFO] [stderr] warning: unused implementer of `futures::Future` that must be used
[INFO] [stderr]   --> src/examples/actor/main.rs:73:13
[INFO] [stderr]    |
[INFO] [stderr] 73 |             pool.add_actor(Arc::new(Mutex::new(PingActor::new(uuid::Uuid::new_v4()))));
[INFO] [stderr]    |             ^^^^^^^^^^^^^^^^^^^^^^^^^^^^^^^^^^^^^^^^^^^^^^^^^^^^^^^^^^^^^^^^^^^^^^^^^^
[INFO] [stderr]    |
[INFO] [stderr]    = note: futures do nothing unless you `.await` or poll them
[INFO] [stderr] 
[INFO] [stderr] warning: `supernova` (bin "example" test) generated 1 warning
[INFO] [stderr] warning: `supernova` (bin "actor_example" test) generated 14 warnings (run `cargo fix --bin "actor_example" --tests` to apply 2 suggestions)
[INFO] [stderr]     Finished `test` profile [unoptimized + debuginfo] target(s) in 0.07s
[INFO] [stderr]      Running unittests src/lib.rs (/opt/rustwide/target/debug/deps/supernova-b8df8b397af1b788)
[INFO] [stdout] 
[INFO] [stdout] running 1 test
[INFO] [stdout] test sender::sender::test_send_and_get_ack ... ok
[INFO] [stdout] 
[INFO] [stdout] test result: ok. 1 passed; 0 failed; 0 ignored; 0 measured; 0 filtered out; finished in 0.00s
[INFO] [stdout] 
[INFO] [stderr]      Running unittests src/examples/actor/main.rs (/opt/rustwide/target/debug/deps/actor_example-d1697678a87312a4)
[INFO] [stdout] 
[INFO] [stdout] running 3 tests
[INFO] [stdout] test tests::futures_iter_to_iter ... ok
[INFO] [stdout] test tests::testPool ... FAILED
[INFO] [stdout] test test_bench ... FAILED
[INFO] [stdout] 
[INFO] [stdout] failures:
[INFO] [stdout] 
[INFO] [stdout] ---- tests::testPool stdout ----
[INFO] [stdout] thread 'tests::testPool' panicked at src/examples/actor/main.rs:84:9:
[INFO] [stdout] assertion `left == right` failed
[INFO] [stdout]   left: 0
[INFO] [stdout]  right: 9
[INFO] [stdout] stack backtrace:
[INFO] [stdout]    0:     0x5b6cb302148a - std::backtrace_rs::backtrace::libunwind::trace::h8810477743020387
[INFO] [stdout]                                at /rustc/202008a1b8de96d2e5b6bc02d379db03a877d34d/library/std/src/../../backtrace/src/backtrace/libunwind.rs:116:5
[INFO] [stdout]    1:     0x5b6cb302148a - std::backtrace_rs::backtrace::trace_unsynchronized::h3aa55355dd6c54a6
[INFO] [stdout]                                at /rustc/202008a1b8de96d2e5b6bc02d379db03a877d34d/library/std/src/../../backtrace/src/backtrace/mod.rs:66:5
[INFO] [stdout]    2:     0x5b6cb302148a - std::sys::backtrace::_print_fmt::h8588b0f62410823f
[INFO] [stdout]                                at /rustc/202008a1b8de96d2e5b6bc02d379db03a877d34d/library/std/src/sys/backtrace.rs:66:9
[INFO] [stdout]    3:     0x5b6cb302148a - <std::sys::backtrace::BacktraceLock::print::DisplayBacktrace as core::fmt::Display>::fmt::h98c26ac25ffe89bb
[INFO] [stdout]                                at /rustc/202008a1b8de96d2e5b6bc02d379db03a877d34d/library/std/src/sys/backtrace.rs:39:26
[INFO] [stdout]    4:     0x5b6cb3047223 - core::fmt::rt::Argument::fmt::hf95377f4aebd453b
[INFO] [stdout]                                at /rustc/202008a1b8de96d2e5b6bc02d379db03a877d34d/library/core/src/fmt/rt.rs:177:76
[INFO] [stdout]    5:     0x5b6cb3047223 - core::fmt::write::h0dd5f6e2238c7982
[INFO] [stdout]                                at /rustc/202008a1b8de96d2e5b6bc02d379db03a877d34d/library/core/src/fmt/mod.rs:1189:21
[INFO] [stdout]    6:     0x5b6cb301e443 - std::io::Write::write_fmt::h03bb0ca26e6faf8c
[INFO] [stdout]                                at /rustc/202008a1b8de96d2e5b6bc02d379db03a877d34d/library/std/src/io/mod.rs:1884:15
[INFO] [stdout]    7:     0x5b6cb30212d2 - std::sys::backtrace::BacktraceLock::print::h5c19c1c038ee186d
[INFO] [stdout]                                at /rustc/202008a1b8de96d2e5b6bc02d379db03a877d34d/library/std/src/sys/backtrace.rs:42:9
[INFO] [stdout]    8:     0x5b6cb302290d - std::panicking::default_hook::{{closure}}::h77172f079a1fcb13
[INFO] [stdout]                                at /rustc/202008a1b8de96d2e5b6bc02d379db03a877d34d/library/std/src/panicking.rs:268:22
[INFO] [stdout]    9:     0x5b6cb3022717 - std::panicking::default_hook::he5f8e3b203ccddba
[INFO] [stdout]                                at /rustc/202008a1b8de96d2e5b6bc02d379db03a877d34d/library/std/src/panicking.rs:292:9
[INFO] [stdout]   10:     0x5b6cb2f477e7 - <alloc::boxed::Box<F,A> as core::ops::function::Fn<Args>>::call::h7a3c7b4a1ae77f2f
[INFO] [stdout]                                at /rustc/202008a1b8de96d2e5b6bc02d379db03a877d34d/library/alloc/src/boxed.rs:1986:9
[INFO] [stdout]   11:     0x5b6cb2f477e7 - test::test_main::{{closure}}::hf0d3b69ae9b353d1
[INFO] [stdout]                                at /rustc/202008a1b8de96d2e5b6bc02d379db03a877d34d/library/test/src/lib.rs:134:21
[INFO] [stdout]   12:     0x5b6cb3022fb8 - <alloc::boxed::Box<F,A> as core::ops::function::Fn<Args>>::call::h6332e82e7b189abd
[INFO] [stdout]                                at /rustc/202008a1b8de96d2e5b6bc02d379db03a877d34d/library/alloc/src/boxed.rs:1986:9
[INFO] [stdout]   13:     0x5b6cb3022fb8 - std::panicking::rust_panic_with_hook::h53863d4e9018df39
[INFO] [stdout]                                at /rustc/202008a1b8de96d2e5b6bc02d379db03a877d34d/library/std/src/panicking.rs:809:13
[INFO] [stdout]   14:     0x5b6cb3022d7a - std::panicking::begin_panic_handler::{{closure}}::h67280e6fa0757873
[INFO] [stdout]                                at /rustc/202008a1b8de96d2e5b6bc02d379db03a877d34d/library/std/src/panicking.rs:674:13
[INFO] [stdout]   15:     0x5b6cb3021969 - std::sys::backtrace::__rust_end_short_backtrace::h1dac3f54d6fbbeb2
[INFO] [stdout]                                at /rustc/202008a1b8de96d2e5b6bc02d379db03a877d34d/library/std/src/sys/backtrace.rs:170:18
[INFO] [stdout]   16:     0x5b6cb3022a0c - rust_begin_unwind
[INFO] [stdout]                                at /rustc/202008a1b8de96d2e5b6bc02d379db03a877d34d/library/std/src/panicking.rs:665:5
[INFO] [stdout]   17:     0x5b6cb2ed4b70 - core::panicking::panic_fmt::h6792bd1b2bf01041
[INFO] [stdout]                                at /rustc/202008a1b8de96d2e5b6bc02d379db03a877d34d/library/core/src/panicking.rs:76:14
[INFO] [stdout]   18:     0x5b6cb2ed4f9c - core::panicking::assert_failed_inner::hf2c17e6d30928787
[INFO] [stdout]   19:     0x5b6cb2fd6c86 - core::panicking::assert_failed::h91f567b9335acdab
[INFO] [stdout]                                at /rustc/202008a1b8de96d2e5b6bc02d379db03a877d34d/library/core/src/panicking.rs:373:5
[INFO] [stdout]   20:     0x5b6cb2efd909 - actor_example::tests::testPool::{{closure}}::he5d2df35471dfea0
[INFO] [stdout]                                at /opt/rustwide/workdir/src/examples/actor/main.rs:84:9
[INFO] [stdout]   21:     0x5b6cb2ef3802 - <core::pin::Pin<P> as core::future::future::Future>::poll::h7c4882dd2152b4df
[INFO] [stdout]                                at /rustc/202008a1b8de96d2e5b6bc02d379db03a877d34d/library/core/src/future/future.rs:124:9
[INFO] [stdout]   22:     0x5b6cb2ef377d - <core::pin::Pin<P> as core::future::future::Future>::poll::h2cd92cd69776eb78
[INFO] [stdout]                                at /rustc/202008a1b8de96d2e5b6bc02d379db03a877d34d/library/core/src/future/future.rs:124:9
[INFO] [stdout]   23:     0x5b6cb2eee56f - tokio::runtime::scheduler::current_thread::CoreGuard::block_on::{{closure}}::{{closure}}::{{closure}}::h883355c2699a07ce
[INFO] [stdout]                                at /opt/rustwide/cargo-home/registry/src/index.crates.io-6f17d22bba15001f/tokio-1.40.0/src/runtime/scheduler/current_thread/mod.rs:696:57
[INFO] [stdout]   24:     0x5b6cb2eee475 - tokio::runtime::coop::with_budget::h6a80a4481b5b3f72
[INFO] [stdout]                                at /opt/rustwide/cargo-home/registry/src/index.crates.io-6f17d22bba15001f/tokio-1.40.0/src/runtime/coop.rs:107:5
[INFO] [stdout]   25:     0x5b6cb2eee475 - tokio::runtime::coop::budget::h5cabd06a62079420
[INFO] [stdout]                                at /opt/rustwide/cargo-home/registry/src/index.crates.io-6f17d22bba15001f/tokio-1.40.0/src/runtime/coop.rs:73:5
[INFO] [stdout]   26:     0x5b6cb2eee475 - tokio::runtime::scheduler::current_thread::CoreGuard::block_on::{{closure}}::{{closure}}::hdfa3f2df7ca84edb
[INFO] [stdout]                                at /opt/rustwide/cargo-home/registry/src/index.crates.io-6f17d22bba15001f/tokio-1.40.0/src/runtime/scheduler/current_thread/mod.rs:696:25
[INFO] [stdout]   27:     0x5b6cb2eec0b0 - tokio::runtime::scheduler::current_thread::Context::enter::hddff89d14deac35d
[INFO] [stdout]                                at /opt/rustwide/cargo-home/registry/src/index.crates.io-6f17d22bba15001f/tokio-1.40.0/src/runtime/scheduler/current_thread/mod.rs:423:19
[INFO] [stdout]   28:     0x5b6cb2eed27e - tokio::runtime::scheduler::current_thread::CoreGuard::block_on::{{closure}}::hcfd49fbce61aab46
[INFO] [stdout]                                at /opt/rustwide/cargo-home/registry/src/index.crates.io-6f17d22bba15001f/tokio-1.40.0/src/runtime/scheduler/current_thread/mod.rs:695:36
[INFO] [stdout]   29:     0x5b6cb2eecf94 - tokio::runtime::scheduler::current_thread::CoreGuard::enter::{{closure}}::h5fb019449b795544
[INFO] [stdout]                                at /opt/rustwide/cargo-home/registry/src/index.crates.io-6f17d22bba15001f/tokio-1.40.0/src/runtime/scheduler/current_thread/mod.rs:774:68
[INFO] [stdout]   30:     0x5b6cb2ef69cb - tokio::runtime::context::scoped::Scoped<T>::set::h02bba2a1d28c7ec5
[INFO] [stdout]                                at /opt/rustwide/cargo-home/registry/src/index.crates.io-6f17d22bba15001f/tokio-1.40.0/src/runtime/context/scoped.rs:40:9
[INFO] [stdout]   31:     0x5b6cb2ef6709 - tokio::runtime::context::set_scheduler::{{closure}}::hf89d0683970f4a57
[INFO] [stdout]                                at /opt/rustwide/cargo-home/registry/src/index.crates.io-6f17d22bba15001f/tokio-1.40.0/src/runtime/context.rs:180:26
[INFO] [stdout]   32:     0x5b6cb2ef44ed - std::thread::local::LocalKey<T>::try_with::h263e51a541d9e042
[INFO] [stdout]                                at /rustc/202008a1b8de96d2e5b6bc02d379db03a877d34d/library/std/src/thread/local.rs:283:12
[INFO] [stdout]   33:     0x5b6cb2ef422a - std::thread::local::LocalKey<T>::with::h5dcda9706d113b15
[INFO] [stdout]                                at /rustc/202008a1b8de96d2e5b6bc02d379db03a877d34d/library/std/src/thread/local.rs:260:9
[INFO] [stdout]   34:     0x5b6cb2ef667d - tokio::runtime::context::set_scheduler::h6b350bb7ef18d2fd
[INFO] [stdout]                                at /opt/rustwide/cargo-home/registry/src/index.crates.io-6f17d22bba15001f/tokio-1.40.0/src/runtime/context.rs:180:9
[INFO] [stdout]   35:     0x5b6cb2eec900 - tokio::runtime::scheduler::current_thread::CoreGuard::enter::h17e1099f591e0472
[INFO] [stdout]                                at /opt/rustwide/cargo-home/registry/src/index.crates.io-6f17d22bba15001f/tokio-1.40.0/src/runtime/scheduler/current_thread/mod.rs:774:27
[INFO] [stdout]   36:     0x5b6cb2eed013 - tokio::runtime::scheduler::current_thread::CoreGuard::block_on::h459ea48018f4df05
[INFO] [stdout]                                at /opt/rustwide/cargo-home/registry/src/index.crates.io-6f17d22bba15001f/tokio-1.40.0/src/runtime/scheduler/current_thread/mod.rs:683:19
[INFO] [stdout]   37:     0x5b6cb2eea20f - tokio::runtime::scheduler::current_thread::CurrentThread::block_on::{{closure}}::h294ec643da35ff85
[INFO] [stdout]                                at /opt/rustwide/cargo-home/registry/src/index.crates.io-6f17d22bba15001f/tokio-1.40.0/src/runtime/scheduler/current_thread/mod.rs:191:28
[INFO] [stdout]   38:     0x5b6cb2ef71f6 - tokio::runtime::context::runtime::enter_runtime::hc32e07fd806f212c
[INFO] [stdout]                                at /opt/rustwide/cargo-home/registry/src/index.crates.io-6f17d22bba15001f/tokio-1.40.0/src/runtime/context/runtime.rs:65:16
[INFO] [stdout]   39:     0x5b6cb2ee9fb1 - tokio::runtime::scheduler::current_thread::CurrentThread::block_on::h87b3389080e58f7f
[INFO] [stdout]                                at /opt/rustwide/cargo-home/registry/src/index.crates.io-6f17d22bba15001f/tokio-1.40.0/src/runtime/scheduler/current_thread/mod.rs:179:9
[INFO] [stdout]   40:     0x5b6cb2ef7a7d - tokio::runtime::runtime::Runtime::block_on_inner::h449f6f24c474969e
[INFO] [stdout]                                at /opt/rustwide/cargo-home/registry/src/index.crates.io-6f17d22bba15001f/tokio-1.40.0/src/runtime/runtime.rs:361:47
[INFO] [stdout]   41:     0x5b6cb2ef7ca5 - tokio::runtime::runtime::Runtime::block_on::hcfabc76c1fe164bf
[INFO] [stdout]                                at /opt/rustwide/cargo-home/registry/src/index.crates.io-6f17d22bba15001f/tokio-1.40.0/src/runtime/runtime.rs:335:13
[INFO] [stdout]   42:     0x5b6cb2efd2a1 - actor_example::tests::testPool::h4e6c76f2d68c879f
[INFO] [stdout]                                at /opt/rustwide/workdir/src/examples/actor/main.rs:81:9
[INFO] [stdout]   43:     0x5b6cb2efd147 - actor_example::tests::testPool::{{closure}}::h0e6e53cdb01dd6e3
[INFO] [stdout]                                at /opt/rustwide/workdir/src/examples/actor/main.rs:70:28
[INFO] [stdout]   44:     0x5b6cb2ee1bf6 - core::ops::function::FnOnce::call_once::h32ae933d6accc98a
[INFO] [stdout]                                at /rustc/202008a1b8de96d2e5b6bc02d379db03a877d34d/library/core/src/ops/function.rs:250:5
[INFO] [stdout]   45:     0x5b6cb2f4c30b - core::ops::function::FnOnce::call_once::h871bf86719ec9aa4
[INFO] [stdout]                                at /rustc/202008a1b8de96d2e5b6bc02d379db03a877d34d/library/core/src/ops/function.rs:250:5
[INFO] [stdout]   46:     0x5b6cb2f4c30b - test::__rust_begin_short_backtrace::h2167df1e2b7d76fd
[INFO] [stdout]                                at /rustc/202008a1b8de96d2e5b6bc02d379db03a877d34d/library/test/src/lib.rs:632:18
[INFO] [stdout]   47:     0x5b6cb2f4bcf8 - test::run_test_in_process::{{closure}}::h15d92f75a3adfb79
[INFO] [stdout]                                at /rustc/202008a1b8de96d2e5b6bc02d379db03a877d34d/library/test/src/lib.rs:655:60
[INFO] [stdout]   48:     0x5b6cb2f4bcf8 - <core::panic::unwind_safe::AssertUnwindSafe<F> as core::ops::function::FnOnce<()>>::call_once::hb6c8955835a8dbbb
[INFO] [stdout]                                at /rustc/202008a1b8de96d2e5b6bc02d379db03a877d34d/library/core/src/panic/unwind_safe.rs:272:9
[INFO] [stdout]   49:     0x5b6cb2f4bcf8 - std::panicking::try::do_call::hc79d0fc888a0bd30
[INFO] [stdout]                                at /rustc/202008a1b8de96d2e5b6bc02d379db03a877d34d/library/std/src/panicking.rs:557:40
[INFO] [stdout]   50:     0x5b6cb2f4bcf8 - std::panicking::try::hb8a7878e3a8589d6
[INFO] [stdout]                                at /rustc/202008a1b8de96d2e5b6bc02d379db03a877d34d/library/std/src/panicking.rs:520:19
[INFO] [stdout]   51:     0x5b6cb2f4bcf8 - std::panic::catch_unwind::hb8e4600ff0ff5cfa
[INFO] [stdout]                                at /rustc/202008a1b8de96d2e5b6bc02d379db03a877d34d/library/std/src/panic.rs:358:14
[INFO] [stdout]   52:     0x5b6cb2f4bcf8 - test::run_test_in_process::hc2900b0b18688dd6
[INFO] [stdout]                                at /rustc/202008a1b8de96d2e5b6bc02d379db03a877d34d/library/test/src/lib.rs:655:27
[INFO] [stdout]   53:     0x5b6cb2f4bcf8 - test::run_test::{{closure}}::hac2a9cb07be3d48d
[INFO] [stdout]                                at /rustc/202008a1b8de96d2e5b6bc02d379db03a877d34d/library/test/src/lib.rs:576:43
[INFO] [stdout]   54:     0x5b6cb2f0f79a - test::run_test::{{closure}}::h4a5b729e66a38cd8
[INFO] [stdout]                                at /rustc/202008a1b8de96d2e5b6bc02d379db03a877d34d/library/test/src/lib.rs:606:41
[INFO] [stdout]   55:     0x5b6cb2f0f79a - std::sys::backtrace::__rust_begin_short_backtrace::h0496fb742492f573
[INFO] [stdout]                                at /rustc/202008a1b8de96d2e5b6bc02d379db03a877d34d/library/std/src/sys/backtrace.rs:154:18
[INFO] [stdout]   56:     0x5b6cb2f13114 - std::thread::Builder::spawn_unchecked_::{{closure}}::{{closure}}::hbb6d257c550a54bd
[INFO] [stdout]                                at /rustc/202008a1b8de96d2e5b6bc02d379db03a877d34d/library/std/src/thread/mod.rs:561:17
[INFO] [stdout]   57:     0x5b6cb2f13114 - <core::panic::unwind_safe::AssertUnwindSafe<F> as core::ops::function::FnOnce<()>>::call_once::h46696fe4a6832328
[INFO] [stdout]                                at /rustc/202008a1b8de96d2e5b6bc02d379db03a877d34d/library/core/src/panic/unwind_safe.rs:272:9
[INFO] [stdout]   58:     0x5b6cb2f13114 - std::panicking::try::do_call::h2625a51b667bfb64
[INFO] [stdout]                                at /rustc/202008a1b8de96d2e5b6bc02d379db03a877d34d/library/std/src/panicking.rs:557:40
[INFO] [stdout]   59:     0x5b6cb2f13114 - std::panicking::try::hb956a59a1973aa4c
[INFO] [stdout]                                at /rustc/202008a1b8de96d2e5b6bc02d379db03a877d34d/library/std/src/panicking.rs:520:19
[INFO] [stdout]   60:     0x5b6cb2f13114 - std::panic::catch_unwind::h64f3b9d1067ef6a0
[INFO] [stdout]                                at /rustc/202008a1b8de96d2e5b6bc02d379db03a877d34d/library/std/src/panic.rs:358:14
[INFO] [stdout]   61:     0x5b6cb2f13114 - std::thread::Builder::spawn_unchecked_::{{closure}}::h42b2841295b6c0b2
[INFO] [stdout]                                at /rustc/202008a1b8de96d2e5b6bc02d379db03a877d34d/library/std/src/thread/mod.rs:559:30
[INFO] [stdout]   62:     0x5b6cb2f13114 - core::ops::function::FnOnce::call_once{{vtable.shim}}::h6127de71b8124639
[INFO] [stdout]                                at /rustc/202008a1b8de96d2e5b6bc02d379db03a877d34d/library/core/src/ops/function.rs:250:5
[INFO] [stdout]   63:     0x5b6cb302718b - <alloc::boxed::Box<F,A> as core::ops::function::FnOnce<Args>>::call_once::h42f0ba71002a1b2c
[INFO] [stdout]                                at /rustc/202008a1b8de96d2e5b6bc02d379db03a877d34d/library/alloc/src/boxed.rs:1972:9
[INFO] [stdout]   64:     0x5b6cb302718b - <alloc::boxed::Box<F,A> as core::ops::function::FnOnce<Args>>::call_once::had9e47d7a3dcecb8
[INFO] [stdout]                                at /rustc/202008a1b8de96d2e5b6bc02d379db03a877d34d/library/alloc/src/boxed.rs:1972:9
[INFO] [stdout]   65:     0x5b6cb302718b - std::sys::pal::unix::thread::Thread::new::thread_start::h48cf765408f6f5f2
[INFO] [stdout]                                at /rustc/202008a1b8de96d2e5b6bc02d379db03a877d34d/library/std/src/sys/pal/unix/thread.rs:105:17
[INFO] [stdout]   66:     0x78b864d35ac3 - <unknown>
[INFO] [stdout]   67:     0x78b864dc6a04 - clone
[INFO] [stdout]   68:                0x0 - <unknown>
[INFO] [stdout] 
[INFO] [stdout] ---- test_bench stdout ----
[INFO] [stdout] thread 'test_bench' panicked at /opt/rustwide/workdir/src/actor/pool.rs:53:28:
[INFO] [stdout] called `Option::unwrap()` on a `None` value
[INFO] [stdout] stack backtrace:
[INFO] [stdout]    0:     0x5b6cb302148a - std::backtrace_rs::backtrace::libunwind::trace::h8810477743020387
[INFO] [stdout]                                at /rustc/202008a1b8de96d2e5b6bc02d379db03a877d34d/library/std/src/../../backtrace/src/backtrace/libunwind.rs:116:5
[INFO] [stdout]    1:     0x5b6cb302148a - std::backtrace_rs::backtrace::trace_unsynchronized::h3aa55355dd6c54a6
[INFO] [stdout]                                at /rustc/202008a1b8de96d2e5b6bc02d379db03a877d34d/library/std/src/../../backtrace/src/backtrace/mod.rs:66:5
[INFO] [stdout]    2:     0x5b6cb302148a - std::sys::backtrace::_print_fmt::h8588b0f62410823f
[INFO] [stdout]                                at /rustc/202008a1b8de96d2e5b6bc02d379db03a877d34d/library/std/src/sys/backtrace.rs:66:9
[INFO] [stdout]    3:     0x5b6cb302148a - <std::sys::backtrace::BacktraceLock::print::DisplayBacktrace as core::fmt::Display>::fmt::h98c26ac25ffe89bb
[INFO] [stdout]                                at /rustc/202008a1b8de96d2e5b6bc02d379db03a877d34d/library/std/src/sys/backtrace.rs:39:26
[INFO] [stdout]    4:     0x5b6cb3047223 - core::fmt::rt::Argument::fmt::hf95377f4aebd453b
[INFO] [stdout]                                at /rustc/202008a1b8de96d2e5b6bc02d379db03a877d34d/library/core/src/fmt/rt.rs:177:76
[INFO] [stdout]    5:     0x5b6cb3047223 - core::fmt::write::h0dd5f6e2238c7982
[INFO] [stdout]                                at /rustc/202008a1b8de96d2e5b6bc02d379db03a877d34d/library/core/src/fmt/mod.rs:1189:21
[INFO] [stdout]    6:     0x5b6cb301e443 - std::io::Write::write_fmt::h03bb0ca26e6faf8c
[INFO] [stdout]                                at /rustc/202008a1b8de96d2e5b6bc02d379db03a877d34d/library/std/src/io/mod.rs:1884:15
[INFO] [stdout]    7:     0x5b6cb30212d2 - std::sys::backtrace::BacktraceLock::print::h5c19c1c038ee186d
[INFO] [stdout]                                at /rustc/202008a1b8de96d2e5b6bc02d379db03a877d34d/library/std/src/sys/backtrace.rs:42:9
[INFO] [stdout]    8:     0x5b6cb302290d - std::panicking::default_hook::{{closure}}::h77172f079a1fcb13
[INFO] [stdout]                                at /rustc/202008a1b8de96d2e5b6bc02d379db03a877d34d/library/std/src/panicking.rs:268:22
[INFO] [stdout]    9:     0x5b6cb3022717 - std::panicking::default_hook::he5f8e3b203ccddba
[INFO] [stdout]                                at /rustc/202008a1b8de96d2e5b6bc02d379db03a877d34d/library/std/src/panicking.rs:292:9
[INFO] [stdout]   10:     0x5b6cb2f477e7 - <alloc::boxed::Box<F,A> as core::ops::function::Fn<Args>>::call::h7a3c7b4a1ae77f2f
[INFO] [stdout]                                at /rustc/202008a1b8de96d2e5b6bc02d379db03a877d34d/library/alloc/src/boxed.rs:1986:9
[INFO] [stdout]   11:     0x5b6cb2f477e7 - test::test_main::{{closure}}::hf0d3b69ae9b353d1
[INFO] [stdout]                                at /rustc/202008a1b8de96d2e5b6bc02d379db03a877d34d/library/test/src/lib.rs:134:21
[INFO] [stdout]   12:     0x5b6cb3022fb8 - <alloc::boxed::Box<F,A> as core::ops::function::Fn<Args>>::call::h6332e82e7b189abd
[INFO] [stdout]                                at /rustc/202008a1b8de96d2e5b6bc02d379db03a877d34d/library/alloc/src/boxed.rs:1986:9
[INFO] [stdout]   13:     0x5b6cb3022fb8 - std::panicking::rust_panic_with_hook::h53863d4e9018df39
[INFO] [stdout]                                at /rustc/202008a1b8de96d2e5b6bc02d379db03a877d34d/library/std/src/panicking.rs:809:13
[INFO] [stdout]   14:     0x5b6cb3022d46 - std::panicking::begin_panic_handler::{{closure}}::h67280e6fa0757873
[INFO] [stdout]                                at /rustc/202008a1b8de96d2e5b6bc02d379db03a877d34d/library/std/src/panicking.rs:667:13
[INFO] [stdout]   15:     0x5b6cb3021969 - std::sys::backtrace::__rust_end_short_backtrace::h1dac3f54d6fbbeb2
[INFO] [stdout]                                at /rustc/202008a1b8de96d2e5b6bc02d379db03a877d34d/library/std/src/sys/backtrace.rs:170:18
[INFO] [stdout]   16:     0x5b6cb3022a0c - rust_begin_unwind
[INFO] [stdout]                                at /rustc/202008a1b8de96d2e5b6bc02d379db03a877d34d/library/std/src/panicking.rs:665:5
[INFO] [stdout]   17:     0x5b6cb2ed4b70 - core::panicking::panic_fmt::h6792bd1b2bf01041
[INFO] [stdout]                                at /rustc/202008a1b8de96d2e5b6bc02d379db03a877d34d/library/core/src/panicking.rs:76:14
[INFO] [stdout]   18:     0x5b6cb2ed4bfc - core::panicking::panic::hbb5c236a846c507c
[INFO] [stdout]                                at /rustc/202008a1b8de96d2e5b6bc02d379db03a877d34d/library/core/src/panicking.rs:148:5
[INFO] [stdout]   19:     0x5b6cb2ed4ae9 - core::option::unwrap_failed::hc5b7b0e3b50bafe9
[INFO] [stdout]                                at /rustc/202008a1b8de96d2e5b6bc02d379db03a877d34d/library/core/src/option.rs:2009:5
[INFO] [stdout]   20:     0x5b6cb2efd04c - core::option::Option<T>::unwrap::hcbefc7c201b3cf78
[INFO] [stdout]                                at /rustc/202008a1b8de96d2e5b6bc02d379db03a877d34d/library/core/src/option.rs:972:21
[INFO] [stdout]   21:     0x5b6cb2efd04c - supernova::actor::pool::ActorPool<A>::find_next::{{closure}}::h381b706e2fe587e7
[INFO] [stdout]                                at /opt/rustwide/workdir/src/actor/pool.rs:53:9
[INFO] [stdout]   22:     0x5b6cb2f039d5 - supernova::actor::context::ActorContext<A>::start::{{closure}}::hb880f5b3601d87f0
[INFO] [stdout]                                at /opt/rustwide/workdir/src/actor/context.rs:23:57
[INFO] [stdout]   23:     0x5b6cb2f056cb - actor_example::test_bench::{{closure}}::{{closure}}::he58ee2ea502b9566
[INFO] [stdout]                                at /opt/rustwide/workdir/src/examples/actor/main.rs:126:29
[INFO] [stdout]   24:     0x5b6cb2edad4f - tokio::runtime::task::core::Core<T,S>::poll::{{closure}}::h20344fca51e108c3
[INFO] [stdout]                                at /opt/rustwide/cargo-home/registry/src/index.crates.io-6f17d22bba15001f/tokio-1.40.0/src/runtime/task/core.rs:331:17
[INFO] [stdout]   25:     0x5b6cb2eda5dd - tokio::loom::std::unsafe_cell::UnsafeCell<T>::with_mut::h61080f7dce727625
[INFO] [stdout]                                at /opt/rustwide/cargo-home/registry/src/index.crates.io-6f17d22bba15001f/tokio-1.40.0/src/loom/std/unsafe_cell.rs:16:9
[INFO] [stdout]   26:     0x5b6cb2eda5dd - tokio::runtime::task::core::Core<T,S>::poll::h7c9cfc37c4e713c3
[INFO] [stdout]                                at /opt/rustwide/cargo-home/registry/src/index.crates.io-6f17d22bba15001f/tokio-1.40.0/src/runtime/task/core.rs:320:13
[INFO] [stdout]   27:     0x5b6cb2f0710a - tokio::runtime::task::harness::poll_future::{{closure}}::h3f1153be3631f0bb
[INFO] [stdout]                                at /opt/rustwide/cargo-home/registry/src/index.crates.io-6f17d22bba15001f/tokio-1.40.0/src/runtime/task/harness.rs:500:19
[INFO] [stdout]   28:     0x5b6cb2ef9240 - <core::panic::unwind_safe::AssertUnwindSafe<F> as core::ops::function::FnOnce<()>>::call_once::h53dcb8be8ba8e6cc
[INFO] [stdout]                                at /rustc/202008a1b8de96d2e5b6bc02d379db03a877d34d/library/core/src/panic/unwind_safe.rs:272:9
[INFO] [stdout]   29:     0x5b6cb2efe738 - std::panicking::try::do_call::h4d75c0be637056f8
[INFO] [stdout]                                at /rustc/202008a1b8de96d2e5b6bc02d379db03a877d34d/library/std/src/panicking.rs:557:40
[INFO] [stdout]   30:     0x5b6cb2edcb5b - __rust_try
[INFO] [stdout]   31:     0x5b6cb2ed5a96 - std::panicking::try::ha78a896e26641b40
[INFO] [stdout]                                at /rustc/202008a1b8de96d2e5b6bc02d379db03a877d34d/library/std/src/panicking.rs:520:19
[INFO] [stdout]   32:     0x5b6cb2ed5a96 - std::panic::catch_unwind::h21875c8abf59933c
[INFO] [stdout]                                at /rustc/202008a1b8de96d2e5b6bc02d379db03a877d34d/library/std/src/panic.rs:358:14
[INFO] [stdout]   33:     0x5b6cb2f06cdf - tokio::runtime::task::harness::poll_future::hf518ed6d15848711
[INFO] [stdout]                                at /opt/rustwide/cargo-home/registry/src/index.crates.io-6f17d22bba15001f/tokio-1.40.0/src/runtime/task/harness.rs:488:18
[INFO] [stdout]   34:     0x5b6cb2f07cd5 - tokio::runtime::task::harness::Harness<T,S>::poll_inner::ha6262c12306511cc
[INFO] [stdout]                                at /opt/rustwide/cargo-home/registry/src/index.crates.io-6f17d22bba15001f/tokio-1.40.0/src/runtime/task/harness.rs:209:27
[INFO] [stdout]   35:     0x5b6cb2f092f3 - tokio::runtime::task::harness::Harness<T,S>::poll::h48f515c6c6c8249e
[INFO] [stdout]                                at /opt/rustwide/cargo-home/registry/src/index.crates.io-6f17d22bba15001f/tokio-1.40.0/src/runtime/task/harness.rs:154:15
[INFO] [stdout]   36:     0x5b6cb2efa7db - tokio::runtime::task::raw::poll::h1a48f172289a54fa
[INFO] [stdout]                                at /opt/rustwide/cargo-home/registry/src/index.crates.io-6f17d22bba15001f/tokio-1.40.0/src/runtime/task/raw.rs:271:5
[INFO] [stdout]   37:     0x5b6cb2f80e97 - tokio::runtime::task::raw::RawTask::poll::hb0fa2cb57e1f580f
[INFO] [stdout]                                at /opt/rustwide/cargo-home/registry/src/index.crates.io-6f17d22bba15001f/tokio-1.40.0/src/runtime/task/raw.rs:201:18
[INFO] [stdout]   38:     0x5b6cb2f01d71 - tokio::runtime::task::LocalNotified<S>::run::h5044584a6203b978
[INFO] [stdout]                                at /opt/rustwide/cargo-home/registry/src/index.crates.io-6f17d22bba15001f/tokio-1.40.0/src/runtime/task/mod.rs:436:9
[INFO] [stdout]   39:     0x5b6cb2eee34a - tokio::runtime::scheduler::current_thread::CoreGuard::block_on::{{closure}}::{{closure}}::hbe2cdac5584a9fe6
[INFO] [stdout]                                at /opt/rustwide/cargo-home/registry/src/index.crates.io-6f17d22bba15001f/tokio-1.40.0/src/runtime/scheduler/current_thread/mod.rs:737:25
[INFO] [stdout]   40:     0x5b6cb2eec539 - tokio::runtime::coop::with_budget::h1a6f9342c2bd59e3
[INFO] [stdout]                                at /opt/rustwide/cargo-home/registry/src/index.crates.io-6f17d22bba15001f/tokio-1.40.0/src/runtime/coop.rs:107:5
[INFO] [stdout]   41:     0x5b6cb2eec539 - tokio::runtime::coop::budget::h99bfac56d989bb0a
[INFO] [stdout]                                at /opt/rustwide/cargo-home/registry/src/index.crates.io-6f17d22bba15001f/tokio-1.40.0/src/runtime/coop.rs:73:5
[INFO] [stdout]   42:     0x5b6cb2eec539 - tokio::runtime::scheduler::current_thread::Context::run_task::{{closure}}::hba4e31d53e1c3a4b
[INFO] [stdout]                                at /opt/rustwide/cargo-home/registry/src/index.crates.io-6f17d22bba15001f/tokio-1.40.0/src/runtime/scheduler/current_thread/mod.rs:359:43
[INFO] [stdout]   43:     0x5b6cb2eeba76 - tokio::runtime::scheduler::current_thread::Context::enter::ha585b2fc40dcac26
[INFO] [stdout]                                at /opt/rustwide/cargo-home/registry/src/index.crates.io-6f17d22bba15001f/tokio-1.40.0/src/runtime/scheduler/current_thread/mod.rs:423:19
[INFO] [stdout]   44:     0x5b6cb2eec2c1 - tokio::runtime::scheduler::current_thread::Context::run_task::h7f13d770afd1ca31
[INFO] [stdout]                                at /opt/rustwide/cargo-home/registry/src/index.crates.io-6f17d22bba15001f/tokio-1.40.0/src/runtime/scheduler/current_thread/mod.rs:359:23
[INFO] [stdout]   45:     0x5b6cb2eed865 - tokio::runtime::scheduler::current_thread::CoreGuard::block_on::{{closure}}::hcfd49fbce61aab46
[INFO] [stdout]                                at /opt/rustwide/cargo-home/registry/src/index.crates.io-6f17d22bba15001f/tokio-1.40.0/src/runtime/scheduler/current_thread/mod.rs:736:35
[INFO] [stdout]   46:     0x5b6cb2eecf94 - tokio::runtime::scheduler::current_thread::CoreGuard::enter::{{closure}}::h5fb019449b795544
[INFO] [stdout]                                at /opt/rustwide/cargo-home/registry/src/index.crates.io-6f17d22bba15001f/tokio-1.40.0/src/runtime/scheduler/current_thread/mod.rs:774:68
[INFO] [stdout]   47:     0x5b6cb2ef69cb - tokio::runtime::context::scoped::Scoped<T>::set::h02bba2a1d28c7ec5
[INFO] [stdout]                                at /opt/rustwide/cargo-home/registry/src/index.crates.io-6f17d22bba15001f/tokio-1.40.0/src/runtime/context/scoped.rs:40:9
[INFO] [stdout]   48:     0x5b6cb2ef6709 - tokio::runtime::context::set_scheduler::{{closure}}::hf89d0683970f4a57
[INFO] [stdout]                                at /opt/rustwide/cargo-home/registry/src/index.crates.io-6f17d22bba15001f/tokio-1.40.0/src/runtime/context.rs:180:26
[INFO] [stdout]   49:     0x5b6cb2ef44ed - std::thread::local::LocalKey<T>::try_with::h263e51a541d9e042
[INFO] [stdout]                                at /rustc/202008a1b8de96d2e5b6bc02d379db03a877d34d/library/std/src/thread/local.rs:283:12
[INFO] [stdout]   50:     0x5b6cb2ef422a - std::thread::local::LocalKey<T>::with::h5dcda9706d113b15
[INFO] [stdout]                                at /rustc/202008a1b8de96d2e5b6bc02d379db03a877d34d/library/std/src/thread/local.rs:260:9
[INFO] [stdout]   51:     0x5b6cb2ef667d - tokio::runtime::context::set_scheduler::h6b350bb7ef18d2fd
[INFO] [stdout]                                at /opt/rustwide/cargo-home/registry/src/index.crates.io-6f17d22bba15001f/tokio-1.40.0/src/runtime/context.rs:180:9
[INFO] [stdout]   52:     0x5b6cb2eec900 - tokio::runtime::scheduler::current_thread::CoreGuard::enter::h17e1099f591e0472
[INFO] [stdout]                                at /opt/rustwide/cargo-home/registry/src/index.crates.io-6f17d22bba15001f/tokio-1.40.0/src/runtime/scheduler/current_thread/mod.rs:774:27
[INFO] [stdout]   53:     0x5b6cb2eed013 - tokio::runtime::scheduler::current_thread::CoreGuard::block_on::h459ea48018f4df05
[INFO] [stdout]                                at /opt/rustwide/cargo-home/registry/src/index.crates.io-6f17d22bba15001f/tokio-1.40.0/src/runtime/scheduler/current_thread/mod.rs:683:19
[INFO] [stdout]   54:     0x5b6cb2eea20f - tokio::runtime::scheduler::current_thread::CurrentThread::block_on::{{closure}}::h294ec643da35ff85
[INFO] [stdout]                                at /opt/rustwide/cargo-home/registry/src/index.crates.io-6f17d22bba15001f/tokio-1.40.0/src/runtime/scheduler/current_thread/mod.rs:191:28
[INFO] [stdout]   55:     0x5b6cb2ef71f6 - tokio::runtime::context::runtime::enter_runtime::hc32e07fd806f212c
[INFO] [stdout]                                at /opt/rustwide/cargo-home/registry/src/index.crates.io-6f17d22bba15001f/tokio-1.40.0/src/runtime/context/runtime.rs:65:16
[INFO] [stdout]   56:     0x5b6cb2ee9fb1 - tokio::runtime::scheduler::current_thread::CurrentThread::block_on::h87b3389080e58f7f
[INFO] [stdout]                                at /opt/rustwide/cargo-home/registry/src/index.crates.io-6f17d22bba15001f/tokio-1.40.0/src/runtime/scheduler/current_thread/mod.rs:179:9
[INFO] [stdout]   57:     0x5b6cb2ef7a7d - tokio::runtime::runtime::Runtime::block_on_inner::h449f6f24c474969e
[INFO] [stdout]                                at /opt/rustwide/cargo-home/registry/src/index.crates.io-6f17d22bba15001f/tokio-1.40.0/src/runtime/runtime.rs:361:47
[INFO] [stdout]   58:     0x5b6cb2ef7ca5 - tokio::runtime::runtime::Runtime::block_on::hcfabc76c1fe164bf
[INFO] [stdout]                                at /opt/rustwide/cargo-home/registry/src/index.crates.io-6f17d22bba15001f/tokio-1.40.0/src/runtime/runtime.rs:335:13
[INFO] [stdout]   59:     0x5b6cb2f0495e - actor_example::test_bench::hf013f6e02fce210f
[INFO] [stdout]                                at /opt/rustwide/workdir/src/examples/actor/main.rs:130:5
[INFO] [stdout]   60:     0x5b6cb2f04807 - actor_example::test_bench::{{closure}}::h0add27c26afe805f
[INFO] [stdout]                                at /opt/rustwide/workdir/src/examples/actor/main.rs:118:22
[INFO] [stdout]   61:     0x5b6cb2ee2076 - core::ops::function::FnOnce::call_once::h9ba112c8a0312c6b
[INFO] [stdout]                                at /rustc/202008a1b8de96d2e5b6bc02d379db03a877d34d/library/core/src/ops/function.rs:250:5
[INFO] [stdout]   62:     0x5b6cb2f4c30b - core::ops::function::FnOnce::call_once::h871bf86719ec9aa4
[INFO] [stdout]                                at /rustc/202008a1b8de96d2e5b6bc02d379db03a877d34d/library/core/src/ops/function.rs:250:5
[INFO] [stdout]   63:     0x5b6cb2f4c30b - test::__rust_begin_short_backtrace::h2167df1e2b7d76fd
[INFO] [stdout]                                at /rustc/202008a1b8de96d2e5b6bc02d379db03a877d34d/library/test/src/lib.rs:632:18
[INFO] [stdout]   64:     0x5b6cb2f4bcf8 - test::run_test_in_process::{{closure}}::h15d92f75a3adfb79
[INFO] [stdout]                                at /rustc/202008a1b8de96d2e5b6bc02d379db03a877d34d/library/test/src/lib.rs:655:60
[INFO] [stdout]   65:     0x5b6cb2f4bcf8 - <core::panic::unwind_safe::AssertUnwindSafe<F> as core::ops::function::FnOnce<()>>::call_once::hb6c8955835a8dbbb
[INFO] [stdout]                                at /rustc/202008a1b8de96d2e5b6bc02d379db03a877d34d/library/core/src/panic/unwind_safe.rs:272:9
[INFO] [stdout]   66:     0x5b6cb2f4bcf8 - std::panicking::try::do_call::hc79d0fc888a0bd30
[INFO] [stdout]                                at /rustc/202008a1b8de96d2e5b6bc02d379db03a877d34d/library/std/src/panicking.rs:557:40
[INFO] [stdout]   67:     0x5b6cb2f4bcf8 - std::panicking::try::hb8a7878e3a8589d6
[INFO] [stdout]                                at /rustc/202008a1b8de96d2e5b6bc02d379db03a877d34d/library/std/src/panicking.rs:520:19
[INFO] [stdout]   68:     0x5b6cb2f4bcf8 - std::panic::catch_unwind::hb8e4600ff0ff5cfa
[INFO] [stdout]                                at /rustc/202008a1b8de96d2e5b6bc02d379db03a877d34d/library/std/src/panic.rs:358:14
[INFO] [stdout]   69:     0x5b6cb2f4bcf8 - test::run_test_in_process::hc2900b0b18688dd6
[INFO] [stdout]                                at /rustc/202008a1b8de96d2e5b6bc02d379db03a877d34d/library/test/src/lib.rs:655:27
[INFO] [stdout]   70:     0x5b6cb2f4bcf8 - test::run_test::{{closure}}::hac2a9cb07be3d48d
[INFO] [stdout]                                at /rustc/202008a1b8de96d2e5b6bc02d379db03a877d34d/library/test/src/lib.rs:576:43
[INFO] [stdout]   71:     0x5b6cb2f0f79a - test::run_test::{{closure}}::h4a5b729e66a38cd8
[INFO] [stdout]                                at /rustc/202008a1b8de96d2e5b6bc02d379db03a877d34d/library/test/src/lib.rs:606:41
[INFO] [stdout]   72:     0x5b6cb2f0f79a - std::sys::backtrace::__rust_begin_short_backtrace::h0496fb742492f573
[INFO] [stdout]                                at /rustc/202008a1b8de96d2e5b6bc02d379db03a877d34d/library/std/src/sys/backtrace.rs:154:18
[INFO] [stdout]   73:     0x5b6cb2f13114 - std::thread::Builder::spawn_unchecked_::{{closure}}::{{closure}}::hbb6d257c550a54bd
[INFO] [stdout]                                at /rustc/202008a1b8de96d2e5b6bc02d379db03a877d34d/library/std/src/thread/mod.rs:561:17
[INFO] [stdout]   74:     0x5b6cb2f13114 - <core::panic::unwind_safe::AssertUnwindSafe<F> as core::ops::function::FnOnce<()>>::call_once::h46696fe4a6832328
[INFO] [stdout]                                at /rustc/202008a1b8de96d2e5b6bc02d379db03a877d34d/library/core/src/panic/unwind_safe.rs:272:9
[INFO] [stdout]   75:     0x5b6cb2f13114 - std::panicking::try::do_call::h2625a51b667bfb64
[INFO] [stdout]                                at /rustc/202008a1b8de96d2e5b6bc02d379db03a877d34d/library/std/src/panicking.rs:557:40
[INFO] [stdout]   76:     0x5b6cb2f13114 - std::panicking::try::hb956a59a1973aa4c
[INFO] [stdout]                                at /rustc/202008a1b8de96d2e5b6bc02d379db03a877d34d/library/std/src/panicking.rs:520:19
[INFO] [stdout]   77:     0x5b6cb2f13114 - std::panic::catch_unwind::h64f3b9d1067ef6a0
[INFO] [stdout]                                at /rustc/202008a1b8de96d2e5b6bc02d379db03a877d34d/library/std/src/panic.rs:358:14
[INFO] [stdout]   78:     0x5b6cb2f13114 - std::thread::Builder::spawn_unchecked_::{{closure}}::h42b2841295b6c0b2
[INFO] [stdout]                                at /rustc/202008a1b8de96d2e5b6bc02d379db03a877d34d/library/std/src/thread/mod.rs:559:30
[INFO] [stdout]   79:     0x5b6cb2f13114 - core::ops::function::FnOnce::call_once{{vtable.shim}}::h6127de71b8124639
[INFO] [stdout]                                at /rustc/202008a1b8de96d2e5b6bc02d379db03a877d34d/library/core/src/ops/function.rs:250:5
[INFO] [stdout]   80:     0x5b6cb302718b - <alloc::boxed::Box<F,A> as core::ops::function::FnOnce<Args>>::call_once::h42f0ba71002a1b2c
[INFO] [stdout]                                at /rustc/202008a1b8de96d2e5b6bc02d379db03a877d34d/library/alloc/src/boxed.rs:1972:9
[INFO] [stdout]   81:     0x5b6cb302718b - <alloc::boxed::Box<F,A> as core::ops::function::FnOnce<Args>>::call_once::had9e47d7a3dcecb8
[INFO] [stdout]                                at /rustc/202008a1b8de96d2e5b6bc02d379db03a877d34d/library/alloc/src/boxed.rs:1972:9
[INFO] [stdout]   82:     0x5b6cb302718b - std::sys::pal::unix::thread::Thread::new::thread_start::h48cf765408f6f5f2
[INFO] [stdout]                                at /rustc/202008a1b8de96d2e5b6bc02d379db03a877d34d/library/std/src/sys/pal/unix/thread.rs:105:17
[INFO] [stdout]   83:     0x78b864d35ac3 - <unknown>
[INFO] [stdout]   84:     0x78b864dc6a04 - clone
[INFO] [stdout]   85:                0x0 - <unknown>
[INFO] [stdout] thread 'test_bench' panicked at src/examples/actor/main.rs:133:18:
[INFO] [stdout] called `Result::unwrap()` on an `Err` value: JoinError::Panic(Id(1), "called `Option::unwrap()` on a `None` value", ...)
[INFO] [stdout] stack backtrace:
[INFO] [stdout]    0:     0x5b6cb302148a - std::backtrace_rs::backtrace::libunwind::trace::h8810477743020387
[INFO] [stdout]                                at /rustc/202008a1b8de96d2e5b6bc02d379db03a877d34d/library/std/src/../../backtrace/src/backtrace/libunwind.rs:116:5
[INFO] [stdout]    1:     0x5b6cb302148a - std::backtrace_rs::backtrace::trace_unsynchronized::h3aa55355dd6c54a6
[INFO] [stdout]                                at /rustc/202008a1b8de96d2e5b6bc02d379db03a877d34d/library/std/src/../../backtrace/src/backtrace/mod.rs:66:5
[INFO] [stdout]    2:     0x5b6cb302148a - std::sys::backtrace::_print_fmt::h8588b0f62410823f
[INFO] [stdout]                                at /rustc/202008a1b8de96d2e5b6bc02d379db03a877d34d/library/std/src/sys/backtrace.rs:66:9
[INFO] [stdout]    3:     0x5b6cb302148a - <std::sys::backtrace::BacktraceLock::print::DisplayBacktrace as core::fmt::Display>::fmt::h98c26ac25ffe89bb
[INFO] [stdout]                                at /rustc/202008a1b8de96d2e5b6bc02d379db03a877d34d/library/std/src/sys/backtrace.rs:39:26
[INFO] [stdout]    4:     0x5b6cb3047223 - core::fmt::rt::Argument::fmt::hf95377f4aebd453b
[INFO] [stdout]                                at /rustc/202008a1b8de96d2e5b6bc02d379db03a877d34d/library/core/src/fmt/rt.rs:177:76
[INFO] [stdout]    5:     0x5b6cb3047223 - core::fmt::write::h0dd5f6e2238c7982
[INFO] [stdout]                                at /rustc/202008a1b8de96d2e5b6bc02d379db03a877d34d/library/core/src/fmt/mod.rs:1189:21
[INFO] [stdout]    6:     0x5b6cb301e443 - std::io::Write::write_fmt::h03bb0ca26e6faf8c
[INFO] [stdout]                                at /rustc/202008a1b8de96d2e5b6bc02d379db03a877d34d/library/std/src/io/mod.rs:1884:15
[INFO] [stdout]    7:     0x5b6cb30212d2 - std::sys::backtrace::BacktraceLock::print::h5c19c1c038ee186d
[INFO] [stdout]                                at /rustc/202008a1b8de96d2e5b6bc02d379db03a877d34d/library/std/src/sys/backtrace.rs:42:9
[INFO] [stdout]    8:     0x5b6cb302290d - std::panicking::default_hook::{{closure}}::h77172f079a1fcb13
[INFO] [stdout]                                at /rustc/202008a1b8de96d2e5b6bc02d379db03a877d34d/library/std/src/panicking.rs:268:22
[INFO] [stdout]    9:     0x5b6cb3022717 - std::panicking::default_hook::he5f8e3b203ccddba
[INFO] [stdout]                                at /rustc/202008a1b8de96d2e5b6bc02d379db03a877d34d/library/std/src/panicking.rs:292:9
[INFO] [stdout]   10:     0x5b6cb2f477e7 - <alloc::boxed::Box<F,A> as core::ops::function::Fn<Args>>::call::h7a3c7b4a1ae77f2f
[INFO] [stdout]                                at /rustc/202008a1b8de96d2e5b6bc02d379db03a877d34d/library/alloc/src/boxed.rs:1986:9
[INFO] [stdout]   11:     0x5b6cb2f477e7 - test::test_main::{{closure}}::hf0d3b69ae9b353d1
[INFO] [stdout]                                at /rustc/202008a1b8de96d2e5b6bc02d379db03a877d34d/library/test/src/lib.rs:134:21
[INFO] [stdout]   12:     0x5b6cb3022fb8 - <alloc::boxed::Box<F,A> as core::ops::function::Fn<Args>>::call::h6332e82e7b189abd
[INFO] [stdout]                                at /rustc/202008a1b8de96d2e5b6bc02d379db03a877d34d/library/alloc/src/boxed.rs:1986:9
[INFO] [stdout]   13:     0x5b6cb3022fb8 - std::panicking::rust_panic_with_hook::h53863d4e9018df39
[INFO] [stdout]                                at /rustc/202008a1b8de96d2e5b6bc02d379db03a877d34d/library/std/src/panicking.rs:809:13
[INFO] [stdout]   14:     0x5b6cb3022d7a - std::panicking::begin_panic_handler::{{closure}}::h67280e6fa0757873
[INFO] [stdout]                                at /rustc/202008a1b8de96d2e5b6bc02d379db03a877d34d/library/std/src/panicking.rs:674:13
[INFO] [stdout]   15:     0x5b6cb3021969 - std::sys::backtrace::__rust_end_short_backtrace::h1dac3f54d6fbbeb2
[INFO] [stdout]                                at /rustc/202008a1b8de96d2e5b6bc02d379db03a877d34d/library/std/src/sys/backtrace.rs:170:18
[INFO] [stdout]   16:     0x5b6cb3022a0c - rust_begin_unwind
[INFO] [stdout]                                at /rustc/202008a1b8de96d2e5b6bc02d379db03a877d34d/library/std/src/panicking.rs:665:5
[INFO] [stdout]   17:     0x5b6cb2ed4b70 - core::panicking::panic_fmt::h6792bd1b2bf01041
[INFO] [stdout]                                at /rustc/202008a1b8de96d2e5b6bc02d379db03a877d34d/library/core/src/panicking.rs:76:14
[INFO] [stdout]   18:     0x5b6cb2ed5016 - core::result::unwrap_failed::h05e0602ed34287c5
[INFO] [stdout]                                at /rustc/202008a1b8de96d2e5b6bc02d379db03a877d34d/library/core/src/result.rs:1699:5
[INFO] [stdout]   19:     0x5b6cb2f05474 - core::result::Result<T,E>::unwrap::h34b2fdfae7f35292
[INFO] [stdout]                                at /rustc/202008a1b8de96d2e5b6bc02d379db03a877d34d/library/core/src/result.rs:1104:23
[INFO] [stdout]   20:     0x5b6cb2f05474 - actor_example::test_bench::{{closure}}::h33de582adda56588
[INFO] [stdout]                                at /opt/rustwide/workdir/src/examples/actor/main.rs:133:5
[INFO] [stdout]   21:     0x5b6cb2ef3802 - <core::pin::Pin<P> as core::future::future::Future>::poll::h7c4882dd2152b4df
[INFO] [stdout]                                at /rustc/202008a1b8de96d2e5b6bc02d379db03a877d34d/library/core/src/future/future.rs:124:9
[INFO] [stdout]   22:     0x5b6cb2ef377d - <core::pin::Pin<P> as core::future::future::Future>::poll::h2cd92cd69776eb78
[INFO] [stdout]                                at /rustc/202008a1b8de96d2e5b6bc02d379db03a877d34d/library/core/src/future/future.rs:124:9
[INFO] [stdout]   23:     0x5b6cb2eee56f - tokio::runtime::scheduler::current_thread::CoreGuard::block_on::{{closure}}::{{closure}}::{{closure}}::h883355c2699a07ce
[INFO] [stdout]                                at /opt/rustwide/cargo-home/registry/src/index.crates.io-6f17d22bba15001f/tokio-1.40.0/src/runtime/scheduler/current_thread/mod.rs:696:57
[INFO] [stdout]   24:     0x5b6cb2eee475 - tokio::runtime::coop::with_budget::h6a80a4481b5b3f72
[INFO] [stdout]                                at /opt/rustwide/cargo-home/registry/src/index.crates.io-6f17d22bba15001f/tokio-1.40.0/src/runtime/coop.rs:107:5
[INFO] [stdout]   25:     0x5b6cb2eee475 - tokio::runtime::coop::budget::h5cabd06a62079420
[INFO] [stdout]                                at /opt/rustwide/cargo-home/registry/src/index.crates.io-6f17d22bba15001f/tokio-1.40.0/src/runtime/coop.rs:73:5
[INFO] [stdout]   26:     0x5b6cb2eee475 - tokio::runtime::scheduler::current_thread::CoreGuard::block_on::{{closure}}::{{closure}}::hdfa3f2df7ca84edb
[INFO] [stdout]                                at /opt/rustwide/cargo-home/registry/src/index.crates.io-6f17d22bba15001f/tokio-1.40.0/src/runtime/scheduler/current_thread/mod.rs:696:25
[INFO] [stdout]   27:     0x5b6cb2eec0b0 - tokio::runtime::scheduler::current_thread::Context::enter::hddff89d14deac35d
[INFO] [stdout]                                at /opt/rustwide/cargo-home/registry/src/index.crates.io-6f17d22bba15001f/tokio-1.40.0/src/runtime/scheduler/current_thread/mod.rs:423:19
[INFO] [stdout]   28:     0x5b6cb2eed27e - tokio::runtime::scheduler::current_thread::CoreGuard::block_on::{{closure}}::hcfd49fbce61aab46
[INFO] [stdout]                                at /opt/rustwide/cargo-home/registry/src/index.crates.io-6f17d22bba15001f/tokio-1.40.0/src/runtime/scheduler/current_thread/mod.rs:695:36
[INFO] [stdout]   29:     0x5b6cb2eecf94 - tokio::runtime::scheduler::current_thread::CoreGuard::enter::{{closure}}::h5fb019449b795544
[INFO] [stdout]                                at /opt/rustwide/cargo-home/registry/src/index.crates.io-6f17d22bba15001f/tokio-1.40.0/src/runtime/scheduler/current_thread/mod.rs:774:68
[INFO] [stdout]   30:     0x5b6cb2ef69cb - tokio::runtime::context::scoped::Scoped<T>::set::h02bba2a1d28c7ec5
[INFO] [stdout]                                at /opt/rustwide/cargo-home/registry/src/index.crates.io-6f17d22bba15001f/tokio-1.40.0/src/runtime/context/scoped.rs:40:9
[INFO] [stdout]   31:     0x5b6cb2ef6709 - tokio::runtime::context::set_scheduler::{{closure}}::hf89d0683970f4a57
[INFO] [stdout]                                at /opt/rustwide/cargo-home/registry/src/index.crates.io-6f17d22bba15001f/tokio-1.40.0/src/runtime/context.rs:180:26
[INFO] [stdout]   32:     0x5b6cb2ef44ed - std::thread::local::LocalKey<T>::try_with::h263e51a541d9e042
[INFO] [stdout]                                at /rustc/202008a1b8de96d2e5b6bc02d379db03a877d34d/library/std/src/thread/local.rs:283:12
[INFO] [stdout]   33:     0x5b6cb2ef422a - std::thread::local::LocalKey<T>::with::h5dcda9706d113b15
[INFO] [stdout]                                at /rustc/202008a1b8de96d2e5b6bc02d379db03a877d34d/library/std/src/thread/local.rs:260:9
[INFO] [stdout]   34:     0x5b6cb2ef667d - tokio::runtime::context::set_scheduler::h6b350bb7ef18d2fd
[INFO] [stdout]                                at /opt/rustwide/cargo-home/registry/src/index.crates.io-6f17d22bba15001f/tokio-1.40.0/src/runtime/context.rs:180:9
[INFO] [stdout]   35:     0x5b6cb2eec900 - tokio::runtime::scheduler::current_thread::CoreGuard::enter::h17e1099f591e0472
[INFO] [stdout]                                at /opt/rustwide/cargo-home/registry/src/index.crates.io-6f17d22bba15001f/tokio-1.40.0/src/runtime/scheduler/current_thread/mod.rs:774:27
[INFO] [stdout]   36:     0x5b6cb2eed013 - tokio::runtime::scheduler::current_thread::CoreGuard::block_on::h459ea48018f4df05
[INFO] [stdout]                                at /opt/rustwide/cargo-home/registry/src/index.crates.io-6f17d22bba15001f/tokio-1.40.0/src/runtime/scheduler/current_thread/mod.rs:683:19
[INFO] [stdout]   37:     0x5b6cb2eea20f - tokio::runtime::scheduler::current_thread::CurrentThread::block_on::{{closure}}::h294ec643da35ff85
[INFO] [stdout]                                at /opt/rustwide/cargo-home/registry/src/index.crates.io-6f17d22bba15001f/tokio-1.40.0/src/runtime/scheduler/current_thread/mod.rs:191:28
[INFO] [stdout]   38:     0x5b6cb2ef71f6 - tokio::runtime::context::runtime::enter_runtime::hc32e07fd806f212c
[INFO] [stdout]                                at /opt/rustwide/cargo-home/registry/src/index.crates.io-6f17d22bba15001f/tokio-1.40.0/src/runtime/context/runtime.rs:65:16
[INFO] [stdout]   39:     0x5b6cb2ee9fb1 - tokio::runtime::scheduler::current_thread::CurrentThread::block_on::h87b3389080e58f7f
[INFO] [stdout]                                at /opt/rustwide/cargo-home/registry/src/index.crates.io-6f17d22bba15001f/tokio-1.40.0/src/runtime/scheduler/current_thread/mod.rs:179:9
[INFO] [stdout]   40:     0x5b6cb2ef7a7d - tokio::runtime::runtime::Runtime::block_on_inner::h449f6f24c474969e
[INFO] [stdout]                                at /opt/rustwide/cargo-home/registry/src/index.crates.io-6f17d22bba15001f/tokio-1.40.0/src/runtime/runtime.rs:361:47
[INFO] [stdout]   41:     0x5b6cb2ef7ca5 - tokio::runtime::runtime::Runtime::block_on::hcfabc76c1fe164bf
[INFO] [stdout]                                at /opt/rustwide/cargo-home/registry/src/index.crates.io-6f17d22bba15001f/tokio-1.40.0/src/runtime/runtime.rs:335:13
[INFO] [stdout]   42:     0x5b6cb2f0495e - actor_example::test_bench::hf013f6e02fce210f
[INFO] [stdout]                                at /opt/rustwide/workdir/src/examples/actor/main.rs:130:5
[INFO] [stdout]   43:     0x5b6cb2f04807 - actor_example::test_bench::{{closure}}::h0add27c26afe805f
[INFO] [stdout]                                at /opt/rustwide/workdir/src/examples/actor/main.rs:118:22
[INFO] [stdout]   44:     0x5b6cb2ee2076 - core::ops::function::FnOnce::call_once::h9ba112c8a0312c6b
[INFO] [stdout]                                at /rustc/202008a1b8de96d2e5b6bc02d379db03a877d34d/library/core/src/ops/function.rs:250:5
[INFO] [stdout]   45:     0x5b6cb2f4c30b - core::ops::function::FnOnce::call_once::h871bf86719ec9aa4
[INFO] [stdout]                                at /rustc/202008a1b8de96d2e5b6bc02d379db03a877d34d/library/core/src/ops/function.rs:250:5
[INFO] [stdout]   46:     0x5b6cb2f4c30b - test::__rust_begin_short_backtrace::h2167df1e2b7d76fd
[INFO] [stdout]                                at /rustc/202008a1b8de96d2e5b6bc02d379db03a877d34d/library/test/src/lib.rs:632:18
[INFO] [stdout]   47:     0x5b6cb2f4bcf8 - test::run_test_in_process::{{closure}}::h15d92f75a3adfb79
[INFO] [stdout]                                at /rustc/202008a1b8de96d2e5b6bc02d379db03a877d34d/library/test/src/lib.rs:655:60
[INFO] [stdout]   48:     0x5b6cb2f4bcf8 - <core::panic::unwind_safe::AssertUnwindSafe<F> as core::ops::function::FnOnce<()>>::call_once::hb6c8955835a8dbbb
[INFO] [stdout]                                at /rustc/202008a1b8de96d2e5b6bc02d379db03a877d34d/library/core/src/panic/unwind_safe.rs:272:9
[INFO] [stdout]   49:     0x5b6cb2f4bcf8 - std::panicking::try::do_call::hc79d0fc888a0bd30
[INFO] [stdout]                                at /rustc/202008a1b8de96d2e5b6bc02d379db03a877d34d/library/std/src/panicking.rs:557:40
[INFO] [stdout]   50:     0x5b6cb2f4bcf8 - std::panicking::try::hb8a7878e3a8589d6
[INFO] [stdout]                                at /rustc/202008a1b8de96d2e5b6bc02d379db03a877d34d/library/std/src/panicking.rs:520:19
[INFO] [stdout]   51:     0x5b6cb2f4bcf8 - std::panic::catch_unwind::hb8e4600ff0ff5cfa
[INFO] [stdout]                                at /rustc/202008a1b8de96d2e5b6bc02d379db03a877d34d/library/std/src/panic.rs:358:14
[INFO] [stdout]   52:     0x5b6cb2f4bcf8 - test::run_test_in_process::hc2900b0b18688dd6
[INFO] [stdout]                                at /rustc/202008a1b8de96d2e5b6bc02d379db03a877d34d/library/test/src/lib.rs:655:27
[INFO] [stdout]   53:     0x5b6cb2f4bcf8 - test::run_test::{{closure}}::hac2a9cb07be3d48d
[INFO] [stdout]                                at /rustc/202008a1b8de96d2e5b6bc02d379db03a877d34d/library/test/src/lib.rs:576:43
[INFO] [stdout]   54:     0x5b6cb2f0f79a - test::run_test::{{closure}}::h4a5b729e66a38cd8
[INFO] [stdout]                                at /rustc/202008a1b8de96d2e5b6bc02d379db03a877d34d/library/test/src/lib.rs:606:41
[INFO] [stdout]   55:     0x5b6cb2f0f79a - std::sys::backtrace::__rust_begin_short_backtrace::h0496fb742492f573
[INFO] [stdout]                                at /rustc/202008a1b8de96d2e5b6bc02d379db03a877d34d/library/std/src/sys/backtrace.rs:154:18
[INFO] [stdout]   56:     0x5b6cb2f13114 - std::thread::Builder::spawn_unchecked_::{{closure}}::{{closure}}::hbb6d257c550a54bd
[INFO] [stdout]                                at /rustc/202008a1b8de96d2e5b6bc02d379db03a877d34d/library/std/src/thread/mod.rs:561:17
[INFO] [stdout]   57:     0x5b6cb2f13114 - <core::panic::unwind_safe::AssertUnwindSafe<F> as core::ops::function::FnOnce<()>>::call_once::h46696fe4a6832328
[INFO] [stdout]                                at /rustc/202008a1b8de96d2e5b6bc02d379db03a877d34d/library/core/src/panic/unwind_safe.rs:272:9
[INFO] [stdout]   58:     0x5b6cb2f13114 - std::panicking::try::do_call::h2625a51b667bfb64
[INFO] [stdout]                                at /rustc/202008a1b8de96d2e5b6bc02d379db03a877d34d/library/std/src/panicking.rs:557:40
[INFO] [stdout]   59:     0x5b6cb2f13114 - std::panicking::try::hb956a59a1973aa4c
[INFO] [stdout]                                at /rustc/202008a1b8de96d2e5b6bc02d379db03a877d34d/library/std/src/panicking.rs:520:19
[INFO] [stdout]   60:     0x5b6cb2f13114 - std::panic::catch_unwind::h64f3b9d1067ef6a0
[INFO] [stdout]                                at /rustc/202008a1b8de96d2e5b6bc02d379db03a877d34d/library/std/src/panic.rs:358:14
[INFO] [stdout]   61:     0x5b6cb2f13114 - std::thread::Builder::spawn_unchecked_::{{closure}}::h42b2841295b6c0b2
[INFO] [stdout]                                at /rustc/202008a1b8de96d2e5b6bc02d379db03a877d34d/library/std/src/thread/mod.rs:559:30
[INFO] [stdout]   62:     0x5b6cb2f13114 - core::ops::function::FnOnce::call_once{{vtable.shim}}::h6127de71b8124639
[INFO] [stdout]                                at /rustc/202008a1b8de96d2e5b6bc02d379db03a877d34d/library/core/src/ops/function.rs:250:5
[INFO] [stdout]   63:     0x5b6cb302718b - <alloc::boxed::Box<F,A> as core::ops::function::FnOnce<Args>>::call_once::h42f0ba71002a1b2c
[INFO] [stdout]                                at /rustc/202008a1b8de96d2e5b6bc02d379db03a877d34d/library/alloc/src/boxed.rs:1972:9
[INFO] [stdout]   64:     0x5b6cb302718b - <alloc::boxed::Box<F,A> as core::ops::function::FnOnce<Args>>::call_once::had9e47d7a3dcecb8
[INFO] [stdout]                                at /rustc/202008a1b8de96d2e5b6bc02d379db03a877d34d/library/alloc/src/boxed.rs:1972:9
[INFO] [stdout]   65:     0x5b6cb302718b - std::sys::pal::unix::thread::Thread::new::thread_start::h48cf765408f6f5f2
[INFO] [stdout]                                at /rustc/202008a1b8de96d2e5b6bc02d379db03a877d34d/library/std/src/sys/pal/unix/thread.rs:105:17
[INFO] [stdout]   66:     0x78b864d35ac3 - <unknown>
[INFO] [stdout]   67:     0x78b864dc6a04 - clone
[INFO] [stdout]   68:                0x0 - <unknown>
[INFO] [stdout] 
[INFO] [stdout] 
[INFO] [stdout] failures:
[INFO] [stdout]     test_bench
[INFO] [stdout]     tests::testPool
[INFO] [stdout] 
[INFO] [stdout] test result: FAILED. 1 passed; 2 failed; 0 ignored; 0 measured; 0 filtered out; finished in 0.03s
[INFO] [stdout] 
[INFO] [stderr] error: test failed, to rerun pass `--bin actor_example`
[INFO] running `Command { std: "docker" "inspect" "e279a0697863694d90c4b22aa9347f5cfe85e44e5f6aa0b95c20a18662887d50", kill_on_drop: false }`
[INFO] running `Command { std: "docker" "rm" "-f" "e279a0697863694d90c4b22aa9347f5cfe85e44e5f6aa0b95c20a18662887d50", kill_on_drop: false }`
[INFO] [stdout] e279a0697863694d90c4b22aa9347f5cfe85e44e5f6aa0b95c20a18662887d50
