[INFO] cloning repository https://github.com/rainshowerLabs/blutgang
[INFO] running `Command { std: "git" "-c" "credential.helper=" "-c" "credential.helper=/workspace/cargo-home/bin/git-credential-null" "clone" "--bare" "https://github.com/rainshowerLabs/blutgang" "/workspace/cache/git-repos/https%3A%2F%2Fgithub.com%2FrainshowerLabs%2Fblutgang", kill_on_drop: false }`
[INFO] [stderr] Cloning into bare repository '/workspace/cache/git-repos/https%3A%2F%2Fgithub.com%2FrainshowerLabs%2Fblutgang'...
[INFO] running `Command { std: "git" "rev-parse" "HEAD", kill_on_drop: false }`
[INFO] [stdout] f3e42b3e089d38d2e6fa893f2b92326a53739429
[INFO] testing rainshowerLabs/blutgang against beta-2024-12-08 for beta-1.84.0-4-retry
[INFO] running `Command { std: "git" "clone" "/workspace/cache/git-repos/https%3A%2F%2Fgithub.com%2FrainshowerLabs%2Fblutgang" "/workspace/builds/worker-7-tc2/source", kill_on_drop: false }`
[INFO] [stderr] Cloning into '/workspace/builds/worker-7-tc2/source'...
[INFO] [stderr] done.
[INFO] validating manifest of git repo https://github.com/rainshowerLabs/blutgang on toolchain beta-2024-12-08
[INFO] running `Command { std: CARGO_HOME="/workspace/cargo-home" RUSTUP_HOME="/workspace/rustup-home" "/workspace/cargo-home/bin/cargo" "+beta-2024-12-08" "metadata" "--manifest-path" "Cargo.toml" "--no-deps", kill_on_drop: false }`
[INFO] started tweaking git repo https://github.com/rainshowerLabs/blutgang
[INFO] finished tweaking git repo https://github.com/rainshowerLabs/blutgang
[INFO] tweaked toml for git repo https://github.com/rainshowerLabs/blutgang written to /workspace/builds/worker-7-tc2/source/Cargo.toml
[INFO] crate git repo https://github.com/rainshowerLabs/blutgang already has a lockfile, it will not be regenerated
[INFO] running `Command { std: CARGO_HOME="/workspace/cargo-home" RUSTUP_HOME="/workspace/rustup-home" "/workspace/cargo-home/bin/cargo" "+beta-2024-12-08" "fetch" "--manifest-path" "Cargo.toml", kill_on_drop: false }`
[INFO] running `Command { std: "docker" "create" "-v" "/var/lib/crater-agent-workspace/builds/worker-7-tc2/target:/opt/rustwide/target:rw,Z" "-v" "/var/lib/crater-agent-workspace/builds/worker-7-tc2/source:/opt/rustwide/workdir:ro,Z" "-v" "/var/lib/crater-agent-workspace/cargo-home:/opt/rustwide/cargo-home:ro,Z" "-v" "/var/lib/crater-agent-workspace/rustup-home:/opt/rustwide/rustup-home:ro,Z" "-e" "SOURCE_DIR=/opt/rustwide/workdir" "-e" "CARGO_TARGET_DIR=/opt/rustwide/target" "-e" "CARGO_HOME=/opt/rustwide/cargo-home" "-e" "RUSTUP_HOME=/opt/rustwide/rustup-home" "-w" "/opt/rustwide/workdir" "-m" "1610612736" "--user" "0:0" "--network" "none" "ghcr.io/rust-lang/crates-build-env/linux@sha256:f3a9d4ad9d972b27faf3965f35b62e55ba32bbce8f20bc8fe909558a86702fde" "/opt/rustwide/cargo-home/bin/cargo" "+beta-2024-12-08" "metadata" "--no-deps" "--format-version=1", kill_on_drop: false }`
[INFO] [stdout] 9a0bb6eab362ea17a25968d2a946fe0f58e32569e2d172bd2150caaf67f3fd1a
[INFO] running `Command { std: "docker" "start" "-a" "9a0bb6eab362ea17a25968d2a946fe0f58e32569e2d172bd2150caaf67f3fd1a", kill_on_drop: false }`
[INFO] running `Command { std: "docker" "inspect" "9a0bb6eab362ea17a25968d2a946fe0f58e32569e2d172bd2150caaf67f3fd1a", kill_on_drop: false }`
[INFO] running `Command { std: "docker" "rm" "-f" "9a0bb6eab362ea17a25968d2a946fe0f58e32569e2d172bd2150caaf67f3fd1a", kill_on_drop: false }`
[INFO] [stdout] 9a0bb6eab362ea17a25968d2a946fe0f58e32569e2d172bd2150caaf67f3fd1a
[INFO] running `Command { std: "docker" "create" "-v" "/var/lib/crater-agent-workspace/builds/worker-7-tc2/target:/opt/rustwide/target:rw,Z" "-v" "/var/lib/crater-agent-workspace/builds/worker-7-tc2/source:/opt/rustwide/workdir:ro,Z" "-v" "/var/lib/crater-agent-workspace/cargo-home:/opt/rustwide/cargo-home:ro,Z" "-v" "/var/lib/crater-agent-workspace/rustup-home:/opt/rustwide/rustup-home:ro,Z" "-e" "SOURCE_DIR=/opt/rustwide/workdir" "-e" "CARGO_TARGET_DIR=/opt/rustwide/target" "-e" "CARGO_INCREMENTAL=0" "-e" "RUST_BACKTRACE=full" "-e" "RUSTFLAGS=--cap-lints=warn" "-e" "RUSTDOCFLAGS=--cap-lints=warn" "-e" "CARGO_HOME=/opt/rustwide/cargo-home" "-e" "RUSTUP_HOME=/opt/rustwide/rustup-home" "-w" "/opt/rustwide/workdir" "-m" "1610612736" "--user" "0:0" "--network" "none" "ghcr.io/rust-lang/crates-build-env/linux@sha256:f3a9d4ad9d972b27faf3965f35b62e55ba32bbce8f20bc8fe909558a86702fde" "/opt/rustwide/cargo-home/bin/cargo" "+beta-2024-12-08" "build" "--frozen" "--message-format=json", kill_on_drop: false }`
[INFO] [stdout] aee32bc27d46d9057c0b9fea9631d06a43d2fd782cbdbb46fe3d424fdf20360e
[INFO] running `Command { std: "docker" "start" "-a" "aee32bc27d46d9057c0b9fea9631d06a43d2fd782cbdbb46fe3d424fdf20360e", kill_on_drop: false }`
[INFO] [stderr]    Compiling libc v0.2.155
[INFO] [stderr]    Compiling once_cell v1.19.0
[INFO] [stderr]    Compiling proc-macro2 v1.0.85
[INFO] [stderr]    Compiling unicode-ident v1.0.12
[INFO] [stderr]    Compiling cfg-if v1.0.0
[INFO] [stderr]    Compiling autocfg v1.3.0
[INFO] [stderr]    Compiling version_check v0.9.4
[INFO] [stderr]    Compiling itoa v1.0.11
[INFO] [stderr]    Compiling byteorder v1.5.0
[INFO] [stderr]    Compiling bytes v1.6.0
[INFO] [stderr]    Compiling pin-project-lite v0.2.14
[INFO] [stderr]    Compiling futures-core v0.3.30
[INFO] [stderr]    Compiling futures-sink v0.3.30
[INFO] [stderr]    Compiling zerocopy v0.7.34
[INFO] [stderr]    Compiling allocator-api2 v0.2.18
[INFO] [stderr]    Compiling log v0.4.21
[INFO] [stderr]    Compiling ahash v0.8.11
[INFO] [stderr]    Compiling slab v0.4.9
[INFO] [stderr]    Compiling fnv v1.0.7
[INFO] [stderr]    Compiling futures-channel v0.3.30
[INFO] [stderr]    Compiling futures-task v0.3.30
[INFO] [stderr]    Compiling pin-utils v0.1.0
[INFO] [stderr]    Compiling pkg-config v0.3.30
[INFO] [stderr]    Compiling serde v1.0.203
[INFO] [stderr]    Compiling vcpkg v0.2.15
[INFO] [stderr]    Compiling futures-io v0.3.30
[INFO] [stderr]    Compiling quote v1.0.36
[INFO] [stderr]    Compiling memchr v2.7.2
[INFO] [stderr]    Compiling equivalent v1.0.1
[INFO] [stderr]    Compiling syn v2.0.66
[INFO] [stderr]    Compiling tracing-core v0.1.32
[INFO] [stderr]    Compiling jobserver v0.1.31
[INFO] [stderr]    Compiling socket2 v0.5.7
[INFO] [stderr]    Compiling hashbrown v0.14.5
[INFO] [stderr]    Compiling mio v0.8.11
[INFO] [stderr]    Compiling cc v1.0.99
[INFO] [stderr]    Compiling num_cpus v1.16.0
[INFO] [stderr]    Compiling httparse v1.8.0
[INFO] [stderr]    Compiling tracing v0.1.40
[INFO] [stderr]    Compiling num-traits v0.2.19
[INFO] [stderr]    Compiling indexmap v2.2.6
[INFO] [stderr]    Compiling typenum v1.17.0
[INFO] [stderr]    Compiling generic-array v0.14.7
[INFO] [stderr]    Compiling foreign-types-shared v0.1.1
[INFO] [stderr]    Compiling openssl v0.10.64
[INFO] [stderr]    Compiling foreign-types v0.3.2
[INFO] [stderr]    Compiling getrandom v0.2.15
[INFO] [stderr]    Compiling http v0.2.12
[INFO] [stderr]    Compiling native-tls v0.2.12
[INFO] [stderr]    Compiling bitflags v2.5.0
[INFO] [stderr]    Compiling try-lock v0.2.5
[INFO] [stderr]    Compiling tinyvec_macros v0.1.1
[INFO] [stderr]    Compiling want v0.3.1
[INFO] [stderr]    Compiling tinyvec v1.6.0
[INFO] [stderr]    Compiling openssl-sys v0.9.102
[INFO] [stderr]    Compiling http v1.1.0
[INFO] [stderr]    Compiling percent-encoding v2.3.1
[INFO] [stderr]    Compiling smallvec v1.13.2
[INFO] [stderr]    Compiling thiserror v1.0.61
[INFO] [stderr]    Compiling httpdate v1.0.3
[INFO] [stderr]    Compiling static_assertions v1.1.0
[INFO] [stderr]    Compiling openssl-probe v0.1.5
[INFO] [stderr]    Compiling lexical-util v0.8.5
[INFO] [stderr]    Compiling unicode-normalization v0.1.23
[INFO] [stderr]    Compiling form_urlencoded v1.2.1
[INFO] [stderr]    Compiling zstd-sys v1.6.2+zstd.1.5.1
[INFO] [stderr]    Compiling ryu v1.0.18
[INFO] [stderr]    Compiling unicode-bidi v0.3.15
[INFO] [stderr]    Compiling block-buffer v0.10.4
[INFO] [stderr]    Compiling crypto-common v0.1.6
[INFO] [stderr]    Compiling http-body v1.0.0
[INFO] [stderr]    Compiling rand_core v0.6.4
[INFO] [stderr]    Compiling serde_json v1.0.117
[INFO] [stderr]    Compiling ppv-lite86 v0.2.17
[INFO] [stderr]    Compiling tower-service v0.3.2
[INFO] [stderr]    Compiling idna v0.5.0
[INFO] [stderr]    Compiling atomic-waker v1.1.2
[INFO] [stderr]    Compiling rand_chacha v0.3.1
[INFO] [stderr]    Compiling digest v0.10.7
[INFO] [stderr]    Compiling lock_api v0.4.12
[INFO] [stderr]    Compiling url v2.5.0
[INFO] [stderr]    Compiling cpufeatures v0.2.12
[INFO] [stderr]    Compiling time-core v0.1.2
[INFO] [stderr]    Compiling num-conv v0.1.0
[INFO] [stderr]    Compiling crossbeam-utils v0.8.20
[INFO] [stderr]    Compiling utf8parse v0.2.1
[INFO] [stderr]    Compiling parking_lot_core v0.8.6
[INFO] [stderr]    Compiling zstd-safe v4.1.3+zstd.1.5.1
[INFO] [stderr]    Compiling powerfmt v0.2.0
[INFO] [stderr]    Compiling anstyle-parse v0.2.4
[INFO] [stderr]    Compiling time-macros v0.2.18
[INFO] [stderr]    Compiling lexical-write-integer v0.8.5
[INFO] [stderr]    Compiling deranged v0.3.11
[INFO] [stderr]    Compiling lexical-parse-integer v0.8.6
[INFO] [stderr]    Compiling rand v0.8.5
[INFO] [stderr]    Compiling sha1 v0.10.6
[INFO] [stderr]    Compiling http-body v0.4.6
[INFO] [stderr]    Compiling num-integer v0.1.46
[INFO] [stderr]    Compiling jemalloc-sys v0.5.4+5.3.0-patched
[INFO] [stderr]    Compiling ring v0.17.8
[INFO] [stderr]    Compiling instant v0.1.13
[INFO] [stderr]    Compiling colorchoice v1.0.1
[INFO] [stderr]    Compiling anstyle v1.0.7
[INFO] [stderr]    Compiling tokio-macros v2.3.0
[INFO] [stderr]    Compiling futures-macro v0.3.30
[INFO] [stderr]    Compiling serde_derive v1.0.203
[INFO] [stderr]    Compiling openssl-macros v0.1.1
[INFO] [stderr]    Compiling thiserror-impl v1.0.61
[INFO] [stderr]    Compiling pin-project-internal v1.1.5
[INFO] [stderr]    Compiling tokio v1.38.0
[INFO] [stderr]    Compiling scopeguard v1.2.0
[INFO] [stderr]    Compiling anstyle-query v1.1.0
[INFO] [stderr]    Compiling is_terminal_polyfill v1.70.0
[INFO] [stderr]    Compiling utf-8 v0.7.6
[INFO] [stderr]    Compiling futures-util v0.3.30
[INFO] [stderr]    Compiling data-encoding v2.6.0
[INFO] [stderr]    Compiling base64 v0.21.7
[INFO] [stderr]    Compiling anstream v0.6.14
[INFO] [stderr]    Compiling pin-project v1.1.5
[INFO] [stderr]    Compiling time v0.3.36
[INFO] [stderr]    Compiling tokio-util v0.7.11
[INFO] [stderr]    Compiling h2 v0.4.5
[INFO] [stderr]    Compiling tokio-native-tls v0.3.1
[INFO] [stderr]    Compiling h2 v0.3.26
[INFO] [stderr]    Compiling tungstenite v0.20.1
[INFO] [stderr]    Compiling num-bigint v0.4.5
[INFO] [stderr]    Compiling lexical-write-float v0.8.5
[INFO] [stderr]    Compiling toml_datetime v0.6.6
[INFO] [stderr]    Compiling halfbrown v0.2.5
[INFO] [stderr]    Compiling serde_spanned v0.6.6
[INFO] [stderr]    Compiling lexical-parse-float v0.8.5
[INFO] [stderr]    Compiling float-cmp v0.9.0
[INFO] [stderr]    Compiling blake3 v1.5.1
[INFO] [stderr]    Compiling strsim v0.11.1
[INFO] [stderr]    Compiling base64 v0.22.1
[INFO] [stderr]    Compiling spin v0.9.8
[INFO] [stderr]    Compiling clap_lex v0.7.1
[INFO] [stderr]    Compiling tower-layer v0.3.2
[INFO] [stderr]    Compiling untrusted v0.9.0
[INFO] [stderr]    Compiling winnow v0.5.40
[INFO] [stderr]    Compiling tower v0.4.13
[INFO] [stderr]    Compiling pem v3.0.4
[INFO] [stderr]    Compiling clap_builder v4.5.6
[INFO] [stderr]    Compiling crossbeam-epoch v0.9.18
[INFO] [stderr]    Compiling hyper v1.3.1
[INFO] [stderr]    Compiling hyper v0.14.29
[INFO] [stderr]    Compiling toml_edit v0.19.15
[INFO] [stderr]    Compiling hyper-util v0.1.5
[INFO] [stderr]    Compiling lexical-core v0.8.5
[INFO] [stderr]    Compiling value-trait v0.6.1
[INFO] [stderr]    Compiling simple_asn1 v0.6.2
[INFO] [stderr]    Compiling serde_urlencoded v0.7.1
[INFO] [stderr]    Compiling tokio-tungstenite v0.20.1
[INFO] [stderr]    Compiling parking_lot v0.11.2
[INFO] [stderr]    Compiling futures-executor v0.3.30
[INFO] [stderr]    Compiling rustls-pemfile v1.0.4
[INFO] [stderr]    Compiling http-body-util v0.1.1
[INFO] [stderr]    Compiling fs2 v0.4.3
[INFO] [stderr]    Compiling fxhash v0.2.1
[INFO] [stderr]    Compiling hyper-tls v0.5.0
[INFO] [stderr]    Compiling crc32fast v1.4.2
[INFO] [stderr]    Compiling encoding_rs v0.8.34
[INFO] [stderr]    Compiling ipnet v2.9.0
[INFO] [stderr]    Compiling sync_wrapper v0.1.2
[INFO] [stderr]    Compiling mime v0.3.17
[INFO] [stderr]    Compiling simdutf8 v0.1.4
[INFO] [stderr]    Compiling arrayref v0.3.7
[INFO] [stderr]    Compiling iana-time-zone v0.1.60
[INFO] [stderr]    Compiling arrayvec v0.7.4
[INFO] [stderr]    Compiling constant_time_eq v0.3.0
[INFO] [stderr]    Compiling reqwest v0.11.27
[INFO] [stderr]    Compiling chrono v0.4.38
[INFO] [stderr]    Compiling simd-json v0.12.0
[INFO] [stderr]    Compiling toml v0.7.8
[INFO] [stderr]    Compiling hyper-tungstenite v0.12.0
[INFO] [stderr]    Compiling futures v0.3.30
[INFO] [stderr]    Compiling jsonwebtoken v9.3.0
[INFO] [stderr]    Compiling clap v4.5.6
[INFO] [stderr]    Compiling hyper-util-blutgang v0.2.0
[INFO] [stderr]    Compiling tokio-stream v0.1.15
[INFO] [stderr]    Compiling zerocopy-derive v0.7.34
[INFO] [stderr]    Compiling zstd v0.9.2+zstd.1.5.1
[INFO] [stderr]    Compiling sled v0.34.7
[INFO] [stderr]    Compiling jemallocator v0.5.4
[INFO] [stderr]    Compiling blutgang v0.3.6 (/opt/rustwide/workdir)
[INFO] [stderr]     Finished `dev` profile [unoptimized + debuginfo] target(s) in 4m 47s
[INFO] running `Command { std: "docker" "inspect" "aee32bc27d46d9057c0b9fea9631d06a43d2fd782cbdbb46fe3d424fdf20360e", kill_on_drop: false }`
[INFO] running `Command { std: "docker" "rm" "-f" "aee32bc27d46d9057c0b9fea9631d06a43d2fd782cbdbb46fe3d424fdf20360e", kill_on_drop: false }`
[INFO] [stdout] aee32bc27d46d9057c0b9fea9631d06a43d2fd782cbdbb46fe3d424fdf20360e
[INFO] running `Command { std: "docker" "create" "-v" "/var/lib/crater-agent-workspace/builds/worker-7-tc2/target:/opt/rustwide/target:rw,Z" "-v" "/var/lib/crater-agent-workspace/builds/worker-7-tc2/source:/opt/rustwide/workdir:ro,Z" "-v" "/var/lib/crater-agent-workspace/cargo-home:/opt/rustwide/cargo-home:ro,Z" "-v" "/var/lib/crater-agent-workspace/rustup-home:/opt/rustwide/rustup-home:ro,Z" "-e" "SOURCE_DIR=/opt/rustwide/workdir" "-e" "CARGO_TARGET_DIR=/opt/rustwide/target" "-e" "CARGO_INCREMENTAL=0" "-e" "RUST_BACKTRACE=full" "-e" "RUSTFLAGS=--cap-lints=warn" "-e" "RUSTDOCFLAGS=--cap-lints=warn" "-e" "CARGO_HOME=/opt/rustwide/cargo-home" "-e" "RUSTUP_HOME=/opt/rustwide/rustup-home" "-w" "/opt/rustwide/workdir" "-m" "1610612736" "--user" "0:0" "--network" "none" "ghcr.io/rust-lang/crates-build-env/linux@sha256:f3a9d4ad9d972b27faf3965f35b62e55ba32bbce8f20bc8fe909558a86702fde" "/opt/rustwide/cargo-home/bin/cargo" "+beta-2024-12-08" "test" "--frozen" "--no-run" "--message-format=json", kill_on_drop: false }`
[INFO] [stdout] fab621cc4c00ce9e0b2e352b2e9465fae4d320ac48cd1a7bbed5dd25cc64329d
[INFO] running `Command { std: "docker" "start" "-a" "fab621cc4c00ce9e0b2e352b2e9465fae4d320ac48cd1a7bbed5dd25cc64329d", kill_on_drop: false }`
[INFO] [stderr]    Compiling blutgang v0.3.6 (/opt/rustwide/workdir)
[INFO] [stderr]     Finished `test` profile [unoptimized + debuginfo] target(s) in 13.18s
[INFO] running `Command { std: "docker" "inspect" "fab621cc4c00ce9e0b2e352b2e9465fae4d320ac48cd1a7bbed5dd25cc64329d", kill_on_drop: false }`
[INFO] running `Command { std: "docker" "rm" "-f" "fab621cc4c00ce9e0b2e352b2e9465fae4d320ac48cd1a7bbed5dd25cc64329d", kill_on_drop: false }`
[INFO] [stdout] fab621cc4c00ce9e0b2e352b2e9465fae4d320ac48cd1a7bbed5dd25cc64329d
[INFO] running `Command { std: "docker" "create" "-v" "/var/lib/crater-agent-workspace/builds/worker-7-tc2/target:/opt/rustwide/target:rw,Z" "-v" "/var/lib/crater-agent-workspace/builds/worker-7-tc2/source:/opt/rustwide/workdir:ro,Z" "-v" "/var/lib/crater-agent-workspace/cargo-home:/opt/rustwide/cargo-home:ro,Z" "-v" "/var/lib/crater-agent-workspace/rustup-home:/opt/rustwide/rustup-home:ro,Z" "-e" "SOURCE_DIR=/opt/rustwide/workdir" "-e" "CARGO_TARGET_DIR=/opt/rustwide/target" "-e" "CARGO_INCREMENTAL=0" "-e" "RUST_BACKTRACE=full" "-e" "RUSTFLAGS=--cap-lints=warn" "-e" "RUSTDOCFLAGS=--cap-lints=warn" "-e" "CARGO_HOME=/opt/rustwide/cargo-home" "-e" "RUSTUP_HOME=/opt/rustwide/rustup-home" "-w" "/opt/rustwide/workdir" "-m" "1610612736" "--user" "0:0" "--network" "none" "ghcr.io/rust-lang/crates-build-env/linux@sha256:f3a9d4ad9d972b27faf3965f35b62e55ba32bbce8f20bc8fe909558a86702fde" "/opt/rustwide/cargo-home/bin/cargo" "+beta-2024-12-08" "test" "--frozen", kill_on_drop: false }`
[INFO] [stdout] 4fc72ba81eea0eac07282162c862b195e0e1b10b7b4806dbfe3b9e4790b5b5c2
[INFO] running `Command { std: "docker" "start" "-a" "4fc72ba81eea0eac07282162c862b195e0e1b10b7b4806dbfe3b9e4790b5b5c2", kill_on_drop: false }`
[INFO] [stderr]     Finished `test` profile [unoptimized + debuginfo] target(s) in 0.22s
[INFO] [stderr]      Running unittests src/main.rs (/opt/rustwide/target/debug/deps/blutgang-bedda0b430fb9913)
[INFO] [stdout] 
[INFO] [stdout] running 72 tests
[INFO] [stdout] test admin::liveready::tests::test_liveness_update_sink_discards_updates ... ok
[INFO] [stdout] test admin::liveready::tests::test_accept_health_request_returns_correct_response ... ok
[INFO] [stdout] test admin::liveready::tests::test_accept_readiness_request_returns_correct_response ... ok
[INFO] [stdout] test admin::liveready::tests::test_update_and_request_liveness_status_concurrently ... ok
[INFO] [stdout] test admin::liveready::tests::test_empty_updates_does_not_change_status ... ok
[INFO] [stdout] test admin::liveready::tests::test_liveness_listener_updates_status ... ok
[INFO] [stdout] test admin::liveready::tests::test_health_state_transitions ... ok
[INFO] [stdout] test admin::accept::tests::test_forward_body ... ok
[INFO] [stdout] test admin::methods::tests::test_execute_method_blutgang_config ... ok
[INFO] [stdout] test admin::methods::tests::test_execute_method_blutgang_flush_cache ... ok
[INFO] [stdout] test admin::methods::tests::test_execute_method_blutgang_health_check_ttl ... ok
[INFO] [stdout] test admin::methods::tests::test_execute_method_blutgang_set_health_check_ttl ... ok
[INFO] [stdout] test admin::methods::tests::test_execute_method_blutgang_rpc_list ... ok
[INFO] [stdout] test admin::methods::tests::test_execute_method_blutgang_poverty_list ... ok
[INFO] [stdout] test balancer::format::tests::get_block_number_from_request_test ... ok
[INFO] [stdout] test balancer::format::tests::handle_invalid_block_number_test ... ok
[INFO] [stdout] test balancer::format::tests::handle_missing_or_empty_params_test ... ok
[INFO] [stdout] test balancer::format::tests::handle_non_string_block_number_test ... ok
[INFO] [stdout] test balancer::format::tests::handle_zero_blocknumber ... ok
[INFO] [stdout] test balancer::format::tests::has_named_number_test ... ok
[INFO] [stdout] test balancer::format::tests::keep_hex_block_number_test ... ok
[INFO] [stdout] test balancer::format::tests::replace_block_number_different_methods_test ... ok
[INFO] [stdout] test balancer::format::tests::replace_named_block_number_test ... ok
[INFO] [stdout] test admin::methods::tests::test_execute_method_add_to_rpc_list ... ok
[INFO] [stdout] test balancer::processing::tests::test_can_cache ... ok
[INFO] [stdout] test admin::methods::tests::test_execute_method_add_to_rpc_list_no_ws ... ok
[INFO] [stdout] test balancer::processing::tests::test_update_rpc_latency_with_empty_rpc_list ... ok
[INFO] [stdout] test admin::methods::tests::test_execute_method_blutgang_set_ttl ... ok
[INFO] [stdout] test balancer::processing::tests::test_update_rpc_latency_with_invalid_position ... ok
[INFO] [stdout] test balancer::processing::tests::test_update_rpc_latency ... ok
[INFO] [stdout] test admin::methods::tests::test_execute_method_blutgang_ttl ... ok
[INFO] [stdout] test admin::methods::tests::test_execute_method_invalid_method ... ok
[INFO] [stdout] test balancer::processing::tests::test_update_rpc_latency_edge_cases ... ok
[INFO] [stdout] test balancer::processing::tests::test_update_rpc_latency_with_multiple_rpcs ... ok
[INFO] [stdout] test admin::methods::tests::test_rw_protection ... ok
[INFO] [stdout] test health::head_cache::tests::test_handle_reorg ... ok
[INFO] [stdout] test health::head_cache::tests::test_remove_stale ... ok
[INFO] [stdout] test admin::methods::tests::test_execute_method_remove_from_rpc_list ... ok
[INFO] [stdout] test rpc::types::tests::test_extract_number_failure ... ok
[INFO] [stdout] test rpc::types::tests::test_extract_sync_invalid ... ok
[INFO] [stdout] test rpc::types::tests::test_extract_number_success ... ok
[INFO] [stdout] test rpc::types::tests::test_extract_sync_not_syncing ... ok
[INFO] [stdout] test rpc::types::tests::test_extract_sync_syncing ... ok
[INFO] [stdout] test balancer::selection::select::tests::test_sort_algo ... ok
[INFO] [stdout] test balancer::selection::select::tests::test_pick ... ok
[INFO] [stdout] test balancer::selection::select::tests::test_pick_max_delay ... ok
[INFO] [stdout] test websocket::client::tests::test_listen_for_response ... ok
[INFO] [stdout] test websocket::subscription_manager::tests::test_subscription_dispatcher ... ok
[INFO] [stdout] test websocket::subscription_manager::tests::test_move_subscriptions ... ok
[INFO] [stdout] test websocket::types::tests::test_dispatch_to_empty_subscription_list ... ok
[INFO] [stdout] test websocket::types::tests::test_dispatch_to_nonexistent_subscription ... ok
[INFO] [stdout] test websocket::types::tests::test_add_and_remove_user ... ok
[INFO] [stdout] test websocket::types::tests::test_get_node_from_id ... ok
[INFO] [stdout] test websocket::types::tests::test_dispatch_to_subscribers ... ok
[INFO] [stdout] test websocket::types::tests::test_get_sub_id_by_node ... ok
[INFO] [stdout] test websocket::types::tests::test_get_sub_id_by_node_with_multiple_subscriptions ... ok
[INFO] [stdout] test websocket::types::tests::test_get_sub_id_by_params ... ok
[INFO] [stdout] test websocket::types::tests::test_get_subscription_by_node_with_multiple_subscriptions ... ok
[INFO] [stdout] test websocket::types::tests::test_get_users_for_subscription ... ok
[INFO] [stdout] test websocket::types::tests::test_move_subscriptions ... ok
[INFO] [stdout] test websocket::types::tests::test_move_subscriptions_with_no_subscribers ... ok
[INFO] [stdout] test health::check::tests::test_escape ... ok
[INFO] [stdout] test websocket::types::tests::test_get_subscription_by_node ... ok
[INFO] [stdout] test websocket::types::tests::test_subscribe_and_unsubscribe_user ... ok
[INFO] [stdout] test websocket::types::tests::test_unsubscribe_user_from_all ... ok
[INFO] [stdout] test websocket::types::tests::test_unsubscribe_nonexistent_subscription ... ok
[INFO] [stdout] test websocket::types::tests::test_remove_nonexistent_user ... ok
[INFO] [stdout] test health::check::tests::test_escape_sync ... ok
[INFO] [stdout] test websocket::client::tests::test_handle_incoming_message ... ok
[INFO] [stdout] test health::check::tests::test_poverty ... ok
[INFO] [stdout] test websocket::client::tests::test_ws_conn_handling_error ... ok
[INFO] [stdout] test websocket::client::tests::test_execute_ws_subscription_and_call ... FAILED
[INFO] [stdout] 
[INFO] [stdout] failures:
[INFO] [stdout] 
[INFO] [stdout] ---- websocket::client::tests::test_execute_ws_subscription_and_call stdout ----
[INFO] [stdout] thread 'websocket::client::tests::test_execute_ws_subscription_and_call' panicked at src/balancer/processing.rs:44:52:
[INFO] [stdout] called `Result::unwrap()` on an `Err` value: Io(Os { code: 30, kind: ReadOnlyFilesystem, message: "Read-only file system" })
[INFO] [stdout] stack backtrace:
[INFO] [stdout]    0:     0x63a2b28b013a - std::backtrace_rs::backtrace::libunwind::trace::h8810477743020387
[INFO] [stdout]                                at /rustc/202008a1b8de96d2e5b6bc02d379db03a877d34d/library/std/src/../../backtrace/src/backtrace/libunwind.rs:116:5
[INFO] [stdout]    1:     0x63a2b28b013a - std::backtrace_rs::backtrace::trace_unsynchronized::h3aa55355dd6c54a6
[INFO] [stdout]                                at /rustc/202008a1b8de96d2e5b6bc02d379db03a877d34d/library/std/src/../../backtrace/src/backtrace/mod.rs:66:5
[INFO] [stdout]    2:     0x63a2b28b013a - std::sys::backtrace::_print_fmt::h8588b0f62410823f
[INFO] [stdout]                                at /rustc/202008a1b8de96d2e5b6bc02d379db03a877d34d/library/std/src/sys/backtrace.rs:66:9
[INFO] [stdout]    3:     0x63a2b28b013a - <std::sys::backtrace::BacktraceLock::print::DisplayBacktrace as core::fmt::Display>::fmt::h98c26ac25ffe89bb
[INFO] [stdout]                                at /rustc/202008a1b8de96d2e5b6bc02d379db03a877d34d/library/std/src/sys/backtrace.rs:39:26
[INFO] [stdout]    4:     0x63a2b28dbb13 - core::fmt::rt::Argument::fmt::hf95377f4aebd453b
[INFO] [stdout]                                at /rustc/202008a1b8de96d2e5b6bc02d379db03a877d34d/library/core/src/fmt/rt.rs:177:76
[INFO] [stdout]    5:     0x63a2b28dbb13 - core::fmt::write::h0dd5f6e2238c7982
[INFO] [stdout]                                at /rustc/202008a1b8de96d2e5b6bc02d379db03a877d34d/library/core/src/fmt/mod.rs:1189:21
[INFO] [stdout]    6:     0x63a2b28ac4c3 - std::io::Write::write_fmt::h03bb0ca26e6faf8c
[INFO] [stdout]                                at /rustc/202008a1b8de96d2e5b6bc02d379db03a877d34d/library/std/src/io/mod.rs:1884:15
[INFO] [stdout]    7:     0x63a2b28aff82 - std::sys::backtrace::BacktraceLock::print::h5c19c1c038ee186d
[INFO] [stdout]                                at /rustc/202008a1b8de96d2e5b6bc02d379db03a877d34d/library/std/src/sys/backtrace.rs:42:9
[INFO] [stdout]    8:     0x63a2b28b140d - std::panicking::default_hook::{{closure}}::h77172f079a1fcb13
[INFO] [stdout]                                at /rustc/202008a1b8de96d2e5b6bc02d379db03a877d34d/library/std/src/panicking.rs:268:22
[INFO] [stdout]    9:     0x63a2b28b1217 - std::panicking::default_hook::he5f8e3b203ccddba
[INFO] [stdout]                                at /rustc/202008a1b8de96d2e5b6bc02d379db03a877d34d/library/std/src/panicking.rs:292:9
[INFO] [stdout]   10:     0x63a2b2387277 - <alloc::boxed::Box<F,A> as core::ops::function::Fn<Args>>::call::h7a3c7b4a1ae77f2f
[INFO] [stdout]                                at /rustc/202008a1b8de96d2e5b6bc02d379db03a877d34d/library/alloc/src/boxed.rs:1986:9
[INFO] [stdout]   11:     0x63a2b2387277 - test::test_main::{{closure}}::hf0d3b69ae9b353d1
[INFO] [stdout]                                at /rustc/202008a1b8de96d2e5b6bc02d379db03a877d34d/library/test/src/lib.rs:134:21
[INFO] [stdout]   12:     0x63a2b28b1ab8 - <alloc::boxed::Box<F,A> as core::ops::function::Fn<Args>>::call::h6332e82e7b189abd
[INFO] [stdout]                                at /rustc/202008a1b8de96d2e5b6bc02d379db03a877d34d/library/alloc/src/boxed.rs:1986:9
[INFO] [stdout]   13:     0x63a2b28b1ab8 - std::panicking::rust_panic_with_hook::h53863d4e9018df39
[INFO] [stdout]                                at /rustc/202008a1b8de96d2e5b6bc02d379db03a877d34d/library/std/src/panicking.rs:809:13
[INFO] [stdout]   14:     0x63a2b28b187a - std::panicking::begin_panic_handler::{{closure}}::h67280e6fa0757873
[INFO] [stdout]                                at /rustc/202008a1b8de96d2e5b6bc02d379db03a877d34d/library/std/src/panicking.rs:674:13
[INFO] [stdout]   15:     0x63a2b28b0619 - std::sys::backtrace::__rust_end_short_backtrace::h1dac3f54d6fbbeb2
[INFO] [stdout]                                at /rustc/202008a1b8de96d2e5b6bc02d379db03a877d34d/library/std/src/sys/backtrace.rs:170:18
[INFO] [stdout]   16:     0x63a2b28b150c - rust_begin_unwind
[INFO] [stdout]                                at /rustc/202008a1b8de96d2e5b6bc02d379db03a877d34d/library/std/src/panicking.rs:665:5
[INFO] [stdout]   17:     0x63a2b1ecd840 - core::panicking::panic_fmt::h6792bd1b2bf01041
[INFO] [stdout]                                at /rustc/202008a1b8de96d2e5b6bc02d379db03a877d34d/library/core/src/panicking.rs:76:14
[INFO] [stdout]   18:     0x63a2b1ecdd26 - core::result::unwrap_failed::h05e0602ed34287c5
[INFO] [stdout]                                at /rustc/202008a1b8de96d2e5b6bc02d379db03a877d34d/library/core/src/result.rs:1699:5
[INFO] [stdout]   19:     0x63a2b1fcb41f - core::result::Result<T,E>::unwrap::hd5976305df572dac
[INFO] [stdout]                                at /rustc/202008a1b8de96d2e5b6bc02d379db03a877d34d/library/core/src/result.rs:1104:23
[INFO] [stdout]   20:     0x63a2b1fcb41f - blutgang::balancer::processing::CacheArgs::default::h5c7705be051c1209
[INFO] [stdout]                                at /opt/rustwide/workdir/src/balancer/processing.rs:44:20
[INFO] [stdout]   21:     0x63a2b1f75ff1 - blutgang::websocket::client::tests::test_execute_ws_subscription_and_call::{{closure}}::h6d85454ddf49507f
[INFO] [stdout]                                at /opt/rustwide/workdir/src/websocket/client.rs:540:26
[INFO] [stdout]   22:     0x63a2b1ffb882 - <core::pin::Pin<P> as core::future::future::Future>::poll::he6124a600cd6b5f1
[INFO] [stdout]                                at /rustc/202008a1b8de96d2e5b6bc02d379db03a877d34d/library/core/src/future/future.rs:124:9
[INFO] [stdout]   23:     0x63a2b1ffb6fd - <core::pin::Pin<P> as core::future::future::Future>::poll::h8bc687bd93c3eb0c
[INFO] [stdout]                                at /rustc/202008a1b8de96d2e5b6bc02d379db03a877d34d/library/core/src/future/future.rs:124:9
[INFO] [stdout]   24:     0x63a2b1fefbdf - tokio::runtime::scheduler::current_thread::CoreGuard::block_on::{{closure}}::{{closure}}::{{closure}}::hf7bdb20af8e60b3f
[INFO] [stdout]                                at /opt/rustwide/cargo-home/registry/src/index.crates.io-6f17d22bba15001f/tokio-1.38.0/src/runtime/scheduler/current_thread/mod.rs:659:57
[INFO] [stdout]   25:     0x63a2b1fefb25 - tokio::runtime::coop::with_budget::h7a65df714556c93a
[INFO] [stdout]                                at /opt/rustwide/cargo-home/registry/src/index.crates.io-6f17d22bba15001f/tokio-1.38.0/src/runtime/coop.rs:107:5
[INFO] [stdout]   26:     0x63a2b1fefb25 - tokio::runtime::coop::budget::h2eceb9f1050ac9d8
[INFO] [stdout]                                at /opt/rustwide/cargo-home/registry/src/index.crates.io-6f17d22bba15001f/tokio-1.38.0/src/runtime/coop.rs:73:5
[INFO] [stdout]   27:     0x63a2b1fefb25 - tokio::runtime::scheduler::current_thread::CoreGuard::block_on::{{closure}}::{{closure}}::h823764642a8858c6
[INFO] [stdout]                                at /opt/rustwide/cargo-home/registry/src/index.crates.io-6f17d22bba15001f/tokio-1.38.0/src/runtime/scheduler/current_thread/mod.rs:659:25
[INFO] [stdout]   28:     0x63a2b1fee8d0 - tokio::runtime::scheduler::current_thread::Context::enter::hebc9217ada4b789e
[INFO] [stdout]                                at /opt/rustwide/cargo-home/registry/src/index.crates.io-6f17d22bba15001f/tokio-1.38.0/src/runtime/scheduler/current_thread/mod.rs:404:19
[INFO] [stdout]   29:     0x63a2b1fef38b - tokio::runtime::scheduler::current_thread::CoreGuard::block_on::{{closure}}::he3218aae48788276
[INFO] [stdout]                                at /opt/rustwide/cargo-home/registry/src/index.crates.io-6f17d22bba15001f/tokio-1.38.0/src/runtime/scheduler/current_thread/mod.rs:658:36
[INFO] [stdout]   30:     0x63a2b1fef104 - tokio::runtime::scheduler::current_thread::CoreGuard::enter::{{closure}}::hdac33d30c6b94297
[INFO] [stdout]                                at /opt/rustwide/cargo-home/registry/src/index.crates.io-6f17d22bba15001f/tokio-1.38.0/src/runtime/scheduler/current_thread/mod.rs:737:68
[INFO] [stdout]   31:     0x63a2b20224fb - tokio::runtime::context::scoped::Scoped<T>::set::hff8f8b445444e653
[INFO] [stdout]                                at /opt/rustwide/cargo-home/registry/src/index.crates.io-6f17d22bba15001f/tokio-1.38.0/src/runtime/context/scoped.rs:40:9
[INFO] [stdout]   32:     0x63a2b1f352d9 - tokio::runtime::context::set_scheduler::{{closure}}::hbcf4f7ceb96ddcd5
[INFO] [stdout]                                at /opt/rustwide/cargo-home/registry/src/index.crates.io-6f17d22bba15001f/tokio-1.38.0/src/runtime/context.rs:180:26
[INFO] [stdout]   33:     0x63a2b1f2b70d - std::thread::local::LocalKey<T>::try_with::hf21a7538814e4fd0
[INFO] [stdout]                                at /rustc/202008a1b8de96d2e5b6bc02d379db03a877d34d/library/std/src/thread/local.rs:283:12
[INFO] [stdout]   34:     0x63a2b1f2903a - std::thread::local::LocalKey<T>::with::h0261816822aafa93
[INFO] [stdout]                                at /rustc/202008a1b8de96d2e5b6bc02d379db03a877d34d/library/std/src/thread/local.rs:260:9
[INFO] [stdout]   35:     0x63a2b1f3528d - tokio::runtime::context::set_scheduler::h09970c713481d4ed
[INFO] [stdout]                                at /opt/rustwide/cargo-home/registry/src/index.crates.io-6f17d22bba15001f/tokio-1.38.0/src/runtime/context.rs:180:9
[INFO] [stdout]   36:     0x63a2b1feeeb0 - tokio::runtime::scheduler::current_thread::CoreGuard::enter::h8d3daee39483fc76
[INFO] [stdout]                                at /opt/rustwide/cargo-home/registry/src/index.crates.io-6f17d22bba15001f/tokio-1.38.0/src/runtime/scheduler/current_thread/mod.rs:737:27
[INFO] [stdout]   37:     0x63a2b1fef123 - tokio::runtime::scheduler::current_thread::CoreGuard::block_on::h4b9b0eb954bea466
[INFO] [stdout]                                at /opt/rustwide/cargo-home/registry/src/index.crates.io-6f17d22bba15001f/tokio-1.38.0/src/runtime/scheduler/current_thread/mod.rs:646:19
[INFO] [stdout]   38:     0x63a2b1fea32d - tokio::runtime::scheduler::current_thread::CurrentThread::block_on::{{closure}}::h18702cca2573f297
[INFO] [stdout]                                at /opt/rustwide/cargo-home/registry/src/index.crates.io-6f17d22bba15001f/tokio-1.38.0/src/runtime/scheduler/current_thread/mod.rs:175:28
[INFO] [stdout]   39:     0x63a2b201c436 - tokio::runtime::context::runtime::enter_runtime::h2d7d36a7cd609a40
[INFO] [stdout]                                at /opt/rustwide/cargo-home/registry/src/index.crates.io-6f17d22bba15001f/tokio-1.38.0/src/runtime/context/runtime.rs:65:16
[INFO] [stdout]   40:     0x63a2b1fea241 - tokio::runtime::scheduler::current_thread::CurrentThread::block_on::he3da0a5b966c8a0e
[INFO] [stdout]                                at /opt/rustwide/cargo-home/registry/src/index.crates.io-6f17d22bba15001f/tokio-1.38.0/src/runtime/scheduler/current_thread/mod.rs:167:9
[INFO] [stdout]   41:     0x63a2b1fc03fd - tokio::runtime::runtime::Runtime::block_on::h8a653ad1a9b393a0
[INFO] [stdout]                                at /opt/rustwide/cargo-home/registry/src/index.crates.io-6f17d22bba15001f/tokio-1.38.0/src/runtime/runtime.rs:347:47
[INFO] [stdout]   42:     0x63a2b1f75c95 - blutgang::websocket::client::tests::test_execute_ws_subscription_and_call::h22534092ad3c2e47
[INFO] [stdout]                                at /opt/rustwide/workdir/src/websocket/client.rs:608:9
[INFO] [stdout]   43:     0x63a2b1f75b37 - blutgang::websocket::client::tests::test_execute_ws_subscription_and_call::{{closure}}::h189e77097fbabeee
[INFO] [stdout]                                at /opt/rustwide/workdir/src/websocket/client.rs:532:53
[INFO] [stdout]   44:     0x63a2b1f7f546 - core::ops::function::FnOnce::call_once::hefabfd946e9b7686
[INFO] [stdout]                                at /rustc/202008a1b8de96d2e5b6bc02d379db03a877d34d/library/core/src/ops/function.rs:250:5
[INFO] [stdout]   45:     0x63a2b238bd9b - core::ops::function::FnOnce::call_once::h871bf86719ec9aa4
[INFO] [stdout]                                at /rustc/202008a1b8de96d2e5b6bc02d379db03a877d34d/library/core/src/ops/function.rs:250:5
[INFO] [stdout]   46:     0x63a2b238bd9b - test::__rust_begin_short_backtrace::h2167df1e2b7d76fd
[INFO] [stdout]                                at /rustc/202008a1b8de96d2e5b6bc02d379db03a877d34d/library/test/src/lib.rs:632:18
[INFO] [stdout]   47:     0x63a2b238b788 - test::run_test_in_process::{{closure}}::h15d92f75a3adfb79
[INFO] [stdout]                                at /rustc/202008a1b8de96d2e5b6bc02d379db03a877d34d/library/test/src/lib.rs:655:60
[INFO] [stdout]   48:     0x63a2b238b788 - <core::panic::unwind_safe::AssertUnwindSafe<F> as core::ops::function::FnOnce<()>>::call_once::hb6c8955835a8dbbb
[INFO] [stdout]                                at /rustc/202008a1b8de96d2e5b6bc02d379db03a877d34d/library/core/src/panic/unwind_safe.rs:272:9
[INFO] [stdout]   49:     0x63a2b238b788 - std::panicking::try::do_call::hc79d0fc888a0bd30
[INFO] [stdout]                                at /rustc/202008a1b8de96d2e5b6bc02d379db03a877d34d/library/std/src/panicking.rs:557:40
[INFO] [stdout]   50:     0x63a2b238b788 - std::panicking::try::hb8a7878e3a8589d6
[INFO] [stdout]                                at /rustc/202008a1b8de96d2e5b6bc02d379db03a877d34d/library/std/src/panicking.rs:520:19
[INFO] [stdout]   51:     0x63a2b238b788 - std::panic::catch_unwind::hb8e4600ff0ff5cfa
[INFO] [stdout]                                at /rustc/202008a1b8de96d2e5b6bc02d379db03a877d34d/library/std/src/panic.rs:358:14
[INFO] [stdout]   52:     0x63a2b238b788 - test::run_test_in_process::hc2900b0b18688dd6
[INFO] [stdout]                                at /rustc/202008a1b8de96d2e5b6bc02d379db03a877d34d/library/test/src/lib.rs:655:27
[INFO] [stdout]   53:     0x63a2b238b788 - test::run_test::{{closure}}::hac2a9cb07be3d48d
[INFO] [stdout]                                at /rustc/202008a1b8de96d2e5b6bc02d379db03a877d34d/library/test/src/lib.rs:576:43
[INFO] [stdout]   54:     0x63a2b234f22a - test::run_test::{{closure}}::h4a5b729e66a38cd8
[INFO] [stdout]                                at /rustc/202008a1b8de96d2e5b6bc02d379db03a877d34d/library/test/src/lib.rs:606:41
[INFO] [stdout]   55:     0x63a2b234f22a - std::sys::backtrace::__rust_begin_short_backtrace::h0496fb742492f573
[INFO] [stdout]                                at /rustc/202008a1b8de96d2e5b6bc02d379db03a877d34d/library/std/src/sys/backtrace.rs:154:18
[INFO] [stdout]   56:     0x63a2b2352ba4 - std::thread::Builder::spawn_unchecked_::{{closure}}::{{closure}}::hbb6d257c550a54bd
[INFO] [stdout]                                at /rustc/202008a1b8de96d2e5b6bc02d379db03a877d34d/library/std/src/thread/mod.rs:561:17
[INFO] [stdout]   57:     0x63a2b2352ba4 - <core::panic::unwind_safe::AssertUnwindSafe<F> as core::ops::function::FnOnce<()>>::call_once::h46696fe4a6832328
[INFO] [stdout]                                at /rustc/202008a1b8de96d2e5b6bc02d379db03a877d34d/library/core/src/panic/unwind_safe.rs:272:9
[INFO] [stdout]   58:     0x63a2b2352ba4 - std::panicking::try::do_call::h2625a51b667bfb64
[INFO] [stdout]                                at /rustc/202008a1b8de96d2e5b6bc02d379db03a877d34d/library/std/src/panicking.rs:557:40
[INFO] [stdout]   59:     0x63a2b2352ba4 - std::panicking::try::hb956a59a1973aa4c
[INFO] [stdout]                                at /rustc/202008a1b8de96d2e5b6bc02d379db03a877d34d/library/std/src/panicking.rs:520:19
[INFO] [stdout]   60:     0x63a2b2352ba4 - std::panic::catch_unwind::h64f3b9d1067ef6a0
[INFO] [stdout]                                at /rustc/202008a1b8de96d2e5b6bc02d379db03a877d34d/library/std/src/panic.rs:358:14
[INFO] [stdout]   61:     0x63a2b2352ba4 - std::thread::Builder::spawn_unchecked_::{{closure}}::h42b2841295b6c0b2
[INFO] [stdout]                                at /rustc/202008a1b8de96d2e5b6bc02d379db03a877d34d/library/std/src/thread/mod.rs:559:30
[INFO] [stdout]   62:     0x63a2b2352ba4 - core::ops::function::FnOnce::call_once{{vtable.shim}}::h6127de71b8124639
[INFO] [stdout]                                at /rustc/202008a1b8de96d2e5b6bc02d379db03a877d34d/library/core/src/ops/function.rs:250:5
[INFO] [stdout]   63:     0x63a2b28b728b - <alloc::boxed::Box<F,A> as core::ops::function::FnOnce<Args>>::call_once::h42f0ba71002a1b2c
[INFO] [stdout]                                at /rustc/202008a1b8de96d2e5b6bc02d379db03a877d34d/library/alloc/src/boxed.rs:1972:9
[INFO] [stdout]   64:     0x63a2b28b728b - <alloc::boxed::Box<F,A> as core::ops::function::FnOnce<Args>>::call_once::had9e47d7a3dcecb8
[INFO] [stdout]                                at /rustc/202008a1b8de96d2e5b6bc02d379db03a877d34d/library/alloc/src/boxed.rs:1972:9
[INFO] [stdout]   65:     0x63a2b28b728b - std::sys::pal::unix::thread::Thread::new::thread_start::h48cf765408f6f5f2
[INFO] [stdout]                                at /rustc/202008a1b8de96d2e5b6bc02d379db03a877d34d/library/std/src/sys/pal/unix/thread.rs:105:17
[INFO] [stdout]   66:     0x732b80b66ac3 - <unknown>
[INFO] [stdout]   67:     0x732b80bf7a04 - clone
[INFO] [stdout]   68:                0x0 - <unknown>
[INFO] [stdout] 
[INFO] [stdout] 
[INFO] [stdout] failures:
[INFO] [stdout]     websocket::client::tests::test_execute_ws_subscription_and_call
[INFO] [stdout] 
[INFO] [stdout] test result: FAILED. 71 passed; 1 failed; 0 ignored; 0 measured; 0 filtered out; finished in 3.87s
[INFO] [stdout] 
[INFO] [stderr] error: test failed, to rerun pass `--bin blutgang`
[INFO] running `Command { std: "docker" "inspect" "4fc72ba81eea0eac07282162c862b195e0e1b10b7b4806dbfe3b9e4790b5b5c2", kill_on_drop: false }`
[INFO] running `Command { std: "docker" "rm" "-f" "4fc72ba81eea0eac07282162c862b195e0e1b10b7b4806dbfe3b9e4790b5b5c2", kill_on_drop: false }`
[INFO] [stdout] 4fc72ba81eea0eac07282162c862b195e0e1b10b7b4806dbfe3b9e4790b5b5c2
